[INFO] fetching crate teeny-vision 0.2.0...
[INFO] testing teeny-vision-0.2.0 against 1.99.0-beta.8 for beta-1.100-2
[INFO] extracting crate teeny-vision 0.2.0 into /workspace/builds/worker-3-tc1/source
[INFO] started tweaking crates.io crate teeny-vision 0.2.0
[INFO] removed 0 missing examples
[INFO] removed 0 missing tests
[INFO] finished tweaking crates.io crate teeny-vision 0.2.0
[INFO] tweaked toml for crates.io crate teeny-vision 0.2.0 written to /workspace/builds/worker-3-tc1/source/Cargo.toml
[INFO] validating manifest of crates.io crate teeny-vision 0.2.0 on toolchain 1.99.0-beta.8
[INFO] running `Command { std: CARGO_HOME="/workspace/cargo-home" RUSTUP_HOME="/workspace/rustup-home" "/workspace/cargo-home/bin/cargo" "+1.99.0-beta.8" "metadata" "--manifest-path" "Cargo.toml" "--no-deps", kill_on_drop: false }`
[INFO] crate crates.io crate teeny-vision 0.2.0 already has a lockfile, it will not be regenerated
[INFO] running `Command { std: CARGO_HOME="/workspace/cargo-home" RUSTUP_HOME="/workspace/rustup-home" "/workspace/cargo-home/bin/cargo" "+1.99.0-beta.8" "fetch" "--manifest-path" "Cargo.toml", kill_on_drop: false }`
[INFO] [stderr]     Updating crates.io index
[INFO] [stderr]  Downloading crates ...
[INFO] [stderr]   Downloaded zerovec-derive v0.11.4
[INFO] [stderr]   Downloaded zerovec v0.11.7
[INFO] [stderr]   Downloaded teeny-core v0.2.0
[INFO] [stderr]   Downloaded icu_provider v2.3.0
[INFO] [stderr]   Downloaded rustls-webpki v0.103.14
[INFO] [stderr]   Downloaded cc v1.4.3
[INFO] [stderr]   Downloaded aws-lc-rs v1.18.0
[INFO] [stderr]   Downloaded arrow-schema v54.3.1
[INFO] [stderr]   Downloaded arrow-data v54.3.1
[INFO] [stderr]   Downloaded arrow-buffer v54.3.1
[INFO] [stderr]   Downloaded parquet v54.3.1
[INFO] [stderr]   Downloaded brotli-decompressor v4.0.3
[INFO] [stderr]   Downloaded arrow-select v54.3.1
[INFO] [stderr]   Downloaded flatbuffers v24.12.23
[INFO] [stderr]   Downloaded arrow-ipc v54.3.1
[INFO] [stderr]   Downloaded arrow-array v54.3.1
[INFO] [stderr]   Downloaded arrow-cast v54.3.1
[INFO] [stderr]   Downloaded dotenv v0.15.0
[INFO] [stderr]   Downloaded aws-lc-sys v0.44.0
[INFO] running `Command { std: "docker" "create" "-v" "/var/lib/crater-agent-workspace/builds/worker-3-tc1/source:/opt/rustwide/workdir:ro,Z" "-v" "/var/lib/crater-agent-workspace/builds/worker-3-tc1/target:/opt/rustwide/target:rw,Z" "-v" "/var/lib/crater-agent-workspace/cargo-home:/opt/rustwide/cargo-home:ro,Z" "-v" "/var/lib/crater-agent-workspace/rustup-home:/opt/rustwide/rustup-home:ro,Z" "-m" "1610612736" "--network" "none" "ghcr.io/rust-lang/crates-build-env/linux@sha256:3111399a4047eeb3a02b7a90e478d715f38a8c6669b5c4b49d30a17385265909" "sleep" "infinity", kill_on_drop: false }`
[INFO] [stdout] 56586f38a10e0227caff607dfb3d978492391477dafce0e48c0eb9789bb9a187
[INFO] running `Command { std: "docker" "start" "56586f38a10e0227caff607dfb3d978492391477dafce0e48c0eb9789bb9a187", kill_on_drop: false }`
[INFO] running `Command { std: "docker" "inspect" "56586f38a10e0227caff607dfb3d978492391477dafce0e48c0eb9789bb9a187", kill_on_drop: false }`
[INFO] running `Command { std: "docker" "exec" "-e" "SOURCE_DIR=/opt/rustwide/workdir" "-e" "CARGO_HOME=/opt/rustwide/cargo-home" "-e" "RUSTUP_HOME=/opt/rustwide/rustup-home" "-e" "CARGO_TARGET_DIR=/opt/rustwide/target" "-w" "/opt/rustwide/workdir" "--user" "0:0" "56586f38a10e0227caff607dfb3d978492391477dafce0e48c0eb9789bb9a187" "/opt/rustwide/cargo-home/bin/cargo" "+1.99.0-beta.8" "metadata" "--no-deps" "--format-version=1", kill_on_drop: false }`
[INFO] running `Command { std: "docker" "inspect" "56586f38a10e0227caff607dfb3d978492391477dafce0e48c0eb9789bb9a187", kill_on_drop: false }`
[INFO] running `Command { std: "docker" "exec" "-e" "SOURCE_DIR=/opt/rustwide/workdir" "-e" "CARGO_HOME=/opt/rustwide/cargo-home" "-e" "RUSTUP_HOME=/opt/rustwide/rustup-home" "-e" "CARGO_TARGET_DIR=/opt/rustwide/target" "-e" "CARGO_INCREMENTAL=0" "-e" "RUST_BACKTRACE=full" "-e" "RUSTFLAGS=--cap-lints=warn" "-e" "RUSTDOCFLAGS=--cap-lints=warn" "-w" "/opt/rustwide/workdir" "--user" "0:0" "56586f38a10e0227caff607dfb3d978492391477dafce0e48c0eb9789bb9a187" "/opt/rustwide/cargo-home/bin/cargo" "+1.99.0-beta.8" "build" "--frozen" "--message-format=json", kill_on_drop: false }`
[INFO] [stderr]    Compiling zerocopy v0.8.56
[INFO] [stderr]    Compiling libc v0.2.189
[INFO] [stderr]    Compiling find-msvc-tools v0.1.11
[INFO] [stderr]    Compiling lexical-util v1.0.7
[INFO] [stderr]    Compiling ahash v0.8.12
[INFO] [stderr]    Compiling once_cell v1.21.4
[INFO] [stderr]    Compiling simd-adler32 v0.3.10
[INFO] [stderr]    Compiling arrow-schema v54.3.1
[INFO] [stderr]    Compiling hybrid-array v0.4.14
[INFO] [stderr]    Compiling hashbrown v0.15.5
[INFO] [stderr]    Compiling flatbuffers v24.12.23
[INFO] [stderr]    Compiling alloc-no-stdlib v2.0.4
[INFO] [stderr]    Compiling num-integer v0.1.47
[INFO] [stderr]    Compiling num-complex v0.4.6
[INFO] [stderr]    Compiling zerocopy-derive v0.8.56
[INFO] [stderr]    Compiling chrono v0.4.45
[INFO] [stderr]    Compiling zstd-safe v7.2.4
[INFO] [stderr]    Compiling alloc-stdlib v0.2.4
[INFO] [stderr]    Compiling syn v3.0.3
[INFO] [stderr]    Compiling num-bigint v0.4.8
[INFO] [stderr]    Compiling num-iter v0.1.46
[INFO] [stderr]    Compiling miniz_oxide v0.8.9
[INFO] [stderr]    Compiling anyhow v1.0.104
[INFO] [stderr]    Compiling snap v1.1.2
[INFO] [stderr]    Compiling thiserror v2.0.20
[INFO] [stderr]    Compiling lexical-write-integer v1.0.6
[INFO] [stderr]    Compiling lexical-parse-integer v1.0.6
[INFO] [stderr]    Compiling brotli-decompressor v4.0.3
[INFO] [stderr]    Compiling fdeflate v0.3.7
[INFO] [stderr]    Compiling lexical-parse-float v1.0.6
[INFO] [stderr]    Compiling atoi v2.0.0
[INFO] [stderr]    Compiling block-buffer v0.12.1
[INFO] [stderr]    Compiling crypto-common v0.2.2
[INFO] [stderr]    Compiling lexical-write-float v1.0.6
[INFO] [stderr]    Compiling ordered-float v2.10.1
[INFO] [stderr]    Compiling pxfm v0.1.30
[INFO] [stderr]    Compiling flate2 v1.1.9
[INFO] [stderr]    Compiling integer-encoding v3.0.4
[INFO] [stderr]    Compiling static_assertions v1.1.0
[INFO] [stderr]    Compiling bitflags v2.13.1
[INFO] [stderr]    Compiling twox-hash v2.1.3
[INFO] [stderr]    Compiling thrift v0.17.0
[INFO] [stderr]    Compiling lexical-core v1.0.6
[INFO] [stderr]    Compiling lz4_flex v0.11.6
[INFO] [stderr]    Compiling twox-hash v1.6.3
[INFO] [stderr]    Compiling png v0.18.1
[INFO] [stderr]    Compiling brotli v7.0.0
[INFO] [stderr]    Compiling getrandom v0.3.4
[INFO] [stderr]    Compiling simdutf8 v0.1.5
[INFO] [stderr]    Compiling byteorder-lite v0.1.0
[INFO] [stderr]    Compiling bytemuck v1.25.2
[INFO] [stderr]    Compiling num-rational v0.4.2
[INFO] [stderr]    Compiling jobserver v0.1.35
[INFO] [stderr]    Compiling digest v0.11.3
[INFO] [stderr]    Compiling sha2 v0.11.0
[INFO] [stderr]    Compiling cc v1.4.3
[INFO] [stderr]    Compiling num v0.4.3
[INFO] [stderr]    Compiling thiserror-impl v2.0.20
[INFO] [stderr]    Compiling zstd-sys v2.0.16+zstd.1.5.7
[INFO] [stderr]    Compiling teeny-core v0.2.0
[INFO] [stderr]    Compiling moxcms v0.8.1
[INFO] [stderr]    Compiling half v2.7.1
[INFO] [stderr]    Compiling arrow-buffer v54.3.1
[INFO] [stderr]    Compiling zstd v0.13.3
[INFO] [stderr]    Compiling arrow-data v54.3.1
[INFO] [stderr]    Compiling image v0.25.10
[INFO] [stderr]    Compiling arrow-array v54.3.1
[INFO] [stderr]    Compiling arrow-select v54.3.1
[INFO] [stderr]    Compiling arrow-ipc v54.3.1
[INFO] [stderr]    Compiling arrow-cast v54.3.1
[INFO] [stderr]    Compiling parquet v54.3.1
[INFO] [stderr]    Compiling teeny-vision v0.2.0 (/opt/rustwide/workdir)
[INFO] [stderr]     Finished `dev` profile [unoptimized + debuginfo] target(s) in 57.96s
[INFO] running `Command { std: "docker" "inspect" "56586f38a10e0227caff607dfb3d978492391477dafce0e48c0eb9789bb9a187", kill_on_drop: false }`
[INFO] running `Command { std: "docker" "exec" "-e" "SOURCE_DIR=/opt/rustwide/workdir" "-e" "CARGO_HOME=/opt/rustwide/cargo-home" "-e" "RUSTUP_HOME=/opt/rustwide/rustup-home" "-e" "CARGO_TARGET_DIR=/opt/rustwide/target" "-e" "CARGO_INCREMENTAL=0" "-e" "RUST_BACKTRACE=full" "-e" "RUSTFLAGS=--cap-lints=warn" "-e" "RUSTDOCFLAGS=--cap-lints=warn" "-w" "/opt/rustwide/workdir" "--user" "0:0" "56586f38a10e0227caff607dfb3d978492391477dafce0e48c0eb9789bb9a187" "/opt/rustwide/cargo-home/bin/cargo" "+1.99.0-beta.8" "test" "--frozen" "--no-run" "--message-format=json", kill_on_drop: false }`
[INFO] [stderr]    Compiling libc v0.2.189
[INFO] [stderr]    Compiling smallvec v1.15.2
[INFO] [stderr]    Compiling dunce v1.0.5
[INFO] [stderr]    Compiling syn v2.0.119
[INFO] [stderr]    Compiling syn v3.0.3
[INFO] [stderr]    Compiling fs_extra v1.3.0
[INFO] [stderr]    Compiling zeroize v1.9.0
[INFO] [stderr]    Compiling aws-lc-rs v1.18.0
[INFO] [stderr]    Compiling futures-task v0.3.34
[INFO] [stderr]    Compiling rustls v0.23.43
[INFO] [stderr]    Compiling indexmap v2.14.0
[INFO] [stderr]    Compiling subtle v2.6.1
[INFO] [stderr]    Compiling serde_core v1.0.229
[INFO] [stderr]    Compiling sync_wrapper v1.0.2
[INFO] [stderr]    Compiling openssl-probe v0.2.1
[INFO] [stderr]    Compiling portable-atomic v1.15.0
[INFO] [stderr]    Compiling ipnet v2.12.1
[INFO] [stderr]    Compiling futures-util v0.3.34
[INFO] [stderr]    Compiling getrandom v0.4.3
[INFO] [stderr]    Compiling serde v1.0.229
[INFO] [stderr]    Compiling log v0.4.33
[INFO] [stderr]    Compiling memchr v2.8.3
[INFO] [stderr]    Compiling unicode-width v0.2.2
[INFO] [stderr]    Compiling chacha20 v0.10.1
[INFO] [stderr]    Compiling rustls-pki-types v1.15.1
[INFO] [stderr]    Compiling http-body-util v0.1.5
[INFO] [stderr]    Compiling encoding_rs v0.8.35
[INFO] [stderr]    Compiling unit-prefix v0.5.2
[INFO] [stderr]    Compiling dotenv v0.15.0
[INFO] [stderr]    Compiling rustls-native-certs v0.8.4
[INFO] [stderr]    Compiling jobserver v0.1.35
[INFO] [stderr]    Compiling parking_lot_core v0.9.12
[INFO] [stderr]    Compiling errno v0.3.14
[INFO] [stderr]    Compiling socket2 v0.6.5
[INFO] [stderr]    Compiling mio v1.2.2
[INFO] [stderr]    Compiling getrandom v0.3.4
[INFO] [stderr]    Compiling console v0.16.4
[INFO] [stderr]    Compiling signal-hook-registry v1.4.8
[INFO] [stderr]    Compiling parking_lot v0.12.5
[INFO] [stderr]    Compiling rand v0.10.2
[INFO] [stderr]    Compiling cc v1.4.3
[INFO] [stderr]    Compiling indicatif v0.18.6
[INFO] [stderr]    Compiling serde_json v1.0.151
[INFO] [stderr]    Compiling cmake v0.1.58
[INFO] [stderr]    Compiling aws-lc-sys v0.44.0
[INFO] [stderr]    Compiling zstd-sys v2.0.16+zstd.1.5.7
[INFO] [stderr]    Compiling synstructure v0.13.2
[INFO] [stderr]    Compiling zerofrom-derive v0.1.7
[INFO] [stderr]    Compiling yoke-derive v0.8.2
[INFO] [stderr]    Compiling zerocopy-derive v0.8.56
[INFO] [stderr]    Compiling zerovec-derive v0.11.4
[INFO] [stderr]    Compiling displaydoc v0.2.7
[INFO] [stderr]    Compiling tokio-macros v2.7.2
[INFO] [stderr]    Compiling thiserror-impl v2.0.20
[INFO] [stderr]    Compiling zerofrom v0.1.8
[INFO] [stderr]    Compiling yoke v0.8.3
[INFO] [stderr]    Compiling zerotrie v0.2.5
[INFO] [stderr]    Compiling zerovec v0.11.7
[INFO] [stderr]    Compiling tokio v1.53.1
[INFO] [stderr]    Compiling zerocopy v0.8.56
[INFO] [stderr]    Compiling thiserror v2.0.20
[INFO] [stderr]    Compiling teeny-core v0.2.0
[INFO] [stderr]    Compiling tinystr v0.8.4
[INFO] [stderr]    Compiling potential_utf v0.1.6
[INFO] [stderr]    Compiling icu_collections v2.3.0
[INFO] [stderr]    Compiling icu_locale_core v2.3.0
[INFO] [stderr]    Compiling zstd-safe v7.2.4
[INFO] [stderr]    Compiling zstd v0.13.3
[INFO] [stderr]    Compiling icu_provider v2.3.0
[INFO] [stderr]    Compiling icu_properties v2.3.0
[INFO] [stderr]    Compiling icu_normalizer v2.3.0
[INFO] [stderr]    Compiling idna_adapter v1.2.2
[INFO] [stderr]    Compiling idna v1.1.0
[INFO] [stderr]    Compiling url v2.5.8
[INFO] [stderr]    Compiling tokio-util v0.7.19
[INFO] [stderr]    Compiling tower v0.5.3
[INFO] [stderr]    Compiling h2 v0.4.15
[INFO] [stderr]    Compiling tower-http v0.6.11
[INFO] [stderr]    Compiling half v2.7.1
[INFO] [stderr]    Compiling ahash v0.8.12
[INFO] [stderr]    Compiling arrow-buffer v54.3.1
[INFO] [stderr]    Compiling arrow-data v54.3.1
[INFO] [stderr]    Compiling arrow-array v54.3.1
[INFO] [stderr]    Compiling hyper v1.11.0
[INFO] [stderr]    Compiling hyper-util v0.1.20
[INFO] [stderr]    Compiling arrow-select v54.3.1
[INFO] [stderr]    Compiling arrow-ipc v54.3.1
[INFO] [stderr]    Compiling arrow-cast v54.3.1
[INFO] [stderr]    Compiling rustls-webpki v0.103.14
[INFO] [stderr]    Compiling parquet v54.3.1
[INFO] [stderr]    Compiling tokio-rustls v0.26.4
[INFO] [stderr]    Compiling rustls-platform-verifier v0.7.0
[INFO] [stderr]    Compiling hyper-rustls v0.27.9
[INFO] [stderr]    Compiling reqwest v0.13.4
[INFO] [stderr]    Compiling teeny-vision v0.2.0 (/opt/rustwide/workdir)
[INFO] [stdout] error[E0433]: cannot find module or crate `teeny_compiler` in this scope
[INFO] [stdout]   --> examples/autograd_debug.rs:38:5
[INFO] [stdout]    |
[INFO] [stdout] 38 | use teeny_compiler::compiler::backend::llvm::compiler::LlvmCompiler;
[INFO] [stdout]    |     ^^^^^^^^^^^^^^ use of unresolved module or unlinked crate `teeny_compiler`
[INFO] [stdout]    |
[INFO] [stdout]    = help: if you wanted to use a crate named `teeny_compiler`, use `cargo add teeny_compiler` to add it to your `Cargo.toml`
[INFO] [stdout] 
[INFO] [stdout] 
[INFO] [stdout] error[E0433]: cannot find module or crate `teeny_compiler` in this scope
[INFO] [stdout]   --> examples/autograd_debug.rs:39:5
[INFO] [stdout]    |
[INFO] [stdout] 39 | use teeny_compiler::compiler::target::cuda::Target;
[INFO] [stdout]    |     ^^^^^^^^^^^^^^ use of unresolved module or unlinked crate `teeny_compiler`
[INFO] [stdout]    |
[INFO] [stdout]    = help: if you wanted to use a crate named `teeny_compiler`, use `cargo add teeny_compiler` to add it to your `Cargo.toml`
[INFO] [stdout] 
[INFO] [stdout] 
[INFO] [stdout] error[E0433]: cannot find module or crate `teeny_cuda` in this scope
[INFO] [stdout]   --> examples/autograd_debug.rs:47:5
[INFO] [stdout]    |
[INFO] [stdout] 47 | use teeny_cuda::{
[INFO] [stdout]    |     ^^^^^^^^^^ use of unresolved module or unlinked crate `teeny_cuda`
[INFO] [stdout]    |
[INFO] [stdout] help: there is a crate or module with a similar name
[INFO] [stdout]    |
[INFO] [stdout] 47 - use teeny_cuda::{
[INFO] [stdout] 47 + use teeny_core::{
[INFO] [stdout]    |
[INFO] [stdout] 
[INFO] [stdout] 
[INFO] [stdout] error[E0433]: cannot find module or crate `teeny_kernels` in this scope
[INFO] [stdout]   --> examples/autograd_debug.rs:52:5
[INFO] [stdout]    |
[INFO] [stdout] 52 | use teeny_kernels::graph::TritonLowering;
[INFO] [stdout]    |     ^^^^^^^^^^^^^ use of unresolved module or unlinked crate `teeny_kernels`
[INFO] [stdout]    |
[INFO] [stdout]    = help: if you wanted to use a crate named `teeny_kernels`, use `cargo add teeny_kernels` to add it to your `Cargo.toml`
[INFO] [stdout] 
[INFO] [stdout] 
[INFO] [stdout] error[E0433]: cannot find module or crate `teeny_compiler` in this scope
[INFO] [stdout]   --> tests/test_mnist_compile.rs:21:5
[INFO] [stdout]    |
[INFO] [stdout] 21 | use teeny_compiler::compiler::backend::llvm::compiler::LlvmCompiler;
[INFO] [stdout]    |     ^^^^^^^^^^^^^^ use of unresolved module or unlinked crate `teeny_compiler`
[INFO] [stdout]    |
[INFO] [stdout]    = help: if you wanted to use a crate named `teeny_compiler`, use `cargo add teeny_compiler` to add it to your `Cargo.toml`
[INFO] [stdout] 
[INFO] [stdout] 
[INFO] [stdout] error[E0433]: cannot find module or crate `teeny_compiler` in this scope
[INFO] [stdout]   --> tests/test_mnist_compile.rs:22:5
[INFO] [stdout]    |
[INFO] [stdout] 22 | use teeny_compiler::compiler::target::cuda::Target;
[INFO] [stdout]    |     ^^^^^^^^^^^^^^ use of unresolved module or unlinked crate `teeny_compiler`
[INFO] [stdout]    |
[INFO] [stdout]    = help: if you wanted to use a crate named `teeny_compiler`, use `cargo add teeny_compiler` to add it to your `Cargo.toml`
[INFO] [stdout] 
[INFO] [stdout] 
[INFO] [stdout] error[E0433]: cannot find module or crate `teeny_cuda` in this scope
[INFO] [stdout]   --> tests/test_mnist_compile.rs:28:5
[INFO] [stdout]    |
[INFO] [stdout] 28 | use teeny_cuda::compiler::graph::CudaGraphCompiler;
[INFO] [stdout]    |     ^^^^^^^^^^ use of unresolved module or unlinked crate `teeny_cuda`
[INFO] [stdout]    |
[INFO] [stdout] help: there is a crate or module with a similar name
[INFO] [stdout]    |
[INFO] [stdout] 28 - use teeny_cuda::compiler::graph::CudaGraphCompiler;
[INFO] [stdout] 28 + use teeny_core::compiler::graph::CudaGraphCompiler;
[INFO] [stdout]    |
[INFO] [stdout] 
[INFO] [stdout] 
[INFO] [stdout] error[E0433]: cannot find module or crate `teeny_compiler` in this scope
[INFO] [stdout]   --> examples/mnist.rs:48:5
[INFO] [stdout]    |
[INFO] [stdout] 48 | use teeny_compiler::compiler::backend::llvm::compiler::LlvmCompiler;
[INFO] [stdout]    |     ^^^^^^^^^^^^^^ use of unresolved module or unlinked crate `teeny_compiler`
[INFO] [stdout]    |
[INFO] [stdout]    = help: if you wanted to use a crate named `teeny_compiler`, use `cargo add teeny_compiler` to add it to your `Cargo.toml`
[INFO] [stdout] 
[INFO] [stdout] 
[INFO] [stdout] error[E0433]: cannot find module or crate `teeny_compiler` in this scope
[INFO] [stdout]   --> examples/mnist.rs:49:5
[INFO] [stdout]    |
[INFO] [stdout] 49 | use teeny_compiler::compiler::driver::cuda::compile_kernel;
[INFO] [stdout]    |     ^^^^^^^^^^^^^^ use of unresolved module or unlinked crate `teeny_compiler`
[INFO] [stdout]    |
[INFO] [stdout]    = help: if you wanted to use a crate named `teeny_compiler`, use `cargo add teeny_compiler` to add it to your `Cargo.toml`
[INFO] [stdout] 
[INFO] [stdout] 
[INFO] [stdout] error[E0433]: cannot find module or crate `teeny_compiler` in this scope
[INFO] [stdout]   --> examples/mnist.rs:50:5
[INFO] [stdout]    |
[INFO] [stdout] 50 | use teeny_compiler::compiler::target::cuda::Target;
[INFO] [stdout]    |     ^^^^^^^^^^^^^^ use of unresolved module or unlinked crate `teeny_compiler`
[INFO] [stdout]    |
[INFO] [stdout]    = help: if you wanted to use a crate named `teeny_compiler`, use `cargo add teeny_compiler` to add it to your `Cargo.toml`
[INFO] [stdout] 
[INFO] [stdout] 
[INFO] [stdout] error[E0433]: cannot find module or crate `teeny_cuda` in this scope
[INFO] [stdout]   --> examples/mnist.rs:57:5
[INFO] [stdout]    |
[INFO] [stdout] 57 | use teeny_cuda::{
[INFO] [stdout]    |     ^^^^^^^^^^ use of unresolved module or unlinked crate `teeny_cuda`
[INFO] [stdout]    |
[INFO] [stdout] help: there is a crate or module with a similar name
[INFO] [stdout]    |
[INFO] [stdout] 57 - use teeny_cuda::{
[INFO] [stdout] 57 + use teeny_core::{
[INFO] [stdout]    |
[INFO] [stdout] 
[INFO] [stdout] 
[INFO] [stdout] error[E0433]: cannot find module or crate `teeny_kernels` in this scope
[INFO] [stdout]   --> examples/mnist.rs:67:5
[INFO] [stdout]    |
[INFO] [stdout] 67 | use teeny_kernels::{
[INFO] [stdout]    |     ^^^^^^^^^^^^^ use of unresolved module or unlinked crate `teeny_kernels`
[INFO] [stdout]    |
[INFO] [stdout]    = help: if you wanted to use a crate named `teeny_kernels`, use `cargo add teeny_kernels` to add it to your `Cargo.toml`
[INFO] [stdout] 
[INFO] [stdout] 
[INFO] [stdout] error[E0433]: cannot find module or crate `teeny_kernels` in this scope
[INFO] [stdout]   --> tests/test_mnist_compile.rs:30:5
[INFO] [stdout]    |
[INFO] [stdout] 30 | use teeny_kernels::graph::TritonLowering;
[INFO] [stdout]    |     ^^^^^^^^^^^^^ use of unresolved module or unlinked crate `teeny_kernels`
[INFO] [stdout]    |
[INFO] [stdout]    = help: if you wanted to use a crate named `teeny_kernels`, use `cargo add teeny_kernels` to add it to your `Cargo.toml`
[INFO] [stdout] 
[INFO] [stdout] 
[INFO] [stdout] error[E0432]: unresolved import `teeny_cuda`
[INFO] [stdout]   --> tests/test_mnist_compile.rs:29:5
[INFO] [stdout]    |
[INFO] [stdout] 29 | use teeny_cuda::testing;
[INFO] [stdout]    |     ^^^^^^^^^^ use of unresolved module or unlinked crate `teeny_cuda`
[INFO] [stdout]    |
[INFO] [stdout] help: there is a crate or module with a similar name
[INFO] [stdout]    |
[INFO] [stdout] 29 - use teeny_cuda::testing;
[INFO] [stdout] 29 + use teeny_core::testing;
[INFO] [stdout]    |
[INFO] [stdout] 
[INFO] [stdout] 
[INFO] [stdout] error[E0433]: cannot find module or crate `teeny_compiler` in this scope
[INFO] [stdout]    --> examples/mnist.rs:138:23
[INFO] [stdout]     |
[INFO] [stdout] 138 |     let teenyc_path = teeny_compiler::compiler::find_teenyc()?;
[INFO] [stdout]     |                       ^^^^^^^^^^^^^^ use of unresolved module or unlinked crate `teeny_compiler`
[INFO] [stdout]     |
[INFO] [stdout]     = help: if you wanted to use a crate named `teeny_compiler`, use `cargo add teeny_compiler` to add it to your `Cargo.toml`
[INFO] [stdout] 
[INFO] [stdout] 
[INFO] [stdout] error[E0433]: cannot find module or crate `teeny_compiler` in this scope
[INFO] [stdout]    --> examples/autograd_debug.rs:105:23
[INFO] [stdout]     |
[INFO] [stdout] 105 |     let teenyc_path = teeny_compiler::compiler::find_teenyc()?;
[INFO] [stdout]     |                       ^^^^^^^^^^^^^^ use of unresolved module or unlinked crate `teeny_compiler`
[INFO] [stdout]     |
[INFO] [stdout]     = help: if you wanted to use a crate named `teeny_compiler`, use `cargo add teeny_compiler` to add it to your `Cargo.toml`
[INFO] [stdout] 
[INFO] [stdout] 
[INFO] [stdout] error[E0433]: cannot find module or crate `teeny_compiler` in this scope
[INFO] [stdout]   --> tests/test_mnist_compile.rs:52:23
[INFO] [stdout]    |
[INFO] [stdout] 52 |     let teenyc_path = teeny_compiler::compiler::find_teenyc()?;
[INFO] [stdout]    |                       ^^^^^^^^^^^^^^ use of unresolved module or unlinked crate `teeny_compiler`
[INFO] [stdout]    |
[INFO] [stdout]    = help: if you wanted to use a crate named `teeny_compiler`, use `cargo add teeny_compiler` to add it to your `Cargo.toml`
[INFO] [stdout] 
[INFO] [stdout] 
[INFO] [stdout] Some errors have detailed explanations: E0432, E0433.
[INFO] [stdout] 
[INFO] [stdout] For more information about an error, try `rustc --explain E0432`.
[INFO] [stdout] 
[INFO] [stderr] error: could not compile `teeny-vision` (test "test_mnist_compile") due to 6 previous errors
[INFO] [stderr] warning: build failed, waiting for other jobs to finish...
[INFO] [stdout] For more information about this error, try `rustc --explain E0433`.
[INFO] [stdout] 
[INFO] [stderr] error: could not compile `teeny-vision` (example "autograd_debug") due to 5 previous errors
[INFO] [stdout] For more information about this error, try `rustc --explain E0433`.
[INFO] [stdout] 
[INFO] [stderr] error: could not compile `teeny-vision` (example "mnist") due to 6 previous errors
[INFO] running `Command { std: "docker" "inspect" "56586f38a10e0227caff607dfb3d978492391477dafce0e48c0eb9789bb9a187", kill_on_drop: false }`
[INFO] running `Command { std: "docker" "rm" "-f" "56586f38a10e0227caff607dfb3d978492391477dafce0e48c0eb9789bb9a187", kill_on_drop: false }`
[INFO] [stdout] 56586f38a10e0227caff607dfb3d978492391477dafce0e48c0eb9789bb9a187
