[INFO] fetching crate tcg_expansions 0.1.0...
[INFO] testing tcg_expansions-0.1.0 against 1.99.0-beta.8 for beta-1.100-2
[INFO] extracting crate tcg_expansions 0.1.0 into /workspace/builds/worker-2-tc1/source
[INFO] started tweaking crates.io crate tcg_expansions 0.1.0
[INFO] removed 0 missing tests
[INFO] finished tweaking crates.io crate tcg_expansions 0.1.0
[INFO] tweaked toml for crates.io crate tcg_expansions 0.1.0 written to /workspace/builds/worker-2-tc1/source/Cargo.toml
[INFO] validating manifest of crates.io crate tcg_expansions 0.1.0 on toolchain 1.99.0-beta.8
[INFO] running `Command { std: CARGO_HOME="/workspace/cargo-home" RUSTUP_HOME="/workspace/rustup-home" "/workspace/cargo-home/bin/cargo" "+1.99.0-beta.8" "metadata" "--manifest-path" "Cargo.toml" "--no-deps", kill_on_drop: false }`
[INFO] crate crates.io crate tcg_expansions 0.1.0 already has a lockfile, it will not be regenerated
[INFO] running `Command { std: CARGO_HOME="/workspace/cargo-home" RUSTUP_HOME="/workspace/rustup-home" "/workspace/cargo-home/bin/cargo" "+1.99.0-beta.8" "fetch" "--manifest-path" "Cargo.toml", kill_on_drop: false }`
[INFO] [stderr]     Updating crates.io index
[INFO] [stderr]  Downloading crates ...
[INFO] [stderr]   Downloaded zmij v1.0.12
[INFO] [stderr]   Downloaded tcg_core v0.1.0
[INFO] [stderr]   Downloaded tcg_rules_ex v0.1.0
[INFO] [stderr]   Downloaded find-msvc-tools v0.1.6
[INFO] [stderr]   Downloaded cc v1.2.51
[INFO] [stderr]   Downloaded libc v0.2.179
[INFO] running `Command { std: "docker" "create" "-v" "/var/lib/crater-agent-workspace/builds/worker-2-tc1/source:/opt/rustwide/workdir:ro,Z" "-v" "/var/lib/crater-agent-workspace/builds/worker-2-tc1/target:/opt/rustwide/target:rw,Z" "-v" "/var/lib/crater-agent-workspace/cargo-home:/opt/rustwide/cargo-home:ro,Z" "-v" "/var/lib/crater-agent-workspace/rustup-home:/opt/rustwide/rustup-home:ro,Z" "-m" "1610612736" "--network" "none" "ghcr.io/rust-lang/crates-build-env/linux@sha256:3111399a4047eeb3a02b7a90e478d715f38a8c6669b5c4b49d30a17385265909" "sleep" "infinity", kill_on_drop: false }`
[INFO] [stdout] b1c26407fdf3009843e047fe2b538e42876967d2e88cd9896fa496d9d9b51b0a
[INFO] running `Command { std: "docker" "start" "b1c26407fdf3009843e047fe2b538e42876967d2e88cd9896fa496d9d9b51b0a", kill_on_drop: false }`
[INFO] running `Command { std: "docker" "inspect" "b1c26407fdf3009843e047fe2b538e42876967d2e88cd9896fa496d9d9b51b0a", kill_on_drop: false }`
[INFO] running `Command { std: "docker" "exec" "-e" "SOURCE_DIR=/opt/rustwide/workdir" "-e" "CARGO_HOME=/opt/rustwide/cargo-home" "-e" "RUSTUP_HOME=/opt/rustwide/rustup-home" "-e" "CARGO_TARGET_DIR=/opt/rustwide/target" "-w" "/opt/rustwide/workdir" "--user" "0:0" "b1c26407fdf3009843e047fe2b538e42876967d2e88cd9896fa496d9d9b51b0a" "/opt/rustwide/cargo-home/bin/cargo" "+1.99.0-beta.8" "metadata" "--no-deps" "--format-version=1", kill_on_drop: false }`
[INFO] running `Command { std: "docker" "inspect" "b1c26407fdf3009843e047fe2b538e42876967d2e88cd9896fa496d9d9b51b0a", kill_on_drop: false }`
[INFO] running `Command { std: "docker" "exec" "-e" "SOURCE_DIR=/opt/rustwide/workdir" "-e" "CARGO_HOME=/opt/rustwide/cargo-home" "-e" "RUSTUP_HOME=/opt/rustwide/rustup-home" "-e" "CARGO_TARGET_DIR=/opt/rustwide/target" "-e" "CARGO_INCREMENTAL=0" "-e" "RUST_BACKTRACE=full" "-e" "RUSTFLAGS=--cap-lints=warn" "-e" "RUSTDOCFLAGS=--cap-lints=warn" "-w" "/opt/rustwide/workdir" "--user" "0:0" "b1c26407fdf3009843e047fe2b538e42876967d2e88cd9896fa496d9d9b51b0a" "/opt/rustwide/cargo-home/bin/cargo" "+1.99.0-beta.8" "build" "--frozen" "--message-format=json", kill_on_drop: false }`
[INFO] [stderr]    Compiling proc-macro2 v1.0.105
[INFO] [stderr]    Compiling unicode-ident v1.0.22
[INFO] [stderr]    Compiling quote v1.0.43
[INFO] [stderr]    Compiling libc v0.2.179
[INFO] [stderr]    Compiling zerocopy v0.8.33
[INFO] [stderr]    Compiling zmij v1.0.12
[INFO] [stderr]    Compiling serde_json v1.0.149
[INFO] [stderr]    Compiling memchr v2.7.6
[INFO] [stderr]    Compiling syn v2.0.114
[INFO] [stderr]    Compiling getrandom v0.2.16
[INFO] [stderr]    Compiling rand_core v0.6.4
[INFO] [stderr]    Compiling ppv-lite86 v0.2.21
[INFO] [stderr]    Compiling serde_derive v1.0.228
[INFO] [stderr]    Compiling thiserror-impl v1.0.69
[INFO] [stderr]    Compiling thiserror v1.0.69
[INFO] [stderr]    Compiling serde v1.0.228
[INFO] [stderr]    Compiling rand_chacha v0.3.1
[INFO] [stderr]    Compiling tcg_rules_ex v0.1.0
[INFO] [stderr]    Compiling rand v0.8.5
[INFO] [stderr]    Compiling tcg_core v0.1.0
[INFO] [stderr]    Compiling tcg_expansions v0.1.0 (/opt/rustwide/workdir)
[INFO] [stderr]     Finished `dev` profile [unoptimized + debuginfo] target(s) in 22.18s
[INFO] running `Command { std: "docker" "inspect" "b1c26407fdf3009843e047fe2b538e42876967d2e88cd9896fa496d9d9b51b0a", kill_on_drop: false }`
[INFO] running `Command { std: "docker" "exec" "-e" "SOURCE_DIR=/opt/rustwide/workdir" "-e" "CARGO_HOME=/opt/rustwide/cargo-home" "-e" "RUSTUP_HOME=/opt/rustwide/rustup-home" "-e" "CARGO_TARGET_DIR=/opt/rustwide/target" "-e" "CARGO_INCREMENTAL=0" "-e" "RUST_BACKTRACE=full" "-e" "RUSTFLAGS=--cap-lints=warn" "-e" "RUSTDOCFLAGS=--cap-lints=warn" "-w" "/opt/rustwide/workdir" "--user" "0:0" "b1c26407fdf3009843e047fe2b538e42876967d2e88cd9896fa496d9d9b51b0a" "/opt/rustwide/cargo-home/bin/cargo" "+1.99.0-beta.8" "test" "--frozen" "--no-run" "--message-format=json", kill_on_drop: false }`
[INFO] [stderr]    Compiling find-msvc-tools v0.1.6
[INFO] [stderr]    Compiling once_cell v1.21.3
[INFO] [stderr]    Compiling smallvec v1.15.1
[INFO] [stderr]    Compiling bitflags v2.10.0
[INFO] [stderr]    Compiling ahash v0.8.12
[INFO] [stderr]    Compiling cc v1.2.51
[INFO] [stderr]    Compiling hashbrown v0.14.5
[INFO] [stderr]    Compiling hashlink v0.9.1
[INFO] [stderr]    Compiling libsqlite3-sys v0.28.0
[INFO] [stderr]    Compiling rusqlite v0.31.0
[INFO] [stderr]    Compiling tcg_expansions v0.1.0 (/opt/rustwide/workdir)
[INFO] [stdout] error[E0433]: cannot find module or crate `tcg_db` in this scope
[INFO] [stdout]   --> tests/rs.rs:33:5
[INFO] [stdout]    |
[INFO] [stdout] 33 |     tcg_db::run_migrations(&conn).expect("migrations");
[INFO] [stdout]    |     ^^^^^^ use of unresolved module or unlinked crate `tcg_db`
[INFO] [stdout]    |
[INFO] [stdout]    = help: if you wanted to use a crate named `tcg_db`, use `cargo add tcg_db` to add it to your `Cargo.toml`
[INFO] [stdout] 
[INFO] [stdout] 
[INFO] [stdout] error[E0433]: cannot find module or crate `tcg_db` in this scope
[INFO] [stdout]   --> tests/rs.rs:38:13
[INFO] [stdout]    |
[INFO] [stdout] 38 |     let _ = tcg_db::import_jsonl(&conn, rs_path.to_str().unwrap(), "RS", 109);
[INFO] [stdout]    |             ^^^^^^ use of unresolved module or unlinked crate `tcg_db`
[INFO] [stdout]    |
[INFO] [stdout]    = help: if you wanted to use a crate named `tcg_db`, use `cargo add tcg_db` to add it to your `Cargo.toml`
[INFO] [stdout] 
[INFO] [stdout] 
[INFO] [stdout] error[E0433]: cannot find module or crate `tcg_db` in this scope
[INFO] [stdout]   --> tests/rs.rs:61:17
[INFO] [stdout]    |
[INFO] [stdout] 61 |         let _ = tcg_db::compile_card(&conn, &energy_card);
[INFO] [stdout]    |                 ^^^^^^ use of unresolved module or unlinked crate `tcg_db`
[INFO] [stdout]    |
[INFO] [stdout]    = help: if you wanted to use a crate named `tcg_db`, use `cargo add tcg_db` to add it to your `Cargo.toml`
[INFO] [stdout] 
[INFO] [stdout] 
[INFO] [stdout] error[E0433]: cannot find module or crate `tcg_db` in this scope
[INFO] [stdout]   --> tests/rs.rs:69:5
[INFO] [stdout]    |
[INFO] [stdout] 69 |     tcg_db::load_card_meta_map(&conn).expect("meta")
[INFO] [stdout]    |     ^^^^^^ use of unresolved module or unlinked crate `tcg_db`
[INFO] [stdout]    |
[INFO] [stdout]    = help: if you wanted to use a crate named `tcg_db`, use `cargo add tcg_db` to add it to your `Cargo.toml`
[INFO] [stdout] 
[INFO] [stdout] 
[INFO] [stdout] For more information about this error, try `rustc --explain E0433`.
[INFO] [stdout] 
[INFO] [stderr] error: could not compile `tcg_expansions` (test "rs") due to 4 previous errors
[INFO] [stderr] warning: build failed, waiting for other jobs to finish...
[INFO] [stdout] error[E0433]: cannot find module or crate `tcg_db` in this scope
[INFO] [stdout]   --> src/ss/tests.rs:34:5
[INFO] [stdout]    |
[INFO] [stdout] 34 |     tcg_db::run_migrations(&conn).expect("migrations");
[INFO] [stdout]    |     ^^^^^^ use of unresolved module or unlinked crate `tcg_db`
[INFO] [stdout]    |
[INFO] [stdout]    = help: if you wanted to use a crate named `tcg_db`, use `cargo add tcg_db` to add it to your `Cargo.toml`
[INFO] [stdout] 
[INFO] [stdout] 
[INFO] [stdout] error[E0433]: cannot find module or crate `tcg_db` in this scope
[INFO] [stdout]   --> src/ss/tests.rs:35:5
[INFO] [stdout]    |
[INFO] [stdout] 35 |     tcg_db::import_jsonl(&conn, jsonl_path.to_str().unwrap(), "SS", 100)
[INFO] [stdout]    |     ^^^^^^ use of unresolved module or unlinked crate `tcg_db`
[INFO] [stdout]    |
[INFO] [stdout]    = help: if you wanted to use a crate named `tcg_db`, use `cargo add tcg_db` to add it to your `Cargo.toml`
[INFO] [stdout] 
[INFO] [stdout] 
[INFO] [stdout] error[E0433]: cannot find module or crate `tcg_db` in this scope
[INFO] [stdout]   --> src/ss/tests.rs:37:5
[INFO] [stdout]    |
[INFO] [stdout] 37 |     tcg_db::add_basic_energies(&conn).expect("add basic energy");
[INFO] [stdout]    |     ^^^^^^ use of unresolved module or unlinked crate `tcg_db`
[INFO] [stdout]    |
[INFO] [stdout]    = help: if you wanted to use a crate named `tcg_db`, use `cargo add tcg_db` to add it to your `Cargo.toml`
[INFO] [stdout] 
[INFO] [stdout] 
[INFO] [stdout] error[E0433]: cannot find module or crate `tcg_db` in this scope
[INFO] [stdout]   --> src/ss/tests.rs:39:5
[INFO] [stdout]    |
[INFO] [stdout] 39 |     tcg_db::load_card_meta_map(&conn).expect("card meta map")
[INFO] [stdout]    |     ^^^^^^ use of unresolved module or unlinked crate `tcg_db`
[INFO] [stdout]    |
[INFO] [stdout]    = help: if you wanted to use a crate named `tcg_db`, use `cargo add tcg_db` to add it to your `Cargo.toml`
[INFO] [stdout] 
[INFO] [stdout] 
[INFO] [stdout] For more information about this error, try `rustc --explain E0433`.
[INFO] [stdout] 
[INFO] [stderr] error: could not compile `tcg_expansions` (lib test) due to 4 previous errors
[INFO] running `Command { std: "docker" "inspect" "b1c26407fdf3009843e047fe2b538e42876967d2e88cd9896fa496d9d9b51b0a", kill_on_drop: false }`
[INFO] running `Command { std: "docker" "rm" "-f" "b1c26407fdf3009843e047fe2b538e42876967d2e88cd9896fa496d9d9b51b0a", kill_on_drop: false }`
[INFO] [stdout] b1c26407fdf3009843e047fe2b538e42876967d2e88cd9896fa496d9d9b51b0a
