[INFO] fetching crate tauri-plugin-sparkle-updater 0.3.0...
[INFO] testing tauri-plugin-sparkle-updater-0.3.0 against 1.99.0-beta.8 for beta-1.100-2
[INFO] extracting crate tauri-plugin-sparkle-updater 0.3.0 into /workspace/builds/worker-5-tc1/source
[INFO] started tweaking crates.io crate tauri-plugin-sparkle-updater 0.3.0
[INFO] finished tweaking crates.io crate tauri-plugin-sparkle-updater 0.3.0
[INFO] tweaked toml for crates.io crate tauri-plugin-sparkle-updater 0.3.0 written to /workspace/builds/worker-5-tc1/source/Cargo.toml
[INFO] validating manifest of crates.io crate tauri-plugin-sparkle-updater 0.3.0 on toolchain 1.99.0-beta.8
[INFO] running `Command { std: CARGO_HOME="/workspace/cargo-home" RUSTUP_HOME="/workspace/rustup-home" "/workspace/cargo-home/bin/cargo" "+1.99.0-beta.8" "metadata" "--manifest-path" "Cargo.toml" "--no-deps", kill_on_drop: false }`
[INFO] crate crates.io crate tauri-plugin-sparkle-updater 0.3.0 already has a lockfile, it will not be regenerated
[INFO] running `Command { std: CARGO_HOME="/workspace/cargo-home" RUSTUP_HOME="/workspace/rustup-home" "/workspace/cargo-home/bin/cargo" "+1.99.0-beta.8" "fetch" "--manifest-path" "Cargo.toml", kill_on_drop: false }`
[INFO] [stderr]     Updating crates.io index
[INFO] [stderr]  Downloading crates ...
[INFO] [stderr]   Downloaded wasm-bindgen-macro v0.2.128
[INFO] [stderr]   Downloaded tauri-utils v2.9.3
[INFO] [stderr]   Downloaded markup5ever v0.38.0
[INFO] [stderr]   Downloaded string_cache_codegen v0.6.1
[INFO] [stderr]   Downloaded ref-cast-impl v1.0.27
[INFO] [stderr]   Downloaded wasm-bindgen-shared v0.2.128
[INFO] [stderr]   Downloaded darling_macro v0.24.1
[INFO] [stderr]   Downloaded serde_spanned v1.1.1
[INFO] [stderr]   Downloaded ref-cast v1.0.27
[INFO] [stderr]   Downloaded tauri-plugin v2.6.3
[INFO] [stderr]   Downloaded dtor-proc-macro v0.0.6
[INFO] [stderr]   Downloaded android_system_properties v0.1.6
[INFO] [stderr]   Downloaded phf_generator v0.13.1
[INFO] [stderr]   Downloaded dtor v0.3.0
[INFO] [stderr]   Downloaded defmt-parser v1.0.0
[INFO] [stderr]   Downloaded potential_utf v0.1.6
[INFO] [stderr]   Downloaded jiff-static v0.2.37
[INFO] [stderr]   Downloaded ctor-proc-macro v0.0.7
[INFO] [stderr]   Downloaded webview2-com-macros v0.8.1
[INFO] [stderr]   Downloaded version-compare v0.2.1
[INFO] [stderr]   Downloaded tinystr v0.8.4
[INFO] [stderr]   Downloaded toml_writer v1.1.2+spec-1.1.0
[INFO] [stderr]   Downloaded defmt-macros v1.1.1
[INFO] [stderr]   Downloaded servo_arc v0.4.3
[INFO] [stderr]   Downloaded dtoa v1.0.11
[INFO] [stderr]   Downloaded web_atoms v0.2.6
[INFO] [stderr]   Downloaded zerovec-derive v0.11.6
[INFO] [stderr]   Downloaded displaydoc v0.2.7
[INFO] [stderr]   Downloaded erased-serde v0.4.10
[INFO] [stderr]   Downloaded phf_macros v0.13.1
[INFO] [stderr]   Downloaded writeable v0.6.4
[INFO] [stderr]   Downloaded ctor v0.8.0
[INFO] [stderr]   Downloaded defmt v1.1.1
[INFO] [stderr]   Downloaded bs58 v0.5.1
[INFO] [stderr]   Downloaded serde-untagged v0.1.9
[INFO] [stderr]   Downloaded tendril v0.5.1
[INFO] [stderr]   Downloaded phf_codegen v0.13.1
[INFO] [stderr]   Downloaded string_cache v0.9.0
[INFO] [stderr]   Downloaded webview2-com v0.38.2
[INFO] [stderr]   Downloaded webkit2gtk-sys v2.0.2
[INFO] [stderr]   Downloaded swift-rs v1.0.8
[INFO] [stderr]   Downloaded serde_with_macros v3.23.0
[INFO] [stderr]   Downloaded litemap v0.8.3
[INFO] [stderr]   Downloaded find-msvc-tools v0.1.13
[INFO] [stderr]   Downloaded camino v1.2.6
[INFO] [stderr]   Downloaded jiff-tzdb v0.1.8
[INFO] [stderr]   Downloaded cssparser v0.36.0
[INFO] [stderr]   Downloaded proc-macro-crate v2.0.2
[INFO] [stderr]   Downloaded wasm-bindgen v0.2.128
[INFO] [stderr]   Downloaded icu_provider v2.3.1
[INFO] [stderr]   Downloaded icu_locale_core v2.3.0
[INFO] [stderr]   Downloaded icu_normalizer_data v2.3.0
[INFO] [stderr]   Downloaded toml v1.1.6+spec-1.1.0
[INFO] [stderr]   Downloaded darling v0.24.1
[INFO] [stderr]   Downloaded portable-atomic-util v0.2.8
[INFO] [stderr]   Downloaded plist v1.10.1
[INFO] [stderr]   Downloaded dom_query v0.27.0
[INFO] [stderr]   Downloaded selectors v0.36.1
[INFO] [stderr]   Downloaded html5ever v0.38.0
[INFO] [stderr]   Downloaded toml v0.8.2
[INFO] [stderr]   Downloaded darling_core v0.24.1
[INFO] [stderr]   Downloaded js-sys v0.3.105
[INFO] [stderr]   Downloaded icu_properties v2.3.0
[INFO] [stderr]   Downloaded zerotrie v0.2.5
[INFO] [stderr]   Downloaded icu_collections v2.3.0
[INFO] [stderr]   Downloaded cc v1.4.7
[INFO] [stderr]   Downloaded webkit2gtk v2.0.2
[INFO] [stderr]   Downloaded toml_edit v0.20.2
[INFO] [stderr]   Downloaded wasm-bindgen-macro-support v0.2.128
[INFO] [stderr]   Downloaded schemars v1.2.2
[INFO] [stderr]   Downloaded jiff-core v0.1.1
[INFO] [stderr]   Downloaded zerovec v0.11.8
[INFO] [stderr]   Downloaded tray-icon v0.24.2
[INFO] [stderr]   Downloaded icu_properties_data v2.3.0
[INFO] [stderr]   Downloaded serde_with v3.23.0
[INFO] [stderr]   Downloaded quick-xml v0.42.0
[INFO] [stderr]   Downloaded tauri v2.11.5
[INFO] [stderr]   Downloaded png v0.18.1
[INFO] [stderr]   Downloaded muda v0.19.3
[INFO] [stderr]   Downloaded dpi v0.1.2
[INFO] [stderr]   Downloaded icu_normalizer v2.3.0
[INFO] [stderr]   Downloaded objc2-app-kit v0.3.2
[INFO] [stderr]   Downloaded jiff v0.2.37
[INFO] [stderr]   Downloaded objc2-io-surface v0.3.2
[INFO] [stderr]   Downloaded redox_users v0.5.3
[INFO] [stderr]   Downloaded tauri-runtime-wry v2.11.4
[INFO] [stderr]   Downloaded objc2-core-graphics v0.3.2
[INFO] [stderr]   Downloaded objc2-core-image v0.3.2
[INFO] [stderr]   Downloaded wry v0.55.1
[INFO] [stderr]   Downloaded objc2-web-kit v0.3.2
[INFO] [stderr]   Downloaded libredox v0.1.24
[INFO] [stderr]   Downloaded tao-macros v0.1.4
[INFO] [stderr]   Downloaded objc2-cloud-kit v0.3.2
[INFO] [stderr]   Downloaded objc2-user-notifications v0.3.2
[INFO] [stderr]   Downloaded objc2-quartz-core v0.3.2
[INFO] [stderr]   Downloaded objc2-core-location v0.3.2
[INFO] [stderr]   Downloaded objc2-core-data v0.3.2
[INFO] [stderr]   Downloaded objc2-core-text v0.3.2
[INFO] [stderr]   Downloaded foreign-types-macros v0.2.4
[INFO] [stderr]   Downloaded cookie v0.18.2
[INFO] [stderr]   Downloaded dlopen2 v0.8.2
[INFO] [stderr]   Downloaded dlopen2_derive v0.4.3
[INFO] [stderr]   Downloaded webview2-com-sys v0.38.2
[INFO] [stderr]   Downloaded objc2-ui-kit v0.3.2
[INFO] [stderr]   Downloaded tauri-macros v2.6.3
[INFO] [stderr]   Downloaded tauri-build v2.6.3
[INFO] [stderr]   Downloaded embed-resource v3.0.11
[INFO] [stderr]   Downloaded combine v4.6.8
[INFO] [stderr]   Downloaded tauri-runtime v2.11.3
[INFO] [stderr]   Downloaded core-graphics v0.25.0
[INFO] [stderr]   Downloaded web-sys v0.3.105
[INFO] [stderr]   Downloaded winreg v0.55.0
[INFO] [stderr]   Downloaded serialize-to-javascript v0.1.2
[INFO] [stderr]   Downloaded dbus v0.9.12
[INFO] [stderr]   Downloaded toml v0.9.12+spec-1.1.0
[INFO] [stderr]   Downloaded ico v0.5.0
[INFO] [stderr]   Downloaded tao v0.35.3
[INFO] [stderr]   Downloaded softbuffer v0.4.8
[INFO] [stderr]   Downloaded tauri-codegen v2.6.3
[INFO] [stderr]   Downloaded tauri-winres v0.3.6
[INFO] [stderr]   Downloaded cargo_toml v0.22.3
[INFO] [stderr]   Downloaded serialize-to-javascript-impl v0.1.2
[INFO] [stderr]   Downloaded wasm-bindgen-futures v0.4.78
[INFO] [stderr]   Downloaded ipnet v2.12.2
[INFO] [stderr]   Downloaded libdbus-sys v0.2.7
[INFO] [stderr]   Downloaded hyper v1.11.1
[INFO] [stderr]   Downloaded sparkle-updater v0.1.0
[INFO] running `Command { std: "docker" "create" "-v" "/var/lib/crater-agent-workspace/builds/worker-5-tc1/source:/opt/rustwide/workdir:ro,Z" "-v" "/var/lib/crater-agent-workspace/builds/worker-5-tc1/target:/opt/rustwide/target:rw,Z" "-v" "/var/lib/crater-agent-workspace/cargo-home:/opt/rustwide/cargo-home:ro,Z" "-v" "/var/lib/crater-agent-workspace/rustup-home:/opt/rustwide/rustup-home:ro,Z" "-m" "1610612736" "--network" "none" "ghcr.io/rust-lang/crates-build-env/linux@sha256:3111399a4047eeb3a02b7a90e478d715f38a8c6669b5c4b49d30a17385265909" "sleep" "infinity", kill_on_drop: false }`
[INFO] [stdout] 6e7d0722e288c1a91eb0af0f424199ceabb5999dab792706edfeba1d2018fa6a
[INFO] running `Command { std: "docker" "start" "6e7d0722e288c1a91eb0af0f424199ceabb5999dab792706edfeba1d2018fa6a", kill_on_drop: false }`
[INFO] running `Command { std: "docker" "inspect" "6e7d0722e288c1a91eb0af0f424199ceabb5999dab792706edfeba1d2018fa6a", kill_on_drop: false }`
[INFO] running `Command { std: "docker" "exec" "-e" "SOURCE_DIR=/opt/rustwide/workdir" "-e" "CARGO_HOME=/opt/rustwide/cargo-home" "-e" "RUSTUP_HOME=/opt/rustwide/rustup-home" "-e" "CARGO_TARGET_DIR=/opt/rustwide/target" "-w" "/opt/rustwide/workdir" "--user" "0:0" "6e7d0722e288c1a91eb0af0f424199ceabb5999dab792706edfeba1d2018fa6a" "/opt/rustwide/cargo-home/bin/cargo" "+1.99.0-beta.8" "metadata" "--no-deps" "--format-version=1", kill_on_drop: false }`
[INFO] running `Command { std: "docker" "inspect" "6e7d0722e288c1a91eb0af0f424199ceabb5999dab792706edfeba1d2018fa6a", kill_on_drop: false }`
[INFO] running `Command { std: "docker" "exec" "-e" "SOURCE_DIR=/opt/rustwide/workdir" "-e" "CARGO_HOME=/opt/rustwide/cargo-home" "-e" "RUSTUP_HOME=/opt/rustwide/rustup-home" "-e" "CARGO_TARGET_DIR=/opt/rustwide/target" "-e" "CARGO_INCREMENTAL=0" "-e" "RUST_BACKTRACE=full" "-e" "RUSTFLAGS=--cap-lints=warn" "-e" "RUSTDOCFLAGS=--cap-lints=warn" "-w" "/opt/rustwide/workdir" "--user" "0:0" "6e7d0722e288c1a91eb0af0f424199ceabb5999dab792706edfeba1d2018fa6a" "/opt/rustwide/cargo-home/bin/cargo" "+1.99.0-beta.8" "build" "--frozen" "--message-format=json", kill_on_drop: false }`
[INFO] [stderr]    Compiling proc-macro2 v1.0.107
[INFO] [stderr]    Compiling serde_core v1.0.229
[INFO] [stderr]    Compiling serde v1.0.229
[INFO] [stderr]    Compiling smallvec v1.16.1
[INFO] [stderr]    Compiling hashbrown v0.17.1
[INFO] [stderr]    Compiling equivalent v1.0.2
[INFO] [stderr]    Compiling pkg-config v0.3.34
[INFO] [stderr]    Compiling winnow v0.5.40
[INFO] [stderr]    Compiling heck v0.5.0
[INFO] [stderr]    Compiling target-lexicon v0.12.16
[INFO] [stderr]    Compiling libc v0.2.189
[INFO] [stderr]    Compiling version-compare v0.2.1
[INFO] [stderr]    Compiling memchr v2.8.3
[INFO] [stderr]    Compiling thiserror v1.0.69
[INFO] [stderr]    Compiling siphasher v1.0.3
[INFO] [stderr]    Compiling litemap v0.8.3
[INFO] [stderr]    Compiling writeable v0.6.4
[INFO] [stderr]    Compiling utf8_iter v1.0.4
[INFO] [stderr]    Compiling fastrand v2.5.0
[INFO] [stderr]    Compiling phf_shared v0.13.1
[INFO] [stderr]    Compiling stable_deref_trait v1.2.1
[INFO] [stderr]    Compiling icu_normalizer_data v2.3.0
[INFO] [stderr]    Compiling icu_properties_data v2.3.0
[INFO] [stderr]    Compiling syn v1.0.109
[INFO] [stderr]    Compiling parking_lot_core v0.9.12
[INFO] [stderr]    Compiling once_cell v1.21.4
[INFO] [stderr]    Compiling futures-core v0.3.34
[INFO] [stderr]    Compiling pin-project-lite v0.2.17
[INFO] [stderr]    Compiling futures-task v0.3.34
[INFO] [stderr]    Compiling slab v0.4.12
[INFO] [stderr]    Compiling num-conv v0.2.2
[INFO] [stderr]    Compiling phf_generator v0.13.1
[INFO] [stderr]    Compiling winnow v1.0.4
[INFO] [stderr]    Compiling time-core v0.1.9
[INFO] [stderr]    Compiling phf_codegen v0.13.1
[INFO] [stderr]    Compiling cfg-expr v0.15.8
[INFO] [stderr]    Compiling lock_api v0.4.14
[INFO] [stderr]    Compiling strsim v0.11.1
[INFO] [stderr]    Compiling ident_case v1.0.1
[INFO] [stderr]    Compiling toml_writer v1.1.2+spec-1.1.0
[INFO] [stderr]    Compiling deranged v0.5.8
[INFO] [stderr]    Compiling typeid v1.0.3
[INFO] [stderr]    Compiling futures-channel v0.3.34
[INFO] [stderr]    Compiling thiserror v2.0.20
[INFO] [stderr]    Compiling log v0.4.34
[INFO] [stderr]    Compiling erased-serde v0.4.10
[INFO] [stderr]    Compiling aho-corasick v1.1.5
[INFO] [stderr]    Compiling unic-char-range v0.9.0
[INFO] [stderr]    Compiling new_debug_unreachable v1.0.6
[INFO] [stderr]    Compiling quote v1.0.47
[INFO] [stderr]    Compiling indexmap v2.14.2
[INFO] [stderr]    Compiling unic-common v0.9.0
[INFO] [stderr]    Compiling unic-char-property v0.9.0
[INFO] [stderr]    Compiling precomputed-hash v0.1.1
[INFO] [stderr]    Compiling bytes v1.12.1
[INFO] [stderr]    Compiling serde_json v1.0.151
[INFO] [stderr]    Compiling unic-ucd-version v0.9.0
[INFO] [stderr]    Compiling alloc-no-stdlib v2.0.4
[INFO] [stderr]    Compiling toml_parser v1.1.3+spec-1.1.0
[INFO] [stderr]    Compiling syn v3.0.6
[INFO] [stderr]    Compiling syn v2.0.119
[INFO] [stderr]    Compiling string_cache_codegen v0.6.1
[INFO] [stderr]    Compiling proc-macro-error-attr v1.0.4
[INFO] [stderr]    Compiling getrandom v0.4.3
[INFO] [stderr]    Compiling alloc-stdlib v0.2.4
[INFO] [stderr]    Compiling unic-ucd-ident v0.9.0
[INFO] [stderr]    Compiling quick-xml v0.42.0
[INFO] [stderr]    Compiling web_atoms v0.2.6
[INFO] [stderr]    Compiling base64 v0.23.1
[INFO] [stderr]    Compiling gio v0.18.4
[INFO] [stderr]    Compiling anyhow v1.0.104
[INFO] [stderr]    Compiling brotli-decompressor v5.0.3
[INFO] [stderr]    Compiling proc-macro-error v1.0.4
[INFO] [stderr]    Compiling http v1.5.0
[INFO] [stderr]    Compiling dtoa v1.0.11
[INFO] [stderr]    Compiling dunce v1.0.5
[INFO] [stderr]    Compiling percent-encoding v2.3.2
[INFO] [stderr]    Compiling ctor-proc-macro v0.0.7
[INFO] [stderr]    Compiling futures-io v0.3.34
[INFO] [stderr]    Compiling parking_lot v0.12.5
[INFO] [stderr]    Compiling dtoa-short v0.3.5
[INFO] [stderr]    Compiling tendril v0.5.1
[INFO] [stderr]    Compiling form_urlencoded v1.2.2
[INFO] [stderr]    Compiling selectors v0.36.1
[INFO] [stderr]    Compiling indexmap v1.9.3
[INFO] [stderr]    Compiling ctor v0.8.0
[INFO] [stderr]    Compiling camino v1.2.6
[INFO] [stderr]    Compiling glob v0.3.4
[INFO] [stderr]    Compiling string_cache v0.9.0
[INFO] [stderr]    Compiling servo_arc v0.4.3
[INFO] [stderr]    Compiling bitflags v2.13.2
[INFO] [stderr]    Compiling schemars v0.8.22
[INFO] [stderr]    Compiling rustc-hash v2.1.3
[INFO] [stderr]    Compiling hashbrown v0.12.3
[INFO] [stderr]    Compiling bit-vec v0.8.0
[INFO] [stderr]    Compiling time v0.3.55
[INFO] [stderr]    Compiling memoffset v0.9.1
[INFO] [stderr]    Compiling dyn-clone v1.0.20
[INFO] [stderr]    Compiling foldhash v0.2.0
[INFO] [stderr]    Compiling regex-automata v0.4.18
[INFO] [stderr]    Compiling gtk v0.18.2
[INFO] [stderr]    Compiling generic-array v0.14.7
[INFO] [stderr]    Compiling brotli v8.0.4
[INFO] [stderr]    Compiling bit-set v0.8.0
[INFO] [stderr]    Compiling semver v1.0.28
[INFO] [stderr]    Compiling serde_spanned v1.1.1
[INFO] [stderr]    Compiling toml_datetime v1.1.1+spec-1.1.0
[INFO] [stderr]    Compiling uuid v1.26.1
[INFO] [stderr]    Compiling simd-adler32 v0.3.10
[INFO] [stderr]    Compiling rustc_version v0.4.1
[INFO] [stderr]    Compiling toml v1.1.6+spec-1.1.0
[INFO] [stderr]    Compiling dirs-sys v0.5.0
[INFO] [stderr]    Compiling time-macros v0.2.32
[INFO] [stderr]    Compiling x11 v2.21.0
[INFO] [stderr]    Compiling cfb v0.7.3
[INFO] [stderr]    Compiling typenum v1.20.1
[INFO] [stderr]    Compiling find-msvc-tools v0.1.13
[INFO] [stderr]    Compiling field-offset v0.3.6
[INFO] [stderr]    Compiling serde-untagged v0.1.9
[INFO] [stderr]    Compiling adler2 v2.0.1
[INFO] [stderr]    Compiling crc32fast v1.5.2
[INFO] [stderr]    Compiling shlex v2.0.1
[INFO] [stderr]    Compiling dirs v6.0.0
[INFO] [stderr]    Compiling cc v1.4.7
[INFO] [stderr]    Compiling toml_datetime v0.7.5+spec-1.1.0
[INFO] [stderr]    Compiling crossbeam-utils v0.8.23
[INFO] [stderr]    Compiling winnow v0.7.15
[INFO] [stderr]    Compiling miniz_oxide v0.9.1
[INFO] [stderr]    Compiling infer v0.19.0
[INFO] [stderr]    Compiling libdbus-sys v0.2.7
[INFO] [stderr]    Compiling embed-resource v3.0.11
[INFO] [stderr]    Compiling x11-dl v2.21.0
[INFO] [stderr]    Compiling cookie v0.18.2
[INFO] [stderr]    Compiling tauri-winres v0.3.6
[INFO] [stderr]    Compiling flate2 v1.1.10
[INFO] [stderr]    Compiling block-buffer v0.10.4
[INFO] [stderr]    Compiling crypto-common v0.1.7
[INFO] [stderr]    Compiling miniz_oxide v0.8.9
[INFO] [stderr]    Compiling fdeflate v0.3.7
[INFO] [stderr]    Compiling raw-window-handle v0.6.2
[INFO] [stderr]    Compiling crossbeam-channel v0.5.17
[INFO] [stderr]    Compiling regex v1.13.1
[INFO] [stderr]    Compiling digest v0.10.7
[INFO] [stderr]    Compiling serde_derive_internals v0.29.1
[INFO] [stderr]    Compiling png v0.17.16
[INFO] [stderr]    Compiling cpufeatures v0.2.17
[INFO] [stderr]    Compiling tauri-runtime v2.11.3
[INFO] [stderr]    Compiling wry v0.55.1
[INFO] [stderr]    Compiling sha2 v0.10.9
[INFO] [stderr]    Compiling dbus v0.9.12
[INFO] [stderr]    Compiling tauri-runtime-wry v2.11.4
[INFO] [stderr]    Compiling unicode-segmentation v1.13.3
[INFO] [stderr]    Compiling getrandom v0.3.4
[INFO] [stderr]    Compiling base64 v0.22.1
[INFO] [stderr]    Compiling tokio v1.53.1
[INFO] [stderr]    Compiling toml v0.9.12+spec-1.1.0
[INFO] [stderr]    Compiling mime v0.3.17
[INFO] [stderr]    Compiling synstructure v0.14.0
[INFO] [stderr]    Compiling darling_core v0.24.1
[INFO] [stderr]    Compiling ico v0.5.0
[INFO] [stderr]    Compiling thiserror-impl v1.0.69
[INFO] [stderr]    Compiling phf_macros v0.13.1
[INFO] [stderr]    Compiling derive_more-impl v2.1.1
[INFO] [stderr]    Compiling cssparser-macros v0.6.1
[INFO] [stderr]    Compiling schemars_derive v0.8.22
[INFO] [stderr]    Compiling dlopen2_derive v0.4.3
[INFO] [stderr]    Compiling serialize-to-javascript-impl v0.1.2
[INFO] [stderr]    Compiling serde_derive v1.0.229
[INFO] [stderr]    Compiling zerofrom-derive v0.1.8
[INFO] [stderr]    Compiling yoke-derive v0.8.3
[INFO] [stderr]    Compiling zerovec-derive v0.11.6
[INFO] [stderr]    Compiling displaydoc v0.2.7
[INFO] [stderr]    Compiling futures-macro v0.3.34
[INFO] [stderr]    Compiling thiserror-impl v2.0.20
[INFO] [stderr]    Compiling phf v0.13.1
[INFO] [stderr]    Compiling cssparser v0.36.0
[INFO] [stderr]    Compiling derive_more v2.1.1
[INFO] [stderr]    Compiling dlopen2 v0.8.2
[INFO] [stderr]    Compiling serde_repr v0.1.21
[INFO] [stderr]    Compiling futures-util v0.3.34
[INFO] [stderr]    Compiling markup5ever v0.38.0
[INFO] [stderr]    Compiling zerofrom v0.1.8
[INFO] [stderr]    Compiling html5ever v0.38.0
[INFO] [stderr]    Compiling yoke v0.8.3
[INFO] [stderr]    Compiling zerovec v0.11.8
[INFO] [stderr]    Compiling zerotrie v0.2.5
[INFO] [stderr]    Compiling darling_macro v0.24.1
[INFO] [stderr]    Compiling darling v0.24.1
[INFO] [stderr]    Compiling serde_with_macros v3.23.0
[INFO] [stderr]    Compiling tinystr v0.8.4
[INFO] [stderr]    Compiling potential_utf v0.1.6
[INFO] [stderr]    Compiling icu_collections v2.3.0
[INFO] [stderr]    Compiling icu_locale_core v2.3.0
[INFO] [stderr]    Compiling dom_query v0.27.0
[INFO] [stderr]    Compiling serde_with v3.23.0
[INFO] [stderr]    Compiling icu_provider v2.3.1
[INFO] [stderr]    Compiling futures-executor v0.3.34
[INFO] [stderr]    Compiling icu_normalizer v2.3.0
[INFO] [stderr]    Compiling icu_properties v2.3.0
[INFO] [stderr]    Compiling dpi v0.1.2
[INFO] [stderr]    Compiling jsonptr v0.6.3
[INFO] [stderr]    Compiling plist v1.10.1
[INFO] [stderr]    Compiling keyboard-types v0.7.0
[INFO] [stderr]    Compiling serialize-to-javascript v0.1.2
[INFO] [stderr]    Compiling toml_datetime v0.6.3
[INFO] [stderr]    Compiling serde_spanned v0.6.9
[INFO] [stderr]    Compiling cargo-platform v0.1.9
[INFO] [stderr]    Compiling toml_edit v0.20.2
[INFO] [stderr]    Compiling toml_edit v0.19.15
[INFO] [stderr]    Compiling cargo_metadata v0.19.2
[INFO] [stderr]    Compiling json-patch v3.0.1
[INFO] [stderr]    Compiling cargo_toml v0.22.3
[INFO] [stderr]    Compiling idna_adapter v1.2.2
[INFO] [stderr]    Compiling idna v1.1.0
[INFO] [stderr]    Compiling url v2.5.8
[INFO] [stderr]    Compiling urlpattern v0.3.0
[INFO] [stderr]    Compiling proc-macro-crate v1.3.1
[INFO] [stderr]    Compiling toml v0.8.2
[INFO] [stderr]    Compiling proc-macro-crate v2.0.2
[INFO] [stderr]    Compiling gtk3-macros v0.18.2
[INFO] [stderr]    Compiling glib-macros v0.18.5
[INFO] [stderr]    Compiling system-deps v6.2.2
[INFO] [stderr]    Compiling tauri-utils v2.9.3
[INFO] [stderr]    Compiling glib-sys v0.18.1
[INFO] [stderr]    Compiling gobject-sys v0.18.0
[INFO] [stderr]    Compiling gio-sys v0.18.1
[INFO] [stderr]    Compiling gdk-sys v0.18.2
[INFO] [stderr]    Compiling pango-sys v0.18.0
[INFO] [stderr]    Compiling gdk-pixbuf-sys v0.18.0
[INFO] [stderr]    Compiling cairo-sys-rs v0.18.2
[INFO] [stderr]    Compiling atk-sys v0.18.2
[INFO] [stderr]    Compiling gtk-sys v0.18.2
[INFO] [stderr]    Compiling soup3-sys v0.5.0
[INFO] [stderr]    Compiling javascriptcore-rs-sys v1.1.1
[INFO] [stderr]    Compiling webkit2gtk-sys v2.0.2
[INFO] [stderr]    Compiling gdkx11-sys v0.18.2
[INFO] [stderr]    Compiling glib v0.18.5
[INFO] [stderr]    Compiling gdkwayland-sys v0.18.2
[INFO] [stderr]    Compiling cairo-rs v0.18.5
[INFO] [stderr]    Compiling atk v0.18.2
[INFO] [stderr]    Compiling javascriptcore-rs v1.1.2
[INFO] [stderr]    Compiling tauri-build v2.6.3
[INFO] [stderr]    Compiling tauri-codegen v2.6.3
[INFO] [stderr]    Compiling tauri-plugin v2.6.3
[INFO] [stderr]    Compiling tauri v2.11.5
[INFO] [stderr]    Compiling tauri-macros v2.6.3
[INFO] [stderr]    Compiling tauri-plugin-sparkle-updater v0.3.0 (/opt/rustwide/workdir)
[INFO] [stderr]    Compiling gdk-pixbuf v0.18.5
[INFO] [stderr]    Compiling pango v0.18.3
[INFO] [stderr]    Compiling soup3 v0.5.0
[INFO] [stderr]    Compiling gdk v0.18.2
[INFO] [stderr]    Compiling gdkx11 v0.18.2
[INFO] [stderr]    Compiling webkit2gtk v2.0.2
[INFO] [stderr]    Compiling tao v0.35.3
[INFO] [stderr]    Compiling muda v0.19.3
[INFO] [stdout] error[E0433]: cannot find module or crate `sparkle_updater` in this scope
[INFO] [stdout]  --> src/events.rs:1:9
[INFO] [stdout]   |
[INFO] [stdout] 1 | pub use sparkle_updater::events::*;
[INFO] [stdout]   |         ^^^^^^^^^^^^^^^ use of unresolved module or unlinked crate `sparkle_updater`
[INFO] [stdout]   |
[INFO] [stdout]   = help: if you wanted to use a crate named `sparkle_updater`, use `cargo add sparkle_updater` to add it to your `Cargo.toml`
[INFO] [stdout] 
[INFO] [stdout] 
[INFO] [stdout] error[E0432]: unresolved import `sparkle_updater`
[INFO] [stdout]  --> src/error.rs:1:9
[INFO] [stdout]   |
[INFO] [stdout] 1 | pub use sparkle_updater::{Error, Result};
[INFO] [stdout]   |         ^^^^^^^^^^^^^^^ use of unresolved module or unlinked crate `sparkle_updater`
[INFO] [stdout]   |
[INFO] [stdout]   = help: if you wanted to use a crate named `sparkle_updater`, use `cargo add sparkle_updater` to add it to your `Cargo.toml`
[INFO] [stdout] 
[INFO] [stdout] 
[INFO] [stdout] error[E0432]: unresolved import `dispatch`
[INFO] [stdout]  --> src/sparkle/updater.rs:3:5
[INFO] [stdout]   |
[INFO] [stdout] 3 | use dispatch::Queue;
[INFO] [stdout]   |     ^^^^^^^^ use of unresolved module or unlinked crate `dispatch`
[INFO] [stdout]   |
[INFO] [stdout]   = help: if you wanted to use a crate named `dispatch`, use `cargo add dispatch` to add it to your `Cargo.toml`
[INFO] [stdout] 
[INFO] [stdout] 
[INFO] [stdout] error[E0432]: unresolved import `objc2`
[INFO] [stdout]  --> src/sparkle/updater.rs:4:5
[INFO] [stdout]   |
[INFO] [stdout] 4 | use objc2::MainThreadMarker;
[INFO] [stdout]   |     ^^^^^ use of unresolved module or unlinked crate `objc2`
[INFO] [stdout]   |
[INFO] [stdout]   = help: if you wanted to use a crate named `objc2`, use `cargo add objc2` to add it to your `Cargo.toml`
[INFO] [stdout] 
[INFO] [stdout] 
[INFO] [stdout] error[E0432]: unresolved import `crate::events::UpdateInfo`
[INFO] [stdout]  --> src/commands.rs:5:5
[INFO] [stdout]   |
[INFO] [stdout] 5 | use crate::events::UpdateInfo;
[INFO] [stdout]   |     ^^^^^^^^^^^^^^^----------
[INFO] [stdout]   |                    |
[INFO] [stdout]   |                    no `UpdateInfo` in `events`
[INFO] [stdout] 
[INFO] [stdout] 
[INFO] [stdout] error[E0432]: unresolved import `crate::Error`
[INFO] [stdout]  --> src/commands.rs:6:5
[INFO] [stdout]   |
[INFO] [stdout] 6 | use crate::Error;
[INFO] [stdout]   |     ^^^^^^^-----
[INFO] [stdout]   |            |
[INFO] [stdout]   |            no `Error` in the root
[INFO] [stdout]   |
[INFO] [stdout] help: a similar name exists in the module
[INFO] [stdout]   |
[INFO] [stdout] 6 - use crate::Error;
[INFO] [stdout] 6 + use crate::error;
[INFO] [stdout]   |
[INFO] [stdout] help: consider importing one of these items instead
[INFO] [stdout]   |
[INFO] [stdout] 6 - use crate::Error;
[INFO] [stdout] 6 + use std::error::Error;
[INFO] [stdout]   |
[INFO] [stdout] 6 - use crate::Error;
[INFO] [stdout] 6 + use std::fmt::Error;
[INFO] [stdout]   |
[INFO] [stdout] 6 - use crate::Error;
[INFO] [stdout] 6 + use std::fs::TryLockError::Error;
[INFO] [stdout]   |
[INFO] [stdout] 6 - use crate::Error;
[INFO] [stdout] 6 + use std::io::Error;
[INFO] [stdout]   |
[INFO] [stdout]   = and 2 other candidates
[INFO] [stdout] 
[INFO] [stdout] 
[INFO] [stdout] error[E0432]: unresolved import `crate::Result`
[INFO] [stdout]  --> src/commands.rs:7:5
[INFO] [stdout]   |
[INFO] [stdout] 7 | use crate::Result;
[INFO] [stdout]   |     ^^^^^^^------
[INFO] [stdout]   |            |
[INFO] [stdout]   |            no `Result` in the root
[INFO] [stdout]   |
[INFO] [stdout] help: consider importing one of these items instead
[INFO] [stdout]   |
[INFO] [stdout] 7 - use crate::Result;
[INFO] [stdout] 7 + use std::fmt::Result;
[INFO] [stdout]   |
[INFO] [stdout] 7 - use crate::Result;
[INFO] [stdout] 7 + use std::io::Result;
[INFO] [stdout]   |
[INFO] [stdout] 7 - use crate::Result;
[INFO] [stdout] 7 + use std::result::Result;
[INFO] [stdout]   |
[INFO] [stdout] 7 - use crate::Result;
[INFO] [stdout] 7 + use std::thread::Result;
[INFO] [stdout]   |
[INFO] [stdout]   = and 2 other candidates
[INFO] [stdout] 
[INFO] [stdout] 
[INFO] [stdout] error[E0432]: unresolved import `crate::events::UpdateInfo`
[INFO] [stdout]  --> src/sparkle/updater.rs:1:5
[INFO] [stdout]   |
[INFO] [stdout] 1 | use crate::events::UpdateInfo;
[INFO] [stdout]   |     ^^^^^^^^^^^^^^^----------
[INFO] [stdout]   |                    |
[INFO] [stdout]   |                    no `UpdateInfo` in `events`
[INFO] [stdout] 
[INFO] [stdout] 
[INFO] [stdout] error[E0432]: unresolved imports `crate::Error`, `crate::Result`
[INFO] [stdout]  --> src/sparkle/updater.rs:2:13
[INFO] [stdout]   |
[INFO] [stdout] 2 | use crate::{Error, Result};
[INFO] [stdout]   |             ^^^^^  ^^^^^^ no `Result` in the root
[INFO] [stdout]   |             |
[INFO] [stdout]   |             no `Error` in the root
[INFO] [stdout]   |
[INFO] [stdout]   = help: consider importing one of these items instead:
[INFO] [stdout]           std::error::Error
[INFO] [stdout]           std::fmt::Error
[INFO] [stdout]           std::fs::TryLockError::Error
[INFO] [stdout]           std::io::Error
[INFO] [stdout]           core::error::Error
[INFO] [stdout]           core::fmt::Error
[INFO] [stdout]   = help: consider importing one of these items instead:
[INFO] [stdout]           std::fmt::Result
[INFO] [stdout]           std::io::Result
[INFO] [stdout]           std::result::Result
[INFO] [stdout]           std::thread::Result
[INFO] [stdout]           core::fmt::Result
[INFO] [stdout]           core::result::Result
[INFO] [stdout] help: a similar name exists in the module
[INFO] [stdout]   |
[INFO] [stdout] 2 - use crate::{Error, Result};
[INFO] [stdout] 2 + use crate::{error, Result};
[INFO] [stdout]   |
[INFO] [stdout] 
[INFO] [stdout] 
[INFO] [stdout] error[E0433]: cannot find module or crate `sparkle_updater` in this scope
[INFO] [stdout]   --> src/sparkle/updater.rs:39:19
[INFO] [stdout]    |
[INFO] [stdout] 39 |     let updater = sparkle_updater::init(
[INFO] [stdout]    |                   ^^^^^^^^^^^^^^^ use of unresolved module or unlinked crate `sparkle_updater`
[INFO] [stdout]    |
[INFO] [stdout]    = help: if you wanted to use a crate named `sparkle_updater`, use `cargo add sparkle_updater` to add it to your `Cargo.toml`
[INFO] [stdout] help: a struct with a similar name exists
[INFO] [stdout]    |
[INFO] [stdout] 39 -     let updater = sparkle_updater::init(
[INFO] [stdout] 39 +     let updater = SparkleUpdater::init(
[INFO] [stdout]    |
[INFO] [stdout] 
[INFO] [stdout] 
[INFO] [stdout] error[E0433]: cannot find module or crate `sparkle_updater` in this scope
[INFO] [stdout]   --> src/sparkle/updater.rs:21:46
[INFO] [stdout]    |
[INFO] [stdout] 21 |     static UPDATERS: RefCell<HashMap<u64, Rc<sparkle_updater::SparkleUpdater>>> = RefCell::new(HashMap::new());
[INFO] [stdout]    |                                              ^^^^^^^^^^^^^^^ use of unresolved module or unlinked crate `sparkle_updater`
[INFO] [stdout]    |
[INFO] [stdout]    = help: if you wanted to use a crate named `sparkle_updater`, use `cargo add sparkle_updater` to add it to your `Cargo.toml`
[INFO] [stdout] 
[INFO] [stdout] 
[INFO] [stdout] error[E0433]: cannot find module or crate `sparkle_updater` in this scope
[INFO] [stdout]   --> src/sparkle/updater.rs:69:25
[INFO] [stdout]    |
[INFO] [stdout] 69 |         f: impl FnOnce(&sparkle_updater::SparkleUpdater) -> Result<T> + Send,
[INFO] [stdout]    |                         ^^^^^^^^^^^^^^^ use of unresolved module or unlinked crate `sparkle_updater`
[INFO] [stdout]    |
[INFO] [stdout]    = help: if you wanted to use a crate named `sparkle_updater`, use `cargo add sparkle_updater` to add it to your `Cargo.toml`
[INFO] [stdout] 
[INFO] [stdout] 
[INFO] [stdout] Some errors have detailed explanations: E0432, E0433.
[INFO] [stdout] 
[INFO] [stdout] For more information about an error, try `rustc --explain E0432`.
[INFO] [stdout] 
[INFO] [stderr] error: could not compile `tauri-plugin-sparkle-updater` (lib) due to 12 previous errors
[INFO] [stderr] warning: build failed, waiting for other jobs to finish...
[INFO] running `Command { std: "docker" "inspect" "6e7d0722e288c1a91eb0af0f424199ceabb5999dab792706edfeba1d2018fa6a", kill_on_drop: false }`
[INFO] running `Command { std: "docker" "rm" "-f" "6e7d0722e288c1a91eb0af0f424199ceabb5999dab792706edfeba1d2018fa6a", kill_on_drop: false }`
[INFO] [stdout] 6e7d0722e288c1a91eb0af0f424199ceabb5999dab792706edfeba1d2018fa6a
