[INFO] fetching crate tatara-reconciler 0.2.825...
[INFO] testing tatara-reconciler-0.2.825 against 1.99.0-beta.8 for beta-1.100-2
[INFO] extracting crate tatara-reconciler 0.2.825 into /workspace/builds/worker-5-tc1/source
[INFO] started tweaking crates.io crate tatara-reconciler 0.2.825
[INFO] removed 0 missing tests
[INFO] finished tweaking crates.io crate tatara-reconciler 0.2.825
[INFO] tweaked toml for crates.io crate tatara-reconciler 0.2.825 written to /workspace/builds/worker-5-tc1/source/Cargo.toml
[INFO] validating manifest of crates.io crate tatara-reconciler 0.2.825 on toolchain 1.99.0-beta.8
[INFO] running `Command { std: CARGO_HOME="/workspace/cargo-home" RUSTUP_HOME="/workspace/rustup-home" "/workspace/cargo-home/bin/cargo" "+1.99.0-beta.8" "metadata" "--manifest-path" "Cargo.toml" "--no-deps", kill_on_drop: false }`
[INFO] crate crates.io crate tatara-reconciler 0.2.825 already has a lockfile, it will not be regenerated
[INFO] running `Command { std: CARGO_HOME="/workspace/cargo-home" RUSTUP_HOME="/workspace/rustup-home" "/workspace/cargo-home/bin/cargo" "+1.99.0-beta.8" "fetch" "--manifest-path" "Cargo.toml", kill_on_drop: false }`
[INFO] [stderr]     Updating crates.io index
[INFO] [stderr]  Downloading crates ...
[INFO] [stderr]   Downloaded tatara-lisp-derive v0.3.27
[INFO] [stderr]   Downloaded socket2 v0.6.4
[INFO] [stderr]   Downloaded gen-macros v0.1.33
[INFO] [stderr]   Downloaded maplit v1.0.2
[INFO] [stderr]   Downloaded kqueue-sys v1.1.2
[INFO] [stderr]   Downloaded gen-platform v0.1.33
[INFO] [stderr]   Downloaded uncased v0.9.10
[INFO] [stderr]   Downloaded openraft-macros v0.9.24
[INFO] [stderr]   Downloaded utf8-width v0.1.8
[INFO] [stderr]   Downloaded rend v0.4.2
[INFO] [stderr]   Downloaded bytecheck v0.6.12
[INFO] [stderr]   Downloaded ptr_meta_derive v0.1.4
[INFO] [stderr]   Downloaded hostname v0.4.2
[INFO] [stderr]   Downloaded secrecy v0.10.3
[INFO] [stderr]   Downloaded validit v0.2.5
[INFO] [stderr]   Downloaded anyerror v0.1.13
[INFO] [stderr]   Downloaded bytecheck_derive v0.6.12
[INFO] [stderr]   Downloaded inlinable_string v0.1.15
[INFO] [stderr]   Downloaded seahash v4.1.0
[INFO] [stderr]   Downloaded ptr_meta v0.1.4
[INFO] [stderr]   Downloaded kube v0.99.0
[INFO] [stderr]   Downloaded serde-value v0.7.0
[INFO] [stderr]   Downloaded ordered-float v2.10.1
[INFO] [stderr]   Downloaded tatara-closed-set-derive v0.3.37
[INFO] [stderr]   Downloaded pear_codegen v0.2.9
[INFO] [stderr]   Downloaded pear v0.2.9
[INFO] [stderr]   Downloaded tracing-futures v0.2.5
[INFO] [stderr]   Downloaded rkyv_derive v0.7.46
[INFO] [stderr]   Downloaded borsh-derive v1.6.1
[INFO] [stderr]   Downloaded pem v3.0.6
[INFO] [stderr]   Downloaded headers-core v0.3.0
[INFO] [stderr]   Downloaded enum-ordinalize v4.3.2
[INFO] [stderr]   Downloaded gen-types v0.1.33
[INFO] [stderr]   Downloaded byte-unit v5.2.0
[INFO] [stderr]   Downloaded enum-ordinalize-derive v4.3.2
[INFO] [stderr]   Downloaded json-patch v4.2.0
[INFO] [stderr]   Downloaded async-broadcast v0.7.2
[INFO] [stderr]   Downloaded arc-swap v1.9.1
[INFO] [stderr]   Downloaded tatara-core v0.2.825
[INFO] [stderr]   Downloaded hyper-http-proxy v1.1.0
[INFO] [stderr]   Downloaded rustls-pemfile v2.2.0
[INFO] [stderr]   Downloaded uuid v1.23.2
[INFO] [stderr]   Downloaded derive_more v1.0.0
[INFO] [stderr]   Downloaded rustls-native-certs v0.7.3
[INFO] [stderr]   Downloaded jsonpath-rust v0.7.5
[INFO] [stderr]   Downloaded rustls-native-certs v0.8.3
[INFO] [stderr]   Downloaded educe v0.6.0
[INFO] [stderr]   Downloaded tatara-domains v0.2.825
[INFO] [stderr]   Downloaded figment v0.10.19
[INFO] [stderr]   Downloaded derive_more-impl v1.0.0
[INFO] [stderr]   Downloaded mio v1.2.1
[INFO] [stderr]   Downloaded kube-core v0.99.0
[INFO] [stderr]   Downloaded cc v1.2.63
[INFO] [stderr]   Downloaded zerocopy-derive v0.8.50
[INFO] [stderr]   Downloaded borsh v1.6.1
[INFO] [stderr]   Downloaded jsonptr v0.7.1
[INFO] [stderr]   Downloaded kube-derive v0.99.0
[INFO] [stderr]   Downloaded serde_path_to_error v0.1.20
[INFO] [stderr]   Downloaded headers v0.4.1
[INFO] [stderr]   Downloaded kube-runtime v0.99.0
[INFO] [stderr]   Downloaded kube-client v0.99.0
[INFO] [stderr]   Downloaded http v1.4.1
[INFO] [stderr]   Downloaded rkyv v0.7.46
[INFO] [stderr]   Downloaded prometheus v0.13.4
[INFO] [stderr]   Downloaded rust_decimal v1.42.0
[INFO] [stderr]   Downloaded protobuf v2.28.0
[INFO] [stderr]   Downloaded hyper v1.10.1
[INFO] [stderr]   Downloaded openraft v0.9.22
[INFO] [stderr]   Downloaded tatara-lattice v0.2.825
[INFO] [stderr]   Downloaded zerocopy v0.8.50
[INFO] [stderr]   Downloaded rustls v0.23.40
[INFO] [stderr]   Downloaded tatara-closed-set v0.3.37
[INFO] [stderr]   Downloaded tatara-process v0.2.825
[INFO] [stderr]   Downloaded tatara-lisp v0.3.27
[INFO] [stderr]   Downloaded shikumi v0.1.455
[INFO] [stderr]   Downloaded k8s-openapi v0.24.0
[INFO] running `Command { std: "docker" "create" "-v" "/var/lib/crater-agent-workspace/builds/worker-5-tc1/source:/opt/rustwide/workdir:ro,Z" "-v" "/var/lib/crater-agent-workspace/builds/worker-5-tc1/target:/opt/rustwide/target:rw,Z" "-v" "/var/lib/crater-agent-workspace/cargo-home:/opt/rustwide/cargo-home:ro,Z" "-v" "/var/lib/crater-agent-workspace/rustup-home:/opt/rustwide/rustup-home:ro,Z" "-m" "1610612736" "--network" "none" "ghcr.io/rust-lang/crates-build-env/linux@sha256:3111399a4047eeb3a02b7a90e478d715f38a8c6669b5c4b49d30a17385265909" "sleep" "infinity", kill_on_drop: false }`
[INFO] [stdout] 3ea7b48071e7b3a5c7703a110bd0cc345cb9b40cf9528f1a97cee36c7a07347e
[INFO] running `Command { std: "docker" "start" "3ea7b48071e7b3a5c7703a110bd0cc345cb9b40cf9528f1a97cee36c7a07347e", kill_on_drop: false }`
[INFO] running `Command { std: "docker" "inspect" "3ea7b48071e7b3a5c7703a110bd0cc345cb9b40cf9528f1a97cee36c7a07347e", kill_on_drop: false }`
[INFO] running `Command { std: "docker" "exec" "-e" "SOURCE_DIR=/opt/rustwide/workdir" "-e" "CARGO_HOME=/opt/rustwide/cargo-home" "-e" "RUSTUP_HOME=/opt/rustwide/rustup-home" "-e" "CARGO_TARGET_DIR=/opt/rustwide/target" "-w" "/opt/rustwide/workdir" "--user" "0:0" "3ea7b48071e7b3a5c7703a110bd0cc345cb9b40cf9528f1a97cee36c7a07347e" "/opt/rustwide/cargo-home/bin/cargo" "+1.99.0-beta.8" "metadata" "--no-deps" "--format-version=1", kill_on_drop: false }`
[INFO] running `Command { std: "docker" "inspect" "3ea7b48071e7b3a5c7703a110bd0cc345cb9b40cf9528f1a97cee36c7a07347e", kill_on_drop: false }`
[INFO] running `Command { std: "docker" "exec" "-e" "SOURCE_DIR=/opt/rustwide/workdir" "-e" "CARGO_HOME=/opt/rustwide/cargo-home" "-e" "RUSTUP_HOME=/opt/rustwide/rustup-home" "-e" "CARGO_TARGET_DIR=/opt/rustwide/target" "-e" "CARGO_INCREMENTAL=0" "-e" "RUST_BACKTRACE=full" "-e" "RUSTFLAGS=--cap-lints=warn" "-e" "RUSTDOCFLAGS=--cap-lints=warn" "-w" "/opt/rustwide/workdir" "--user" "0:0" "3ea7b48071e7b3a5c7703a110bd0cc345cb9b40cf9528f1a97cee36c7a07347e" "/opt/rustwide/cargo-home/bin/cargo" "+1.99.0-beta.8" "build" "--frozen" "--message-format=json", kill_on_drop: false }`
[INFO] [stderr]    Compiling proc-macro2 v1.0.106
[INFO] [stderr]    Compiling quote v1.0.45
[INFO] [stderr]    Compiling libc v0.2.186
[INFO] [stderr]    Compiling memchr v2.8.1
[INFO] [stderr]    Compiling serde_core v1.0.228
[INFO] [stderr]    Compiling serde v1.0.228
[INFO] [stderr]    Compiling log v0.4.30
[INFO] [stderr]    Compiling zmij v1.0.21
[INFO] [stderr]    Compiling find-msvc-tools v0.1.9
[INFO] [stderr]    Compiling bytes v1.11.1
[INFO] [stderr]    Compiling futures-core v0.3.32
[INFO] [stderr]    Compiling serde_json v1.0.150
[INFO] [stderr]    Compiling parking_lot_core v0.9.12
[INFO] [stderr]    Compiling smallvec v1.15.1
[INFO] [stderr]    Compiling num-traits v0.2.19
[INFO] [stderr]    Compiling tracing-core v0.1.36
[INFO] [stderr]    Compiling cc v1.2.63
[INFO] [stderr]    Compiling lock_api v0.4.14
[INFO] [stderr]    Compiling futures-sink v0.3.32
[INFO] [stderr]    Compiling thiserror v2.0.18
[INFO] [stderr]    Compiling iana-time-zone v0.1.65
[INFO] [stderr]    Compiling futures-task v0.3.32
[INFO] [stderr]    Compiling futures-io v0.3.32
[INFO] [stderr]    Compiling equivalent v1.0.2
[INFO] [stderr]    Compiling futures-channel v0.3.32
[INFO] [stderr]    Compiling hashbrown v0.17.1
[INFO] [stderr]    Compiling arrayvec v0.7.6
[INFO] [stderr]    Compiling httparse v1.10.1
[INFO] [stderr]    Compiling zerocopy v0.8.50
[INFO] [stderr]    Compiling zeroize v1.8.2
[INFO] [stderr]    Compiling tower-service v0.3.3
[INFO] [stderr]    Compiling bitflags v2.11.1
[INFO] [stderr]    Compiling try-lock v0.2.5
[INFO] [stderr]    Compiling ryu v1.0.23
[INFO] [stderr]    Compiling rustls-pki-types v1.14.1
[INFO] [stderr]    Compiling want v0.3.1
[INFO] [stderr]    Compiling atomic-waker v1.1.2
[INFO] [stderr]    Compiling ucd-trie v0.1.7
[INFO] [stderr]    Compiling httpdate v1.0.3
[INFO] [stderr]    Compiling aho-corasick v1.1.4
[INFO] [stderr]    Compiling crossbeam-utils v0.8.21
[INFO] [stderr]    Compiling http v1.4.1
[INFO] [stderr]    Compiling pest v2.8.6
[INFO] [stderr]    Compiling proc-macro2-diagnostics v0.10.1
[INFO] [stderr]    Compiling arrayref v0.3.9
[INFO] [stderr]    Compiling rustls v0.23.40
[INFO] [stderr]    Compiling tower-layer v0.3.3
[INFO] [stderr]    Compiling syn v2.0.117
[INFO] [stderr]    Compiling cpufeatures v0.3.0
[INFO] [stderr]    Compiling unsafe-libyaml v0.2.11
[INFO] [stderr]    Compiling constant_time_eq v0.4.2
[INFO] [stderr]    Compiling form_urlencoded v1.2.2
[INFO] [stderr]    Compiling schemars v0.8.22
[INFO] [stderr]    Compiling k8s-openapi v0.24.0
[INFO] [stderr]    Compiling yansi v1.0.1
[INFO] [stderr]    Compiling sync_wrapper v1.0.2
[INFO] [stderr]    Compiling mio v1.2.1
[INFO] [stderr]    Compiling errno v0.3.14
[INFO] [stderr]    Compiling socket2 v0.6.4
[INFO] [stderr]    Compiling getrandom v0.2.17
[INFO] [stderr]    Compiling regex-automata v0.4.14
[INFO] [stderr]    Compiling signal-hook-registry v1.4.8
[INFO] [stderr]    Compiling ordered-float v2.10.1
[INFO] [stderr]    Compiling ring v0.17.14
[INFO] [stderr]    Compiling blake3 v1.8.5
[INFO] [stderr]    Compiling mime v0.3.17
[INFO] [stderr]    Compiling parking_lot v0.12.5
[INFO] [stderr]    Compiling anstyle-parse v1.0.0
[INFO] [stderr]    Compiling concurrent-queue v2.5.0
[INFO] [stderr]    Compiling uncased v0.9.10
[INFO] [stderr]    Compiling parking v2.2.1
[INFO] [stderr]    Compiling rustversion v1.0.22
[INFO] [stderr]    Compiling dyn-clone v1.0.20
[INFO] [stderr]    Compiling is_terminal_polyfill v1.70.2
[INFO] [stderr]    Compiling colorchoice v1.0.5
[INFO] [stderr]    Compiling openssl-probe v0.2.1
[INFO] [stderr]    Compiling getrandom v0.3.4
[INFO] [stderr]    Compiling http-body v1.0.1
[INFO] [stderr]    Compiling rust_decimal v1.42.0
[INFO] [stderr]    Compiling anstyle v1.0.14
[INFO] [stderr]    Compiling ident_case v1.0.1
[INFO] [stderr]    Compiling http-body-util v0.1.3
[INFO] [stderr]    Compiling anstyle-query v1.1.5
[INFO] [stderr]    Compiling winnow v0.7.15
[INFO] [stderr]    Compiling toml_write v0.1.2
[INFO] [stderr]    Compiling rustls-native-certs v0.8.3
[INFO] [stderr]    Compiling event-listener v5.4.1
[INFO] [stderr]    Compiling anstream v1.0.0
[INFO] [stderr]    Compiling rand_core v0.6.4
[INFO] [stderr]    Compiling inotify-sys v0.1.5
[INFO] [stderr]    Compiling pest_meta v2.8.6
[INFO] [stderr]    Compiling figment v0.10.19
[INFO] [stderr]    Compiling ahash v0.8.12
[INFO] [stderr]    Compiling inventory v0.3.24
[INFO] [stderr]    Compiling unicode-xid v0.2.6
[INFO] [stderr]    Compiling inlinable_string v0.1.15
[INFO] [stderr]    Compiling clap_lex v1.1.0
[INFO] [stderr]    Compiling event-listener-strategy v0.5.4
[INFO] [stderr]    Compiling inotify v0.11.1
[INFO] [stderr]    Compiling clap_builder v4.6.0
[INFO] [stderr]    Compiling hostname v0.4.2
[INFO] [stderr]    Compiling chrono v0.4.44
[INFO] [stderr]    Compiling pem v3.0.6
[INFO] [stderr]    Compiling notify-types v2.1.0
[INFO] [stderr]    Compiling secrecy v0.10.3
[INFO] [stderr]    Compiling home v0.5.12
[INFO] [stderr]    Compiling fastrand v2.4.1
[INFO] [stderr]    Compiling utf8-width v0.1.8
[INFO] [stderr]    Compiling allocator-api2 v0.2.21
[INFO] [stderr]    Compiling anyhow v1.0.102
[INFO] [stderr]    Compiling indexmap v2.14.0
[INFO] [stderr]    Compiling foldhash v0.1.5
[INFO] [stderr]    Compiling either v1.16.0
[INFO] [stderr]    Compiling dirs-sys v0.5.0
[INFO] [stderr]    Compiling hashbrown v0.15.5
[INFO] [stderr]    Compiling byte-unit v5.2.0
[INFO] [stderr]    Compiling notify v8.2.0
[INFO] [stderr]    Compiling arc-swap v1.9.1
[INFO] [stderr]    Compiling async-broadcast v0.7.2
[INFO] [stderr]    Compiling getrandom v0.4.2
[INFO] [stderr]    Compiling maplit v1.0.2
[INFO] [stderr]    Compiling uuid v1.23.2
[INFO] [stderr]    Compiling dirs v6.0.0
[INFO] [stderr]    Compiling lazy_static v1.5.0
[INFO] [stderr]    Compiling protobuf v2.28.0
[INFO] [stderr]    Compiling hex v0.4.3
[INFO] [stderr]    Compiling prometheus v0.13.4
[INFO] [stderr]    Compiling humantime v2.3.0
[INFO] [stderr]    Compiling sharded-slab v0.1.7
[INFO] [stderr]    Compiling serde_path_to_error v0.1.20
[INFO] [stderr]    Compiling tracing-log v0.2.0
[INFO] [stderr]    Compiling thread_local v1.1.9
[INFO] [stderr]    Compiling matchit v0.8.4
[INFO] [stderr]    Compiling nu-ansi-term v0.50.3
[INFO] [stderr]    Compiling regex v1.12.3
[INFO] [stderr]    Compiling matchers v0.2.0
[INFO] [stderr]    Compiling serde_derive_internals v0.29.1
[INFO] [stderr]    Compiling pest_generator v2.8.6
[INFO] [stderr]    Compiling darling_core v0.20.11
[INFO] [stderr]    Compiling ppv-lite86 v0.2.21
[INFO] [stderr]    Compiling rand_chacha v0.3.1
[INFO] [stderr]    Compiling serde_derive v1.0.228
[INFO] [stderr]    Compiling tracing-attributes v0.1.31
[INFO] [stderr]    Compiling tokio-macros v2.7.0
[INFO] [stderr]    Compiling thiserror-impl v2.0.18
[INFO] [stderr]    Compiling futures-macro v0.3.32
[INFO] [stderr]    Compiling pin-project-internal v1.1.13
[INFO] [stderr]    Compiling rustls-webpki v0.103.13
[INFO] [stderr]    Compiling pear_codegen v0.2.9
[INFO] [stderr]    Compiling async-trait v0.1.89
[INFO] [stderr]    Compiling enum-ordinalize-derive v4.3.2
[INFO] [stderr]    Compiling pest_derive v2.8.6
[INFO] [stderr]    Compiling thiserror-impl v1.0.69
[INFO] [stderr]    Compiling async-stream-impl v0.3.6
[INFO] [stderr]    Compiling schemars_derive v0.8.22
[INFO] [stderr]    Compiling tokio v1.52.3
[INFO] [stderr]    Compiling enum-ordinalize v4.3.2
[INFO] [stderr]    Compiling pear v0.2.9
[INFO] [stderr]    Compiling gen-macros v0.1.33
[INFO] [stderr]    Compiling futures-util v0.3.32
[INFO] [stderr]    Compiling pin-project v1.1.13
[INFO] [stderr]    Compiling clap_derive v4.6.1
[INFO] [stderr]    Compiling derive_more-impl v1.0.0
[INFO] [stderr]    Compiling tatara-closed-set-derive v0.3.37
[INFO] [stderr]    Compiling tracing v0.1.44
[INFO] [stderr]    Compiling jsonpath-rust v0.7.5
[INFO] [stderr]    Compiling thiserror v1.0.69
[INFO] [stderr]    Compiling async-stream v0.3.6
[INFO] [stderr]    Compiling educe v0.6.0
[INFO] [stderr]    Compiling tatara-closed-set v0.3.37
[INFO] [stderr]    Compiling rand v0.8.6
[INFO] [stderr]    Compiling tower-http v0.6.11
[INFO] [stderr]    Compiling tracing-futures v0.2.5
[INFO] [stderr]    Compiling tatara-lisp-derive v0.3.27
[INFO] [stderr]    Compiling openraft-macros v0.9.24
[INFO] [stderr]    Compiling axum-core v0.5.6
[INFO] [stderr]    Compiling darling_macro v0.20.11
[INFO] [stderr]    Compiling darling v0.20.11
[INFO] [stderr]    Compiling clap v4.6.1
[INFO] [stderr]    Compiling kube-derive v0.99.0
[INFO] [stderr]    Compiling derive_more v1.0.0
[INFO] [stderr]    Compiling serde_yaml v0.9.34+deprecated
[INFO] [stderr]    Compiling serde-value v0.7.0
[INFO] [stderr]    Compiling jsonptr v0.7.1
[INFO] [stderr]    Compiling toml_datetime v0.6.11
[INFO] [stderr]    Compiling serde_spanned v0.6.9
[INFO] [stderr]    Compiling toml_edit v0.22.27
[INFO] [stderr]    Compiling anyerror v0.1.13
[INFO] [stderr]    Compiling serde_urlencoded v0.7.1
[INFO] [stderr]    Compiling tracing-serde v0.2.0
[INFO] [stderr]    Compiling validit v0.2.5
[INFO] [stderr]    Compiling json-patch v4.2.0
[INFO] [stderr]    Compiling tracing-subscriber v0.3.23
[INFO] [stderr]    Compiling futures-executor v0.3.32
[INFO] [stderr]    Compiling futures v0.3.32
[INFO] [stderr]    Compiling tatara-lisp v0.3.27
[INFO] [stderr]    Compiling gen-types v0.1.33
[INFO] [stderr]    Compiling tatara-domains v0.2.825
[INFO] [stderr]    Compiling toml v0.8.23
[INFO] [stderr]    Compiling hyper v1.10.1
[INFO] [stderr]    Compiling tokio-util v0.7.18
[INFO] [stderr]    Compiling tokio-rustls v0.26.4
[INFO] [stderr]    Compiling backon v1.6.0
[INFO] [stderr]    Compiling openraft v0.9.22
[INFO] [stderr]    Compiling gen-platform v0.1.33
[INFO] [stderr]    Compiling tower v0.5.3
[INFO] [stderr]    Compiling hyper-util v0.1.20
[INFO] [stderr]    Compiling shikumi v0.1.455
[INFO] [stderr]    Compiling hyper-rustls v0.27.9
[INFO] [stderr]    Compiling hyper-timeout v0.5.2
[INFO] [stderr]    Compiling axum v0.8.9
[INFO] [stderr]    Compiling kube-core v0.99.0
[INFO] [stderr]    Compiling kube-client v0.99.0
[INFO] [stderr]    Compiling tatara-core v0.2.825
[INFO] [stderr]    Compiling kube-runtime v0.99.0
[INFO] [stderr]    Compiling kube v0.99.0
[INFO] [stderr]    Compiling tatara-process v0.2.825
[INFO] [stdout] error[E0433]: cannot find `hash` in `tatara_lisp`
[INFO] [stdout]    --> /opt/rustwide/cargo-home/registry/src/index.crates.io-1949cf8c6b5b557f/tatara-process-0.2.825/src/hash.rs:107:18
[INFO] [stdout]     |
[INFO] [stdout] 107 |     tatara_lisp::hash::hex_blake3_of_bytes(bytes)
[INFO] [stdout]     |                  ^^^^ could not find `hash` in `tatara_lisp`
[INFO] [stdout] 
[INFO] [stdout] 
[INFO] [stdout] error[E0433]: cannot find `hash` in `tatara_lisp`
[INFO] [stdout]    --> /opt/rustwide/cargo-home/registry/src/index.crates.io-1949cf8c6b5b557f/tatara-process-0.2.825/src/hash.rs:192:18
[INFO] [stdout]     |
[INFO] [stdout] 192 |     tatara_lisp::hash::hex_blake3_of_hash(hash)
[INFO] [stdout]     |                  ^^^^ could not find `hash` in `tatara_lisp`
[INFO] [stdout] 
[INFO] [stdout] 
[INFO] [stdout] error[E0433]: cannot find `hash` in `tatara_lisp`
[INFO] [stdout]    --> /opt/rustwide/cargo-home/registry/src/index.crates.io-1949cf8c6b5b557f/tatara-process-0.2.825/src/hostname.rs:542:18
[INFO] [stdout]     |
[INFO] [stdout] 542 |     tatara_lisp::hash::hex_prefix(&crate::hash::hex_blake3(bytes), len)
[INFO] [stdout]     |                  ^^^^ could not find `hash` in `tatara_lisp`
[INFO] [stdout] 
[INFO] [stdout] 
[INFO] [stdout] For more information about this error, try `rustc --explain E0433`.
[INFO] [stdout] 
[INFO] [stderr] error: could not compile `tatara-process` (lib) due to 3 previous errors
[INFO] running `Command { std: "docker" "inspect" "3ea7b48071e7b3a5c7703a110bd0cc345cb9b40cf9528f1a97cee36c7a07347e", kill_on_drop: false }`
[INFO] running `Command { std: "docker" "rm" "-f" "3ea7b48071e7b3a5c7703a110bd0cc345cb9b40cf9528f1a97cee36c7a07347e", kill_on_drop: false }`
[INFO] [stdout] 3ea7b48071e7b3a5c7703a110bd0cc345cb9b40cf9528f1a97cee36c7a07347e
