[INFO] fetching crate tarpc-fory-macros 0.1.1...
[INFO] testing tarpc-fory-macros-0.1.1 against 1.99.0-beta.8 for beta-1.100-2
[INFO] extracting crate tarpc-fory-macros 0.1.1 into /workspace/builds/worker-0-tc1/source
[INFO] started tweaking crates.io crate tarpc-fory-macros 0.1.1
[INFO] removed 0 missing tests
[INFO] finished tweaking crates.io crate tarpc-fory-macros 0.1.1
[INFO] tweaked toml for crates.io crate tarpc-fory-macros 0.1.1 written to /workspace/builds/worker-0-tc1/source/Cargo.toml
[INFO] validating manifest of crates.io crate tarpc-fory-macros 0.1.1 on toolchain 1.99.0-beta.8
[INFO] running `Command { std: CARGO_HOME="/workspace/cargo-home" RUSTUP_HOME="/workspace/rustup-home" "/workspace/cargo-home/bin/cargo" "+1.99.0-beta.8" "metadata" "--manifest-path" "Cargo.toml" "--no-deps", kill_on_drop: false }`
[INFO] crate crates.io crate tarpc-fory-macros 0.1.1 already has a lockfile, it will not be regenerated
[INFO] running `Command { std: CARGO_HOME="/workspace/cargo-home" RUSTUP_HOME="/workspace/rustup-home" "/workspace/cargo-home/bin/cargo" "+1.99.0-beta.8" "fetch" "--manifest-path" "Cargo.toml", kill_on_drop: false }`
[INFO] [stderr]     Updating crates.io index
[INFO] [stderr]  Downloading crates ...
[INFO] [stderr]   Downloaded fory v0.17.0
[INFO] [stderr]   Downloaded fory-core v0.17.0
[INFO] [stderr]   Downloaded fory-derive v0.17.0
[INFO] running `Command { std: "docker" "create" "-v" "/var/lib/crater-agent-workspace/builds/worker-0-tc1/source:/opt/rustwide/workdir:ro,Z" "-v" "/var/lib/crater-agent-workspace/builds/worker-0-tc1/target:/opt/rustwide/target:rw,Z" "-v" "/var/lib/crater-agent-workspace/cargo-home:/opt/rustwide/cargo-home:ro,Z" "-v" "/var/lib/crater-agent-workspace/rustup-home:/opt/rustwide/rustup-home:ro,Z" "-m" "1610612736" "--network" "none" "ghcr.io/rust-lang/crates-build-env/linux@sha256:3111399a4047eeb3a02b7a90e478d715f38a8c6669b5c4b49d30a17385265909" "sleep" "infinity", kill_on_drop: false }`
[INFO] [stdout] 3e3f87d86ab6387d8f671a3eb09e4007919dcfc1ba70c0a1e0057303f71b0b18
[INFO] running `Command { std: "docker" "start" "3e3f87d86ab6387d8f671a3eb09e4007919dcfc1ba70c0a1e0057303f71b0b18", kill_on_drop: false }`
[INFO] running `Command { std: "docker" "inspect" "3e3f87d86ab6387d8f671a3eb09e4007919dcfc1ba70c0a1e0057303f71b0b18", kill_on_drop: false }`
[INFO] running `Command { std: "docker" "exec" "-e" "SOURCE_DIR=/opt/rustwide/workdir" "-e" "CARGO_HOME=/opt/rustwide/cargo-home" "-e" "RUSTUP_HOME=/opt/rustwide/rustup-home" "-e" "CARGO_TARGET_DIR=/opt/rustwide/target" "-w" "/opt/rustwide/workdir" "--user" "0:0" "3e3f87d86ab6387d8f671a3eb09e4007919dcfc1ba70c0a1e0057303f71b0b18" "/opt/rustwide/cargo-home/bin/cargo" "+1.99.0-beta.8" "metadata" "--no-deps" "--format-version=1", kill_on_drop: false }`
[INFO] running `Command { std: "docker" "inspect" "3e3f87d86ab6387d8f671a3eb09e4007919dcfc1ba70c0a1e0057303f71b0b18", kill_on_drop: false }`
[INFO] running `Command { std: "docker" "exec" "-e" "SOURCE_DIR=/opt/rustwide/workdir" "-e" "CARGO_HOME=/opt/rustwide/cargo-home" "-e" "RUSTUP_HOME=/opt/rustwide/rustup-home" "-e" "CARGO_TARGET_DIR=/opt/rustwide/target" "-e" "CARGO_INCREMENTAL=0" "-e" "RUST_BACKTRACE=full" "-e" "RUSTFLAGS=--cap-lints=warn" "-e" "RUSTDOCFLAGS=--cap-lints=warn" "-w" "/opt/rustwide/workdir" "--user" "0:0" "3e3f87d86ab6387d8f671a3eb09e4007919dcfc1ba70c0a1e0057303f71b0b18" "/opt/rustwide/cargo-home/bin/cargo" "+1.99.0-beta.8" "build" "--frozen" "--message-format=json", kill_on_drop: false }`
[INFO] [stderr]    Compiling syn v2.0.117
[INFO] [stderr]    Compiling tarpc-fory-macros v0.1.1 (/opt/rustwide/workdir)
[INFO] [stderr]     Finished `dev` profile [unoptimized + debuginfo] target(s) in 4.71s
[INFO] running `Command { std: "docker" "inspect" "3e3f87d86ab6387d8f671a3eb09e4007919dcfc1ba70c0a1e0057303f71b0b18", kill_on_drop: false }`
[INFO] running `Command { std: "docker" "exec" "-e" "SOURCE_DIR=/opt/rustwide/workdir" "-e" "CARGO_HOME=/opt/rustwide/cargo-home" "-e" "RUSTUP_HOME=/opt/rustwide/rustup-home" "-e" "CARGO_TARGET_DIR=/opt/rustwide/target" "-e" "CARGO_INCREMENTAL=0" "-e" "RUST_BACKTRACE=full" "-e" "RUSTFLAGS=--cap-lints=warn" "-e" "RUSTDOCFLAGS=--cap-lints=warn" "-w" "/opt/rustwide/workdir" "--user" "0:0" "3e3f87d86ab6387d8f671a3eb09e4007919dcfc1ba70c0a1e0057303f71b0b18" "/opt/rustwide/cargo-home/bin/cargo" "+1.99.0-beta.8" "test" "--frozen" "--no-run" "--message-format=json", kill_on_drop: false }`
[INFO] [stderr]    Compiling hashbrown v0.17.0
[INFO] [stderr]    Compiling winnow v0.5.40
[INFO] [stderr]    Compiling toml_datetime v0.6.11
[INFO] [stderr]    Compiling once_cell v1.21.4
[INFO] [stderr]    Compiling quote v1.0.45
[INFO] [stderr]    Compiling byteorder v1.5.0
[INFO] [stderr]    Compiling parking_lot_core v0.9.12
[INFO] [stderr]    Compiling socket2 v0.6.3
[INFO] [stderr]    Compiling mio v1.2.0
[INFO] [stderr]    Compiling chrono v0.4.44
[INFO] [stderr]    Compiling syn v2.0.117
[INFO] [stderr]    Compiling syn v1.0.109
[INFO] [stderr]    Compiling parking_lot v0.12.5
[INFO] [stderr]    Compiling indexmap v2.14.0
[INFO] [stderr]    Compiling toml_edit v0.19.15
[INFO] [stderr]    Compiling proc-macro-crate v1.3.1
[INFO] [stderr]    Compiling num_enum_derive v0.5.11
[INFO] [stderr]    Compiling num_enum v0.5.11
[INFO] [stderr]    Compiling thiserror-impl v1.0.69
[INFO] [stderr]    Compiling serde_derive v1.0.228
[INFO] [stderr]    Compiling tokio-macros v2.7.0
[INFO] [stderr]    Compiling tarpc-fory-macros v0.1.1 (/opt/rustwide/workdir)
[INFO] [stderr]    Compiling tokio v1.52.1
[INFO] [stderr]    Compiling thiserror v1.0.69
[INFO] [stderr]    Compiling fory-core v0.17.0
[INFO] [stderr]    Compiling serde v1.0.228
[INFO] [stderr]    Compiling fory-derive v0.17.0
[INFO] [stderr]    Compiling fory v0.17.0
[INFO] [stdout] error[E0433]: cannot find `tarpc_fory` in the list of imported crates
[INFO] [stdout]   --> tests/basic.rs:41:1
[INFO] [stdout]    |
[INFO] [stdout] 41 | #[fory_service]
[INFO] [stdout]    | ^^^^^^^^^^^^^^^ could not find `tarpc_fory` in the list of imported crates
[INFO] [stdout]    |
[INFO] [stdout]    = note: this error originates in the attribute macro `fory_service` (in Nightly builds, run with -Z macro-backtrace for more info)
[INFO] [stdout] 
[INFO] [stdout] 
[INFO] [stdout] error[E0432]: unresolved import `tarpc_fory`
[INFO] [stdout]    --> tests/basic.rs:155:9
[INFO] [stdout]     |
[INFO] [stdout] 155 |     use tarpc_fory::ServiceWireSchema;
[INFO] [stdout]     |         ^^^^^^^^^^ use of unresolved module or unlinked crate `tarpc_fory`
[INFO] [stdout]     |
[INFO] [stdout]     = help: if you wanted to use a crate named `tarpc_fory`, use `cargo add tarpc_fory` to add it to your `Cargo.toml`
[INFO] [stdout] 
[INFO] [stdout] 
[INFO] [stdout] error[E0433]: cannot find `tarpc_fory` in the list of imported crates
[INFO] [stdout]   --> tests/streaming.rs:65:1
[INFO] [stdout]    |
[INFO] [stdout] 65 | #[fory_service]
[INFO] [stdout]    | ^^^^^^^^^^^^^^^ could not find `tarpc_fory` in the list of imported crates
[INFO] [stdout]    |
[INFO] [stdout]    = note: this error originates in the attribute macro `fory_service` (in Nightly builds, run with -Z macro-backtrace for more info)
[INFO] [stdout] 
[INFO] [stdout] 
[INFO] [stdout] error[E0432]: unresolved import `tarpc_fory`
[INFO] [stdout]    --> tests/streaming.rs:104:9
[INFO] [stdout]     |
[INFO] [stdout] 104 |     use tarpc_fory::StreamingMode;
[INFO] [stdout]     |         ^^^^^^^^^^ use of unresolved module or unlinked crate `tarpc_fory`
[INFO] [stdout]     |
[INFO] [stdout]     = help: if you wanted to use a crate named `tarpc_fory`, use `cargo add tarpc_fory` to add it to your `Cargo.toml`
[INFO] [stdout] 
[INFO] [stdout] 
[INFO] [stdout] Some errors have detailed explanations: E0432, E0433.
[INFO] [stdout] 
[INFO] [stdout] For more information about an error, try `rustc --explain E0432`.
[INFO] [stdout] 
[INFO] [stderr] error: could not compile `tarpc-fory-macros` (test "basic") due to 2 previous errors
[INFO] [stderr] warning: build failed, waiting for other jobs to finish...
[INFO] [stdout] error[E0433]: cannot find `fory_rpc_streaming` in the list of imported crates
[INFO] [stdout]   --> tests/streaming.rs:65:1
[INFO] [stdout]    |
[INFO] [stdout] 65 | #[fory_service]
[INFO] [stdout]    | ^^^^^^^^^^^^^^^ could not find `fory_rpc_streaming` in the list of imported crates
[INFO] [stdout]    |
[INFO] [stdout]    = note: this error originates in the attribute macro `fory_service` (in Nightly builds, run with -Z macro-backtrace for more info)
[INFO] [stdout] 
[INFO] [stdout] 
[INFO] [stdout] Some errors have detailed explanations: E0432, E0433.
[INFO] [stdout] 
[INFO] [stdout] For more information about an error, try `rustc --explain E0432`.
[INFO] [stdout] 
[INFO] [stderr] error: could not compile `tarpc-fory-macros` (test "streaming") due to 3 previous errors
[INFO] running `Command { std: "docker" "inspect" "3e3f87d86ab6387d8f671a3eb09e4007919dcfc1ba70c0a1e0057303f71b0b18", kill_on_drop: false }`
[INFO] running `Command { std: "docker" "rm" "-f" "3e3f87d86ab6387d8f671a3eb09e4007919dcfc1ba70c0a1e0057303f71b0b18", kill_on_drop: false }`
[INFO] [stdout] 3e3f87d86ab6387d8f671a3eb09e4007919dcfc1ba70c0a1e0057303f71b0b18
