[INFO] fetching crate taproot-assets-zk-verifier 0.0.2...
[INFO] testing taproot-assets-zk-verifier-0.0.2 against 1.100.0-beta.1 for beta-1.100-2
[INFO] extracting crate taproot-assets-zk-verifier 0.0.2 into /workspace/builds/worker-2-tc2/source
[INFO] started tweaking crates.io crate taproot-assets-zk-verifier 0.0.2
[INFO] removed 0 missing tests
[INFO] finished tweaking crates.io crate taproot-assets-zk-verifier 0.0.2
[INFO] tweaked toml for crates.io crate taproot-assets-zk-verifier 0.0.2 written to /workspace/builds/worker-2-tc2/source/Cargo.toml
[INFO] validating manifest of crates.io crate taproot-assets-zk-verifier 0.0.2 on toolchain 1.100.0-beta.1
[INFO] running `Command { std: CARGO_HOME="/workspace/cargo-home" RUSTUP_HOME="/workspace/rustup-home" "/workspace/cargo-home/bin/cargo" "+1.100.0-beta.1" "metadata" "--manifest-path" "Cargo.toml" "--no-deps", kill_on_drop: false }`
[INFO] crate crates.io crate taproot-assets-zk-verifier 0.0.2 already has a lockfile, it will not be regenerated
[INFO] running `Command { std: CARGO_HOME="/workspace/cargo-home" RUSTUP_HOME="/workspace/rustup-home" "/workspace/cargo-home/bin/cargo" "+1.100.0-beta.1" "fetch" "--manifest-path" "Cargo.toml", kill_on_drop: false }`
[INFO] running `Command { std: "docker" "create" "-v" "/var/lib/crater-agent-workspace/builds/worker-2-tc2/source:/opt/rustwide/workdir:ro,Z" "-v" "/var/lib/crater-agent-workspace/builds/worker-2-tc2/target:/opt/rustwide/target:rw,Z" "-v" "/var/lib/crater-agent-workspace/cargo-home:/opt/rustwide/cargo-home:ro,Z" "-v" "/var/lib/crater-agent-workspace/rustup-home:/opt/rustwide/rustup-home:ro,Z" "-m" "1610612736" "--network" "none" "ghcr.io/rust-lang/crates-build-env/linux@sha256:3111399a4047eeb3a02b7a90e478d715f38a8c6669b5c4b49d30a17385265909" "sleep" "infinity", kill_on_drop: false }`
[INFO] [stdout] 9cd0d67dc1dae59dce17768108dd26d35f45aab23732746fb5b52f342e8aae0b
[INFO] running `Command { std: "docker" "start" "9cd0d67dc1dae59dce17768108dd26d35f45aab23732746fb5b52f342e8aae0b", kill_on_drop: false }`
[INFO] running `Command { std: "docker" "inspect" "9cd0d67dc1dae59dce17768108dd26d35f45aab23732746fb5b52f342e8aae0b", kill_on_drop: false }`
[INFO] running `Command { std: "docker" "exec" "-e" "SOURCE_DIR=/opt/rustwide/workdir" "-e" "CARGO_HOME=/opt/rustwide/cargo-home" "-e" "RUSTUP_HOME=/opt/rustwide/rustup-home" "-e" "CARGO_TARGET_DIR=/opt/rustwide/target" "-w" "/opt/rustwide/workdir" "--user" "0:0" "9cd0d67dc1dae59dce17768108dd26d35f45aab23732746fb5b52f342e8aae0b" "/opt/rustwide/cargo-home/bin/cargo" "+1.100.0-beta.1" "metadata" "--no-deps" "--format-version=1", kill_on_drop: false }`
[INFO] running `Command { std: "docker" "inspect" "9cd0d67dc1dae59dce17768108dd26d35f45aab23732746fb5b52f342e8aae0b", kill_on_drop: false }`
[INFO] running `Command { std: "docker" "exec" "-e" "SOURCE_DIR=/opt/rustwide/workdir" "-e" "CARGO_HOME=/opt/rustwide/cargo-home" "-e" "RUSTUP_HOME=/opt/rustwide/rustup-home" "-e" "CARGO_TARGET_DIR=/opt/rustwide/target" "-e" "CARGO_INCREMENTAL=0" "-e" "RUST_BACKTRACE=full" "-e" "RUSTFLAGS=--cap-lints=warn" "-e" "RUSTDOCFLAGS=--cap-lints=warn" "-w" "/opt/rustwide/workdir" "--user" "0:0" "9cd0d67dc1dae59dce17768108dd26d35f45aab23732746fb5b52f342e8aae0b" "/opt/rustwide/cargo-home/bin/cargo" "+1.100.0-beta.1" "build" "--frozen" "--message-format=json", kill_on_drop: false }`
[INFO] [stderr]    Compiling proc-macro2 v1.0.95
[INFO] [stderr]    Compiling libc v0.2.173
[INFO] [stderr]    Compiling cfg-if v1.0.1
[INFO] [stderr]    Compiling typenum v1.18.0
[INFO] [stderr]    Compiling hashbrown v0.15.4
[INFO] [stderr]    Compiling bitflags v2.9.1
[INFO] [stderr]    Compiling libm v0.2.15
[INFO] [stderr]    Compiling stable_deref_trait v1.2.0
[INFO] [stderr]    Compiling log v0.4.27
[INFO] [stderr]    Compiling ppv-lite86 v0.2.21
[INFO] [stderr]    Compiling subtle v2.6.1
[INFO] [stderr]    Compiling num-traits v0.2.19
[INFO] [stderr]    Compiling rustix v1.0.7
[INFO] [stderr]    Compiling rayon-core v1.12.1
[INFO] [stderr]    Compiling linux-raw-sys v0.9.4
[INFO] [stderr]    Compiling indexmap v2.9.0
[INFO] [stderr]    Compiling slab v0.4.10
[INFO] [stderr]    Compiling getrandom v0.3.3
[INFO] [stderr]    Compiling quote v1.0.40
[INFO] [stderr]    Compiling syn v2.0.103
[INFO] [stderr]    Compiling generic-array v0.14.7
[INFO] [stderr]    Compiling tracing-core v0.1.34
[INFO] [stderr]    Compiling jobserver v0.1.33
[INFO] [stderr]    Compiling cc v1.2.27
[INFO] [stderr]    Compiling getrandom v0.2.16
[INFO] [stderr]    Compiling rand_core v0.6.4
[INFO] [stderr]    Compiling mio v1.0.4
[INFO] [stderr]    Compiling socket2 v0.5.10
[INFO] [stderr]    Compiling crypto-common v0.1.6
[INFO] [stderr]    Compiling block-buffer v0.10.4
[INFO] [stderr]    Compiling dirs-sys v0.5.0
[INFO] [stderr]    Compiling digest v0.10.7
[INFO] [stderr]    Compiling sha2 v0.10.9
[INFO] [stderr]    Compiling rayon v1.10.0
[INFO] [stderr]    Compiling directories v6.0.0
[INFO] [stderr]    Compiling lock_api v0.4.13
[INFO] [stderr]    Compiling tempfile v3.20.0
[INFO] [stderr]    Compiling num-integer v0.1.46
[INFO] [stderr]    Compiling crc32fast v1.4.2
[INFO] [stderr]    Compiling percent-encoding v2.3.1
[INFO] [stderr]    Compiling twox-hash v1.6.3
[INFO] [stderr]    Compiling flate2 v1.1.2
[INFO] [stderr]    Compiling cpp_demangle v0.4.4
[INFO] [stderr]    Compiling object v0.36.7
[INFO] [stderr]    Compiling ring v0.17.14
[INFO] [stderr]    Compiling arrayvec v0.7.6
[INFO] [stderr]    Compiling ruzstd v0.7.3
[INFO] [stderr]    Compiling fallible-iterator v0.3.0
[INFO] [stderr]    Compiling rand_chacha v0.3.1
[INFO] [stderr]    Compiling memmap2 v0.9.5
[INFO] [stderr]    Compiling rustc-demangle v0.1.25
[INFO] [stderr]    Compiling typed-arena v2.0.2
[INFO] [stderr]    Compiling gimli v0.31.1
[INFO] [stderr]    Compiling bytes v1.10.1
[INFO] [stderr]    Compiling rand v0.8.5
[INFO] [stderr]    Compiling risc0-build-kernel v2.0.1
[INFO] [stderr]    Compiling winnow v0.7.11
[INFO] [stderr]    Compiling anyhow v1.0.98
[INFO] [stderr]    Compiling parking_lot_core v0.9.11
[INFO] [stderr]    Compiling risc0-sys v1.5.0
[INFO] [stderr]    Compiling futures-sink v0.3.31
[INFO] [stderr]    Compiling futures-channel v0.3.31
[INFO] [stderr]    Compiling rand_core v0.9.3
[INFO] [stderr]    Compiling glob v0.3.2
[INFO] [stderr]    Compiling ahash v0.8.12
[INFO] [stderr]    Compiling synstructure v0.13.2
[INFO] [stderr]    Compiling nvtx v1.3.0
[INFO] [stderr]    Compiling thiserror v2.0.12
[INFO] [stderr]    Compiling parking_lot v0.12.4
[INFO] [stderr]    Compiling syn v1.0.109
[INFO] [stderr]    Compiling http v1.3.1
[INFO] [stderr]    Compiling tokio v1.45.1
[INFO] [stderr]    Compiling form_urlencoded v1.2.1
[INFO] [stderr]    Compiling itertools v0.10.5
[INFO] [stderr]    Compiling serde_derive v1.0.228
[INFO] [stderr]    Compiling zerofrom-derive v0.1.6
[INFO] [stderr]    Compiling yoke-derive v0.8.0
[INFO] [stderr]    Compiling zerovec-derive v0.11.1
[INFO] [stderr]    Compiling zeroize_derive v1.4.2
[INFO] [stderr]    Compiling zeroize v1.8.1
[INFO] [stderr]    Compiling displaydoc v0.2.5
[INFO] [stderr]    Compiling zerofrom v0.1.6
[INFO] [stderr]    Compiling tracing-attributes v0.1.29
[INFO] [stderr]    Compiling yoke v0.8.0
[INFO] [stderr]    Compiling addr2line v0.24.2
[INFO] [stderr]    Compiling zerovec v0.11.2
[INFO] [stderr]    Compiling tokio-macros v2.5.0
[INFO] [stderr]    Compiling bytemuck_derive v1.8.1
[INFO] [stderr]    Compiling futures-macro v0.3.31
[INFO] [stderr]    Compiling backtrace v0.3.75
[INFO] [stderr]    Compiling tracing v0.1.41
[INFO] [stderr]    Compiling tinystr v0.8.1
[INFO] [stderr]    Compiling futures-util v0.3.31
[INFO] [stderr]    Compiling serde v1.0.228
[INFO] [stderr]    Compiling icu_locale_core v2.0.0
[INFO] [stderr]    Compiling bytemuck v1.23.1
[INFO] [stderr]    Compiling potential_utf v0.1.2
[INFO] [stderr]    Compiling zerotrie v0.2.2
[INFO] [stderr]    Compiling thiserror-impl v2.0.12
[INFO] [stderr]    Compiling num-bigint v0.3.3
[INFO] [stderr]    Compiling rustversion v1.0.21
[INFO] [stderr]    Compiling semver v1.0.26
[INFO] [stderr]    Compiling toml_edit v0.22.27
[INFO] [stderr]    Compiling rustls-pki-types v1.12.0
[INFO] [stderr]    Compiling icu_provider v2.0.0
[INFO] [stderr]    Compiling icu_collections v2.0.0
[INFO] [stderr]    Compiling puffin v0.19.1
[INFO] [stderr]    Compiling enum-ordinalize-derive v4.3.1
[INFO] [stderr]    Compiling http-body v1.0.1
[INFO] [stderr]    Compiling spin v0.9.8
[INFO] [stderr]    Compiling radium v0.7.0
[INFO] [stderr]    Compiling cfg_aliases v0.2.1
[INFO] [stderr]    Compiling risc0-core v3.0.0
[INFO] [stderr]    Compiling borsh v1.5.7
[INFO] [stderr]    Compiling enum-ordinalize v4.3.0
[INFO] [stderr]    Compiling proc-macro-crate v3.3.0
[INFO] [stderr]    Compiling num_enum_derive v0.7.5
[INFO] [stderr]    Compiling ark-serialize-derive v0.5.0
[INFO] [stderr]    Compiling ark-std v0.5.0
[INFO] [stderr]    Compiling num-bigint v0.4.6
[INFO] [stderr]    Compiling matrixmultiply v0.3.10
[INFO] [stderr]    Compiling rustls v0.23.27
[INFO] [stderr]    Compiling iri-string v0.7.8
[INFO] [stderr]    Compiling tap v1.0.1
[INFO] [stderr]    Compiling wyz v0.5.1
[INFO] [stderr]    Compiling serde_core v1.0.228
[INFO] [stderr]    Compiling num_enum v0.7.5
[INFO] [stderr]    Compiling borsh-derive v1.5.7
[INFO] [stderr]    Compiling addchain v0.2.0
[INFO] [stderr]    Compiling rustc_version v0.4.1
[INFO] [stderr]    Compiling educe v0.6.0
[INFO] [stderr]    Compiling icu_properties v2.0.1
[INFO] [stderr]    Compiling tokio-util v0.7.15
[INFO] [stderr]    Compiling ark-ff-macros v0.5.0
[INFO] [stderr]    Compiling ark-serialize v0.5.0
[INFO] [stderr]    Compiling icu_normalizer v2.0.0
[INFO] [stderr]    Compiling rustls-webpki v0.103.3
[INFO] [stderr]    Compiling ark-ff-asm v0.5.0
[INFO] [stderr]    Compiling stability v0.2.1
[INFO] [stderr]    Compiling rand_chacha v0.9.0
[INFO] [stderr]    Compiling blake2 v0.10.6
[INFO] [stderr]    Compiling itertools v0.13.0
[INFO] [stderr]    Compiling base64ct v1.8.1
[INFO] [stderr]    Compiling funty v2.0.0
[INFO] [stderr]    Compiling regex-syntax v0.8.5
[INFO] [stderr]    Compiling derive_more-impl v2.0.1
[INFO] [stderr]    Compiling pem-rfc7468 v0.7.0
[INFO] [stderr]    Compiling bitvec v1.0.1
[INFO] [stderr]    Compiling h2 v0.4.10
[INFO] [stderr]    Compiling risc0-zkvm-platform v2.2.1
[INFO] [stderr]    Compiling rand v0.9.1
[INFO] [stderr]    Compiling ark-ff v0.5.0
[INFO] [stderr]    Compiling idna_adapter v1.2.1
[INFO] [stderr]    Compiling heapless v0.7.17
[INFO] [stderr]    Compiling ff_derive v0.13.1
[INFO] [stderr]    Compiling regex-automata v0.4.9
[INFO] [stderr]    Compiling hyper v1.6.0
[INFO] [stderr]    Compiling lazy_static v1.5.0
[INFO] [stderr]    Compiling num-complex v0.4.6
[INFO] [stderr]    Compiling bitcoin-io v0.1.3
[INFO] [stderr]    Compiling risc0-zkp v3.0.3
[INFO] [stderr]    Compiling ndarray v0.16.1
[INFO] [stderr]    Compiling hyper-util v0.1.14
[INFO] [stderr]    Compiling tokio-rustls v0.26.2
[INFO] [stderr]    Compiling regex v1.11.1
[INFO] [stderr]    Compiling ff v0.13.1
[INFO] [stderr]    Compiling idna v1.0.3
[INFO] [stderr]    Compiling derive_more v2.0.1
[INFO] [stderr]    Compiling der v0.7.10
[INFO] [stderr]    Compiling tower v0.5.2
[INFO] [stderr]    Compiling webpki-roots v1.0.0
[INFO] [stderr]    Compiling darling_core v0.21.3
[INFO] [stderr]    Compiling hash32 v0.2.1
[INFO] [stderr]    Compiling bitcoin-internals v0.3.0
[INFO] [stderr]    Compiling hex-literal v0.4.1
[INFO] [stderr]    Compiling serde_json v1.0.140
[INFO] [stderr]    Compiling liblzma-sys v0.4.4
[INFO] [stderr]    Compiling thiserror v1.0.69
[INFO] [stderr]    Compiling tower-http v0.6.6
[INFO] [stderr]    Compiling hyper-rustls v0.27.7
[INFO] [stderr]    Compiling spki v0.7.3
[INFO] [stderr]    Compiling serde_urlencoded v0.7.1
[INFO] [stderr]    Compiling url v2.5.4
[INFO] [stderr]    Compiling futures-executor v0.3.31
[INFO] [stderr]    Compiling http-body-util v0.1.3
[INFO] [stderr]    Compiling thiserror-impl v1.0.69
[INFO] [stderr]    Compiling hashbrown v0.14.5
[INFO] [stderr]    Compiling darling_core v0.20.11
[INFO] [stderr]    Compiling hex-conservative v0.2.1
[INFO] [stderr]    Compiling secp256k1-sys v0.10.1
[INFO] [stderr]    Compiling itertools v0.11.0
[INFO] [stderr]    Compiling cobs v0.2.3
[INFO] [stderr]    Compiling malachite-nz v0.4.22
[INFO] [stderr]    Compiling ruint-macro v1.2.1
[INFO] [stderr]    Compiling postcard v1.1.1
[INFO] [stderr]    Compiling ruint v1.17.0
[INFO] [stderr]    Compiling reqwest v0.12.20
[INFO] [stderr]    Compiling darling_macro v0.21.3
[INFO] [stderr]    Compiling darling v0.21.3
[INFO] [stderr]    Compiling bitcoin_hashes v0.14.0
[INFO] [stderr]    Compiling malachite-base v0.4.22
[INFO] [stderr]    Compiling futures v0.3.31
[INFO] [stderr]    Compiling pkcs8 v0.10.2
[INFO] [stderr]    Compiling darling_macro v0.20.11
[INFO] [stderr]    Compiling ark-poly v0.5.0
[INFO] [stderr]    Compiling serde_spanned v0.6.9
[INFO] [stderr]    Compiling toml_datetime v0.6.11
[INFO] [stderr]    Compiling risc0-circuit-recursion-sys v4.0.1
[INFO] [stderr]    Compiling num-iter v0.1.45
[INFO] [stderr]    Compiling tracing-subscriber v0.2.25
[INFO] [stderr]    Compiling toml_write v0.1.2
[INFO] [stderr]    Compiling keccak v0.1.5
[INFO] [stderr]    Compiling hex_lit v0.1.1
[INFO] [stderr]    Compiling elf v0.7.4
[INFO] [stderr]    Compiling ark-relations v0.5.1
[INFO] [stderr]    Compiling num-bigint-dig v0.8.6
[INFO] [stderr]    Compiling ark-ec v0.5.0
[INFO] [stderr]    Compiling risc0-binfmt v3.0.3
[INFO] [stderr]    Compiling darling v0.20.11
[INFO] [stderr]    Compiling pkcs1 v0.7.5
[INFO] [stderr]    Compiling downloader v0.2.8
[INFO] [stderr]    Compiling serde_with_macros v3.14.1
[INFO] [stderr]    Compiling strum_macros v0.27.2
[INFO] [stderr]    Compiling risc0-circuit-keccak-sys v4.0.1
[INFO] [stderr]    Compiling signature v2.2.0
[INFO] [stderr]    Compiling hashlink v0.10.0
[INFO] [stderr]    Compiling encoding_rs v0.8.35
[INFO] [stderr]    Compiling itertools v0.14.0
[INFO] [stderr]    Compiling proc-macro2-diagnostics v0.10.1
[INFO] [stderr]    Compiling camino v1.1.10
[INFO] [stderr]    Compiling bumpalo v3.18.1
[INFO] [stderr]    Compiling bitcoin v0.32.6
[INFO] [stderr]    Compiling zip v2.4.2
[INFO] [stderr]    Compiling simd-adler32 v0.3.7
[INFO] [stderr]    Compiling zopfli v0.8.2
[INFO] [stderr]    Compiling yaml-rust2 v0.10.4
[INFO] [stderr]    Compiling prost-derive v0.13.5
[INFO] [stderr]    Compiling strum v0.27.2
[INFO] [stderr]    Compiling liblzma v0.4.5
[INFO] [stderr]    Compiling rsa v0.9.9
[INFO] [stderr]    Compiling serde_with v3.14.1
[INFO] [stderr]    Compiling toml v0.8.23
[INFO] [stderr]    Compiling risc0-circuit-recursion v4.0.3
[INFO] [stderr]    Compiling derive_builder_core v0.20.2
[INFO] [stderr]    Compiling secp256k1 v0.29.1
[INFO] [stderr]    Compiling ark-snark v0.5.1
[INFO] [stderr]    Compiling merlin v3.0.0
[INFO] [stderr]    Compiling bitcoin-units v0.1.2
[INFO] [stderr]    Compiling base58ck v0.1.0
[INFO] [stderr]    Compiling lazy-regex-proc_macros v3.4.1
[INFO] [stderr]    Compiling derivative v2.2.0
[INFO] [stderr]    Compiling ark-crypto-primitives-macros v0.5.0
[INFO] [stderr]    Compiling risc0-circuit-rv32im-sys v4.0.1
[INFO] [stderr]    Compiling bech32 v0.11.0
[INFO] [stderr]    Compiling managed v0.8.0
[INFO] [stderr]    Compiling gdbstub v0.7.8
[INFO] [stderr]    Compiling rzup v0.5.1
[INFO] [stderr]    Compiling ark-crypto-primitives v0.5.0
[INFO] [stderr]    Compiling malachite-q v0.4.22
[INFO] [stderr]    Compiling lazy-regex v3.4.1
[INFO] [stderr]    Compiling derive_builder_macro v0.20.2
[INFO] [stderr]    Compiling prost v0.13.5
[INFO] [stderr]    Compiling malachite-float v0.4.22
[INFO] [stderr]    Compiling risc0-circuit-keccak v4.0.3
[INFO] [stderr]    Compiling cargo-platform v0.1.9
[INFO] [stderr]    Compiling safe_arch v0.7.4
[INFO] [stderr]    Compiling enum-map-derive v0.17.0
[INFO] [stderr]    Compiling include_bytes_aligned v0.1.4
[INFO] [stderr]    Compiling no_std_strings v0.1.3
[INFO] [stderr]    Compiling wide v0.7.33
[INFO] [stderr]    Compiling enum-map v2.7.3
[INFO] [stderr]    Compiling risc0-zkos-v1compat v2.2.1
[INFO] [stderr]    Compiling cargo_metadata v0.19.2
[INFO] [stderr]    Compiling malachite v0.4.22
[INFO] [stderr]    Compiling erased-serde v0.4.6
[INFO] [stderr]    Compiling duplicate v2.0.1
[INFO] [stderr]    Compiling taproot-assets-types v0.0.2
[INFO] [stderr]    Compiling derive_builder v0.20.2
[INFO] [stderr]    Compiling gdbstub_arch v0.3.2
[INFO] [stderr]    Compiling ark-groth16 v0.5.0
[INFO] [stderr]    Compiling ark-bn254 v0.5.0
[INFO] [stderr]    Compiling num-derive v0.4.2
[INFO] [stderr]    Compiling typetag-impl v0.2.20
[INFO] [stderr]    Compiling pin-project-internal v1.1.10
[INFO] [stderr]    Compiling maybe-async v0.2.10
[INFO] [stderr]    Compiling dirs v6.0.0
[INFO] [stderr]    Compiling ringbuffer v0.15.0
[INFO] [stderr]    Compiling is_terminal_polyfill v1.70.1
[INFO] [stderr]    Compiling anstyle v1.0.11
[INFO] [stderr]    Compiling anstyle-query v1.1.3
[INFO] [stderr]    Compiling downcast-rs v1.2.1
[INFO] [stderr]    Compiling virtue v0.0.18
[INFO] [stderr]    Compiling inventory v0.3.20
[INFO] [stderr]    Compiling docker-generate v0.1.3
[INFO] [stderr]    Compiling risc0-build v3.0.4
[INFO] [stderr]    Compiling pin-project v1.1.10
[INFO] [stderr]    Compiling typetag v0.2.20
[INFO] [stderr]    Compiling anstream v0.6.19
[INFO] [stderr]    Compiling bincode_derive v2.0.1
[INFO] [stderr]    Compiling rustls-native-certs v0.8.1
[INFO] [stderr]    Compiling rrs-lib v0.1.0
[INFO] [stderr]    Compiling bonsai-sdk v1.4.1
[INFO] [stderr]    Compiling risc0-groth16 v3.0.3
[INFO] [stderr]    Compiling hyper-timeout v0.5.2
[INFO] [stderr]    Compiling env_filter v0.1.3
[INFO] [stderr]    Compiling tokio-stream v0.1.17
[INFO] [stderr]    Compiling bincode v1.3.3
[INFO] [stderr]    Compiling async-trait v0.1.88
[INFO] [stderr]    Compiling taproot-assets-rpc v0.0.2
[INFO] [stderr]    Compiling jiff v0.2.15
[INFO] [stderr]    Compiling unty v0.0.4
[INFO] [stderr]    Compiling bincode v2.0.1
[INFO] [stderr]    Compiling taproot-assets-core v0.0.2
[INFO] [stderr]    Compiling tonic v0.13.1
[INFO] [stderr] warning: risc0-circuit-rv32im-sys@4.0.1: c++: fatal error: Killed signal terminated program cc1plus
[INFO] [stderr] warning: risc0-circuit-rv32im-sys@4.0.1: compilation terminated.
[INFO] [stderr] warning: risc0-circuit-rv32im-sys@4.0.1: ToolExecError: command did not execute successfully (status code exit status: 1): LC_ALL="C" "c++" "-O0" "-ffunction-sections" "-fdata-sections" "-fPIC" "-m64" "-I" "/opt/rustwide/cargo-home/registry/src/index.crates.io-1949cf8c6b5b557f/risc0-sys-1.5.0/cxx" "-Wall" "-Wextra" "-std=c++17" "-fno-var-tracking" "-fno-var-tracking-assignments" "-g0" "-o" "/opt/rustwide/target/debug/build/risc0-circuit-rv32im-sys/98795edf29113949/out/8fa1a16122eeabf8-steps.o" "-c" "kernels/cxx/steps.cpp"
[INFO] [stderr] error: failed to run custom build command for `risc0-circuit-rv32im-sys v4.0.1`
[INFO] [stderr] note: To improve backtraces for build dependencies, set the CARGO_PROFILE_DEV_BUILD_OVERRIDE_DEBUG=true environment variable to enable debug information generation.
[INFO] [stderr] 
[INFO] [stderr] Caused by:
[INFO] [stderr]   process didn't exit successfully: `/opt/rustwide/target/debug/build/risc0-circuit-rv32im-sys/102c9979d4181d06/out/build_script_build` (exit status: 1)
[INFO] [stderr]   --- stdout
[INFO] [stderr]   cargo:rerun-if-changed=kernels/cxx
[INFO] [stderr]   cargo:rerun-if-env-changed=RISC0_SKIP_BUILD_KERNELS
[INFO] [stderr]   cargo:rerun-if-changed=kernels/cxx/eval_check.cpp
[INFO] [stderr]   cargo:rerun-if-changed=kernels/cxx/ffi.cpp
[INFO] [stderr]   cargo:rerun-if-changed=kernels/cxx/rust_poly_fp_0.cpp
[INFO] [stderr]   cargo:rerun-if-changed=kernels/cxx/rust_poly_fp_1.cpp
[INFO] [stderr]   cargo:rerun-if-changed=kernels/cxx/rust_poly_fp_2.cpp
[INFO] [stderr]   cargo:rerun-if-changed=kernels/cxx/rust_poly_fp_3.cpp
[INFO] [stderr]   cargo:rerun-if-changed=kernels/cxx/steps.cpp
[INFO] [stderr]   cargo:rerun-if-changed=kernels/cxx/buffers.h
[INFO] [stderr]   cargo:rerun-if-changed=kernels/cxx/preflight.h
[INFO] [stderr]   cargo:rerun-if-changed=kernels/cxx/steps.h
[INFO] [stderr]   cargo:rerun-if-changed=kernels/cxx/tables.h
[INFO] [stderr]   cargo:rerun-if-changed=kernels/cxx/witgen.h
[INFO] [stderr]   cargo:rerun-if-changed=kernels/cxx/defs.cpp.inc
[INFO] [stderr]   cargo:rerun-if-changed=kernels/cxx/layout.cpp.inc
[INFO] [stderr]   cargo:rerun-if-changed=kernels/cxx/layout.h.inc
[INFO] [stderr]   cargo:rerun-if-changed=kernels/cxx/types.h.inc
[INFO] [stderr]   OUT_DIR = Some(/opt/rustwide/target/debug/build/risc0-circuit-rv32im-sys/98795edf29113949/out)
[INFO] [stderr]   OPT_LEVEL = Some(0)
[INFO] [stderr]   TARGET = Some(x86_64-unknown-linux-gnu)
[INFO] [stderr]   HOST = Some(x86_64-unknown-linux-gnu)
[INFO] [stderr]   cargo:rerun-if-env-changed=CXX_x86_64-unknown-linux-gnu
[INFO] [stderr]   CXX_x86_64-unknown-linux-gnu = None
[INFO] [stderr]   cargo:rerun-if-env-changed=CXX_x86_64_unknown_linux_gnu
[INFO] [stderr]   CXX_x86_64_unknown_linux_gnu = None
[INFO] [stderr]   cargo:rerun-if-env-changed=HOST_CXX
[INFO] [stderr]   HOST_CXX = None
[INFO] [stderr]   cargo:rerun-if-env-changed=CXX
[INFO] [stderr]   CXX = None
[INFO] [stderr]   cargo:rerun-if-env-changed=CC_ENABLE_DEBUG_OUTPUT
[INFO] [stderr]   RUSTC_WRAPPER = None
[INFO] [stderr]   cargo:rerun-if-env-changed=CRATE_CC_NO_DEFAULTS
[INFO] [stderr]   CRATE_CC_NO_DEFAULTS = None
[INFO] [stderr]   CARGO_CFG_TARGET_FEATURE = Some(fxsr,sse,sse2)
[INFO] [stderr]   cargo:rerun-if-env-changed=CXXFLAGS
[INFO] [stderr]   CXXFLAGS = None
[INFO] [stderr]   cargo:rerun-if-env-changed=HOST_CXXFLAGS
[INFO] [stderr]   HOST_CXXFLAGS = None
[INFO] [stderr]   cargo:rerun-if-env-changed=CXXFLAGS_x86_64_unknown_linux_gnu
[INFO] [stderr]   CXXFLAGS_x86_64_unknown_linux_gnu = None
[INFO] [stderr]   cargo:rerun-if-env-changed=CXXFLAGS_x86_64-unknown-linux-gnu
[INFO] [stderr]   CXXFLAGS_x86_64-unknown-linux-gnu = None
[INFO] [stderr]   CARGO_ENCODED_RUSTFLAGS = Some(--cap-lints=warn)
[INFO] [stderr]   OUT_DIR = Some(/opt/rustwide/target/debug/build/risc0-circuit-rv32im-sys/98795edf29113949/out)
[INFO] [stderr]   cargo:rerun-if-env-changed=CC_ENABLE_DEBUG_OUTPUT
[INFO] [stderr]   cargo:rerun-if-env-changed=CRATE_CC_NO_DEFAULTS
[INFO] [stderr]   CRATE_CC_NO_DEFAULTS = None
[INFO] [stderr]   TARGET = Some(x86_64-unknown-linux-gnu)
[INFO] [stderr]   CARGO_CFG_TARGET_FEATURE = Some(fxsr,sse,sse2)
[INFO] [stderr]   HOST = Some(x86_64-unknown-linux-gnu)
[INFO] [stderr]   cargo:rerun-if-env-changed=CXXFLAGS
[INFO] [stderr]   CXXFLAGS = None
[INFO] [stderr]   cargo:rerun-if-env-changed=HOST_CXXFLAGS
[INFO] [stderr]   HOST_CXXFLAGS = None
[INFO] [stderr]   cargo:rerun-if-env-changed=CXXFLAGS_x86_64_unknown_linux_gnu
[INFO] [stderr]   CXXFLAGS_x86_64_unknown_linux_gnu = None
[INFO] [stderr]   cargo:rerun-if-env-changed=CXXFLAGS_x86_64-unknown-linux-gnu
[INFO] [stderr]   CXXFLAGS_x86_64-unknown-linux-gnu = None
[INFO] [stderr]   OUT_DIR = Some(/opt/rustwide/target/debug/build/risc0-circuit-rv32im-sys/98795edf29113949/out)
[INFO] [stderr]   cargo:rerun-if-env-changed=CC_ENABLE_DEBUG_OUTPUT
[INFO] [stderr]   cargo:rerun-if-env-changed=CRATE_CC_NO_DEFAULTS
[INFO] [stderr]   CRATE_CC_NO_DEFAULTS = None
[INFO] [stderr]   TARGET = Some(x86_64-unknown-linux-gnu)
[INFO] [stderr]   CARGO_CFG_TARGET_FEATURE = Some(fxsr,sse,sse2)
[INFO] [stderr]   HOST = Some(x86_64-unknown-linux-gnu)
[INFO] [stderr]   cargo:rerun-if-env-changed=CXXFLAGS
[INFO] [stderr]   CXXFLAGS = None
[INFO] [stderr]   cargo:rerun-if-env-changed=HOST_CXXFLAGS
[INFO] [stderr]   HOST_CXXFLAGS = None
[INFO] [stderr]   cargo:rerun-if-env-changed=CXXFLAGS_x86_64_unknown_linux_gnu
[INFO] [stderr]   CXXFLAGS_x86_64_unknown_linux_gnu = None
[INFO] [stderr]   cargo:rerun-if-env-changed=CXXFLAGS_x86_64-unknown-linux-gnu
[INFO] [stderr]   CXXFLAGS_x86_64-unknown-linux-gnu = None
[INFO] [stderr]   OUT_DIR = Some(/opt/rustwide/target/debug/build/risc0-circuit-rv32im-sys/98795edf29113949/out)
[INFO] [stderr]   cargo:rerun-if-env-changed=CC_ENABLE_DEBUG_OUTPUT
[INFO] [stderr]   cargo:rerun-if-env-changed=CRATE_CC_NO_DEFAULTS
[INFO] [stderr]   CRATE_CC_NO_DEFAULTS = None
[INFO] [stderr]   TARGET = Some(x86_64-unknown-linux-gnu)
[INFO] [stderr]   CARGO_CFG_TARGET_FEATURE = Some(fxsr,sse,sse2)
[INFO] [stderr]   HOST = Some(x86_64-unknown-linux-gnu)
[INFO] [stderr]   cargo:rerun-if-env-changed=CXXFLAGS
[INFO] [stderr]   CXXFLAGS = None
[INFO] [stderr]   cargo:rerun-if-env-changed=HOST_CXXFLAGS
[INFO] [stderr]   HOST_CXXFLAGS = None
[INFO] [stderr]   cargo:rerun-if-env-changed=CXXFLAGS_x86_64_unknown_linux_gnu
[INFO] [stderr]   CXXFLAGS_x86_64_unknown_linux_gnu = None
[INFO] [stderr]   cargo:rerun-if-env-changed=CXXFLAGS_x86_64-unknown-linux-gnu
[INFO] [stderr]   CXXFLAGS_x86_64-unknown-linux-gnu = None
[INFO] [stderr]   OUT_DIR = Some(/opt/rustwide/target/debug/build/risc0-circuit-rv32im-sys/98795edf29113949/out)
[INFO] [stderr]   cargo:rerun-if-env-changed=CC_ENABLE_DEBUG_OUTPUT
[INFO] [stderr]   cargo:rerun-if-env-changed=CRATE_CC_NO_DEFAULTS
[INFO] [stderr]   CRATE_CC_NO_DEFAULTS = None
[INFO] [stderr]   TARGET = Some(x86_64-unknown-linux-gnu)
[INFO] [stderr]   CARGO_CFG_TARGET_FEATURE = Some(fxsr,sse,sse2)
[INFO] [stderr]   HOST = Some(x86_64-unknown-linux-gnu)
[INFO] [stderr]   cargo:rerun-if-env-changed=CXXFLAGS
[INFO] [stderr]   CXXFLAGS = None
[INFO] [stderr]   cargo:rerun-if-env-changed=HOST_CXXFLAGS
[INFO] [stderr]   HOST_CXXFLAGS = None
[INFO] [stderr]   cargo:rerun-if-env-changed=CXXFLAGS_x86_64_unknown_linux_gnu
[INFO] [stderr]   CXXFLAGS_x86_64_unknown_linux_gnu = None
[INFO] [stderr]   cargo:rerun-if-env-changed=CXXFLAGS_x86_64-unknown-linux-gnu
[INFO] [stderr]   CXXFLAGS_x86_64-unknown-linux-gnu = None
[INFO] [stderr]   OUT_DIR = Some(/opt/rustwide/target/debug/build/risc0-circuit-rv32im-sys/98795edf29113949/out)
[INFO] [stderr]   cargo:rerun-if-env-changed=CC_ENABLE_DEBUG_OUTPUT
[INFO] [stderr]   cargo:rerun-if-env-changed=CRATE_CC_NO_DEFAULTS
[INFO] [stderr]   CRATE_CC_NO_DEFAULTS = None
[INFO] [stderr]   TARGET = Some(x86_64-unknown-linux-gnu)
[INFO] [stderr]   CARGO_CFG_TARGET_FEATURE = Some(fxsr,sse,sse2)
[INFO] [stderr]   HOST = Some(x86_64-unknown-linux-gnu)
[INFO] [stderr]   cargo:rerun-if-env-changed=CXXFLAGS
[INFO] [stderr]   CXXFLAGS = None
[INFO] [stderr]   cargo:rerun-if-env-changed=HOST_CXXFLAGS
[INFO] [stderr]   HOST_CXXFLAGS = None
[INFO] [stderr]   cargo:rerun-if-env-changed=CXXFLAGS_x86_64_unknown_linux_gnu
[INFO] [stderr]   CXXFLAGS_x86_64_unknown_linux_gnu = None
[INFO] [stderr]   cargo:rerun-if-env-changed=CXXFLAGS_x86_64-unknown-linux-gnu
[INFO] [stderr]   CXXFLAGS_x86_64-unknown-linux-gnu = None
[INFO] [stderr]   cargo:warning=c++: fatal error: Killed signal terminated program cc1plus
[INFO] [stderr]   cargo:warning=compilation terminated.
[INFO] [stderr]   exit status: 0
[INFO] [stderr]   exit status: 0
[INFO] [stderr]   exit status: 0
[INFO] [stderr]   exit status: 0
[INFO] [stderr]   exit status: 0
[INFO] [stderr]   exit status: 0
[INFO] [stderr]   exit status: 1
[INFO] [stderr]   cargo:warning=ToolExecError: command did not execute successfully (status code exit status: 1): LC_ALL="C" "c++" "-O0" "-ffunction-sections" "-fdata-sections" "-fPIC" "-m64" "-I" "/opt/rustwide/cargo-home/registry/src/index.crates.io-1949cf8c6b5b557f/risc0-sys-1.5.0/cxx" "-Wall" "-Wextra" "-std=c++17" "-fno-var-tracking" "-fno-var-tracking-assignments" "-g0" "-o" "/opt/rustwide/target/debug/build/risc0-circuit-rv32im-sys/98795edf29113949/out/8fa1a16122eeabf8-steps.o" "-c" "kernels/cxx/steps.cpp"
[INFO] [stderr] 
[INFO] [stderr]   --- stderr
[INFO] [stderr] 
[INFO] [stderr] 
[INFO] [stderr]   error occurred in cc-rs: command did not execute successfully (status code exit status: 1): LC_ALL="C" "c++" "-O0" "-ffunction-sections" "-fdata-sections" "-fPIC" "-m64" "-I" "/opt/rustwide/cargo-home/registry/src/index.crates.io-1949cf8c6b5b557f/risc0-sys-1.5.0/cxx" "-Wall" "-Wextra" "-std=c++17" "-fno-var-tracking" "-fno-var-tracking-assignments" "-g0" "-o" "/opt/rustwide/target/debug/build/risc0-circuit-rv32im-sys/98795edf29113949/out/8fa1a16122eeabf8-steps.o" "-c" "kernels/cxx/steps.cpp"
[INFO] [stderr] 
[INFO] [stderr] 
[INFO] [stderr] warning: build failed, waiting for other jobs to finish...
[INFO] [stderr] error: could not compile `jiff` (lib)
[INFO] [stderr] 
[INFO] [stderr] Caused by:
[INFO] [stderr]   process didn't exit successfully: `/opt/rustwide/rustup-home/toolchains/1.100.0-beta.1-x86_64-unknown-linux-gnu/bin/rustc --crate-name jiff --edition=2021 /opt/rustwide/cargo-home/registry/src/index.crates.io-1949cf8c6b5b557f/jiff-0.2.15/src/lib.rs --error-format=json --json=diagnostic-rendered-ansi,artifacts,future-incompat,unused-externs-silent --crate-type lib --emit=dep-info,metadata,link -C embed-bitcode=no -C debuginfo=2 --cfg 'feature="alloc"' --cfg 'feature="std"' --check-cfg 'cfg(docsrs,test)' --check-cfg 'cfg(feature, values("alloc", "default", "js", "logging", "perf-inline", "serde", "static", "static-tz", "std", "tz-fat", "tz-system", "tzdb-bundle-always", "tzdb-bundle-platform", "tzdb-concatenated", "tzdb-zoneinfo"))' -C metadata=bb77fd258a96e417 -C extra-filename=-e4b6a268071e8305 --out-dir /opt/rustwide/target/debug/build/jiff/e4b6a268071e8305/out --cap-lints allow --cap-lints=warn --force-warn=unused_crate_dependencies` (signal: 9, SIGKILL: kill)
[INFO] [stderr] error: could not compile `tonic` (lib)
[INFO] [stderr] 
[INFO] [stderr] Caused by:
[INFO] [stderr]   process didn't exit successfully: `/opt/rustwide/rustup-home/toolchains/1.100.0-beta.1-x86_64-unknown-linux-gnu/bin/rustc --crate-name tonic --edition=2021 /opt/rustwide/cargo-home/registry/src/index.crates.io-1949cf8c6b5b557f/tonic-0.13.1/src/lib.rs --error-format=json --json=diagnostic-rendered-ansi,artifacts,future-incompat,unused-externs-silent --crate-type lib --emit=dep-info,metadata,link -C embed-bitcode=no -C debuginfo=2 --cfg 'feature="_tls-any"' --cfg 'feature="channel"' --cfg 'feature="codegen"' --cfg 'feature="prost"' --cfg 'feature="server"' --cfg 'feature="tls-native-roots"' --cfg 'feature="transport"' --check-cfg 'cfg(docsrs,test)' --check-cfg 'cfg(feature, values("_tls-any", "channel", "codegen", "default", "deflate", "gzip", "prost", "router", "server", "tls-aws-lc", "tls-native-roots", "tls-ring", "tls-webpki-roots", "transport", "zstd"))' -C metadata=a60e8d61c645fa35 -C extra-filename=-9073f42a76af8998 --out-dir /opt/rustwide/target/debug/build/tonic/9073f42a76af8998/out -L dependency=/opt/rustwide/target/debug/build/allocator-api2/8d9c1e895dea53bd/out -L dependency=/opt/rustwide/target/debug/build/atomic-waker/06950c8c08d2b8fa/out -L dependency=/opt/rustwide/target/debug/build/base64/32787b0325ea6df8/out -L dependency=/opt/rustwide/target/debug/build/bytes/46d5b158a18ed1aa/out -L dependency=/opt/rustwide/target/debug/build/cfg-if/3a213765134f0c85/out -L dependency=/opt/rustwide/target/debug/build/equivalent/6a754676e6af62ae/out -L dependency=/opt/rustwide/target/debug/build/fnv/79e2cbfbe03dcd16/out -L dependency=/opt/rustwide/target/debug/build/foldhash/07f233db1c671507/out -L dependency=/opt/rustwide/target/debug/build/futures-channel/3bb2db6cecc5bacb/out -L dependency=/opt/rustwide/target/debug/build/futures-core/3b920243fce8fec0/out -L dependency=/opt/rustwide/target/debug/build/futures-io/59d0071c9258d69f/out -L dependency=/opt/rustwide/target/debug/build/futures-sink/ae1eb2d060de53a2/out -L dependency=/opt/rustwide/target/debug/build/futures-task/e09ab7898221cb97/out -L dependency=/opt/rustwide/target/debug/build/futures-util/d78d48920f8597ba/out -L dependency=/opt/rustwide/target/debug/build/getrandom/52aeddafcfcea250/out -L dependency=/opt/rustwide/target/debug/build/h2/045f5bf76c9a9491/out -L dependency=/opt/rustwide/target/debug/build/hashbrown/c3e6552ae3d9ed85/out -L dependency=/opt/rustwide/target/debug/build/http-body/a74adbab83ea14ec/out -L dependency=/opt/rustwide/target/debug/build/http/b11f94665e37e7e2/out -L dependency=/opt/rustwide/target/debug/build/httparse/8c9b827b8f345444/out -L dependency=/opt/rustwide/target/debug/build/httpdate/331798cefc82cc7e/out -L dependency=/opt/rustwide/target/debug/build/hyper-util/0a84428817924085/out -L dependency=/opt/rustwide/target/debug/build/hyper/d1a61c2dab94c4f5/out -L dependency=/opt/rustwide/target/debug/build/indexmap/fe2a85b877dd28ef/out -L dependency=/opt/rustwide/target/debug/build/ipnet/a38805d99c19843f/out -L dependency=/opt/rustwide/target/debug/build/itoa/ef40fa516293a9d3/out -L dependency=/opt/rustwide/target/debug/build/libc/ecb896fe45b2e73d/out -L dependency=/opt/rustwide/target/debug/build/log/d6f7bb1298e9acd0/out -L dependency=/opt/rustwide/target/debug/build/memchr/eb753e192a6bbd2d/out -L dependency=/opt/rustwide/target/debug/build/mio/c8e18311ce7ceb32/out -L dependency=/opt/rustwide/target/debug/build/once_cell/e9252a7b5119f3eb/out -L dependency=/opt/rustwide/target/debug/build/openssl-probe/2c6d21a9709cae46/out -L dependency=/opt/rustwide/target/debug/build/percent-encoding/af9df9186596bd92/out -L dependency=/opt/rustwide/target/debug/build/pin-project-internal/44e4574daf764847/out -L dependency=/opt/rustwide/target/debug/build/pin-project-lite/72bf04572caa1c84/out -L dependency=/opt/rustwide/target/debug/build/pin-utils/3860774ad9b215b5/out -L dependency=/opt/rustwide/target/debug/build/prost-derive/0963cabc1fd41a1d/out -L dependency=/opt/rustwide/target/debug/build/ring/77f72f684447c3e9/out -L dependency=/opt/rustwide/target/debug/build/rustls-pki-types/e8b583fa0593d9ef/out -L dependency=/opt/rustwide/target/debug/build/rustls-webpki/c1995391b402ea9f/out -L dependency=/opt/rustwide/target/debug/build/rustls/a1a8fcf304d64af6/out -L dependency=/opt/rustwide/target/debug/build/serde/c7e3ac88b6a3c713/out -L dependency=/opt/rustwide/target/debug/build/serde_core/49c5f0449f9ff544/out -L dependency=/opt/rustwide/target/debug/build/serde_derive/5d902cb656a3e496/out -L dependency=/opt/rustwide/target/debug/build/slab/06cf58f8e93304ed/out -L dependency=/opt/rustwide/target/debug/build/smallvec/bc3128fdd57228fc/out -L dependency=/opt/rustwide/target/debug/build/socket2/08e7a19c3e3c47b0/out -L dependency=/opt/rustwide/target/debug/build/subtle/cdc2b7d5fab71c70/out -L dependency=/opt/rustwide/target/debug/build/sync_wrapper/a254cb6192850e87/out -L dependency=/opt/rustwide/target/debug/build/tokio-macros/90189b082659c78b/out -L dependency=/opt/rustwide/target/debug/build/tokio-util/e432d079c83b8505/out -L dependency=/opt/rustwide/target/debug/build/tokio/4a91038383752720/out -L dependency=/opt/rustwide/target/debug/build/tower-layer/d908dd771b239ecd/out -L dependency=/opt/rustwide/target/debug/build/tower-service/3fb88d28c2218805/out -L dependency=/opt/rustwide/target/debug/build/tracing-attributes/0dcb34c9fe67ccc0/out -L dependency=/opt/rustwide/target/debug/build/tracing-core/aa4ed84ab5d584f8/out -L dependency=/opt/rustwide/target/debug/build/tracing/53affd8a44e6639c/out -L dependency=/opt/rustwide/target/debug/build/try-lock/8fa2f6971035be84/out -L dependency=/opt/rustwide/target/debug/build/untrusted/b2f816886faf2178/out -L dependency=/opt/rustwide/target/debug/build/want/7a6260b9c50f1479/out -L dependency=/opt/rustwide/target/debug/build/zeroize/3c9b173c075a0f6e/out -L dependency=/opt/rustwide/target/debug/build/zeroize_derive/e323f9ff164caac3/out --extern async_trait=/opt/rustwide/target/debug/build/async-trait/069bfb6fafc8ade4/out/libasync_trait-069bfb6fafc8ade4.so --extern base64=/opt/rustwide/target/debug/build/base64/32787b0325ea6df8/out/libbase64-32787b0325ea6df8.rmeta --extern bytes=/opt/rustwide/target/debug/build/bytes/46d5b158a18ed1aa/out/libbytes-46d5b158a18ed1aa.rmeta --extern h2=/opt/rustwide/target/debug/build/h2/045f5bf76c9a9491/out/libh2-045f5bf76c9a9491.rmeta --extern http=/opt/rustwide/target/debug/build/http/b11f94665e37e7e2/out/libhttp-b11f94665e37e7e2.rmeta --extern http_body=/opt/rustwide/target/debug/build/http-body/a74adbab83ea14ec/out/libhttp_body-a74adbab83ea14ec.rmeta --extern http_body_util=/opt/rustwide/target/debug/build/http-body-util/0ec0f00838c985e1/out/libhttp_body_util-0ec0f00838c985e1.rmeta --extern hyper=/opt/rustwide/target/debug/build/hyper/d1a61c2dab94c4f5/out/libhyper-d1a61c2dab94c4f5.rmeta --extern hyper_timeout=/opt/rustwide/target/debug/build/hyper-timeout/c2178fd8a1ccf2e4/out/libhyper_timeout-c2178fd8a1ccf2e4.rmeta --extern hyper_util=/opt/rustwide/target/debug/build/hyper-util/0a84428817924085/out/libhyper_util-0a84428817924085.rmeta --extern percent_encoding=/opt/rustwide/target/debug/build/percent-encoding/af9df9186596bd92/out/libpercent_encoding-af9df9186596bd92.rmeta --extern pin_project=/opt/rustwide/target/debug/build/pin-project/542ce22d18926372/out/libpin_project-542ce22d18926372.rmeta --extern prost=/opt/rustwide/target/debug/build/prost/e852eccfea5dcc39/out/libprost-e852eccfea5dcc39.rmeta --extern rustls_native_certs=/opt/rustwide/target/debug/build/rustls-native-certs/ac9f5efb788a6513/out/librustls_native_certs-ac9f5efb788a6513.rmeta --extern socket2=/opt/rustwide/target/debug/build/socket2/08e7a19c3e3c47b0/out/libsocket2-08e7a19c3e3c47b0.rmeta --extern tokio=/opt/rustwide/target/debug/build/tokio/4a91038383752720/out/libtokio-4a91038383752720.rmeta --extern tokio_rustls=/opt/rustwide/target/debug/build/tokio-rustls/781adf8c87ea88ce/out/libtokio_rustls-781adf8c87ea88ce.rmeta --extern tokio_stream=/opt/rustwide/target/debug/build/tokio-stream/d9427db356c36771/out/libtokio_stream-d9427db356c36771.rmeta --extern tower=/opt/rustwide/target/debug/build/tower/c063bea42fff75ce/out/libtower-c063bea42fff75ce.rmeta --extern tower_layer=/opt/rustwide/target/debug/build/tower-layer/d908dd771b239ecd/out/libtower_layer-d908dd771b239ecd.rmeta --extern tower_service=/opt/rustwide/target/debug/build/tower-service/3fb88d28c2218805/out/libtower_service-3fb88d28c2218805.rmeta --extern tracing=/opt/rustwide/target/debug/build/tracing/53affd8a44e6639c/out/libtracing-53affd8a44e6639c.rmeta --cap-lints allow --cap-lints=warn --force-warn=unused_crate_dependencies -L native=/opt/rustwide/target/debug/build/ring/3b050161cffbda32/out` (signal: 9, SIGKILL: kill)
[INFO] [stderr] warning: risc0-circuit-recursion-sys@4.0.1: c++: fatal error: Killed signal terminated program cc1plus
[INFO] [stderr] warning: risc0-circuit-recursion-sys@4.0.1: compilation terminated.
[INFO] [stderr] warning: risc0-circuit-recursion-sys@4.0.1: ToolExecError: command did not execute successfully (status code exit status: 1): LC_ALL="C" "c++" "-O0" "-ffunction-sections" "-fdata-sections" "-fPIC" "-m64" "-I" "/opt/rustwide/cargo-home/registry/src/index.crates.io-1949cf8c6b5b557f/risc0-sys-1.5.0/cxx" "-Wall" "-Wextra" "-std=c++17" "-fno-var-tracking" "-fno-var-tracking-assignments" "-g0" "-o" "/opt/rustwide/target/debug/build/risc0-circuit-recursion-sys/fdb76ca06dbacce3/out/8fa1a16122eeabf8-step_exec.o" "-c" "kernels/cxx/step_exec.cpp"
[INFO] [stderr] error: failed to run custom build command for `risc0-circuit-recursion-sys v4.0.1`
[INFO] [stderr] note: To improve backtraces for build dependencies, set the CARGO_PROFILE_DEV_BUILD_OVERRIDE_DEBUG=true environment variable to enable debug information generation.
[INFO] [stderr] 
[INFO] [stderr] Caused by:
[INFO] [stderr]   process didn't exit successfully: `/opt/rustwide/target/debug/build/risc0-circuit-recursion-sys/8c671150115fa97c/out/build_script_build` (exit status: 1)
[INFO] [stderr]   --- stdout
[INFO] [stderr]   cargo:rerun-if-changed=kernels/cxx
[INFO] [stderr]   cargo:rerun-if-env-changed=RISC0_SKIP_BUILD_KERNELS
[INFO] [stderr]   cargo:rerun-if-changed=kernels/cxx/extern.cpp
[INFO] [stderr]   cargo:rerun-if-changed=kernels/cxx/ffi.cpp
[INFO] [stderr]   cargo:rerun-if-changed=kernels/cxx/poly_fp.cpp
[INFO] [stderr]   cargo:rerun-if-changed=kernels/cxx/step_compute_accum.cpp
[INFO] [stderr]   cargo:rerun-if-changed=kernels/cxx/step_exec.cpp
[INFO] [stderr]   cargo:rerun-if-changed=kernels/cxx/step_verify_accum.cpp
[INFO] [stderr]   cargo:rerun-if-changed=kernels/cxx/step_verify_bytes.cpp
[INFO] [stderr]   cargo:rerun-if-changed=kernels/cxx/step_verify_mem.cpp
[INFO] [stderr]   OUT_DIR = Some(/opt/rustwide/target/debug/build/risc0-circuit-recursion-sys/fdb76ca06dbacce3/out)
[INFO] [stderr]   OPT_LEVEL = Some(0)
[INFO] [stderr]   TARGET = Some(x86_64-unknown-linux-gnu)
[INFO] [stderr]   HOST = Some(x86_64-unknown-linux-gnu)
[INFO] [stderr]   cargo:rerun-if-env-changed=CXX_x86_64-unknown-linux-gnu
[INFO] [stderr]   CXX_x86_64-unknown-linux-gnu = None
[INFO] [stderr]   cargo:rerun-if-env-changed=CXX_x86_64_unknown_linux_gnu
[INFO] [stderr]   CXX_x86_64_unknown_linux_gnu = None
[INFO] [stderr]   cargo:rerun-if-env-changed=HOST_CXX
[INFO] [stderr]   HOST_CXX = None
[INFO] [stderr]   cargo:rerun-if-env-changed=CXX
[INFO] [stderr]   CXX = None
[INFO] [stderr]   cargo:rerun-if-env-changed=CC_ENABLE_DEBUG_OUTPUT
[INFO] [stderr]   RUSTC_WRAPPER = None
[INFO] [stderr]   cargo:rerun-if-env-changed=CRATE_CC_NO_DEFAULTS
[INFO] [stderr]   CRATE_CC_NO_DEFAULTS = None
[INFO] [stderr]   CARGO_CFG_TARGET_FEATURE = Some(fxsr,sse,sse2)
[INFO] [stderr]   cargo:rerun-if-env-changed=CXXFLAGS
[INFO] [stderr]   CXXFLAGS = None
[INFO] [stderr]   cargo:rerun-if-env-changed=HOST_CXXFLAGS
[INFO] [stderr]   HOST_CXXFLAGS = None
[INFO] [stderr]   cargo:rerun-if-env-changed=CXXFLAGS_x86_64_unknown_linux_gnu
[INFO] [stderr]   CXXFLAGS_x86_64_unknown_linux_gnu = None
[INFO] [stderr]   cargo:rerun-if-env-changed=CXXFLAGS_x86_64-unknown-linux-gnu
[INFO] [stderr]   CXXFLAGS_x86_64-unknown-linux-gnu = None
[INFO] [stderr]   CARGO_ENCODED_RUSTFLAGS = Some(--cap-lints=warn)
[INFO] [stderr]   OUT_DIR = Some(/opt/rustwide/target/debug/build/risc0-circuit-recursion-sys/fdb76ca06dbacce3/out)
[INFO] [stderr]   cargo:rerun-if-env-changed=CC_ENABLE_DEBUG_OUTPUT
[INFO] [stderr]   cargo:rerun-if-env-changed=CRATE_CC_NO_DEFAULTS
[INFO] [stderr]   CRATE_CC_NO_DEFAULTS = None
[INFO] [stderr]   TARGET = Some(x86_64-unknown-linux-gnu)
[INFO] [stderr]   CARGO_CFG_TARGET_FEATURE = Some(fxsr,sse,sse2)
[INFO] [stderr]   HOST = Some(x86_64-unknown-linux-gnu)
[INFO] [stderr]   cargo:rerun-if-env-changed=CXXFLAGS
[INFO] [stderr]   CXXFLAGS = None
[INFO] [stderr]   cargo:rerun-if-env-changed=HOST_CXXFLAGS
[INFO] [stderr]   HOST_CXXFLAGS = None
[INFO] [stderr]   cargo:rerun-if-env-changed=CXXFLAGS_x86_64_unknown_linux_gnu
[INFO] [stderr]   CXXFLAGS_x86_64_unknown_linux_gnu = None
[INFO] [stderr]   cargo:rerun-if-env-changed=CXXFLAGS_x86_64-unknown-linux-gnu
[INFO] [stderr]   CXXFLAGS_x86_64-unknown-linux-gnu = None
[INFO] [stderr]   OUT_DIR = Some(/opt/rustwide/target/debug/build/risc0-circuit-recursion-sys/fdb76ca06dbacce3/out)
[INFO] [stderr]   cargo:rerun-if-env-changed=CC_ENABLE_DEBUG_OUTPUT
[INFO] [stderr]   cargo:rerun-if-env-changed=CRATE_CC_NO_DEFAULTS
[INFO] [stderr]   CRATE_CC_NO_DEFAULTS = None
[INFO] [stderr]   TARGET = Some(x86_64-unknown-linux-gnu)
[INFO] [stderr]   CARGO_CFG_TARGET_FEATURE = Some(fxsr,sse,sse2)
[INFO] [stderr]   HOST = Some(x86_64-unknown-linux-gnu)
[INFO] [stderr]   cargo:rerun-if-env-changed=CXXFLAGS
[INFO] [stderr]   CXXFLAGS = None
[INFO] [stderr]   cargo:rerun-if-env-changed=HOST_CXXFLAGS
[INFO] [stderr]   HOST_CXXFLAGS = None
[INFO] [stderr]   cargo:rerun-if-env-changed=CXXFLAGS_x86_64_unknown_linux_gnu
[INFO] [stderr]   CXXFLAGS_x86_64_unknown_linux_gnu = None
[INFO] [stderr]   cargo:rerun-if-env-changed=CXXFLAGS_x86_64-unknown-linux-gnu
[INFO] [stderr]   CXXFLAGS_x86_64-unknown-linux-gnu = None
[INFO] [stderr]   OUT_DIR = Some(/opt/rustwide/target/debug/build/risc0-circuit-recursion-sys/fdb76ca06dbacce3/out)
[INFO] [stderr]   cargo:rerun-if-env-changed=CC_ENABLE_DEBUG_OUTPUT
[INFO] [stderr]   cargo:rerun-if-env-changed=CRATE_CC_NO_DEFAULTS
[INFO] [stderr]   CRATE_CC_NO_DEFAULTS = None
[INFO] [stderr]   TARGET = Some(x86_64-unknown-linux-gnu)
[INFO] [stderr]   CARGO_CFG_TARGET_FEATURE = Some(fxsr,sse,sse2)
[INFO] [stderr]   HOST = Some(x86_64-unknown-linux-gnu)
[INFO] [stderr]   cargo:rerun-if-env-changed=CXXFLAGS
[INFO] [stderr]   CXXFLAGS = None
[INFO] [stderr]   cargo:rerun-if-env-changed=HOST_CXXFLAGS
[INFO] [stderr]   HOST_CXXFLAGS = None
[INFO] [stderr]   cargo:rerun-if-env-changed=CXXFLAGS_x86_64_unknown_linux_gnu
[INFO] [stderr]   CXXFLAGS_x86_64_unknown_linux_gnu = None
[INFO] [stderr]   cargo:rerun-if-env-changed=CXXFLAGS_x86_64-unknown-linux-gnu
[INFO] [stderr]   CXXFLAGS_x86_64-unknown-linux-gnu = None
[INFO] [stderr]   OUT_DIR = Some(/opt/rustwide/target/debug/build/risc0-circuit-recursion-sys/fdb76ca06dbacce3/out)
[INFO] [stderr]   cargo:rerun-if-env-changed=CC_ENABLE_DEBUG_OUTPUT
[INFO] [stderr]   cargo:rerun-if-env-changed=CRATE_CC_NO_DEFAULTS
[INFO] [stderr]   CRATE_CC_NO_DEFAULTS = None
[INFO] [stderr]   TARGET = Some(x86_64-unknown-linux-gnu)
[INFO] [stderr]   CARGO_CFG_TARGET_FEATURE = Some(fxsr,sse,sse2)
[INFO] [stderr]   HOST = Some(x86_64-unknown-linux-gnu)
[INFO] [stderr]   cargo:rerun-if-env-changed=CXXFLAGS
[INFO] [stderr]   CXXFLAGS = None
[INFO] [stderr]   cargo:rerun-if-env-changed=HOST_CXXFLAGS
[INFO] [stderr]   HOST_CXXFLAGS = None
[INFO] [stderr]   cargo:rerun-if-env-changed=CXXFLAGS_x86_64_unknown_linux_gnu
[INFO] [stderr]   CXXFLAGS_x86_64_unknown_linux_gnu = None
[INFO] [stderr]   cargo:rerun-if-env-changed=CXXFLAGS_x86_64-unknown-linux-gnu
[INFO] [stderr]   CXXFLAGS_x86_64-unknown-linux-gnu = None
[INFO] [stderr]   OUT_DIR = Some(/opt/rustwide/target/debug/build/risc0-circuit-recursion-sys/fdb76ca06dbacce3/out)
[INFO] [stderr]   cargo:rerun-if-env-changed=CC_ENABLE_DEBUG_OUTPUT
[INFO] [stderr]   cargo:rerun-if-env-changed=CRATE_CC_NO_DEFAULTS
[INFO] [stderr]   CRATE_CC_NO_DEFAULTS = None
[INFO] [stderr]   TARGET = Some(x86_64-unknown-linux-gnu)
[INFO] [stderr]   CARGO_CFG_TARGET_FEATURE = Some(fxsr,sse,sse2)
[INFO] [stderr]   HOST = Some(x86_64-unknown-linux-gnu)
[INFO] [stderr]   cargo:rerun-if-env-changed=CXXFLAGS
[INFO] [stderr]   CXXFLAGS = None
[INFO] [stderr]   cargo:rerun-if-env-changed=HOST_CXXFLAGS
[INFO] [stderr]   HOST_CXXFLAGS = None
[INFO] [stderr]   cargo:rerun-if-env-changed=CXXFLAGS_x86_64_unknown_linux_gnu
[INFO] [stderr]   CXXFLAGS_x86_64_unknown_linux_gnu = None
[INFO] [stderr]   cargo:rerun-if-env-changed=CXXFLAGS_x86_64-unknown-linux-gnu
[INFO] [stderr]   CXXFLAGS_x86_64-unknown-linux-gnu = None
[INFO] [stderr]   cargo:warning=c++: fatal error: Killed signal terminated program cc1plus
[INFO] [stderr]   cargo:warning=compilation terminated.
[INFO] [stderr]   exit status: 0
[INFO] [stderr]   exit status: 0
[INFO] [stderr]   exit status: 0
[INFO] [stderr]   exit status: 0
[INFO] [stderr]   exit status: 1
[INFO] [stderr]   cargo:warning=ToolExecError: command did not execute successfully (status code exit status: 1): LC_ALL="C" "c++" "-O0" "-ffunction-sections" "-fdata-sections" "-fPIC" "-m64" "-I" "/opt/rustwide/cargo-home/registry/src/index.crates.io-1949cf8c6b5b557f/risc0-sys-1.5.0/cxx" "-Wall" "-Wextra" "-std=c++17" "-fno-var-tracking" "-fno-var-tracking-assignments" "-g0" "-o" "/opt/rustwide/target/debug/build/risc0-circuit-recursion-sys/fdb76ca06dbacce3/out/8fa1a16122eeabf8-step_exec.o" "-c" "kernels/cxx/step_exec.cpp"
[INFO] [stderr]   exit status: 0
[INFO] [stderr]   exit status: 0
[INFO] [stderr]   exit status: 0
[INFO] [stderr] 
[INFO] [stderr]   --- stderr
[INFO] [stderr] 
[INFO] [stderr] 
[INFO] [stderr]   error occurred in cc-rs: command did not execute successfully (status code exit status: 1): LC_ALL="C" "c++" "-O0" "-ffunction-sections" "-fdata-sections" "-fPIC" "-m64" "-I" "/opt/rustwide/cargo-home/registry/src/index.crates.io-1949cf8c6b5b557f/risc0-sys-1.5.0/cxx" "-Wall" "-Wextra" "-std=c++17" "-fno-var-tracking" "-fno-var-tracking-assignments" "-g0" "-o" "/opt/rustwide/target/debug/build/risc0-circuit-recursion-sys/fdb76ca06dbacce3/out/8fa1a16122eeabf8-step_exec.o" "-c" "kernels/cxx/step_exec.cpp"
[INFO] [stderr] 
[INFO] [stderr] 
[INFO] running `Command { std: "docker" "inspect" "9cd0d67dc1dae59dce17768108dd26d35f45aab23732746fb5b52f342e8aae0b", kill_on_drop: false }`
[INFO] running `Command { std: "docker" "rm" "-f" "9cd0d67dc1dae59dce17768108dd26d35f45aab23732746fb5b52f342e8aae0b", kill_on_drop: false }`
[INFO] [stdout] 9cd0d67dc1dae59dce17768108dd26d35f45aab23732746fb5b52f342e8aae0b
