[INFO] fetching crate tape-sdk 0.4.7...
[INFO] testing tape-sdk-0.4.7 against 1.100.0-beta.1 for beta-1.100-2
[INFO] extracting crate tape-sdk 0.4.7 into /workspace/builds/worker-3-tc2/source
[INFO] started tweaking crates.io crate tape-sdk 0.4.7
[INFO] removed 0 missing examples
[INFO] removed 0 missing tests
[INFO] finished tweaking crates.io crate tape-sdk 0.4.7
[INFO] tweaked toml for crates.io crate tape-sdk 0.4.7 written to /workspace/builds/worker-3-tc2/source/Cargo.toml
[INFO] validating manifest of crates.io crate tape-sdk 0.4.7 on toolchain 1.100.0-beta.1
[INFO] running `Command { std: CARGO_HOME="/workspace/cargo-home" RUSTUP_HOME="/workspace/rustup-home" "/workspace/cargo-home/bin/cargo" "+1.100.0-beta.1" "metadata" "--manifest-path" "Cargo.toml" "--no-deps", kill_on_drop: false }`
[INFO] crate crates.io crate tape-sdk 0.4.7 already has a lockfile, it will not be regenerated
[INFO] running `Command { std: CARGO_HOME="/workspace/cargo-home" RUSTUP_HOME="/workspace/rustup-home" "/workspace/cargo-home/bin/cargo" "+1.100.0-beta.1" "fetch" "--manifest-path" "Cargo.toml", kill_on_drop: false }`
[INFO] running `Command { std: "docker" "create" "-v" "/var/lib/crater-agent-workspace/builds/worker-3-tc2/source:/opt/rustwide/workdir:ro,Z" "-v" "/var/lib/crater-agent-workspace/builds/worker-3-tc2/target:/opt/rustwide/target:rw,Z" "-v" "/var/lib/crater-agent-workspace/cargo-home:/opt/rustwide/cargo-home:ro,Z" "-v" "/var/lib/crater-agent-workspace/rustup-home:/opt/rustwide/rustup-home:ro,Z" "-m" "1610612736" "--network" "none" "ghcr.io/rust-lang/crates-build-env/linux@sha256:3111399a4047eeb3a02b7a90e478d715f38a8c6669b5c4b49d30a17385265909" "sleep" "infinity", kill_on_drop: false }`
[INFO] [stdout] 7842f44c3fe64d522235e74bac2e893523ec801c8d8ba8e3833f8d1451075abe
[INFO] running `Command { std: "docker" "start" "7842f44c3fe64d522235e74bac2e893523ec801c8d8ba8e3833f8d1451075abe", kill_on_drop: false }`
[INFO] running `Command { std: "docker" "inspect" "7842f44c3fe64d522235e74bac2e893523ec801c8d8ba8e3833f8d1451075abe", kill_on_drop: false }`
[INFO] running `Command { std: "docker" "exec" "-e" "SOURCE_DIR=/opt/rustwide/workdir" "-e" "CARGO_HOME=/opt/rustwide/cargo-home" "-e" "RUSTUP_HOME=/opt/rustwide/rustup-home" "-e" "CARGO_TARGET_DIR=/opt/rustwide/target" "-w" "/opt/rustwide/workdir" "--user" "0:0" "7842f44c3fe64d522235e74bac2e893523ec801c8d8ba8e3833f8d1451075abe" "/opt/rustwide/cargo-home/bin/cargo" "+1.100.0-beta.1" "metadata" "--no-deps" "--format-version=1", kill_on_drop: false }`
[INFO] running `Command { std: "docker" "inspect" "7842f44c3fe64d522235e74bac2e893523ec801c8d8ba8e3833f8d1451075abe", kill_on_drop: false }`
[INFO] running `Command { std: "docker" "exec" "-e" "SOURCE_DIR=/opt/rustwide/workdir" "-e" "CARGO_HOME=/opt/rustwide/cargo-home" "-e" "RUSTUP_HOME=/opt/rustwide/rustup-home" "-e" "CARGO_TARGET_DIR=/opt/rustwide/target" "-e" "CARGO_INCREMENTAL=0" "-e" "RUST_BACKTRACE=full" "-e" "RUSTFLAGS=--cap-lints=warn" "-e" "RUSTDOCFLAGS=--cap-lints=warn" "-w" "/opt/rustwide/workdir" "--user" "0:0" "7842f44c3fe64d522235e74bac2e893523ec801c8d8ba8e3833f8d1451075abe" "/opt/rustwide/cargo-home/bin/cargo" "+1.100.0-beta.1" "build" "--frozen" "--message-format=json", kill_on_drop: false }`
[INFO] [stderr]    Compiling unicode-ident v1.0.23
[INFO] [stderr]    Compiling libc v0.2.186
[INFO] [stderr]    Compiling typenum v1.19.0
[INFO] [stderr]    Compiling generic-array v0.14.7
[INFO] [stderr]    Compiling once_cell v1.21.3
[INFO] [stderr]    Compiling zerocopy v0.8.39
[INFO] [stderr]    Compiling cfg_aliases v0.2.1
[INFO] [stderr]    Compiling winnow v0.7.14
[INFO] [stderr]    Compiling indexmap v2.14.0
[INFO] [stderr]    Compiling proc-macro2 v1.0.106
[INFO] [stderr]    Compiling toml_datetime v0.7.5+spec-1.1.0
[INFO] [stderr]    Compiling borsh v1.8.0
[INFO] [stderr]    Compiling quote v1.0.47
[INFO] [stderr]    Compiling getrandom v0.3.4
[INFO] [stderr]    Compiling feature-probe v0.1.1
[INFO] [stderr]    Compiling syn v2.0.119
[INFO] [stderr]    Compiling syn v3.0.3
[INFO] [stderr]    Compiling bv v0.11.1
[INFO] [stderr]    Compiling wincode v0.5.5
[INFO] [stderr]    Compiling pastey v0.2.3
[INFO] [stderr]    Compiling num-traits v0.2.19
[INFO] [stderr]    Compiling five8_core v1.0.0
[INFO] [stderr]    Compiling solana-sanitize v3.0.1
[INFO] [stderr]    Compiling five8 v1.0.0
[INFO] [stderr]    Compiling rustc_version v0.4.1
[INFO] [stderr]    Compiling solana-atomic-u64 v3.0.0
[INFO] [stderr]    Compiling sha2-const-stable v0.1.0
[INFO] [stderr]    Compiling five8_const v1.0.0
[INFO] [stderr]    Compiling curve25519-dalek v4.1.3
[INFO] [stderr]    Compiling memchr v2.8.0
[INFO] [stderr]    Compiling toml_parser v1.0.8+spec-1.1.0
[INFO] [stderr]    Compiling itoa v1.0.17
[INFO] [stderr]    Compiling bs58 v0.5.1
[INFO] [stderr]    Compiling solana-program-memory v3.1.0
[INFO] [stderr]    Compiling bitflags v2.11.0
[INFO] [stderr]    Compiling either v1.15.0
[INFO] [stderr]    Compiling getrandom v0.2.17
[INFO] [stderr]    Compiling rand_core v0.6.4
[INFO] [stderr]    Compiling smallvec v1.15.2
[INFO] [stderr]    Compiling rand_core v0.9.5
[INFO] [stderr]    Compiling toml_edit v0.23.10+spec-1.0.0
[INFO] [stderr]    Compiling byteorder v1.5.0
[INFO] [stderr]    Compiling num-integer v0.1.46
[INFO] [stderr]    Compiling jobserver v0.1.34
[INFO] [stderr]    Compiling serde_json v1.0.151
[INFO] [stderr]    Compiling parking_lot_core v0.9.12
[INFO] [stderr]    Compiling cc v1.2.56
[INFO] [stderr]    Compiling solana-define-syscall v4.0.1
[INFO] [stderr]    Compiling solana-msg v3.1.0
[INFO] [stderr]    Compiling parking_lot v0.12.5
[INFO] [stderr]    Compiling errno v0.3.14
[INFO] [stderr]    Compiling socket2 v0.6.5
[INFO] [stderr]    Compiling proc-macro-crate v3.4.0
[INFO] [stderr]    Compiling ahash v0.8.12
[INFO] [stderr]    Compiling futures-core v0.3.32
[INFO] [stderr]    Compiling cmake v0.1.57
[INFO] [stderr]    Compiling signal-hook-registry v1.4.8
[INFO] [stderr]    Compiling mio v1.2.2
[INFO] [stderr]    Compiling fs_extra v1.3.0
[INFO] [stderr]    Compiling dunce v1.0.5
[INFO] [stderr]    Compiling blake3 v1.8.3
[INFO] [stderr]    Compiling ring v0.17.14
[INFO] [stderr]    Compiling futures-sink v0.3.32
[INFO] [stderr]    Compiling futures-channel v0.3.32
[INFO] [stderr]    Compiling aws-lc-sys v0.37.1
[INFO] [stderr]    Compiling aws-lc-rs v1.15.4
[INFO] [stderr]    Compiling num-bigint v0.4.6
[INFO] [stderr]    Compiling crossbeam-utils v0.8.21
[INFO] [stderr]    Compiling crc32fast v1.5.0
[INFO] [stderr]    Compiling hashbrown v0.17.1
[INFO] [stderr]    Compiling darling_core v0.23.0
[INFO] [stderr]    Compiling serde_derive v1.0.229
[INFO] [stderr]    Compiling thiserror-impl v2.0.20
[INFO] [stderr]    Compiling ppv-lite86 v0.2.21
[INFO] [stderr]    Compiling synstructure v0.13.2
[INFO] [stderr]    Compiling rand_chacha v0.9.0
[INFO] [stderr]    Compiling rand v0.9.5
[INFO] [stderr]    Compiling rand_chacha v0.3.1
[INFO] [stderr]    Compiling darling_core v0.21.3
[INFO] [stderr]    Compiling thiserror v2.0.20
[INFO] [stderr]    Compiling rand v0.8.5
[INFO] [stderr]    Compiling tokio-macros v2.7.2
[INFO] [stderr]    Compiling zeroize_derive v1.4.3
[INFO] [stderr]    Compiling borsh-derive v1.8.0
[INFO] [stderr]    Compiling zeroize v1.8.2
[INFO] [stderr]    Compiling bytemuck_derive v1.10.2
[INFO] [stderr]    Compiling curve25519-dalek-derive v0.1.1
[INFO] [stderr]    Compiling solana-sdk-macro v3.0.1
[INFO] [stderr]    Compiling darling_macro v0.23.0
[INFO] [stderr]    Compiling thiserror-impl v1.0.69
[INFO] [stderr]    Compiling crypto-common v0.1.7
[INFO] [stderr]    Compiling block-buffer v0.10.4
[INFO] [stderr]    Compiling darling v0.23.0
[INFO] [stderr]    Compiling displaydoc v0.2.5
[INFO] [stderr]    Compiling digest v0.10.7
[INFO] [stderr]    Compiling wincode-derive v0.4.6
[INFO] [stderr]    Compiling sha2 v0.10.9
[INFO] [stderr]    Compiling bytemuck v1.25.0
[INFO] [stderr]    Compiling serde v1.0.229
[INFO] [stderr]    Compiling signature v2.2.0
[INFO] [stderr]    Compiling ed25519 v2.2.3
[INFO] [stderr]    Compiling hmac v0.12.1
[INFO] [stderr]    Compiling pbkdf2 v0.11.0
[INFO] [stderr]    Compiling zerofrom-derive v0.1.6
[INFO] [stderr]    Compiling num-derive v0.4.2
[INFO] [stderr]    Compiling solana-seed-phrase v3.0.0
[INFO] [stderr]    Compiling solana-nullable v1.3.0
[INFO] [stderr]    Compiling thiserror v1.0.69
[INFO] [stderr]    Compiling rustls-pki-types v1.14.0
[INFO] [stderr]    Compiling solana-program-error v3.0.1
[INFO] [stderr]    Compiling solana-instruction-error v2.4.0
[INFO] [stderr]    Compiling bincode v1.3.3
[INFO] [stderr]    Compiling serde-big-array v0.5.1
[INFO] [stderr]    Compiling bytes v1.12.1
[INFO] [stderr]    Compiling solana-fee-calculator v3.2.2
[INFO] [stderr]    Compiling solana-transaction-error v3.3.2
[INFO] [stderr]    Compiling darling_macro v0.21.3
[INFO] [stderr]    Compiling yoke-derive v0.8.1
[INFO] [stderr]    Compiling darling v0.21.3
[INFO] [stderr]    Compiling zerofrom v0.1.6
[INFO] [stderr]    Compiling tokio v1.53.1
[INFO] [stderr]    Compiling futures-macro v0.3.32
[INFO] [stderr]    Compiling zerovec-derive v0.11.2
[INFO] [stderr]    Compiling ed25519-dalek v2.2.0
[INFO] [stderr]    Compiling yoke v0.8.1
[INFO] [stderr]    Compiling futures-util v0.3.32
[INFO] [stderr]    Compiling num_enum_derive v0.7.6
[INFO] [stderr]    Compiling rustls v0.23.43
[INFO] [stderr]    Compiling zerovec v0.11.5
[INFO] [stderr]    Compiling http v1.4.0
[INFO] [stderr]    Compiling num_enum v0.7.6
[INFO] [stderr]    Compiling tracing-attributes v0.1.31
[INFO] [stderr]    Compiling solana-hash v4.5.0
[INFO] [stderr]    Compiling solana-sha256-hasher v3.1.0
[INFO] [stderr]    Compiling solana-address v2.6.1
[INFO] [stderr]    Compiling solana-signature v3.4.1
[INFO] [stderr]    Compiling solana-pubkey v4.2.1
[INFO] [stderr]    Compiling solana-sdk-ids v3.1.0
[INFO] [stderr]    Compiling solana-instruction v3.4.1
[INFO] [stderr]    Compiling solana-get-sysvar v1.0.0
[INFO] [stderr]    Compiling solana-signer v3.0.1
[INFO] [stderr]    Compiling solana-account-info v3.1.1
[INFO] [stderr]    Compiling solana-sysvar-id v3.1.0
[INFO] [stderr]    Compiling solana-serialize-utils v3.1.2
[INFO] [stderr]    Compiling solana-clock v3.1.1
[INFO] [stderr]    Compiling solana-epoch-schedule v3.2.0
[INFO] [stderr]    Compiling solana-slot-hashes v3.1.0
[INFO] [stderr]    Compiling solana-program-entrypoint v3.1.1
[INFO] [stderr]    Compiling solana-slot-history v3.1.0
[INFO] [stderr]    Compiling solana-epoch-rewards v3.1.0
[INFO] [stderr]    Compiling solana-last-restart-slot v3.1.0
[INFO] [stderr]    Compiling solana-rent v4.3.0
[INFO] [stderr]    Compiling solana-short-vec v3.2.2
[INFO] [stderr]    Compiling solana-stake-history v1.0.0
[INFO] [stderr]    Compiling solana-keypair v3.1.2
[INFO] [stderr]    Compiling solana-address v1.1.0
[INFO] [stderr]    Compiling solana-pubkey v3.0.0
[INFO] [stderr]    Compiling solana-system-interface v3.2.0
[INFO] [stderr]    Compiling solana-message v4.4.1
[INFO] [stderr]    Compiling solana-sysvar v4.1.0
[INFO] [stderr]    Compiling tracing-core v0.1.36
[INFO] [stderr]    Compiling tinystr v0.8.2
[INFO] [stderr]    Compiling solana-account v4.3.2
[INFO] [stderr]    Compiling tracing v0.1.44
[INFO] [stderr]    Compiling litemap v0.8.1
[INFO] [stderr]    Compiling writeable v0.6.2
[INFO] [stderr]    Compiling icu_locale_core v2.1.1
[INFO] [stderr]    Compiling potential_utf v0.1.4
[INFO] [stderr]    Compiling zerotrie v0.2.3
[INFO] [stderr]    Compiling solana-svm-feature-set v4.2.1
[INFO] [stderr]    Compiling unreachable v1.0.0
[INFO] [stderr]    Compiling icu_collections v2.1.1
[INFO] [stderr]    Compiling solana-cpi v3.1.0
[INFO] [stderr]    Compiling serde_with_macros v3.16.1
[INFO] [stderr]    Compiling solana-borsh v3.0.2
[INFO] [stderr]    Compiling solana-transaction v4.1.6
[INFO] [stderr]    Compiling ascii v0.9.3
[INFO] [stderr]    Compiling combine v3.8.1
[INFO] [stderr]    Compiling cfg_eval v0.1.2
[INFO] [stderr]    Compiling hash32 v0.3.1
[INFO] [stderr]    Compiling alloc-no-stdlib v2.0.4
[INFO] [stderr]    Compiling icu_provider v2.1.1
[INFO] [stderr]    Compiling rustc-demangle v0.1.27
[INFO] [stderr]    Compiling serde_with v3.16.1
[INFO] [stderr]    Compiling icu_properties v2.1.2
[INFO] [stderr]    Compiling icu_normalizer v2.1.1
[INFO] [stderr]    Compiling bitvec v1.1.1
[INFO] [stderr]    Compiling alloc-stdlib v0.2.2
[INFO] [stderr]    Compiling tokio-util v0.7.18
[INFO] [stderr]    Compiling agave-feature-set v4.2.1
[INFO] [stderr]    Compiling solana-instructions-sysvar v4.0.0
[INFO] [stderr]    Compiling http-body v1.0.1
[INFO] [stderr]    Compiling webpki-roots v1.0.6
[INFO] [stderr]    Compiling num-iter v0.1.45
[INFO] [stderr]    Compiling solana-program-option v3.1.0
[INFO] [stderr]    Compiling pkg-config v0.3.32
[INFO] [stderr]    Compiling simd-adler32 v0.3.8
[INFO] [stderr]    Compiling idna_adapter v1.2.1
[INFO] [stderr]    Compiling miniz_oxide v0.8.9
[INFO] [stderr]    Compiling spl-discriminator-syn v0.2.1
[INFO] [stderr]    Compiling brotli-decompressor v5.0.0
[INFO] [stderr]    Compiling solana-serde-varint v3.0.1
[INFO] [stderr]    Compiling zstd-sys v2.0.16+zstd.1.5.7
[INFO] [stderr]    Compiling solana-zero-copy v1.1.1
[INFO] [stderr]    Compiling time-core v0.1.8
[INFO] [stderr]    Compiling powerfmt v0.2.0
[INFO] [stderr]    Compiling num-conv v0.2.0
[INFO] [stderr]    Compiling ff v0.13.1
[INFO] [stderr]    Compiling time-macros v0.2.27
[INFO] [stderr]    Compiling deranged v0.5.6
[INFO] [stderr]    Compiling idna v1.1.0
[INFO] [stderr]    Compiling h2 v0.4.19
[INFO] [stderr]    Compiling brotli v8.0.2
[INFO] [stderr]    Compiling solana-sbpf v0.21.1
[INFO] [stderr]    Compiling flate2 v1.1.9
[INFO] [stderr]    Compiling spl-discriminator-derive v0.2.0
[INFO] [stderr]    Compiling rand_xorshift v0.3.0
[INFO] [stderr]    Compiling compression-core v0.4.31
[INFO] [stderr]    Compiling group v0.13.0
[INFO] [stderr]    Compiling time v0.3.47
[INFO] [stderr]    Compiling spl-discriminator v0.5.2
[INFO] [stderr]    Compiling url v2.5.8
[INFO] [stderr]    Compiling solana-program-pack v3.1.0
[INFO] [stderr]    Compiling sync_wrapper v1.0.2
[INFO] [stderr]    Compiling num-modular v0.6.1
[INFO] [stderr]    Compiling zstd-safe v7.2.4
[INFO] [stderr]    Compiling tower v0.5.3
[INFO] [stderr]    Compiling nom v7.1.3
[INFO] [stderr]    Compiling solana-transaction-context v4.2.1
[INFO] [stderr]    Compiling compression-codecs v0.4.36
[INFO] [stderr]    Compiling http-body-util v0.1.3
[INFO] [stderr]    Compiling async-compression v0.4.39
[INFO] [stderr]    Compiling solana-stake-interface v4.3.0
[INFO] [stderr]    Compiling solana-loader-v3-interface v7.0.0
[INFO] [stderr]    Compiling solana-instructions-sysvar v3.0.0
[INFO] [stderr]    Compiling hyper v1.8.1
[INFO] [stderr]    Compiling iri-string v0.7.10
[INFO] [stderr]    Compiling serde_urlencoded v0.7.1
[INFO] [stderr]    Compiling rusticata-macros v4.1.0
[INFO] [stderr]    Compiling spl-type-length-value v0.9.1
[INFO] [stderr]    Compiling solana-curve25519 v3.1.14
[INFO] [stderr]    Compiling inout v0.1.4
[INFO] [stderr]    Compiling enum-ordinalize-derive v4.3.2
[INFO] [stderr]    Compiling hyper-util v0.1.20
[INFO] [stderr]    Compiling tower-http v0.6.8
[INFO] [stderr]    Compiling asn1-rs-impl v0.2.0
[INFO] [stderr]    Compiling crossbeam-channel v0.5.15
[INFO] [stderr]    Compiling num-bigint v0.2.6
[INFO] [stderr]    Compiling keccak v0.1.6
[INFO] [stderr]    Compiling enum-ordinalize v4.3.2
[INFO] [stderr]    Compiling cipher v0.4.4
[INFO] [stderr]    Compiling solana-svm-transaction v4.2.0
[INFO] [stderr]    Compiling solana-stable-layout v3.0.1
[INFO] [stderr]    Compiling ark-std v0.5.0
[INFO] [stderr]    Compiling ark-serialize-derive v0.5.0
[INFO] [stderr]    Compiling num_cpus v1.17.0
[INFO] [stderr]    Compiling num-complex v0.2.4
[INFO] [stderr]    Compiling num-rational v0.2.4
[INFO] [stderr]    Compiling memoffset v0.9.1
[INFO] [stderr]    Compiling ark-serialize v0.5.0
[INFO] [stderr]    Compiling sha3 v0.10.8
[INFO] [stderr]    Compiling educe v0.6.0
[INFO] [stderr]    Compiling spl-token-group-interface v0.7.2
[INFO] [stderr]    Compiling solana-commitment-config v3.1.1
[INFO] [stderr]    Compiling universal-hash v0.5.1
[INFO] [stderr]    Compiling ark-ff-asm v0.5.0
[INFO] [stderr]    Compiling qstring v0.7.2
[INFO] [stderr]    Compiling itertools v0.14.0
[INFO] [stderr]    Compiling ark-ff-macros v0.5.0
[INFO] [stderr]    Compiling itertools v0.13.0
[INFO] [stderr]    Compiling uriparse v0.6.4
[INFO] [stderr]    Compiling data-encoding v2.10.0
[INFO] [stderr]    Compiling dashu-base v0.4.1
[INFO] [stderr]    Compiling derivation-path v0.2.0
[INFO] [stderr]    Compiling allocator-api2 v0.2.21
[INFO] [stderr]    Compiling hashbrown v0.15.2
[INFO] [stderr]    Compiling dashu-int v0.4.1
[INFO] [stderr]    Compiling ark-ff v0.5.0
[INFO] [stderr]    Compiling solana-derivation-path v3.0.0
[INFO] [stderr]    Compiling polyval v0.6.2
[INFO] [stderr]    Compiling aes v0.8.4
[INFO] [stderr]    Compiling ctr v0.9.2
[INFO] [stderr]    Compiling num-order v1.2.0
[INFO] [stderr]    Compiling solana-packet v4.1.0
[INFO] [stderr]    Compiling solana-system-interface v2.0.0
[INFO] [stderr]    Compiling solana-nonce v3.2.1
[INFO] [stderr]    Compiling solana-reward-info v6.2.0
[INFO] [stderr]    Compiling aead v0.5.2
[INFO] [stderr]    Compiling der v0.7.10
[INFO] [stderr]    Compiling enum-iterator-derive v1.5.0
[INFO] [stderr]    Compiling object v0.39.1
[INFO] [stderr]    Compiling rustix v1.1.3
[INFO] [stderr]    Compiling enum-iterator v2.3.0
[INFO] [stderr]    Compiling aes-gcm-siv v0.11.1
[INFO] [stderr]    Compiling num v0.2.1
[INFO] [stderr]    Compiling solana-seed-derivable v3.0.0
[INFO] [stderr]    Compiling merlin v3.0.0
[INFO] [stderr]    Compiling futures-executor v0.3.32
[INFO] [stderr]    Compiling solana-zk-sdk-pod v0.1.2
[INFO] [stderr]    Compiling digest v0.9.0
[INFO] [stderr]    Compiling solana-svm-type-overrides v4.2.1
[INFO] [stderr]    Compiling itertools v0.12.1
[INFO] [stderr]    Compiling solana-precompile-error v3.0.0
[INFO] [stderr]    Compiling aho-corasick v1.1.4
[INFO] [stderr]    Compiling wincode v0.1.2
[INFO] [stderr]    Compiling eager v0.1.0
[INFO] [stderr]    Compiling regex-syntax v0.8.9
[INFO] [stderr]    Compiling solana-version v4.2.1
[INFO] [stderr]    Compiling linux-raw-sys v0.11.0
[INFO] [stderr]    Compiling ark-poly v0.5.0
[INFO] [stderr]    Compiling solana-svm-timings v4.2.1
[INFO] [stderr]    Compiling solana-zk-sdk v4.0.0
[INFO] [stderr]    Compiling ark-ec v0.5.0
[INFO] [stderr]    Compiling dashu-float v0.4.3
[INFO] [stderr]    Compiling zstd v0.13.3
[INFO] [stderr]    Compiling regex-automata v0.4.14
[INFO] [stderr]    Compiling solana-account-decoder-client-types v4.2.1
[INFO] [stderr]    Compiling solana-svm-callback v4.2.1
[INFO] [stderr]    Compiling solana-zk-elgamal-proof-interface v0.1.3
[INFO] [stderr]    Compiling futures v0.3.32
[INFO] [stderr]    Compiling spki v0.7.3
[INFO] [stderr]    Compiling percentage v0.1.0
[INFO] [stderr]    Compiling dashu-ratio v0.4.1
[INFO] [stderr]    Compiling solana-vote-interface v6.0.3
[INFO] [stderr]    Compiling solana-transaction-status-client-types v4.2.1
[INFO] [stderr]    Compiling solana-wincode-varint v1.0.0
[INFO] [stderr]    Compiling block-buffer v0.9.0
[INFO] [stderr]    Compiling async-trait v0.1.89
[INFO] [stderr]    Compiling asn1-rs-derive v0.6.0
[INFO] [stderr]    Compiling crossbeam-epoch v0.9.18
[INFO] [stderr]    Compiling blst v0.3.16
[INFO] [stderr]    Compiling solana-svm-log-collector v4.2.1
[INFO] [stderr]    Compiling base16ct v0.2.0
[INFO] [stderr]    Compiling openssl-probe v0.2.1
[INFO] [stderr]    Compiling solana-svm-measure v4.2.1
[INFO] [stderr]    Compiling solana-fee-structure v3.0.0
[INFO] [stderr]    Compiling tape-sha256 v0.1.0
[INFO] [stderr]    Compiling subtle-ng v2.5.0
[INFO] [stderr]    Compiling solana-program-runtime v4.2.1
[INFO] [stderr]    Compiling sec1 v0.7.3
[INFO] [stderr]    Compiling curve25519-dalek-ng v4.1.1
[INFO] [stderr]    Compiling rustls-native-certs v0.8.3
[INFO] [stderr]    Compiling crossbeam-deque v0.8.6
[INFO] [stderr]    Compiling asn1-rs v0.7.2
[INFO] [stderr]    Compiling regex v1.12.3
[INFO] [stderr]    Compiling dashu-macros v0.4.1
[INFO] [stderr]    Compiling sha2 v0.9.9
[INFO] [stderr]    Compiling aya-obj v0.3.0
[INFO] [stderr]    Compiling ark-bn254 v0.5.0
[INFO] [stderr]    Compiling pkcs8 v0.10.2
[INFO] [stderr]    Compiling spl-token-confidential-transfer-proof-extraction v0.6.0
[INFO] [stderr]    Compiling gethostname v1.1.0
[INFO] [stderr]    Compiling threadpool v1.8.1
[INFO] [stderr]    Compiling spl-token-metadata-interface v1.0.1
[INFO] [stderr]    Compiling solana-account v3.4.0
[INFO] [stderr]    Compiling solana-cluster-type v3.1.0
[INFO] [stderr]    Compiling wincode-derive v0.1.1
[INFO] [stderr]    Compiling crypto-bigint v0.5.5
[INFO] [stderr]    Compiling num-rational v0.4.2
[INFO] [stderr]    Compiling num-complex v0.4.6
[INFO] [stderr]    Compiling quinn-udp v0.5.14
[INFO] [stderr]    Compiling nix v0.31.3
[INFO] [stderr]    Compiling siphasher v1.0.2
[INFO] [stderr]    Compiling oid-registry v0.8.1
[INFO] [stderr]    Compiling solana-inflation v3.1.1
[INFO] [stderr]    Compiling tinyvec_macros v0.1.1
[INFO] [stderr]    Compiling assert_matches v1.5.0
[INFO] [stderr]    Compiling solana-time-utils v3.0.0
[INFO] [stderr]    Compiling aya v0.14.0
[INFO] [stderr]    Compiling fastbloom v0.14.1
[INFO] [stderr]    Compiling ed25519-consensus v2.1.0
[INFO] [stderr]    Compiling tinyvec v1.10.0
[INFO] [stderr]    Compiling solana-rpc-client-types v4.2.1
[INFO] [stderr]    Compiling num v0.4.3
[INFO] [stderr]    Compiling elliptic-curve v0.13.8
[INFO] [stderr]    Compiling spl-token-2022-interface v3.1.1
[INFO] [stderr]    Compiling solana-config-interface v2.0.0
[INFO] [stderr]    Compiling dashu v0.4.2
[INFO] [stderr]    Compiling solana-bn254 v3.2.1
[INFO] [stderr]    Compiling Inflector v0.11.4
[INFO] [stderr]    Compiling solana-compute-budget v4.2.1
[INFO] [stderr]    Compiling rayon-core v1.13.0
[INFO] [stderr]    Compiling spl-pod v0.7.3
[INFO] [stderr]    Compiling spl-token-interface v3.0.0
[INFO] [stderr]    Compiling pairing v0.23.0
[INFO] [stderr]    Compiling solana-builtins-default-costs v4.2.1
[INFO] [stderr]    Compiling spl-generic-token v2.0.1
[INFO] [stderr]    Compiling solana-address-lookup-table-interface v3.1.0
[INFO] [stderr]    Compiling solana-compute-budget-interface v3.0.0
[INFO] [stderr]    Compiling solana-curve25519 v2.3.13
[INFO] [stderr]    Compiling rfc6979 v0.4.0
[INFO] [stderr]    Compiling solana-nostd-sha256 v0.1.3
[INFO] [stderr]    Compiling caps v0.5.6
[INFO] [stderr]    Compiling quinn v0.11.11
[INFO] [stderr]    Compiling hex-literal v0.4.1
[INFO] [stderr]    Compiling portable-atomic v1.13.1
[INFO] [stderr]    Compiling byte-slice-cast v1.2.3
[INFO] [stderr]    Compiling rustc-hash v2.1.1
[INFO] [stderr]    Compiling lru-slab v0.1.2
[INFO] [stderr]    Compiling solana-account-decoder v4.2.1
[INFO] [stderr]    Compiling ecdsa v0.16.9
[INFO] [stderr]    Compiling blstrs v0.7.1
[INFO] [stderr]    Compiling solana-compute-budget-instruction v4.2.1
[INFO] [stderr]    Compiling rayon v1.12.0
[INFO] [stderr]    Compiling agave-xdp-ebpf v4.2.1
[INFO] [stderr]    Compiling der-parser v10.0.0
[INFO] [stderr]    Compiling jsonrpc-core v18.0.0
[INFO] [stderr]    Compiling agave-transaction-view v4.2.1
[INFO] [stderr]    Compiling webpki-roots v0.26.11
[INFO] [stderr]    Compiling solana-rent v3.1.0
[INFO] [stderr]    Compiling crossbeam-queue v0.3.13
[INFO] [stderr]    Compiling tape-crypto v0.4.7
[INFO] [stderr]    Compiling agave-cpu-utils v4.2.1
[INFO] [stderr]    Compiling base64 v0.13.1
[INFO] [stderr]    Compiling tape-base58 v0.1.0
[INFO] [stderr]    Compiling unicode-width v0.2.0
[INFO] [stderr]    Compiling solana-measure v4.2.1
[INFO] [stderr]    Compiling solana-perf v4.2.1
[INFO] [stderr]    Compiling console v0.16.3
[INFO] [stderr]    Compiling solana-sysvar v3.1.1
[INFO] [stderr]    Compiling agave-xdp v4.2.1
[INFO] [stderr]    Compiling solana-runtime-transaction v4.2.1
[INFO] [stderr]    Compiling x509-parser v0.18.1
[INFO] [stderr]    Compiling solana-bls-signatures v3.3.0
[INFO] [stderr]    Compiling k256 v0.13.4
[INFO] [stderr]    Compiling dashmap v5.5.3
[INFO] [stderr]    Compiling spl-token-confidential-transfer-proof-extraction v0.5.1
[INFO] [stderr]    Compiling spl-token-metadata-interface v0.8.0
[INFO] [stderr]    Compiling tape-core v0.4.7
[INFO] [stderr]    Compiling spl-token-confidential-transfer-proof-generation v0.5.1
[INFO] [stderr]    Compiling spl-token-interface v2.0.0
[INFO] [stderr]    Compiling solana-signer-store v0.1.0
[INFO] [stderr]    Compiling spl-associated-token-account-interface v2.0.0
[INFO] [stderr]    Compiling solana-epoch-info v3.1.0
[INFO] [stderr]    Compiling solana-serde v3.0.0
[INFO] [stderr]    Compiling sha1 v0.10.6
[INFO] [stderr]    Compiling concurrent-queue v2.5.0
[INFO] [stderr]    Compiling unit-prefix v0.5.2
[INFO] [stderr]    Compiling parking v2.2.1
[INFO] [stderr]    Compiling utf-8 v0.7.6
[INFO] [stderr]    Compiling agave-votor-messages v4.2.1
[INFO] [stderr]    Compiling event-listener v5.4.1
[INFO] [stderr]    Compiling indicatif v0.18.4
[INFO] [stderr]    Compiling solana-net-utils v4.2.1
[INFO] [stderr]    Compiling spl-token-2022-interface v2.1.0
[INFO] [stderr]    Compiling solana-secp256k1-recover v3.1.1
[INFO] [stderr]    Compiling pem v1.1.1
[INFO] [stderr]    Compiling solana-example-mocks v4.0.0
[INFO] [stderr]    Compiling solana-keccak-hasher v3.1.0
[INFO] [stderr]    Compiling solana-feature-gate-interface v4.0.0
[INFO] [stderr]    Compiling solana-epoch-stake v3.0.1
[INFO] [stderr]    Compiling solana-blake3-hasher v3.1.0
[INFO] [stderr]    Compiling solana-bincode v3.1.0
[INFO] [stderr]    Compiling solana-big-mod-exp v3.0.0
[INFO] [stderr]    Compiling solana-native-token v3.0.0
[INFO] [stderr]    Compiling histogram v0.6.9
[INFO] [stderr]    Compiling solana-vote v4.2.1
[INFO] [stderr]    Compiling solana-program v4.0.0
[INFO] [stderr]    Compiling event-listener-strategy v0.5.4
[INFO] [stderr]    Compiling spl-token v9.0.0
[INFO] [stderr]    Compiling tokio-stream v0.1.18
[INFO] [stderr]    Compiling agave-random v4.2.1
[INFO] [stderr]    Compiling keccak-const v0.2.0
[INFO] [stderr]    Compiling const-crypto v0.3.0
[INFO] [stderr]    Compiling solana-leader-schedule v4.2.1
[INFO] [stderr]    Compiling spl-associated-token-account v8.0.0
[INFO] [stderr]    Compiling async-lock v3.4.2
[INFO] [stderr]    Compiling solana-client-traits v4.0.0
[INFO] [stderr]    Compiling agave-reserved-account-keys v4.2.1
[INFO] [stderr]    Compiling solana-loader-v2-interface v3.0.0
[INFO] [stderr]    Compiling spl-memo-interface v2.1.0
[INFO] [stderr]    Compiling tape-reed-solomon v0.2.3
[INFO] [stderr]    Compiling array-const-fn-init v0.1.1
[INFO] [stderr]    Compiling solana-transaction-status v4.2.1
[INFO] [stderr]    Compiling wincode v0.2.5
[INFO] [stderr]    Compiling tape-solana v0.4.7
[INFO] [stderr]    Compiling wincode-derive v0.2.3
[INFO] [stderr]    Compiling asn1-rs-derive v0.5.1
[INFO] [stderr]    Compiling tape-retry v0.4.7
[INFO] [stderr]    Compiling oid-registry v0.7.1
[INFO] [stderr]    Compiling lz4_flex v0.11.6
[INFO] [stderr]    Compiling protobuf v3.7.2
[INFO] [stderr]    Compiling tape-observe-api v0.4.7
[INFO] [stderr]    Compiling asn1-rs v0.6.2
[INFO] [stderr]    Compiling yasna v0.5.2
[INFO] [stderr]    Compiling protobuf-support v3.7.2
[INFO] [stderr]    Compiling pem v3.0.6
[INFO] [stderr]    Compiling tape-api v0.4.7
[INFO] [stderr]    Compiling der-parser v9.0.0
[INFO] [stderr]    Compiling prometheus v0.14.0
[INFO] [stderr]    Compiling x509-parser v0.16.0
[INFO] [stderr]    Compiling rcgen v0.13.2
[INFO] [stderr]    Compiling dashmap v6.1.0
[INFO] [stderr]    Compiling clay-codes v0.2.2
[INFO] [stderr]    Compiling tape-slicer v0.4.7
[INFO] [stderr]    Compiling tape-snapshot v0.4.7
[INFO] [stderr]    Compiling tape-blocks v0.4.7
[INFO] [stderr]    Compiling rustls-webpki v0.103.9
[INFO] [stderr]    Compiling tokio-rustls v0.26.4
[INFO] [stderr]    Compiling rustls-platform-verifier v0.6.2
[INFO] [stderr]    Compiling tungstenite v0.28.0
[INFO] [stderr]    Compiling quinn-proto v0.11.15
[INFO] [stderr]    Compiling hyper-rustls v0.27.7
[INFO] [stderr]    Compiling reqwest v0.12.28
[INFO] [stderr]    Compiling tokio-tungstenite v0.28.0
[INFO] [stderr]    Compiling solana-pubsub-client v4.2.1
[INFO] [stderr]    Compiling solana-metrics v4.2.1
[INFO] [stderr]    Compiling reqwest-middleware v0.4.2
[INFO] [stderr]    Compiling tape-peer-tls v0.4.7
[INFO] [stderr]    Compiling solana-connection-cache v4.2.1
[INFO] [stderr]    Compiling solana-rpc-client-api v4.2.1
[INFO] [stderr]    Compiling solana-rpc-client v4.2.1
[INFO] [stderr]    Compiling solana-tls-utils v4.2.1
[INFO] [stderr]    Compiling solana-streamer v4.2.1
[INFO] [stderr]    Compiling solana-udp-client v4.2.1
[INFO] [stderr]    Compiling solana-quic-client v4.2.1
[INFO] [stderr]    Compiling solana-rpc-client-nonce-utils v4.2.1
[INFO] [stderr]    Compiling solana-tpu-client v4.2.1
[INFO] [stderr]    Compiling solana-client v4.2.1
[INFO] [stderr]    Compiling tape-rpc v0.4.7
[INFO] [stderr]    Compiling tape-rpc-solana v0.4.7
[INFO] [stderr]    Compiling tape-rpc-client v0.4.7
[INFO] [stderr]    Compiling tape-protocol v0.4.7
[INFO] [stderr]    Compiling tape-peer-manager v0.4.7
[INFO] [stderr]    Compiling tape-peer-http v0.4.7
[INFO] [stderr]    Compiling tape-sdk v0.4.7 (/opt/rustwide/workdir)
[INFO] [stderr]     Finished `dev` profile [unoptimized + debuginfo] target(s) in 8m 22s
[INFO] [stderr] warning: the following packages contain code that will be rejected by a future version of Rust: borsh v1.8.0, nix v0.31.3, quinn v0.11.11, quinn-udp v0.5.14
[INFO] [stderr] note: to see what the problems were, use the option `--future-incompat-report`, or run `cargo report future-incompatibilities --id 2`
[INFO] running `Command { std: "docker" "inspect" "7842f44c3fe64d522235e74bac2e893523ec801c8d8ba8e3833f8d1451075abe", kill_on_drop: false }`
[INFO] running `Command { std: "docker" "exec" "-e" "SOURCE_DIR=/opt/rustwide/workdir" "-e" "CARGO_HOME=/opt/rustwide/cargo-home" "-e" "RUSTUP_HOME=/opt/rustwide/rustup-home" "-e" "CARGO_TARGET_DIR=/opt/rustwide/target" "-e" "CARGO_INCREMENTAL=0" "-e" "RUST_BACKTRACE=full" "-e" "RUSTFLAGS=--cap-lints=warn" "-e" "RUSTDOCFLAGS=--cap-lints=warn" "-w" "/opt/rustwide/workdir" "--user" "0:0" "7842f44c3fe64d522235e74bac2e893523ec801c8d8ba8e3833f8d1451075abe" "/opt/rustwide/cargo-home/bin/cargo" "+1.100.0-beta.1" "test" "--frozen" "--no-run" "--message-format=json", kill_on_drop: false }`
[INFO] [stderr]    Compiling serde_core v1.0.229
[INFO] [stderr]    Compiling serde_json v1.0.151
[INFO] [stderr]    Compiling rustix v1.1.3
[INFO] [stderr]    Compiling getrandom v0.4.1
[INFO] [stderr]    Compiling sdd v3.0.10
[INFO] [stderr]    Compiling serial_test_derive v3.3.1
[INFO] [stderr]    Compiling matchit v0.8.4
[INFO] [stderr]    Compiling fastrand v2.3.0
[INFO] [stderr]    Compiling tape-metrics v0.4.7
[INFO] [stderr]    Compiling scc v2.4.0
[INFO] [stderr]    Compiling serial_test v3.3.1
[INFO] [stderr]    Compiling serde v1.0.229
[INFO] [stderr]    Compiling bitflags v2.11.0
[INFO] [stderr]    Compiling serde_bytes v0.11.19
[INFO] [stderr]    Compiling serde_with v3.16.1
[INFO] [stderr]    Compiling serde_path_to_error v0.1.20
[INFO] [stderr]    Compiling nix v0.31.3
[INFO] [stderr]    Compiling bv v0.11.1
[INFO] [stderr]    Compiling solana-program-error v3.0.1
[INFO] [stderr]    Compiling curve25519-dalek v4.1.3
[INFO] [stderr]    Compiling bincode v1.3.3
[INFO] [stderr]    Compiling solana-instruction-error v2.4.0
[INFO] [stderr]    Compiling serde-big-array v0.5.1
[INFO] [stderr]    Compiling solana-transaction-error v3.3.2
[INFO] [stderr]    Compiling bytes v1.12.1
[INFO] [stderr]    Compiling solana-fee-calculator v3.2.2
[INFO] [stderr]    Compiling solana-serde-varint v3.0.1
[INFO] [stderr]    Compiling solana-program-pack v3.1.0
[INFO] [stderr]    Compiling serde_urlencoded v0.7.1
[INFO] [stderr]    Compiling solana-commitment-config v3.1.1
[INFO] [stderr]    Compiling wincode v0.5.5
[INFO] [stderr]    Compiling ed25519-consensus v2.1.0
[INFO] [stderr]    Compiling jsonrpc-core v18.0.0
[INFO] [stderr]    Compiling blstrs v0.7.1
[INFO] [stderr]    Compiling ed25519-dalek v2.2.0
[INFO] [stderr]    Compiling tokio v1.53.1
[INFO] [stderr]    Compiling http v1.4.0
[INFO] [stderr]    Compiling solana-curve25519 v3.1.14
[INFO] [stderr]    Compiling gethostname v1.1.0
[INFO] [stderr]    Compiling aya-obj v0.3.0
[INFO] [stderr]    Compiling solana-curve25519 v2.3.13
[INFO] [stderr]    Compiling quinn-proto v0.11.15
[INFO] [stderr]    Compiling solana-epoch-info v3.1.0
[INFO] [stderr]    Compiling solana-serde v3.0.0
[INFO] [stderr]    Compiling solana-bincode v3.1.0
[INFO] [stderr]    Compiling tape-observe-api v0.4.7
[INFO] [stderr]    Compiling http-body v1.0.1
[INFO] [stderr]    Compiling http-body-util v0.1.3
[INFO] [stderr]    Compiling tungstenite v0.28.0
[INFO] [stderr]    Compiling axum-core v0.5.6
[INFO] [stderr]    Compiling solana-hash v4.5.0
[INFO] [stderr]    Compiling solana-sha256-hasher v3.1.0
[INFO] [stderr]    Compiling solana-address v2.6.1
[INFO] [stderr]    Compiling solana-signature v3.4.1
[INFO] [stderr]    Compiling solana-pubkey v4.2.1
[INFO] [stderr]    Compiling solana-sdk-ids v3.1.0
[INFO] [stderr]    Compiling solana-instruction v3.4.1
[INFO] [stderr]    Compiling solana-sysvar-id v3.1.0
[INFO] [stderr]    Compiling solana-get-sysvar v1.0.0
[INFO] [stderr]    Compiling solana-signer v3.0.1
[INFO] [stderr]    Compiling solana-account-info v3.1.1
[INFO] [stderr]    Compiling solana-clock v3.1.1
[INFO] [stderr]    Compiling solana-epoch-schedule v3.2.0
[INFO] [stderr]    Compiling solana-slot-hashes v3.1.0
[INFO] [stderr]    Compiling solana-program-entrypoint v3.1.1
[INFO] [stderr]    Compiling solana-slot-history v3.1.0
[INFO] [stderr]    Compiling solana-last-restart-slot v3.1.0
[INFO] [stderr]    Compiling solana-epoch-rewards v3.1.0
[INFO] [stderr]    Compiling solana-serialize-utils v3.1.2
[INFO] [stderr]    Compiling solana-rent v4.3.0
[INFO] [stderr]    Compiling solana-short-vec v3.2.2
[INFO] [stderr]    Compiling solana-stake-history v1.0.0
[INFO] [stderr]    Compiling solana-keypair v3.1.2
[INFO] [stderr]    Compiling solana-address v1.1.0
[INFO] [stderr]    Compiling solana-system-interface v3.2.0
[INFO] [stderr]    Compiling solana-pubkey v3.0.0
[INFO] [stderr]    Compiling solana-message v4.4.1
[INFO] [stderr]    Compiling solana-sysvar v4.1.0
[INFO] [stderr]    Compiling solana-cpi v3.1.0
[INFO] [stderr]    Compiling agave-feature-set v4.2.1
[INFO] [stderr]    Compiling solana-account v4.3.2
[INFO] [stderr]    Compiling solana-instructions-sysvar v4.0.0
[INFO] [stderr]    Compiling spl-discriminator v0.5.2
[INFO] [stderr]    Compiling solana-transaction-context v4.2.1
[INFO] [stderr]    Compiling solana-stake-interface v4.3.0
[INFO] [stderr]    Compiling solana-loader-v3-interface v7.0.0
[INFO] [stderr]    Compiling solana-instructions-sysvar v3.0.0
[INFO] [stderr]    Compiling solana-transaction v4.1.6
[INFO] [stderr]    Compiling spl-type-length-value v0.9.1
[INFO] [stderr]    Compiling solana-stable-layout v3.0.1
[INFO] [stderr]    Compiling solana-svm-transaction v4.2.0
[INFO] [stderr]    Compiling spl-token-group-interface v0.7.2
[INFO] [stderr]    Compiling solana-account-decoder-client-types v4.2.1
[INFO] [stderr]    Compiling solana-system-interface v2.0.0
[INFO] [stderr]    Compiling solana-packet v4.1.0
[INFO] [stderr]    Compiling solana-nonce v3.2.1
[INFO] [stderr]    Compiling solana-reward-info v6.2.0
[INFO] [stderr]    Compiling solana-svm-callback v4.2.1
[INFO] [stderr]    Compiling solana-vote-interface v6.0.3
[INFO] [stderr]    Compiling tokio-util v0.7.18
[INFO] [stderr]    Compiling tokio-rustls v0.26.4
[INFO] [stderr]    Compiling tower v0.5.3
[INFO] [stderr]    Compiling async-compression v0.4.39
[INFO] [stderr]    Compiling solana-zk-sdk v4.0.0
[INFO] [stderr]    Compiling solana-zk-elgamal-proof-interface v0.1.3
[INFO] [stderr]    Compiling h2 v0.4.19
[INFO] [stderr]    Compiling tower-http v0.6.8
[INFO] [stderr]    Compiling solana-transaction-status-client-types v4.2.1
[INFO] [stderr]    Compiling solana-svm-timings v4.2.1
[INFO] [stderr]    Compiling solana-wincode-varint v1.0.0
[INFO] [stderr]    Compiling solana-program-runtime v4.2.1
[INFO] [stderr]    Compiling solana-version v4.2.1
[INFO] [stderr]    Compiling spl-token-confidential-transfer-proof-extraction v0.6.0
[INFO] [stderr]    Compiling spl-token-metadata-interface v1.0.1
[INFO] [stderr]    Compiling solana-account v3.4.0
[INFO] [stderr]    Compiling solana-cluster-type v3.1.0
[INFO] [stderr]    Compiling solana-rpc-client-types v4.2.1
[INFO] [stderr]    Compiling solana-config-interface v2.0.0
[INFO] [stderr]    Compiling spl-token-2022-interface v3.1.1
[INFO] [stderr]    Compiling solana-compute-budget v4.2.1
[INFO] [stderr]    Compiling solana-builtins-default-costs v4.2.1
[INFO] [stderr]    Compiling spl-token-interface v3.0.0
[INFO] [stderr]    Compiling spl-generic-token v2.0.1
[INFO] [stderr]    Compiling solana-address-lookup-table-interface v3.1.0
[INFO] [stderr]    Compiling solana-compute-budget-interface v3.0.0
[INFO] [stderr]    Compiling aya v0.14.0
[INFO] [stderr]    Compiling solana-compute-budget-instruction v4.2.1
[INFO] [stderr]    Compiling agave-transaction-view v4.2.1
[INFO] [stderr]    Compiling solana-account-decoder v4.2.1
[INFO] [stderr]    Compiling tape-crypto v0.4.7
[INFO] [stderr]    Compiling solana-rent v3.1.0
[INFO] [stderr]    Compiling solana-sysvar v3.1.1
[INFO] [stderr]    Compiling solana-runtime-transaction v4.2.1
[INFO] [stderr]    Compiling quinn v0.11.11
[INFO] [stderr]    Compiling spl-token-interface v2.0.0
[INFO] [stderr]    Compiling spl-associated-token-account-interface v2.0.0
[INFO] [stderr]    Compiling solana-bls-signatures v3.3.0
[INFO] [stderr]    Compiling spl-pod v0.7.3
[INFO] [stderr]    Compiling spl-token-confidential-transfer-proof-generation v0.5.1
[INFO] [stderr]    Compiling spl-token-metadata-interface v0.8.0
[INFO] [stderr]    Compiling spl-token-confidential-transfer-proof-extraction v0.5.1
[INFO] [stderr]    Compiling hyper v1.8.1
[INFO] [stderr]    Compiling spl-token-2022-interface v2.1.0
[INFO] [stderr]    Compiling agave-votor-messages v4.2.1
[INFO] [stderr]    Compiling agave-xdp-ebpf v4.2.1
[INFO] [stderr]    Compiling agave-xdp v4.2.1
[INFO] [stderr]    Compiling tape-core v0.4.7
[INFO] [stderr]    Compiling solana-tls-utils v4.2.1
[INFO] [stderr]    Compiling solana-example-mocks v4.0.0
[INFO] [stderr]    Compiling solana-feature-gate-interface v4.0.0
[INFO] [stderr]    Compiling solana-epoch-stake v3.0.1
[INFO] [stderr]    Compiling solana-blake3-hasher v3.1.0
[INFO] [stderr]    Compiling solana-keccak-hasher v3.1.0
[INFO] [stderr]    Compiling spl-token v9.0.0
[INFO] [stderr]    Compiling solana-net-utils v4.2.1
[INFO] [stderr]    Compiling solana-program v4.0.0
[INFO] [stderr]    Compiling hyper-util v0.1.20
[INFO] [stderr]    Compiling solana-vote v4.2.1
[INFO] [stderr]    Compiling spl-associated-token-account v8.0.0
[INFO] [stderr]    Compiling tokio-tungstenite v0.28.0
[INFO] [stderr]    Compiling tokio-stream v0.1.18
[INFO] [stderr]    Compiling tape-solana v0.4.7
[INFO] [stderr]    Compiling solana-leader-schedule v4.2.1
[INFO] [stderr]    Compiling solana-pubsub-client v4.2.1
[INFO] [stderr]    Compiling solana-client-traits v4.0.0
[INFO] [stderr]    Compiling agave-reserved-account-keys v4.2.1
[INFO] [stderr]    Compiling solana-loader-v2-interface v3.0.0
[INFO] [stderr]    Compiling spl-memo-interface v2.1.0
[INFO] [stderr]    Compiling solana-transaction-status v4.2.1
[INFO] [stderr]    Compiling tape-retry v0.4.7
[INFO] [stderr]    Compiling tempfile v3.25.0
[INFO] [stderr]    Compiling hyper-rustls v0.27.7
[INFO] [stderr]    Compiling axum v0.8.8
[INFO] [stderr]    Compiling reqwest v0.12.28
[INFO] [stderr]    Compiling tape-api v0.4.7
[INFO] [stderr]    Compiling tape-slicer v0.4.7
[INFO] [stderr]    Compiling tape-snapshot v0.4.7
[INFO] [stderr]    Compiling solana-metrics v4.2.1
[INFO] [stderr]    Compiling reqwest-middleware v0.4.2
[INFO] [stderr]    Compiling tape-peer-tls v0.4.7
[INFO] [stderr]    Compiling solana-connection-cache v4.2.1
[INFO] [stderr]    Compiling solana-perf v4.2.1
[INFO] [stderr]    Compiling solana-rpc-client-api v4.2.1
[INFO] [stderr]    Compiling solana-rpc-client v4.2.1
[INFO] [stderr]    Compiling solana-streamer v4.2.1
[INFO] [stderr]    Compiling solana-udp-client v4.2.1
[INFO] [stderr]    Compiling solana-quic-client v4.2.1
[INFO] [stderr]    Compiling tape-blocks v0.4.7
[INFO] [stderr]    Compiling solana-rpc-client-nonce-utils v4.2.1
[INFO] [stderr]    Compiling solana-tpu-client v4.2.1
[INFO] [stderr]    Compiling solana-client v4.2.1
[INFO] [stderr]    Compiling tape-rpc v0.4.7
[INFO] [stderr]    Compiling tape-rpc-solana v0.4.7
[INFO] [stderr]    Compiling tape-rpc-client v0.4.7
[INFO] [stderr]    Compiling tape-protocol v0.4.7
[INFO] [stderr]    Compiling tape-peer-manager v0.4.7
[INFO] [stderr]    Compiling tape-peer-http v0.4.7
[INFO] [stderr]    Compiling tape-sdk v0.4.7 (/opt/rustwide/workdir)
[INFO] [stdout] error[E0432]: unresolved import `rpc_litesvm`
[INFO] [stdout]    --> src/gateway.rs:207:9
[INFO] [stdout]     |
[INFO] [stdout] 207 |     use rpc_litesvm::LiteSvmRpc;
[INFO] [stdout]     |         ^^^^^^^^^^^ use of unresolved module or unlinked crate `rpc_litesvm`
[INFO] [stdout]     |
[INFO] [stdout]     = help: if you wanted to use a crate named `rpc_litesvm`, use `cargo add rpc_litesvm` to add it to your `Cargo.toml`
[INFO] [stdout] 
[INFO] [stdout] 
[INFO] [stdout] error[E0432]: unresolved import `peer_memory`
[INFO] [stdout]     --> src/stream/write.rs:1601:9
[INFO] [stdout]      |
[INFO] [stdout] 1601 |     use peer_memory::MemoryApi;
[INFO] [stdout]      |         ^^^^^^^^^^^ use of unresolved module or unlinked crate `peer_memory`
[INFO] [stdout]      |
[INFO] [stdout]      = help: if you wanted to use a crate named `peer_memory`, use `cargo add peer_memory` to add it to your `Cargo.toml`
[INFO] [stdout] 
[INFO] [stdout] 
[INFO] [stdout] error[E0432]: unresolved import `rpc_litesvm`
[INFO] [stdout]     --> src/stream/write.rs:1602:9
[INFO] [stdout]      |
[INFO] [stdout] 1602 |     use rpc_litesvm::LiteSvmRpc;
[INFO] [stdout]      |         ^^^^^^^^^^^ use of unresolved module or unlinked crate `rpc_litesvm`
[INFO] [stdout]      |
[INFO] [stdout]      = help: if you wanted to use a crate named `rpc_litesvm`, use `cargo add rpc_litesvm` to add it to your `Cargo.toml`
[INFO] [stdout] 
[INFO] [stdout] 
[INFO] [stdout] error[E0432]: unresolved import `rpc_litesvm`
[INFO] [stdout]    --> src/tapedrive.rs:388:9
[INFO] [stdout]     |
[INFO] [stdout] 388 |     use rpc_litesvm::LiteSvmRpc;
[INFO] [stdout]     |         ^^^^^^^^^^^ use of unresolved module or unlinked crate `rpc_litesvm`
[INFO] [stdout]     |
[INFO] [stdout]     = help: if you wanted to use a crate named `rpc_litesvm`, use `cargo add rpc_litesvm` to add it to your `Cargo.toml`
[INFO] [stdout] 
[INFO] [stdout] 
[INFO] [stdout] error[E0432]: unresolved import `peer_memory`
[INFO] [stdout]    --> src/transfer/uploader.rs:708:9
[INFO] [stdout]     |
[INFO] [stdout] 708 |     use peer_memory::MemoryApi;
[INFO] [stdout]     |         ^^^^^^^^^^^ use of unresolved module or unlinked crate `peer_memory`
[INFO] [stdout]     |
[INFO] [stdout]     = help: if you wanted to use a crate named `peer_memory`, use `cargo add peer_memory` to add it to your `Cargo.toml`
[INFO] [stdout] 
[INFO] [stdout] 
[INFO] [stdout] error[E0432]: unresolved import `peer_memory`
[INFO] [stdout]  --> tests/sdk.rs:7:5
[INFO] [stdout]   |
[INFO] [stdout] 7 | use peer_memory::MemoryApi;
[INFO] [stdout]   |     ^^^^^^^^^^^ use of unresolved module or unlinked crate `peer_memory`
[INFO] [stdout]   |
[INFO] [stdout]   = help: if you wanted to use a crate named `peer_memory`, use `cargo add peer_memory` to add it to your `Cargo.toml`
[INFO] [stdout] 
[INFO] [stdout] 
[INFO] [stdout] error[E0432]: unresolved import `rpc_litesvm`
[INFO] [stdout]  --> tests/sdk.rs:9:5
[INFO] [stdout]   |
[INFO] [stdout] 9 | use rpc_litesvm::LiteSvmRpc;
[INFO] [stdout]   |     ^^^^^^^^^^^ use of unresolved module or unlinked crate `rpc_litesvm`
[INFO] [stdout]   |
[INFO] [stdout]   = help: if you wanted to use a crate named `rpc_litesvm`, use `cargo add rpc_litesvm` to add it to your `Cargo.toml`
[INFO] [stdout] 
[INFO] [stdout] 
[INFO] [stdout] For more information about this error, try `rustc --explain E0432`.
[INFO] [stdout] 
[INFO] [stderr] error: could not compile `tape-sdk` (lib test) due to 5 previous errors
[INFO] [stderr] warning: build failed, waiting for other jobs to finish...
[INFO] [stdout] For more information about this error, try `rustc --explain E0432`.
[INFO] [stdout] 
[INFO] [stderr] error: could not compile `tape-sdk` (test "sdk") due to 2 previous errors
[INFO] running `Command { std: "docker" "inspect" "7842f44c3fe64d522235e74bac2e893523ec801c8d8ba8e3833f8d1451075abe", kill_on_drop: false }`
[INFO] running `Command { std: "docker" "rm" "-f" "7842f44c3fe64d522235e74bac2e893523ec801c8d8ba8e3833f8d1451075abe", kill_on_drop: false }`
[INFO] [stdout] 7842f44c3fe64d522235e74bac2e893523ec801c8d8ba8e3833f8d1451075abe
