[INFO] fetching crate tao 0.37.1...
[INFO] testing tao-0.37.1 against 1.99.0-beta.8 for beta-1.100-2
[INFO] extracting crate tao 0.37.1 into /workspace/builds/worker-3-tc1/source
[INFO] started tweaking crates.io crate tao 0.37.1
[INFO] removed 0 missing examples
[INFO] finished tweaking crates.io crate tao 0.37.1
[INFO] tweaked toml for crates.io crate tao 0.37.1 written to /workspace/builds/worker-3-tc1/source/Cargo.toml
[INFO] validating manifest of crates.io crate tao 0.37.1 on toolchain 1.99.0-beta.8
[INFO] running `Command { std: CARGO_HOME="/workspace/cargo-home" RUSTUP_HOME="/workspace/rustup-home" "/workspace/cargo-home/bin/cargo" "+1.99.0-beta.8" "metadata" "--manifest-path" "Cargo.toml" "--no-deps", kill_on_drop: false }`
[INFO] crate crates.io crate tao 0.37.1 already has a lockfile, it will not be regenerated
[INFO] running `Command { std: CARGO_HOME="/workspace/cargo-home" RUSTUP_HOME="/workspace/rustup-home" "/workspace/cargo-home/bin/cargo" "+1.99.0-beta.8" "fetch" "--manifest-path" "Cargo.toml", kill_on_drop: false }`
[INFO] [stderr]     Updating crates.io index
[INFO] [stderr]  Downloading crates ...
[INFO] [stderr]   Downloaded tiny-xlib v0.2.5
[INFO] [stderr]   Downloaded drm-ffi v0.9.1
[INFO] [stderr]   Downloaded drm-sys v0.8.1
[INFO] [stderr]   Downloaded drm-fourcc v2.2.0
[INFO] [stderr]   Downloaded drm v0.14.1
[INFO] [stderr]   Downloaded cty v0.2.2
[INFO] [stderr]   Downloaded raw-window-handle v0.4.3
[INFO] [stderr]   Downloaded jiff-static v0.2.37
[INFO] [stderr]   Downloaded jiff v0.2.37
[INFO] running `Command { std: "docker" "create" "-v" "/var/lib/crater-agent-workspace/builds/worker-3-tc1/source:/opt/rustwide/workdir:ro,Z" "-v" "/var/lib/crater-agent-workspace/builds/worker-3-tc1/target:/opt/rustwide/target:rw,Z" "-v" "/var/lib/crater-agent-workspace/cargo-home:/opt/rustwide/cargo-home:ro,Z" "-v" "/var/lib/crater-agent-workspace/rustup-home:/opt/rustwide/rustup-home:ro,Z" "-m" "1610612736" "--network" "none" "ghcr.io/rust-lang/crates-build-env/linux@sha256:3111399a4047eeb3a02b7a90e478d715f38a8c6669b5c4b49d30a17385265909" "sleep" "infinity", kill_on_drop: false }`
[INFO] [stdout] 620664f40da96a64f80fb507ca184f91367e3b9d19be34881ace195e49d75bc7
[INFO] running `Command { std: "docker" "start" "620664f40da96a64f80fb507ca184f91367e3b9d19be34881ace195e49d75bc7", kill_on_drop: false }`
[INFO] running `Command { std: "docker" "inspect" "620664f40da96a64f80fb507ca184f91367e3b9d19be34881ace195e49d75bc7", kill_on_drop: false }`
[INFO] running `Command { std: "docker" "exec" "-e" "SOURCE_DIR=/opt/rustwide/workdir" "-e" "CARGO_HOME=/opt/rustwide/cargo-home" "-e" "RUSTUP_HOME=/opt/rustwide/rustup-home" "-e" "CARGO_TARGET_DIR=/opt/rustwide/target" "-w" "/opt/rustwide/workdir" "--user" "0:0" "620664f40da96a64f80fb507ca184f91367e3b9d19be34881ace195e49d75bc7" "/opt/rustwide/cargo-home/bin/cargo" "+1.99.0-beta.8" "metadata" "--no-deps" "--format-version=1", kill_on_drop: false }`
[INFO] running `Command { std: "docker" "inspect" "620664f40da96a64f80fb507ca184f91367e3b9d19be34881ace195e49d75bc7", kill_on_drop: false }`
[INFO] running `Command { std: "docker" "exec" "-e" "SOURCE_DIR=/opt/rustwide/workdir" "-e" "CARGO_HOME=/opt/rustwide/cargo-home" "-e" "RUSTUP_HOME=/opt/rustwide/rustup-home" "-e" "CARGO_TARGET_DIR=/opt/rustwide/target" "-e" "CARGO_INCREMENTAL=0" "-e" "RUST_BACKTRACE=full" "-e" "RUSTFLAGS=--cap-lints=warn" "-e" "RUSTDOCFLAGS=--cap-lints=warn" "-w" "/opt/rustwide/workdir" "--user" "0:0" "620664f40da96a64f80fb507ca184f91367e3b9d19be34881ace195e49d75bc7" "/opt/rustwide/cargo-home/bin/cargo" "+1.99.0-beta.8" "build" "--frozen" "--message-format=json", kill_on_drop: false }`
[INFO] [stderr]    Compiling serde_core v1.0.229
[INFO] [stderr]    Compiling smallvec v1.16.2
[INFO] [stderr]    Compiling futures-core v0.3.34
[INFO] [stderr]    Compiling syn v1.0.109
[INFO] [stderr]    Compiling gio v0.18.4
[INFO] [stderr]    Compiling futures-io v0.3.34
[INFO] [stderr]    Compiling x11 v2.21.0
[INFO] [stderr]    Compiling syn v3.0.6
[INFO] [stderr]    Compiling syn v2.0.119
[INFO] [stderr]    Compiling proc-macro-error-attr v1.0.4
[INFO] [stderr]    Compiling libdbus-sys v0.2.7
[INFO] [stderr]    Compiling field-offset v0.3.6
[INFO] [stderr]    Compiling crossbeam-utils v0.8.23
[INFO] [stderr]    Compiling gtk v0.18.2
[INFO] [stderr]    Compiling x11-dl v2.21.0
[INFO] [stderr]    Compiling cfg-expr v0.15.8
[INFO] [stderr]    Compiling futures-channel v0.3.34
[INFO] [stderr]    Compiling dpi v0.1.2
[INFO] [stderr]    Compiling log v0.4.34
[INFO] [stderr]    Compiling dbus v0.9.12
[INFO] [stderr]    Compiling parking_lot_core v0.9.12
[INFO] [stderr]    Compiling parking_lot v0.12.5
[INFO] [stderr]    Compiling proc-macro-error v1.0.4
[INFO] [stderr]    Compiling crossbeam-channel v0.5.17
[INFO] [stderr]    Compiling serde v1.0.229
[INFO] [stderr]    Compiling toml_datetime v0.6.3
[INFO] [stderr]    Compiling serde_spanned v0.6.9
[INFO] [stderr]    Compiling toml_edit v0.20.2
[INFO] [stderr]    Compiling toml_edit v0.19.15
[INFO] [stderr]    Compiling thiserror-impl v1.0.69
[INFO] [stderr]    Compiling dlopen2_derive v0.4.3
[INFO] [stderr]    Compiling dlopen2 v0.8.2
[INFO] [stderr]    Compiling synstructure v0.14.0
[INFO] [stderr]    Compiling thiserror v1.0.69
[INFO] [stderr]    Compiling zerovec-derive v0.11.6
[INFO] [stderr]    Compiling displaydoc v0.2.7
[INFO] [stderr]    Compiling futures-macro v0.3.34
[INFO] [stderr]    Compiling zerofrom-derive v0.1.8
[INFO] [stderr]    Compiling yoke-derive v0.8.3
[INFO] [stderr]    Compiling futures-util v0.3.34
[INFO] [stderr]    Compiling proc-macro-crate v1.3.1
[INFO] [stderr]    Compiling zerofrom v0.1.8
[INFO] [stderr]    Compiling yoke v0.8.3
[INFO] [stderr]    Compiling zerovec v0.11.8
[INFO] [stderr]    Compiling zerotrie v0.2.5
[INFO] [stderr]    Compiling gtk3-macros v0.18.2
[INFO] [stderr]    Compiling toml v0.8.2
[INFO] [stderr]    Compiling proc-macro-crate v2.0.2
[INFO] [stderr]    Compiling glib-macros v0.18.5
[INFO] [stderr]    Compiling system-deps v6.2.2
[INFO] [stderr]    Compiling tinystr v0.8.4
[INFO] [stderr]    Compiling potential_utf v0.1.6
[INFO] [stderr]    Compiling icu_locale_core v2.3.0
[INFO] [stderr]    Compiling icu_collections v2.3.0
[INFO] [stderr]    Compiling glib-sys v0.18.1
[INFO] [stderr]    Compiling gobject-sys v0.18.0
[INFO] [stderr]    Compiling gio-sys v0.18.1
[INFO] [stderr]    Compiling gdk-sys v0.18.2
[INFO] [stderr]    Compiling cairo-sys-rs v0.18.2
[INFO] [stderr]    Compiling pango-sys v0.18.0
[INFO] [stderr]    Compiling gdk-pixbuf-sys v0.18.0
[INFO] [stderr]    Compiling atk-sys v0.18.2
[INFO] [stderr]    Compiling gtk-sys v0.18.2
[INFO] [stderr]    Compiling gdkx11-sys v0.18.2
[INFO] [stderr]    Compiling icu_provider v2.3.1
[INFO] [stderr]    Compiling icu_properties v2.3.0
[INFO] [stderr]    Compiling icu_normalizer v2.3.0
[INFO] [stderr]    Compiling futures-executor v0.3.34
[INFO] [stderr]    Compiling glib v0.18.5
[INFO] [stderr]    Compiling idna_adapter v1.2.2
[INFO] [stderr]    Compiling idna v1.1.0
[INFO] [stderr]    Compiling gdkwayland-sys v0.18.2
[INFO] [stderr]    Compiling url v2.5.8
[INFO] [stderr]    Compiling cairo-rs v0.18.5
[INFO] [stderr]    Compiling atk v0.18.2
[INFO] [stderr]    Compiling gdk-pixbuf v0.18.5
[INFO] [stderr]    Compiling pango v0.18.3
[INFO] [stderr]    Compiling gdk v0.18.2
[INFO] [stderr]    Compiling tao v0.37.1 (/opt/rustwide/workdir)
[INFO] [stdout] warning: use of deprecated associated function `gtk::glib::main_context_channel::<impl gtk::glib::MainContext>::channel`: Use an async channel, from async-channel for example, on the main context using spawn_future_local() instead
[INFO] [stdout]    --> src/platform_impl/linux/event_loop.rs:244:71
[INFO] [stdout]     |
[INFO] [stdout] 244 |     let (window_requests_tx, window_requests_rx) = glib::MainContext::channel(Priority::default());
[INFO] [stdout]     |                                                                       ^^^^^^^
[INFO] [stdout]     |
[INFO] [stdout]     = note: `#[warn(deprecated)]` on by default
[INFO] [stdout] 
[INFO] [stdout] 
[INFO] [stdout] warning: use of deprecated associated function `gtk::glib::main_context_channel::<impl gtk::glib::MainContext>::channel`: Use an async channel, from async-channel for example, on the main context using spawn_future_local() instead
[INFO] [stdout]    --> src/platform_impl/linux/event_loop.rs:259:55
[INFO] [stdout]     |
[INFO] [stdout] 259 |       let (device_tx, device_rx) = glib::MainContext::channel(glib::Priority::default());
[INFO] [stdout]     |                                                       ^^^^^^^
[INFO] [stdout] 
[INFO] [stdout] 
[INFO] [stdout] warning: use of deprecated associated function `gtk::glib::main_context_channel::<impl gtk::glib::MainContext>::channel`: Use an async channel, from async-channel for example, on the main context using spawn_future_local() instead
[INFO] [stdout]   --> src/platform_impl/linux/portal.rs:37:31
[INFO] [stdout]    |
[INFO] [stdout] 37 |   let (tx, rx) = MainContext::channel(Priority::DEFAULT);
[INFO] [stdout]    |                               ^^^^^^^
[INFO] [stdout] 
[INFO] [stdout] 
[INFO] [stderr]     Finished `dev` profile [unoptimized + debuginfo] target(s) in 1m 35s
[INFO] running `Command { std: "docker" "inspect" "620664f40da96a64f80fb507ca184f91367e3b9d19be34881ace195e49d75bc7", kill_on_drop: false }`
[INFO] running `Command { std: "docker" "exec" "-e" "SOURCE_DIR=/opt/rustwide/workdir" "-e" "CARGO_HOME=/opt/rustwide/cargo-home" "-e" "RUSTUP_HOME=/opt/rustwide/rustup-home" "-e" "CARGO_TARGET_DIR=/opt/rustwide/target" "-e" "CARGO_INCREMENTAL=0" "-e" "RUST_BACKTRACE=full" "-e" "RUSTFLAGS=--cap-lints=warn" "-e" "RUSTDOCFLAGS=--cap-lints=warn" "-w" "/opt/rustwide/workdir" "--user" "0:0" "620664f40da96a64f80fb507ca184f91367e3b9d19be34881ace195e49d75bc7" "/opt/rustwide/cargo-home/bin/cargo" "+1.99.0-beta.8" "test" "--frozen" "--no-run" "--message-format=json", kill_on_drop: false }`
[INFO] [stderr]    Compiling equator-macro v0.4.2
[INFO] [stderr]    Compiling either v1.18.0
[INFO] [stderr]    Compiling num-bigint v0.4.8
[INFO] [stderr]    Compiling crc32fast v1.5.2
[INFO] [stderr]    Compiling arrayvec v0.7.8
[INFO] [stderr]    Compiling zerocopy v0.8.59
[INFO] [stderr]    Compiling zerocopy-derive v0.8.59
[INFO] [stderr]    Compiling as-slice v0.2.1
[INFO] [stderr]    Compiling thiserror-impl v2.0.21
[INFO] [stderr]    Compiling av-scenechange v0.14.1
[INFO] [stderr]    Compiling built v0.8.1
[INFO] [stderr]    Compiling bytemuck v1.25.2
[INFO] [stderr]    Compiling libm v0.2.16
[INFO] [stderr]    Compiling miniz_oxide v0.9.1
[INFO] [stderr]    Compiling arg_enum_proc_macro v0.3.4
[INFO] [stderr]    Compiling pulp v0.22.3
[INFO] [stderr]    Compiling aligned v0.4.3
[INFO] [stderr]    Compiling no_std_io2 v0.9.4
[INFO] [stderr]    Compiling nom v8.0.0
[INFO] [stderr]    Compiling profiling-procmacros v1.0.18
[INFO] [stderr]    Compiling y4m v0.8.0
[INFO] [stderr]    Compiling pastey v0.1.1
[INFO] [stderr]    Compiling rayon v1.12.0
[INFO] [stderr]    Compiling itertools v0.14.0
[INFO] [stderr]    Compiling rav1e v0.8.1
[INFO] [stderr]    Compiling profiling v1.0.18
[INFO] [stderr]    Compiling bitstream-io v4.10.0
[INFO] [stderr]    Compiling num-complex v0.4.6
[INFO] [stderr]    Compiling num-derive v0.4.2
[INFO] [stderr]    Compiling raw-cpuid v11.6.0
[INFO] [stderr]    Compiling simd_helpers v0.1.0
[INFO] [stderr]    Compiling imgref v1.12.3
[INFO] [stderr]    Compiling zune-core v0.5.3
[INFO] [stderr]    Compiling equator v0.4.2
[INFO] [stderr]    Compiling flate2 v1.1.10
[INFO] [stderr]    Compiling aligned-vec v0.6.4
[INFO] [stderr]    Compiling pulp-wasm-simd-flag v0.1.1
[INFO] [stderr]    Compiling noop_proc_macro v0.3.0
[INFO] [stderr]    Compiling num-rational v0.4.2
[INFO] [stderr]    Compiling v_frame v0.3.9
[INFO] [stderr]    Compiling reborrow v0.5.5
[INFO] [stderr]    Compiling zune-jpeg v0.5.15
[INFO] [stderr]    Compiling loop9 v0.1.5
[INFO] [stderr]    Compiling avif-serialize v0.8.9
[INFO] [stderr]    Compiling zune-inflate v0.2.54
[INFO] [stderr]    Compiling bit_field v0.10.3
[INFO] [stderr]    Compiling rgb v0.8.53
[INFO] [stderr]    Compiling fax v0.2.7
[INFO] [stderr]    Compiling lebe v0.5.3
[INFO] [stderr]    Compiling thiserror v2.0.21
[INFO] [stderr]    Compiling pxfm v0.1.30
[INFO] [stderr]    Compiling jiff-core v0.1.1
[INFO] [stderr]    Compiling png v0.18.1
[INFO] [stderr]    Compiling anstream v1.0.0
[INFO] [stderr]    Compiling env_filter v2.0.0
[INFO] [stderr]    Compiling qoi v0.4.1
[INFO] [stderr]    Compiling tao v0.37.1 (/opt/rustwide/workdir)
[INFO] [stdout] warning: use of deprecated associated function `gtk::glib::main_context_channel::<impl gtk::glib::MainContext>::channel`: Use an async channel, from async-channel for example, on the main context using spawn_future_local() instead
[INFO] [stdout]    --> src/platform_impl/linux/event_loop.rs:244:71
[INFO] [stdout]     |
[INFO] [stdout] 244 |     let (window_requests_tx, window_requests_rx) = glib::MainContext::channel(Priority::default());
[INFO] [stdout]     |                                                                       ^^^^^^^
[INFO] [stdout]     |
[INFO] [stdout]     = note: `#[warn(deprecated)]` on by default
[INFO] [stdout] 
[INFO] [stdout] 
[INFO] [stdout] warning: use of deprecated associated function `gtk::glib::main_context_channel::<impl gtk::glib::MainContext>::channel`: Use an async channel, from async-channel for example, on the main context using spawn_future_local() instead
[INFO] [stdout]    --> src/platform_impl/linux/event_loop.rs:259:55
[INFO] [stdout]     |
[INFO] [stdout] 259 |       let (device_tx, device_rx) = glib::MainContext::channel(glib::Priority::default());
[INFO] [stdout]     |                                                       ^^^^^^^
[INFO] [stdout] 
[INFO] [stdout] 
[INFO] [stdout] warning: use of deprecated associated function `gtk::glib::main_context_channel::<impl gtk::glib::MainContext>::channel`: Use an async channel, from async-channel for example, on the main context using spawn_future_local() instead
[INFO] [stdout]   --> src/platform_impl/linux/portal.rs:37:31
[INFO] [stdout]    |
[INFO] [stdout] 37 |   let (tx, rx) = MainContext::channel(Priority::DEFAULT);
[INFO] [stdout]    |                               ^^^^^^^
[INFO] [stdout] 
[INFO] [stdout] 
[INFO] [stderr]    Compiling jiff v0.2.37
[INFO] [stderr]    Compiling av1-grain v0.2.5
[INFO] [stderr]    Compiling maybe-rayon v0.1.1
[INFO] [stderr]    Compiling moxcms v0.8.1
[INFO] [stderr]    Compiling env_logger v0.11.11
[INFO] [stderr]    Compiling half v2.7.1
[INFO] [stderr]    Compiling tiff v0.11.3
[INFO] [stderr]    Compiling exr v1.74.2
[INFO] [stderr]    Compiling ravif v0.13.0
[INFO] [stderr]    Compiling image v0.25.10
[INFO] [stderr] error: could not compile `tao` (example "parentwindow")
[INFO] [stderr] 
[INFO] [stderr] Caused by:
[INFO] [stderr]   process didn't exit successfully: `/opt/rustwide/rustup-home/toolchains/1.99.0-beta.8-x86_64-unknown-linux-gnu/bin/rustc --crate-name parentwindow --edition=2021 examples/parentwindow.rs --error-format=json --json=diagnostic-rendered-ansi,artifacts,future-incompat --crate-type bin --emit=dep-info,link -C embed-bitcode=no -C debuginfo=2 --cfg 'feature="dbus"' --cfg 'feature="default"' --cfg 'feature="rwh_06"' --cfg 'feature="x11"' --check-cfg 'cfg(docsrs,test)' --check-cfg 'cfg(feature, values("dbus", "default", "rwh_04", "rwh_05", "rwh_06", "serde", "x11"))' -C metadata=3e8aaf3cfdadf434 -C extra-filename=-38d8aa5899e77d4d --out-dir /opt/rustwide/target/debug/examples -L dependency=/opt/rustwide/target/debug/deps --extern bitflags=/opt/rustwide/target/debug/deps/libbitflags-f1dadb638be7cd27.rlib --extern crossbeam_channel=/opt/rustwide/target/debug/deps/libcrossbeam_channel-83afe9d595016aef.rlib --extern dbus=/opt/rustwide/target/debug/deps/libdbus-827424b0375ed637.rlib --extern dlopen2=/opt/rustwide/target/debug/deps/libdlopen2-0fffaccd2278e276.rlib --extern dpi=/opt/rustwide/target/debug/deps/libdpi-859efb1a7161344c.rlib --extern env_logger=/opt/rustwide/target/debug/deps/libenv_logger-b09463409a009cc2.rlib --extern gdk_wayland_sys=/opt/rustwide/target/debug/deps/libgdk_wayland_sys-46ac6e3b90e5a7ac.rlib --extern gdk_x11_sys=/opt/rustwide/target/debug/deps/libgdk_x11_sys-a8024f5ad46cdd24.rlib --extern gtk=/opt/rustwide/target/debug/deps/libgtk-f3007d5a6658a470.rlib --extern image=/opt/rustwide/target/debug/deps/libimage-8b872b392a3848d4.rlib --extern libc=/opt/rustwide/target/debug/deps/liblibc-32464e1b8391e223.rlib --extern log=/opt/rustwide/target/debug/deps/liblog-431c2e66b4ed7b91.rlib --extern parking_lot=/opt/rustwide/target/debug/deps/libparking_lot-bd9ac4e49587b676.rlib --extern rwh_06=/opt/rustwide/target/debug/deps/libraw_window_handle-633e2839334924d0.rlib --extern tao=/opt/rustwide/target/debug/deps/libtao-a5e1ace8fed12529.rlib --extern url=/opt/rustwide/target/debug/deps/liburl-5f726dc07ce332dc.rlib --extern x11_dl=/opt/rustwide/target/debug/deps/libx11_dl-c934a4d4e279d262.rlib --cap-lints=warn -L native=/usr/lib/x86_64-linux-gnu` (signal: 9, SIGKILL: kill)
[INFO] [stderr] warning: build failed, waiting for other jobs to finish...
[INFO] [stderr] error: could not compile `tao` (example "window_icon")
[INFO] [stderr] 
[INFO] [stderr] Caused by:
[INFO] [stderr]   process didn't exit successfully: `/opt/rustwide/rustup-home/toolchains/1.99.0-beta.8-x86_64-unknown-linux-gnu/bin/rustc --crate-name window_icon --edition=2021 examples/window_icon.rs --error-format=json --json=diagnostic-rendered-ansi,artifacts,future-incompat --crate-type bin --emit=dep-info,link -C embed-bitcode=no -C debuginfo=2 --cfg 'feature="dbus"' --cfg 'feature="default"' --cfg 'feature="rwh_06"' --cfg 'feature="x11"' --check-cfg 'cfg(docsrs,test)' --check-cfg 'cfg(feature, values("dbus", "default", "rwh_04", "rwh_05", "rwh_06", "serde", "x11"))' -C metadata=e482e8f65e430b65 -C extra-filename=-f76282dcc99a99e2 --out-dir /opt/rustwide/target/debug/examples -L dependency=/opt/rustwide/target/debug/deps --extern bitflags=/opt/rustwide/target/debug/deps/libbitflags-f1dadb638be7cd27.rlib --extern crossbeam_channel=/opt/rustwide/target/debug/deps/libcrossbeam_channel-83afe9d595016aef.rlib --extern dbus=/opt/rustwide/target/debug/deps/libdbus-827424b0375ed637.rlib --extern dlopen2=/opt/rustwide/target/debug/deps/libdlopen2-0fffaccd2278e276.rlib --extern dpi=/opt/rustwide/target/debug/deps/libdpi-859efb1a7161344c.rlib --extern env_logger=/opt/rustwide/target/debug/deps/libenv_logger-b09463409a009cc2.rlib --extern gdk_wayland_sys=/opt/rustwide/target/debug/deps/libgdk_wayland_sys-46ac6e3b90e5a7ac.rlib --extern gdk_x11_sys=/opt/rustwide/target/debug/deps/libgdk_x11_sys-a8024f5ad46cdd24.rlib --extern gtk=/opt/rustwide/target/debug/deps/libgtk-f3007d5a6658a470.rlib --extern image=/opt/rustwide/target/debug/deps/libimage-8b872b392a3848d4.rlib --extern libc=/opt/rustwide/target/debug/deps/liblibc-32464e1b8391e223.rlib --extern log=/opt/rustwide/target/debug/deps/liblog-431c2e66b4ed7b91.rlib --extern parking_lot=/opt/rustwide/target/debug/deps/libparking_lot-bd9ac4e49587b676.rlib --extern rwh_06=/opt/rustwide/target/debug/deps/libraw_window_handle-633e2839334924d0.rlib --extern tao=/opt/rustwide/target/debug/deps/libtao-a5e1ace8fed12529.rlib --extern url=/opt/rustwide/target/debug/deps/liburl-5f726dc07ce332dc.rlib --extern x11_dl=/opt/rustwide/target/debug/deps/libx11_dl-c934a4d4e279d262.rlib --cap-lints=warn -L native=/usr/lib/x86_64-linux-gnu` (signal: 9, SIGKILL: kill)
[INFO] [stderr] error: could not compile `tao` (example "decorations")
[INFO] [stderr] 
[INFO] [stderr] Caused by:
[INFO] [stderr]   process didn't exit successfully: `/opt/rustwide/rustup-home/toolchains/1.99.0-beta.8-x86_64-unknown-linux-gnu/bin/rustc --crate-name decorations --edition=2021 examples/decorations.rs --error-format=json --json=diagnostic-rendered-ansi,artifacts,future-incompat --crate-type bin --emit=dep-info,link -C embed-bitcode=no -C debuginfo=2 --cfg 'feature="dbus"' --cfg 'feature="default"' --cfg 'feature="rwh_06"' --cfg 'feature="x11"' --check-cfg 'cfg(docsrs,test)' --check-cfg 'cfg(feature, values("dbus", "default", "rwh_04", "rwh_05", "rwh_06", "serde", "x11"))' -C metadata=ec819574cb34373e -C extra-filename=-f3cee72fa87004e7 --out-dir /opt/rustwide/target/debug/examples -L dependency=/opt/rustwide/target/debug/deps --extern bitflags=/opt/rustwide/target/debug/deps/libbitflags-f1dadb638be7cd27.rlib --extern crossbeam_channel=/opt/rustwide/target/debug/deps/libcrossbeam_channel-83afe9d595016aef.rlib --extern dbus=/opt/rustwide/target/debug/deps/libdbus-827424b0375ed637.rlib --extern dlopen2=/opt/rustwide/target/debug/deps/libdlopen2-0fffaccd2278e276.rlib --extern dpi=/opt/rustwide/target/debug/deps/libdpi-859efb1a7161344c.rlib --extern env_logger=/opt/rustwide/target/debug/deps/libenv_logger-b09463409a009cc2.rlib --extern gdk_wayland_sys=/opt/rustwide/target/debug/deps/libgdk_wayland_sys-46ac6e3b90e5a7ac.rlib --extern gdk_x11_sys=/opt/rustwide/target/debug/deps/libgdk_x11_sys-a8024f5ad46cdd24.rlib --extern gtk=/opt/rustwide/target/debug/deps/libgtk-f3007d5a6658a470.rlib --extern image=/opt/rustwide/target/debug/deps/libimage-8b872b392a3848d4.rlib --extern libc=/opt/rustwide/target/debug/deps/liblibc-32464e1b8391e223.rlib --extern log=/opt/rustwide/target/debug/deps/liblog-431c2e66b4ed7b91.rlib --extern parking_lot=/opt/rustwide/target/debug/deps/libparking_lot-bd9ac4e49587b676.rlib --extern rwh_06=/opt/rustwide/target/debug/deps/libraw_window_handle-633e2839334924d0.rlib --extern tao=/opt/rustwide/target/debug/deps/libtao-a5e1ace8fed12529.rlib --extern url=/opt/rustwide/target/debug/deps/liburl-5f726dc07ce332dc.rlib --extern x11_dl=/opt/rustwide/target/debug/deps/libx11_dl-c934a4d4e279d262.rlib --cap-lints=warn -L native=/usr/lib/x86_64-linux-gnu` (signal: 9, SIGKILL: kill)
[INFO] [stderr] error: could not compile `tao` (example "fullscreen")
[INFO] [stderr] 
[INFO] [stderr] Caused by:
[INFO] [stderr]   process didn't exit successfully: `/opt/rustwide/rustup-home/toolchains/1.99.0-beta.8-x86_64-unknown-linux-gnu/bin/rustc --crate-name fullscreen --edition=2021 examples/fullscreen.rs --error-format=json --json=diagnostic-rendered-ansi,artifacts,future-incompat --crate-type bin --emit=dep-info,link -C embed-bitcode=no -C debuginfo=2 --cfg 'feature="dbus"' --cfg 'feature="default"' --cfg 'feature="rwh_06"' --cfg 'feature="x11"' --check-cfg 'cfg(docsrs,test)' --check-cfg 'cfg(feature, values("dbus", "default", "rwh_04", "rwh_05", "rwh_06", "serde", "x11"))' -C metadata=b8fde19ff8a92e90 -C extra-filename=-290dada58dd15038 --out-dir /opt/rustwide/target/debug/examples -L dependency=/opt/rustwide/target/debug/deps --extern bitflags=/opt/rustwide/target/debug/deps/libbitflags-f1dadb638be7cd27.rlib --extern crossbeam_channel=/opt/rustwide/target/debug/deps/libcrossbeam_channel-83afe9d595016aef.rlib --extern dbus=/opt/rustwide/target/debug/deps/libdbus-827424b0375ed637.rlib --extern dlopen2=/opt/rustwide/target/debug/deps/libdlopen2-0fffaccd2278e276.rlib --extern dpi=/opt/rustwide/target/debug/deps/libdpi-859efb1a7161344c.rlib --extern env_logger=/opt/rustwide/target/debug/deps/libenv_logger-b09463409a009cc2.rlib --extern gdk_wayland_sys=/opt/rustwide/target/debug/deps/libgdk_wayland_sys-46ac6e3b90e5a7ac.rlib --extern gdk_x11_sys=/opt/rustwide/target/debug/deps/libgdk_x11_sys-a8024f5ad46cdd24.rlib --extern gtk=/opt/rustwide/target/debug/deps/libgtk-f3007d5a6658a470.rlib --extern image=/opt/rustwide/target/debug/deps/libimage-8b872b392a3848d4.rlib --extern libc=/opt/rustwide/target/debug/deps/liblibc-32464e1b8391e223.rlib --extern log=/opt/rustwide/target/debug/deps/liblog-431c2e66b4ed7b91.rlib --extern parking_lot=/opt/rustwide/target/debug/deps/libparking_lot-bd9ac4e49587b676.rlib --extern rwh_06=/opt/rustwide/target/debug/deps/libraw_window_handle-633e2839334924d0.rlib --extern tao=/opt/rustwide/target/debug/deps/libtao-a5e1ace8fed12529.rlib --extern url=/opt/rustwide/target/debug/deps/liburl-5f726dc07ce332dc.rlib --extern x11_dl=/opt/rustwide/target/debug/deps/libx11_dl-c934a4d4e279d262.rlib --cap-lints=warn -L native=/usr/lib/x86_64-linux-gnu` (signal: 9, SIGKILL: kill)
[INFO] [stderr] error: could not compile `tao` (example "control_flow")
[INFO] [stderr] 
[INFO] [stderr] Caused by:
[INFO] [stderr]   process didn't exit successfully: `/opt/rustwide/rustup-home/toolchains/1.99.0-beta.8-x86_64-unknown-linux-gnu/bin/rustc --crate-name control_flow --edition=2021 examples/control_flow.rs --error-format=json --json=diagnostic-rendered-ansi,artifacts,future-incompat --crate-type bin --emit=dep-info,link -C embed-bitcode=no -C debuginfo=2 --cfg 'feature="dbus"' --cfg 'feature="default"' --cfg 'feature="rwh_06"' --cfg 'feature="x11"' --check-cfg 'cfg(docsrs,test)' --check-cfg 'cfg(feature, values("dbus", "default", "rwh_04", "rwh_05", "rwh_06", "serde", "x11"))' -C metadata=901b4e9b33a60af4 -C extra-filename=-0eca25347e3cf7b4 --out-dir /opt/rustwide/target/debug/examples -L dependency=/opt/rustwide/target/debug/deps --extern bitflags=/opt/rustwide/target/debug/deps/libbitflags-f1dadb638be7cd27.rlib --extern crossbeam_channel=/opt/rustwide/target/debug/deps/libcrossbeam_channel-83afe9d595016aef.rlib --extern dbus=/opt/rustwide/target/debug/deps/libdbus-827424b0375ed637.rlib --extern dlopen2=/opt/rustwide/target/debug/deps/libdlopen2-0fffaccd2278e276.rlib --extern dpi=/opt/rustwide/target/debug/deps/libdpi-859efb1a7161344c.rlib --extern env_logger=/opt/rustwide/target/debug/deps/libenv_logger-b09463409a009cc2.rlib --extern gdk_wayland_sys=/opt/rustwide/target/debug/deps/libgdk_wayland_sys-46ac6e3b90e5a7ac.rlib --extern gdk_x11_sys=/opt/rustwide/target/debug/deps/libgdk_x11_sys-a8024f5ad46cdd24.rlib --extern gtk=/opt/rustwide/target/debug/deps/libgtk-f3007d5a6658a470.rlib --extern image=/opt/rustwide/target/debug/deps/libimage-8b872b392a3848d4.rlib --extern libc=/opt/rustwide/target/debug/deps/liblibc-32464e1b8391e223.rlib --extern log=/opt/rustwide/target/debug/deps/liblog-431c2e66b4ed7b91.rlib --extern parking_lot=/opt/rustwide/target/debug/deps/libparking_lot-bd9ac4e49587b676.rlib --extern rwh_06=/opt/rustwide/target/debug/deps/libraw_window_handle-633e2839334924d0.rlib --extern tao=/opt/rustwide/target/debug/deps/libtao-a5e1ace8fed12529.rlib --extern url=/opt/rustwide/target/debug/deps/liburl-5f726dc07ce332dc.rlib --extern x11_dl=/opt/rustwide/target/debug/deps/libx11_dl-c934a4d4e279d262.rlib --cap-lints=warn -L native=/usr/lib/x86_64-linux-gnu` (signal: 9, SIGKILL: kill)
[INFO] [stdout] error: linking with `cc` failed: exit status: 1
[INFO] [stdout]   |
[INFO] [stdout]   = note:  "cc" "-m64" "/opt/rustwide/target/debug/examples/rustcgn1ibW/symbols.o" "<3 object files omitted>" "-Wl,--as-needed" "-Wl,-Bstatic" "/opt/rustwide/target/debug/deps/{libenv_logger-b09463409a009cc2,libjiff-d4684aaa9eac0199,libjiff_core-ec813cd58537c94c,libanstream-d5b8336a150f3920,libanstyle_query-635080b1d6343734,libis_terminal_polyfill-3ca4268cb2568267,libcolorchoice-33c0bd1745dd5ace,libanstyle_parse-88399b635fc44f8e,libutf8parse-92d0158219063202,libenv_filter-95dc2e7622b7111f,libregex-86ddd004a770f26b,libregex_automata-c5122fe2f9518b02,libaho_corasick-d1ae79b76a6f7869,libregex_syntax-5fd254360f3be2ca,libanstyle-9beaeb754742faae,libtao-a5e1ace8fed12529,libgdk_x11_sys-a8024f5ad46cdd24,libx11-c36eaf112d940809,libgdk_wayland_sys-46ac6e3b90e5a7ac,liburl-5f726dc07ce332dc,libidna-e5ba33b1bf756040,libidna_adapter-68f7c557a5301c9d,libicu_properties-8da400dc8f6c766c,libicu_properties_data-3f856f5bc2063921,libicu_normalizer-0b66320eb6158de2,libicu_normalizer_data-8b25f9eb7a72d68e,libicu_collections-689b7c02a1d82534,libutf8_iter-51566bbad89f3a68,libpotential_utf-55fea1cb846eb624,libicu_provider-0ee038cb2bbfc64b,libicu_locale_core-1e7d5b184423e3b5,libtinystr-1cfb491b4541378c,liblitemap-abaddab7afb37065,libwriteable-36514dcf36d12676,libzerovec-a64b8f60ec55e458,libzerotrie-b53f37d12ecca6d8,libyoke-a26fe98ee27e2630,libstable_deref_trait-63cbf3f3d3f94e56,libzerofrom-1934f4168cdd39fb,libform_urlencoded-da07baadaa4a52d9,libpercent_encoding-60965446a9af8f63,libparking_lot-bd9ac4e49587b676,libparking_lot_core-f85541f7a07d57e1,libcfg_if-5addb699396bfe5f,liblock_api-16d46fed645f7bff,libscopeguard-7ec2214574194454,libdlopen2-0fffaccd2278e276,libdbus-827424b0375ed637,liblibdbus_sys-f6fffc958c404e97,libcrossbeam_channel-83afe9d595016aef,libcrossbeam_utils-7ff32d1cfd9997e2,libx11_dl-c934a4d4e279d262,libgtk-f3007d5a6658a470,libfield_offset-1278b4a3694de613,libmemoffset-c85e7f1a92075f90,libgdk-a8c274810757a492,libpango-3faccfca146c6e68,libgdk_pixbuf-ae69e7b65f4ab813,libgio-c6656ff43eb5ebee,libfutures_io-b3563908762f27f5,libcairo-9d75efd1c079d628,libatk-82808db253234afe,libglib-0c8afc7d2f3976ed,libfutures_executor-7a830ee810b8c485,libmemchr-a932478bde794617,libsmallvec-c71628f8f77dfb3d,libthiserror-ef3118cb83ecf45d,libfutures_util-771779232a1971c8,libslab-ed301aba3460fb05,libpin_project_lite-0a15d51c77964692,libfutures_task-06c0578367ad4cff,libfutures_channel-29c7c499482e0f55,libfutures_core-7329789085bca638,libonce_cell-b5bdc597ed9676b3,libgtk_sys-cf8e5a4cfe42621f,libatk_sys-c8e224eaa78f1704,libgdk_sys-d6cb0c480e3b0eac,libpango_sys-03895410f03c8bc3,libgdk_pixbuf_sys-a6758ea3384d5b0f,libgio_sys-a96f690b6a92a424,libcairo_sys-2e883d96fbc78244,libgobject_sys-04abf27f058e3135,libglib_sys-de452776aefe5d1a,liblibc-32464e1b8391e223,libdpi-859efb1a7161344c,libraw_window_handle-633e2839334924d0,libbitflags-f1dadb638be7cd27,liblog-431c2e66b4ed7b91}.rlib" "<sysroot>/lib/rustlib/x86_64-unknown-linux-gnu/lib/{libstd-*,libpanic_unwind-*,libobject-*,libmemchr-*,libaddr2line-*,libgimli-*,libcfg_if-*,librustc_demangle-*,libstd_detect-*,libhashbrown-*,librustc_std_workspace_alloc-*,libminiz_oxide-*,libadler2-*,libunwind-*,liblibc-*,librustc_std_workspace_core-*,liballoc-*,libcore-*,libcompiler_builtins-*}.rlib" "-Wl,-Bdynamic" "-lgdk-3" "-lpangocairo-1.0" "-lpango-1.0" "-lharfbuzz" "-lgdk_pixbuf-2.0" "-lcairo-gobject" "-lgobject-2.0" "-lglib-2.0" "-lcairo" "-lz" "-ldbus-1" "-ldl" "-lgobject-2.0" "-lgtk-3" "-lgdk-3" "-lpangocairo-1.0" "-lcairo-gobject" "-lgdk_pixbuf-2.0" "-latk-1.0" "-lpango-1.0" "-lcairo" "-lharfbuzz" "-lgio-2.0" "-lgobject-2.0" "-lglib-2.0" "-lz" "-latk-1.0" "-lgobject-2.0" "-lglib-2.0" "-lgdk-3" "-lpangocairo-1.0" "-lpango-1.0" "-lharfbuzz" "-lgdk_pixbuf-2.0" "-lcairo-gobject" "-lgobject-2.0" "-lglib-2.0" "-lcairo" "-lz" "-lpango-1.0" "-lharfbuzz" "-lgobject-2.0" "-lglib-2.0" "-lgdk_pixbuf-2.0" "-lgobject-2.0" "-lglib-2.0" "-lgio-2.0" "-lgobject-2.0" "-lglib-2.0" "-lcairo-gobject" "-lcairo" "-lgobject-2.0" "-lglib-2.0" "-lgobject-2.0" "-lglib-2.0" "-lgobject-2.0" "-lglib-2.0" "-lgcc_s" "-lutil" "-lrt" "-lpthread" "-lm" "-ldl" "-lc" "-L" "/opt/rustwide/target/debug/examples/rustcgn1ibW/raw-dylibs" "-B<sysroot>/lib/rustlib/x86_64-unknown-linux-gnu/bin/gcc-ld" "-fuse-ld=lld" "-Wl,--eh-frame-hdr" "-Wl,-z,noexecstack" "-L" "/usr/lib/x86_64-linux-gnu" "-L" "<sysroot>/lib/rustlib/x86_64-unknown-linux-gnu/lib" "-o" "/opt/rustwide/target/debug/examples/handling_close-75d1e94ecb67309f" "-Wl,--gc-sections" "-pie" "-Wl,-z,relro,-z,now" "-nodefaultlibs"
[INFO] [stdout]   = note: some arguments are omitted. use `--verbose` to show all linker arguments
[INFO] [stdout]   = note: collect2: fatal error: ld terminated with signal 9 [Killed]
[INFO] [stdout]           compilation terminated.
[INFO] [stdout]           
[INFO] [stdout] 
[INFO] [stdout] 
[INFO] [stdout] error: linking with `cc` failed: exit status: 1
[INFO] [stdout]   |
[INFO] [stdout]   = note:  "cc" "-m64" "/opt/rustwide/target/debug/examples/rustcpCsZMs/symbols.o" "<3 object files omitted>" "-Wl,--as-needed" "-Wl,-Bstatic" "/opt/rustwide/target/debug/deps/{libenv_logger-b09463409a009cc2,libjiff-d4684aaa9eac0199,libjiff_core-ec813cd58537c94c,libanstream-d5b8336a150f3920,libanstyle_query-635080b1d6343734,libis_terminal_polyfill-3ca4268cb2568267,libcolorchoice-33c0bd1745dd5ace,libanstyle_parse-88399b635fc44f8e,libutf8parse-92d0158219063202,libenv_filter-95dc2e7622b7111f,libregex-86ddd004a770f26b,libregex_automata-c5122fe2f9518b02,libaho_corasick-d1ae79b76a6f7869,libregex_syntax-5fd254360f3be2ca,libanstyle-9beaeb754742faae,libtao-a5e1ace8fed12529,libgdk_x11_sys-a8024f5ad46cdd24,libx11-c36eaf112d940809,libgdk_wayland_sys-46ac6e3b90e5a7ac,liburl-5f726dc07ce332dc,libidna-e5ba33b1bf756040,libidna_adapter-68f7c557a5301c9d,libicu_properties-8da400dc8f6c766c,libicu_properties_data-3f856f5bc2063921,libicu_normalizer-0b66320eb6158de2,libicu_normalizer_data-8b25f9eb7a72d68e,libicu_collections-689b7c02a1d82534,libutf8_iter-51566bbad89f3a68,libpotential_utf-55fea1cb846eb624,libicu_provider-0ee038cb2bbfc64b,libicu_locale_core-1e7d5b184423e3b5,libtinystr-1cfb491b4541378c,liblitemap-abaddab7afb37065,libwriteable-36514dcf36d12676,libzerovec-a64b8f60ec55e458,libzerotrie-b53f37d12ecca6d8,libyoke-a26fe98ee27e2630,libstable_deref_trait-63cbf3f3d3f94e56,libzerofrom-1934f4168cdd39fb,libform_urlencoded-da07baadaa4a52d9,libpercent_encoding-60965446a9af8f63,libparking_lot-bd9ac4e49587b676,libparking_lot_core-f85541f7a07d57e1,libcfg_if-5addb699396bfe5f,liblock_api-16d46fed645f7bff,libscopeguard-7ec2214574194454,libdlopen2-0fffaccd2278e276,libdbus-827424b0375ed637,liblibdbus_sys-f6fffc958c404e97,libcrossbeam_channel-83afe9d595016aef,libcrossbeam_utils-7ff32d1cfd9997e2,libx11_dl-c934a4d4e279d262,libgtk-f3007d5a6658a470,libfield_offset-1278b4a3694de613,libmemoffset-c85e7f1a92075f90,libgdk-a8c274810757a492,libpango-3faccfca146c6e68,libgdk_pixbuf-ae69e7b65f4ab813,libgio-c6656ff43eb5ebee,libfutures_io-b3563908762f27f5,libcairo-9d75efd1c079d628,libatk-82808db253234afe,libglib-0c8afc7d2f3976ed,libfutures_executor-7a830ee810b8c485,libmemchr-a932478bde794617,libsmallvec-c71628f8f77dfb3d,libthiserror-ef3118cb83ecf45d,libfutures_util-771779232a1971c8,libslab-ed301aba3460fb05,libpin_project_lite-0a15d51c77964692,libfutures_task-06c0578367ad4cff,libfutures_channel-29c7c499482e0f55,libfutures_core-7329789085bca638,libonce_cell-b5bdc597ed9676b3,libgtk_sys-cf8e5a4cfe42621f,libatk_sys-c8e224eaa78f1704,libgdk_sys-d6cb0c480e3b0eac,libpango_sys-03895410f03c8bc3,libgdk_pixbuf_sys-a6758ea3384d5b0f,libgio_sys-a96f690b6a92a424,libcairo_sys-2e883d96fbc78244,libgobject_sys-04abf27f058e3135,libglib_sys-de452776aefe5d1a,liblibc-32464e1b8391e223,libdpi-859efb1a7161344c,libraw_window_handle-633e2839334924d0,libbitflags-f1dadb638be7cd27,liblog-431c2e66b4ed7b91}.rlib" "<sysroot>/lib/rustlib/x86_64-unknown-linux-gnu/lib/{libstd-*,libpanic_unwind-*,libobject-*,libmemchr-*,libaddr2line-*,libgimli-*,libcfg_if-*,librustc_demangle-*,libstd_detect-*,libhashbrown-*,librustc_std_workspace_alloc-*,libminiz_oxide-*,libadler2-*,libunwind-*,liblibc-*,librustc_std_workspace_core-*,liballoc-*,libcore-*,libcompiler_builtins-*}.rlib" "-Wl,-Bdynamic" "-lgdk-3" "-lpangocairo-1.0" "-lpango-1.0" "-lharfbuzz" "-lgdk_pixbuf-2.0" "-lcairo-gobject" "-lgobject-2.0" "-lglib-2.0" "-lcairo" "-lz" "-ldbus-1" "-ldl" "-lgobject-2.0" "-lgtk-3" "-lgdk-3" "-lpangocairo-1.0" "-lcairo-gobject" "-lgdk_pixbuf-2.0" "-latk-1.0" "-lpango-1.0" "-lcairo" "-lharfbuzz" "-lgio-2.0" "-lgobject-2.0" "-lglib-2.0" "-lz" "-latk-1.0" "-lgobject-2.0" "-lglib-2.0" "-lgdk-3" "-lpangocairo-1.0" "-lpango-1.0" "-lharfbuzz" "-lgdk_pixbuf-2.0" "-lcairo-gobject" "-lgobject-2.0" "-lglib-2.0" "-lcairo" "-lz" "-lpango-1.0" "-lharfbuzz" "-lgobject-2.0" "-lglib-2.0" "-lgdk_pixbuf-2.0" "-lgobject-2.0" "-lglib-2.0" "-lgio-2.0" "-lgobject-2.0" "-lglib-2.0" "-lcairo-gobject" "-lcairo" "-lgobject-2.0" "-lglib-2.0" "-lgobject-2.0" "-lglib-2.0" "-lgobject-2.0" "-lglib-2.0" "-lgcc_s" "-lutil" "-lrt" "-lpthread" "-lm" "-ldl" "-lc" "-L" "/opt/rustwide/target/debug/examples/rustcpCsZMs/raw-dylibs" "-B<sysroot>/lib/rustlib/x86_64-unknown-linux-gnu/bin/gcc-ld" "-fuse-ld=lld" "-Wl,--eh-frame-hdr" "-Wl,-z,noexecstack" "-L" "/usr/lib/x86_64-linux-gnu" "-L" "<sysroot>/lib/rustlib/x86_64-unknown-linux-gnu/lib" "-o" "/opt/rustwide/target/debug/examples/mouse_wheel-8b35d2dce9152264" "-Wl,--gc-sections" "-pie" "-Wl,-z,relro,-z,now" "-nodefaultlibs"
[INFO] [stdout]   = note: some arguments are omitted. use `--verbose` to show all linker arguments
[INFO] [stdout]   = note: collect2: fatal error: ld terminated with signal 9 [Killed]
[INFO] [stdout]           compilation terminated.
[INFO] [stdout]           
[INFO] [stdout] 
[INFO] [stdout] 
[INFO] [stderr] error: could not compile `tao` (example "handling_close") due to 1 previous error
[INFO] [stderr] error: could not compile `tao` (example "mouse_wheel") due to 1 previous error
[INFO] [stdout] error: linking with `cc` failed: exit status: 1
[INFO] [stdout]   |
[INFO] [stdout]   = note:  "cc" "-m64" "/opt/rustwide/target/debug/examples/rustcrhGVl6/symbols.o" "<5 object files omitted>" "-Wl,--as-needed" "-Wl,-Bstatic" "/opt/rustwide/target/debug/deps/{libenv_logger-b09463409a009cc2,libjiff-d4684aaa9eac0199,libjiff_core-ec813cd58537c94c,libanstream-d5b8336a150f3920,libanstyle_query-635080b1d6343734,libis_terminal_polyfill-3ca4268cb2568267,libcolorchoice-33c0bd1745dd5ace,libanstyle_parse-88399b635fc44f8e,libutf8parse-92d0158219063202,libenv_filter-95dc2e7622b7111f,libregex-86ddd004a770f26b,libregex_automata-c5122fe2f9518b02,libaho_corasick-d1ae79b76a6f7869,libregex_syntax-5fd254360f3be2ca,libanstyle-9beaeb754742faae,libtao-a5e1ace8fed12529,libgdk_x11_sys-a8024f5ad46cdd24,libx11-c36eaf112d940809,libgdk_wayland_sys-46ac6e3b90e5a7ac,liburl-5f726dc07ce332dc,libidna-e5ba33b1bf756040,libidna_adapter-68f7c557a5301c9d,libicu_properties-8da400dc8f6c766c,libicu_properties_data-3f856f5bc2063921,libicu_normalizer-0b66320eb6158de2,libicu_normalizer_data-8b25f9eb7a72d68e,libicu_collections-689b7c02a1d82534,libutf8_iter-51566bbad89f3a68,libpotential_utf-55fea1cb846eb624,libicu_provider-0ee038cb2bbfc64b,libicu_locale_core-1e7d5b184423e3b5,libtinystr-1cfb491b4541378c,liblitemap-abaddab7afb37065,libwriteable-36514dcf36d12676,libzerovec-a64b8f60ec55e458,libzerotrie-b53f37d12ecca6d8,libyoke-a26fe98ee27e2630,libstable_deref_trait-63cbf3f3d3f94e56,libzerofrom-1934f4168cdd39fb,libform_urlencoded-da07baadaa4a52d9,libpercent_encoding-60965446a9af8f63,libparking_lot-bd9ac4e49587b676,libparking_lot_core-f85541f7a07d57e1,libcfg_if-5addb699396bfe5f,liblock_api-16d46fed645f7bff,libscopeguard-7ec2214574194454,libdlopen2-0fffaccd2278e276,libdbus-827424b0375ed637,liblibdbus_sys-f6fffc958c404e97,libcrossbeam_channel-83afe9d595016aef,libcrossbeam_utils-7ff32d1cfd9997e2,libx11_dl-c934a4d4e279d262,libgtk-f3007d5a6658a470,libfield_offset-1278b4a3694de613,libmemoffset-c85e7f1a92075f90,libgdk-a8c274810757a492,libpango-3faccfca146c6e68,libgdk_pixbuf-ae69e7b65f4ab813,libgio-c6656ff43eb5ebee,libfutures_io-b3563908762f27f5,libcairo-9d75efd1c079d628,libatk-82808db253234afe,libglib-0c8afc7d2f3976ed,libfutures_executor-7a830ee810b8c485,libmemchr-a932478bde794617,libsmallvec-c71628f8f77dfb3d,libthiserror-ef3118cb83ecf45d,libfutures_util-771779232a1971c8,libslab-ed301aba3460fb05,libpin_project_lite-0a15d51c77964692,libfutures_task-06c0578367ad4cff,libfutures_channel-29c7c499482e0f55,libfutures_core-7329789085bca638,libonce_cell-b5bdc597ed9676b3,libgtk_sys-cf8e5a4cfe42621f,libatk_sys-c8e224eaa78f1704,libgdk_sys-d6cb0c480e3b0eac,libpango_sys-03895410f03c8bc3,libgdk_pixbuf_sys-a6758ea3384d5b0f,libgio_sys-a96f690b6a92a424,libcairo_sys-2e883d96fbc78244,libgobject_sys-04abf27f058e3135,libglib_sys-de452776aefe5d1a,liblibc-32464e1b8391e223,libdpi-859efb1a7161344c,libraw_window_handle-633e2839334924d0,libbitflags-f1dadb638be7cd27,liblog-431c2e66b4ed7b91}.rlib" "<sysroot>/lib/rustlib/x86_64-unknown-linux-gnu/lib/{libstd-*,libpanic_unwind-*,libobject-*,libmemchr-*,libaddr2line-*,libgimli-*,libcfg_if-*,librustc_demangle-*,libstd_detect-*,libhashbrown-*,librustc_std_workspace_alloc-*,libminiz_oxide-*,libadler2-*,libunwind-*,liblibc-*,librustc_std_workspace_core-*,liballoc-*,libcore-*,libcompiler_builtins-*}.rlib" "-Wl,-Bdynamic" "-lgdk-3" "-lpangocairo-1.0" "-lpango-1.0" "-lharfbuzz" "-lgdk_pixbuf-2.0" "-lcairo-gobject" "-lgobject-2.0" "-lglib-2.0" "-lcairo" "-lz" "-ldbus-1" "-ldl" "-lgobject-2.0" "-lgtk-3" "-lgdk-3" "-lpangocairo-1.0" "-lcairo-gobject" "-lgdk_pixbuf-2.0" "-latk-1.0" "-lpango-1.0" "-lcairo" "-lharfbuzz" "-lgio-2.0" "-lgobject-2.0" "-lglib-2.0" "-lz" "-latk-1.0" "-lgobject-2.0" "-lglib-2.0" "-lgdk-3" "-lpangocairo-1.0" "-lpango-1.0" "-lharfbuzz" "-lgdk_pixbuf-2.0" "-lcairo-gobject" "-lgobject-2.0" "-lglib-2.0" "-lcairo" "-lz" "-lpango-1.0" "-lharfbuzz" "-lgobject-2.0" "-lglib-2.0" "-lgdk_pixbuf-2.0" "-lgobject-2.0" "-lglib-2.0" "-lgio-2.0" "-lgobject-2.0" "-lglib-2.0" "-lcairo-gobject" "-lcairo" "-lgobject-2.0" "-lglib-2.0" "-lgobject-2.0" "-lglib-2.0" "-lgobject-2.0" "-lglib-2.0" "-lgcc_s" "-lutil" "-lrt" "-lpthread" "-lm" "-ldl" "-lc" "-L" "/opt/rustwide/target/debug/examples/rustcrhGVl6/raw-dylibs" "-B<sysroot>/lib/rustlib/x86_64-unknown-linux-gnu/bin/gcc-ld" "-fuse-ld=lld" "-Wl,--eh-frame-hdr" "-Wl,-z,noexecstack" "-L" "/usr/lib/x86_64-linux-gnu" "-L" "<sysroot>/lib/rustlib/x86_64-unknown-linux-gnu/lib" "-o" "/opt/rustwide/target/debug/examples/request_redraw_threaded-437038aa636cb066" "-Wl,--gc-sections" "-pie" "-Wl,-z,relro,-z,now" "-nodefaultlibs"
[INFO] [stdout]   = note: some arguments are omitted. use `--verbose` to show all linker arguments
[INFO] [stdout]   = note: collect2: fatal error: ld terminated with signal 9 [Killed]
[INFO] [stdout]           compilation terminated.
[INFO] [stdout]           
[INFO] [stdout] 
[INFO] [stdout] 
[INFO] [stderr] error: could not compile `tao` (example "request_redraw_threaded") due to 1 previous error
[INFO] [stdout] error: linking with `cc` failed: exit status: 1
[INFO] [stdout]   |
[INFO] [stdout]   = note:  "cc" "-m64" "/opt/rustwide/target/debug/examples/rustcU6dtly/symbols.o" "<4 object files omitted>" "-Wl,--as-needed" "-Wl,-Bstatic" "/opt/rustwide/target/debug/deps/{libenv_logger-b09463409a009cc2,libjiff-d4684aaa9eac0199,libjiff_core-ec813cd58537c94c,libanstream-d5b8336a150f3920,libanstyle_query-635080b1d6343734,libis_terminal_polyfill-3ca4268cb2568267,libcolorchoice-33c0bd1745dd5ace,libanstyle_parse-88399b635fc44f8e,libutf8parse-92d0158219063202,libenv_filter-95dc2e7622b7111f,libregex-86ddd004a770f26b,libregex_automata-c5122fe2f9518b02,libaho_corasick-d1ae79b76a6f7869,libregex_syntax-5fd254360f3be2ca,libanstyle-9beaeb754742faae,libtao-a5e1ace8fed12529,libgdk_x11_sys-a8024f5ad46cdd24,libx11-c36eaf112d940809,libgdk_wayland_sys-46ac6e3b90e5a7ac,liburl-5f726dc07ce332dc,libidna-e5ba33b1bf756040,libidna_adapter-68f7c557a5301c9d,libicu_properties-8da400dc8f6c766c,libicu_properties_data-3f856f5bc2063921,libicu_normalizer-0b66320eb6158de2,libicu_normalizer_data-8b25f9eb7a72d68e,libicu_collections-689b7c02a1d82534,libutf8_iter-51566bbad89f3a68,libpotential_utf-55fea1cb846eb624,libicu_provider-0ee038cb2bbfc64b,libicu_locale_core-1e7d5b184423e3b5,libtinystr-1cfb491b4541378c,liblitemap-abaddab7afb37065,libwriteable-36514dcf36d12676,libzerovec-a64b8f60ec55e458,libzerotrie-b53f37d12ecca6d8,libyoke-a26fe98ee27e2630,libstable_deref_trait-63cbf3f3d3f94e56,libzerofrom-1934f4168cdd39fb,libform_urlencoded-da07baadaa4a52d9,libpercent_encoding-60965446a9af8f63,libparking_lot-bd9ac4e49587b676,libparking_lot_core-f85541f7a07d57e1,libcfg_if-5addb699396bfe5f,liblock_api-16d46fed645f7bff,libscopeguard-7ec2214574194454,libdlopen2-0fffaccd2278e276,libdbus-827424b0375ed637,liblibdbus_sys-f6fffc958c404e97,libcrossbeam_channel-83afe9d595016aef,libcrossbeam_utils-7ff32d1cfd9997e2,libx11_dl-c934a4d4e279d262,libgtk-f3007d5a6658a470,libfield_offset-1278b4a3694de613,libmemoffset-c85e7f1a92075f90,libgdk-a8c274810757a492,libpango-3faccfca146c6e68,libgdk_pixbuf-ae69e7b65f4ab813,libgio-c6656ff43eb5ebee,libfutures_io-b3563908762f27f5,libcairo-9d75efd1c079d628,libatk-82808db253234afe,libglib-0c8afc7d2f3976ed,libfutures_executor-7a830ee810b8c485,libmemchr-a932478bde794617,libsmallvec-c71628f8f77dfb3d,libthiserror-ef3118cb83ecf45d,libfutures_util-771779232a1971c8,libslab-ed301aba3460fb05,libpin_project_lite-0a15d51c77964692,libfutures_task-06c0578367ad4cff,libfutures_channel-29c7c499482e0f55,libfutures_core-7329789085bca638,libonce_cell-b5bdc597ed9676b3,libgtk_sys-cf8e5a4cfe42621f,libatk_sys-c8e224eaa78f1704,libgdk_sys-d6cb0c480e3b0eac,libpango_sys-03895410f03c8bc3,libgdk_pixbuf_sys-a6758ea3384d5b0f,libgio_sys-a96f690b6a92a424,libcairo_sys-2e883d96fbc78244,libgobject_sys-04abf27f058e3135,libglib_sys-de452776aefe5d1a,liblibc-32464e1b8391e223,libdpi-859efb1a7161344c,libraw_window_handle-633e2839334924d0,libbitflags-f1dadb638be7cd27,liblog-431c2e66b4ed7b91}.rlib" "<sysroot>/lib/rustlib/x86_64-unknown-linux-gnu/lib/{libstd-*,libpanic_unwind-*,libobject-*,libmemchr-*,libaddr2line-*,libgimli-*,libcfg_if-*,librustc_demangle-*,libstd_detect-*,libhashbrown-*,librustc_std_workspace_alloc-*,libminiz_oxide-*,libadler2-*,libunwind-*,liblibc-*,librustc_std_workspace_core-*,liballoc-*,libcore-*,libcompiler_builtins-*}.rlib" "-Wl,-Bdynamic" "-lgdk-3" "-lpangocairo-1.0" "-lpango-1.0" "-lharfbuzz" "-lgdk_pixbuf-2.0" "-lcairo-gobject" "-lgobject-2.0" "-lglib-2.0" "-lcairo" "-lz" "-ldbus-1" "-ldl" "-lgobject-2.0" "-lgtk-3" "-lgdk-3" "-lpangocairo-1.0" "-lcairo-gobject" "-lgdk_pixbuf-2.0" "-latk-1.0" "-lpango-1.0" "-lcairo" "-lharfbuzz" "-lgio-2.0" "-lgobject-2.0" "-lglib-2.0" "-lz" "-latk-1.0" "-lgobject-2.0" "-lglib-2.0" "-lgdk-3" "-lpangocairo-1.0" "-lpango-1.0" "-lharfbuzz" "-lgdk_pixbuf-2.0" "-lcairo-gobject" "-lgobject-2.0" "-lglib-2.0" "-lcairo" "-lz" "-lpango-1.0" "-lharfbuzz" "-lgobject-2.0" "-lglib-2.0" "-lgdk_pixbuf-2.0" "-lgobject-2.0" "-lglib-2.0" "-lgio-2.0" "-lgobject-2.0" "-lglib-2.0" "-lcairo-gobject" "-lcairo" "-lgobject-2.0" "-lglib-2.0" "-lgobject-2.0" "-lglib-2.0" "-lgobject-2.0" "-lglib-2.0" "-lgcc_s" "-lutil" "-lrt" "-lpthread" "-lm" "-ldl" "-lc" "-L" "/opt/rustwide/target/debug/examples/rustcU6dtly/raw-dylibs" "-B<sysroot>/lib/rustlib/x86_64-unknown-linux-gnu/bin/gcc-ld" "-fuse-ld=lld" "-Wl,--eh-frame-hdr" "-Wl,-z,noexecstack" "-L" "/usr/lib/x86_64-linux-gnu" "-L" "<sysroot>/lib/rustlib/x86_64-unknown-linux-gnu/lib" "-o" "/opt/rustwide/target/debug/examples/timer-acd090858cba1939" "-Wl,--gc-sections" "-pie" "-Wl,-z,relro,-z,now" "-nodefaultlibs"
[INFO] [stdout]   = note: some arguments are omitted. use `--verbose` to show all linker arguments
[INFO] [stdout]   = note: collect2: fatal error: ld terminated with signal 9 [Killed]
[INFO] [stdout]           compilation terminated.
[INFO] [stdout]           
[INFO] [stdout] 
[INFO] [stdout] 
[INFO] [stderr] error: could not compile `tao` (example "timer") due to 1 previous error
[INFO] running `Command { std: "docker" "inspect" "620664f40da96a64f80fb507ca184f91367e3b9d19be34881ace195e49d75bc7", kill_on_drop: false }`
[INFO] running `Command { std: "docker" "rm" "-f" "620664f40da96a64f80fb507ca184f91367e3b9d19be34881ace195e49d75bc7", kill_on_drop: false }`
[INFO] [stdout] 620664f40da96a64f80fb507ca184f91367e3b9d19be34881ace195e49d75bc7
