[INFO] fetching crate tanxium-cli 0.4.0...
[INFO] testing tanxium-cli-0.4.0 against 1.100.0-beta.1 for beta-1.100-2
[INFO] extracting crate tanxium-cli 0.4.0 into /workspace/builds/worker-1-tc2/source
[INFO] started tweaking crates.io crate tanxium-cli 0.4.0
[INFO] finished tweaking crates.io crate tanxium-cli 0.4.0
[INFO] tweaked toml for crates.io crate tanxium-cli 0.4.0 written to /workspace/builds/worker-1-tc2/source/Cargo.toml
[INFO] validating manifest of crates.io crate tanxium-cli 0.4.0 on toolchain 1.100.0-beta.1
[INFO] running `Command { std: CARGO_HOME="/workspace/cargo-home" RUSTUP_HOME="/workspace/rustup-home" "/workspace/cargo-home/bin/cargo" "+1.100.0-beta.1" "metadata" "--manifest-path" "Cargo.toml" "--no-deps", kill_on_drop: false }`
[INFO] crate crates.io crate tanxium-cli 0.4.0 already has a lockfile, it will not be regenerated
[INFO] running `Command { std: CARGO_HOME="/workspace/cargo-home" RUSTUP_HOME="/workspace/rustup-home" "/workspace/cargo-home/bin/cargo" "+1.100.0-beta.1" "fetch" "--manifest-path" "Cargo.toml", kill_on_drop: false }`
[INFO] [stderr]     Blocking waiting for file lock on package cache
[INFO] running `Command { std: "docker" "create" "-v" "/var/lib/crater-agent-workspace/builds/worker-1-tc2/source:/opt/rustwide/workdir:ro,Z" "-v" "/var/lib/crater-agent-workspace/builds/worker-1-tc2/target:/opt/rustwide/target:rw,Z" "-v" "/var/lib/crater-agent-workspace/cargo-home:/opt/rustwide/cargo-home:ro,Z" "-v" "/var/lib/crater-agent-workspace/rustup-home:/opt/rustwide/rustup-home:ro,Z" "-m" "1610612736" "--network" "none" "ghcr.io/rust-lang/crates-build-env/linux@sha256:3111399a4047eeb3a02b7a90e478d715f38a8c6669b5c4b49d30a17385265909" "sleep" "infinity", kill_on_drop: false }`
[INFO] [stdout] d7471bb269da15ce24cee650366880fb8c327829b7a7f9fd0431f0b91f68d241
[INFO] running `Command { std: "docker" "start" "d7471bb269da15ce24cee650366880fb8c327829b7a7f9fd0431f0b91f68d241", kill_on_drop: false }`
[INFO] running `Command { std: "docker" "inspect" "d7471bb269da15ce24cee650366880fb8c327829b7a7f9fd0431f0b91f68d241", kill_on_drop: false }`
[INFO] running `Command { std: "docker" "exec" "-e" "SOURCE_DIR=/opt/rustwide/workdir" "-e" "CARGO_HOME=/opt/rustwide/cargo-home" "-e" "RUSTUP_HOME=/opt/rustwide/rustup-home" "-e" "CARGO_TARGET_DIR=/opt/rustwide/target" "-w" "/opt/rustwide/workdir" "--user" "0:0" "d7471bb269da15ce24cee650366880fb8c327829b7a7f9fd0431f0b91f68d241" "/opt/rustwide/cargo-home/bin/cargo" "+1.100.0-beta.1" "metadata" "--no-deps" "--format-version=1", kill_on_drop: false }`
[INFO] running `Command { std: "docker" "inspect" "d7471bb269da15ce24cee650366880fb8c327829b7a7f9fd0431f0b91f68d241", kill_on_drop: false }`
[INFO] running `Command { std: "docker" "exec" "-e" "SOURCE_DIR=/opt/rustwide/workdir" "-e" "CARGO_HOME=/opt/rustwide/cargo-home" "-e" "RUSTUP_HOME=/opt/rustwide/rustup-home" "-e" "CARGO_TARGET_DIR=/opt/rustwide/target" "-e" "CARGO_INCREMENTAL=0" "-e" "RUST_BACKTRACE=full" "-e" "RUSTFLAGS=--cap-lints=warn" "-e" "RUSTDOCFLAGS=--cap-lints=warn" "-w" "/opt/rustwide/workdir" "--user" "0:0" "d7471bb269da15ce24cee650366880fb8c327829b7a7f9fd0431f0b91f68d241" "/opt/rustwide/cargo-home/bin/cargo" "+1.100.0-beta.1" "build" "--frozen" "--message-format=json", kill_on_drop: false }`
[INFO] [stderr]    Compiling proc-macro2 v1.0.106
[INFO] [stderr]    Compiling log v0.4.33
[INFO] [stderr]    Compiling quote v1.0.46
[INFO] [stderr]    Compiling num-traits v0.2.19
[INFO] [stderr]    Compiling hashbrown v0.17.1
[INFO] [stderr]    Compiling portable-atomic v1.13.1
[INFO] [stderr]    Compiling writeable v0.6.3
[INFO] [stderr]    Compiling critical-section v1.2.0
[INFO] [stderr]    Compiling litemap v0.8.2
[INFO] [stderr]    Compiling zmij v1.0.22
[INFO] [stderr]    Compiling serde_json v1.0.150
[INFO] [stderr]    Compiling getrandom v0.2.17
[INFO] [stderr]    Compiling bitflags v2.13.0
[INFO] [stderr]    Compiling jobserver v0.1.35
[INFO] [stderr]    Compiling rustc-hash v2.1.3
[INFO] [stderr]    Compiling lock_api v0.4.14
[INFO] [stderr]    Compiling getrandom v0.4.3
[INFO] [stderr]    Compiling errno v0.3.14
[INFO] [stderr]    Compiling rand_core v0.6.4
[INFO] [stderr]    Compiling subtle v2.6.1
[INFO] [stderr]    Compiling signal-hook-registry v1.4.8
[INFO] [stderr]    Compiling cc v1.2.67
[INFO] [stderr]    Compiling socket2 v0.6.4
[INFO] [stderr]    Compiling uuid v1.23.5
[INFO] [stderr]    Compiling mio v1.2.1
[INFO] [stderr]    Compiling data-encoding v2.11.0
[INFO] [stderr]    Compiling radium v0.7.0
[INFO] [stderr]    Compiling tap v1.0.1
[INFO] [stderr]    Compiling outref v0.5.2
[INFO] [stderr]    Compiling funty v2.0.0
[INFO] [stderr]    Compiling indexmap v2.14.0
[INFO] [stderr]    Compiling wyz v0.5.1
[INFO] [stderr]    Compiling vsimd v0.8.0
[INFO] [stderr]    Compiling unicode-id-start v1.4.0
[INFO] [stderr]    Compiling if_chain v1.0.3
[INFO] [stderr]    Compiling aho-corasick v1.1.4
[INFO] [stderr]    Compiling nom v7.1.3
[INFO] [stderr]    Compiling allocator-api2 v0.2.21
[INFO] [stderr]    Compiling glob v0.3.3
[INFO] [stderr]    Compiling itertools v0.13.0
[INFO] [stderr]    Compiling bindgen v0.72.1
[INFO] [stderr]    Compiling once_cell v1.21.4
[INFO] [stderr]    Compiling serde_bytes v0.11.19
[INFO] [stderr]    Compiling syn v2.0.118
[INFO] [stderr]    Compiling bitvec v1.1.1
[INFO] [stderr]    Compiling base64-simd v0.8.0
[INFO] [stderr]    Compiling clang-sys v1.8.1
[INFO] [stderr]    Compiling tracing-core v0.1.36
[INFO] [stderr]    Compiling num-integer v0.1.46
[INFO] [stderr]    Compiling sptr v0.3.2
[INFO] [stderr]    Compiling core_maths v0.1.1
[INFO] [stderr]    Compiling icu_locale_data v2.2.0
[INFO] [stderr]    Compiling icu_calendar_data v2.2.0
[INFO] [stderr]    Compiling rustix v0.38.44
[INFO] [stderr]    Compiling strck v1.0.0
[INFO] [stderr]    Compiling gzip-header v1.1.0
[INFO] [stderr]    Compiling fslock v0.2.1
[INFO] [stderr]    Compiling ixdtf v0.6.5
[INFO] [stderr]    Compiling diplomat-runtime v0.15.1
[INFO] [stderr]    Compiling stringcase v0.4.0
[INFO] [stderr]    Compiling az v1.3.0
[INFO] [stderr]    Compiling cooked-waker v5.0.0
[INFO] [stderr]    Compiling cmake v0.1.58
[INFO] [stderr]    Compiling hashbrown v0.15.5
[INFO] [stderr]    Compiling aws-lc-rs v1.17.1
[INFO] [stderr]    Compiling phf_shared v0.11.3
[INFO] [stderr]    Compiling regex-automata v0.4.15
[INFO] [stderr]    Compiling cexpr v0.6.0
[INFO] [stderr]    Compiling scoped-tls v1.0.1
[INFO] [stderr]    Compiling better_scoped_tls v1.0.1
[INFO] [stderr]    Compiling swc_visit v2.0.1
[INFO] [stderr]    Compiling termcolor v1.4.1
[INFO] [stderr]    Compiling nix v0.30.1
[INFO] [stderr]    Compiling object v0.37.3
[INFO] [stderr]    Compiling crossbeam-epoch v0.9.20
[INFO] [stderr]    Compiling fqdn v0.5.2
[INFO] [stderr]    Compiling which v8.0.4
[INFO] [stderr]    Compiling deno_terminal v0.2.3
[INFO] [stderr]    Compiling pem-rfc7468 v0.7.0
[INFO] [stderr]    Compiling aws-lc-sys v0.42.0
[INFO] [stderr]    Compiling tinyvec v1.12.0
[INFO] [stderr]    Compiling stacker v0.1.24
[INFO] [stderr]    Compiling smartstring v1.0.1
[INFO] [stderr]    Compiling http-body v1.0.1
[INFO] [stderr]    Compiling getrandom v0.3.4
[INFO] [stderr]    Compiling crossbeam-deque v0.8.7
[INFO] [stderr]    Compiling nix v0.31.3
[INFO] [stderr]    Compiling ryu-js v1.0.3
[INFO] [stderr]    Compiling derive-io-macros v0.4.1
[INFO] [stderr]    Compiling rand_core v0.9.5
[INFO] [stderr]    Compiling alloc-stdlib v0.2.4
[INFO] [stderr]    Compiling crossbeam-channel v0.5.16
[INFO] [stderr]    Compiling par-core v2.0.0
[INFO] [stderr]    Compiling socket2 v0.5.10
[INFO] [stderr]    Compiling num_cpus v1.17.0
[INFO] [stderr]    Compiling openssl-probe v0.1.6
[INFO] [stderr]    Compiling ctutils v0.4.2
[INFO] [stderr]    Compiling chacha20 v0.10.1
[INFO] [stderr]    Compiling deno_features v0.51.0
[INFO] [stderr]    Compiling signal-hook v0.3.18
[INFO] [stderr]    Compiling rayon-core v1.13.0
[INFO] [stderr]    Compiling which v6.0.3
[INFO] [stderr]    Compiling fastbloom v0.17.0
[INFO] [stderr]    Compiling rand v0.10.2
[INFO] [stderr]    Compiling quinn-udp v0.5.15
[INFO] [stderr]    Compiling num-iter v0.1.46
[INFO] [stderr]    Compiling bumpalo v3.20.3
[INFO] [stderr]    Compiling rand_pcg v0.10.2
[INFO] [stderr]    Compiling filetime v0.2.29
[INFO] [stderr]    Compiling os_pipe v1.2.1
[INFO] [stderr]    Compiling data-url v0.3.1
[INFO] [stderr]    Compiling lru-slab v0.1.2
[INFO] [stderr]    Compiling tagptr v0.2.0
[INFO] [stderr]    Compiling lazy_static v1.5.0
[INFO] [stderr]    Compiling rayon v1.12.0
[INFO] [stderr]    Compiling quinn v0.11.11
[INFO] [stderr]    Compiling synstructure v0.13.2
[INFO] [stderr]    Compiling prettyplease v0.2.37
[INFO] [stderr]    Compiling swc_macros_common v1.0.1
[INFO] [stderr]    Compiling ff v0.13.1
[INFO] [stderr]    Compiling resolv-conf v0.7.6
[INFO] [stderr]    Compiling regex v1.13.0
[INFO] [stderr]    Compiling syn v1.0.109
[INFO] [stderr]    Compiling group v0.13.0
[INFO] [stderr]    Compiling rustls v0.23.40
[INFO] [stderr]    Compiling num-bigint-dig v0.8.6
[INFO] [stderr]    Compiling vsock v0.5.4
[INFO] [stderr]    Compiling num-conv v0.2.2
[INFO] [stderr]    Compiling time-core v0.1.9
[INFO] [stderr]    Compiling ring v0.17.14
[INFO] [stderr]    Compiling keccak v0.1.6
[INFO] [stderr]    Compiling deranged v0.5.8
[INFO] [stderr]    Compiling curve25519-dalek v4.1.3
[INFO] [stderr]    Compiling time-macros v0.2.31
[INFO] [stderr]    Compiling rusticata-macros v4.1.0
[INFO] [stderr]    Compiling ff v0.14.0
[INFO] [stderr]    Compiling utf-8 v0.7.6
[INFO] [stderr]    Compiling base16ct v1.0.0
[INFO] [stderr]    Compiling monch v0.6.0
[INFO] [stderr]    Compiling simdutf8 v0.1.5
[INFO] [stderr]    Compiling group v0.14.0
[INFO] [stderr]    Compiling castaway v0.2.4
[INFO] [stderr]    Compiling heapless v0.8.0
[INFO] [stderr]    Compiling compact_str v0.7.1
[INFO] [stderr]    Compiling hash32 v0.3.1
[INFO] [stderr]    Compiling cranelift-assembler-x64-meta v0.117.2
[INFO] [stderr]    Compiling ascii v1.1.0
[INFO] [stderr]    Compiling rustix v1.1.4
[INFO] [stderr]    Compiling brotli-decompressor v5.0.3
[INFO] [stderr]    Compiling ar_archive_writer v0.5.2
[INFO] [stderr]    Compiling brotli-decompressor v4.0.3
[INFO] [stderr]    Compiling aws-lc-sys v0.40.0
[INFO] [stderr]    Compiling zstd-sys v2.0.16+zstd.1.5.7
[INFO] [stderr]    Compiling cranelift-assembler-x64 v0.117.2
[INFO] [stderr]    Compiling hashlink v0.12.1
[INFO] [stderr]    Compiling time v0.3.53
[INFO] [stderr]    Compiling bindgen v0.71.1
[INFO] [stderr]    Compiling fallible-iterator v0.3.0
[INFO] [stderr]    Compiling fallible-streaming-iterator v0.1.9
[INFO] [stderr]    Compiling psm v0.1.31
[INFO] [stderr]    Compiling serde_derive v1.0.228
[INFO] [stderr]    Compiling zerocopy-derive v0.8.54
[INFO] [stderr]    Compiling zeroize_derive v1.5.0
[INFO] [stderr]    Compiling displaydoc v0.2.6
[INFO] [stderr]    Compiling zerofrom-derive v0.1.7
[INFO] [stderr]    Compiling yoke-derive v0.8.2
[INFO] [stderr]    Compiling zerovec-derive v0.11.3
[INFO] [stderr]    Compiling tokio-macros v2.7.0
[INFO] [stderr]    Compiling zeroize v1.9.0
[INFO] [stderr]    Compiling thiserror-impl v2.0.18
[INFO] [stderr]    Compiling generic-array v0.14.7
[INFO] [stderr]    Compiling futures-macro v0.3.32
[INFO] [stderr]    Compiling deno_error_macro v0.7.1
[INFO] [stderr]    Compiling tracing-attributes v0.1.31
[INFO] [stderr]    Compiling sys_traits_macros v0.1.0
[INFO] [stderr]    Compiling sys_traits v0.1.28
[INFO] [stderr]    Compiling capacity_builder_macros v0.3.0
[INFO] [stderr]    Compiling crypto-common v0.1.7
[INFO] [stderr]    Compiling block-buffer v0.10.4
[INFO] [stderr]    Compiling futures-util v0.3.32
[INFO] [stderr]    Compiling digest v0.10.7
[INFO] [stderr]    Compiling calendrical_calculations v0.2.4
[INFO] [stderr]    Compiling zerocopy v0.8.54
[INFO] [stderr]    Compiling boxed_error v0.2.3
[INFO] [stderr]    Compiling zerofrom v0.1.8
[INFO] [stderr]    Compiling yoke v0.8.3
[INFO] [stderr]    Compiling thiserror v2.0.18
[INFO] [stderr]    Compiling pin-project-internal v1.1.13
[INFO] [stderr]    Compiling strum_macros v0.27.2
[INFO] [stderr]    Compiling syn-match v0.3.1
[INFO] [stderr]    Compiling async-trait v0.1.89
[INFO] [stderr]    Compiling zerovec v0.11.6
[INFO] [stderr]    Compiling zerotrie v0.2.4
[INFO] [stderr]    Compiling tracing v0.1.44
[INFO] [stderr]    Compiling rustls-pki-types v1.15.0
[INFO] [stderr]    Compiling block-padding v0.3.3
[INFO] [stderr]    Compiling inout v0.1.4
[INFO] [stderr]    Compiling sha2 v0.10.9
[INFO] [stderr]    Compiling cipher v0.4.4
[INFO] [stderr]    Compiling ast_node v5.0.0
[INFO] [stderr]    Compiling swc_eq_ignore_macros v1.0.1
[INFO] [stderr]    Compiling pin-project v1.1.13
[INFO] [stderr]    Compiling serde v1.0.228
[INFO] [stderr]    Compiling from_variant v3.0.0
[INFO] [stderr]    Compiling is-macro v0.3.7
[INFO] [stderr]    Compiling string_enum v1.0.2
[INFO] [stderr]    Compiling hmac v0.12.1
[INFO] [stderr]    Compiling potential_utf v0.1.5
[INFO] [stderr]    Compiling tinystr v0.8.3
[INFO] [stderr]    Compiling thiserror-impl v1.0.69
[INFO] [stderr]    Compiling icu_collections v2.2.0
[INFO] [stderr]    Compiling resb v0.1.2
[INFO] [stderr]    Compiling aes v0.8.3
[INFO] [stderr]    Compiling icu_locale_core v2.2.0
[INFO] [stderr]    Compiling der_derive v0.7.3
[INFO] [stderr]    Compiling pbkdf2 v0.12.2
[INFO] [stderr]    Compiling smallvec v1.15.2
[INFO] [stderr]    Compiling debugid v0.8.0
[INFO] [stderr]    Compiling hipstr v0.6.0
[INFO] [stderr]    Compiling ecow v0.2.6
[INFO] [stderr]    Compiling bincode v1.3.3
[INFO] [stderr]    Compiling chrono v0.4.45
[INFO] [stderr]    Compiling triomphe v0.1.16
[INFO] [stderr]    Compiling parking_lot_core v0.9.12
[INFO] [stderr]    Compiling diplomat_core v0.15.0
[INFO] [stderr]    Compiling futures-executor v0.3.32
[INFO] [stderr]    Compiling capacity_builder v0.5.0
[INFO] [stderr]    Compiling strum v0.27.2
[INFO] [stderr]    Compiling bytes-str v0.2.8
[INFO] [stderr]    Compiling parking_lot v0.12.5
[INFO] [stderr]    Compiling futures v0.3.32
[INFO] [stderr]    Compiling deno_ops v0.283.0
[INFO] [stderr]    Compiling cbc v0.1.2
[INFO] [stderr]    Compiling salsa20 v0.10.2
[INFO] [stderr]    Compiling sha1 v0.10.7
[INFO] [stderr]    Compiling der v0.7.10
[INFO] [stderr]    Compiling scrypt v0.11.0
[INFO] [stderr]    Compiling bytemuck_derive v1.11.0
[INFO] [stderr]    Compiling hybrid-array v0.4.13
[INFO] [stderr]    Compiling thiserror v1.0.69
[INFO] [stderr]    Compiling tokio v1.52.3
[INFO] [stderr]    Compiling rustls-pemfile v2.2.0
[INFO] [stderr]    Compiling icu_provider v2.2.0
[INFO] [stderr]    Compiling zoneinfo64 v0.3.0
[INFO] [stderr]    Compiling webpki-roots v1.0.8
[INFO] [stderr]    Compiling signature v2.2.0
[INFO] [stderr]    Compiling webpki-roots v0.26.11
[INFO] [stderr]    Compiling rustls-native-certs v0.7.3
[INFO] [stderr]    Compiling enum-as-inner v0.6.1
[INFO] [stderr]    Compiling crypto-common v0.2.2
[INFO] [stderr]    Compiling v8 v149.4.0
[INFO] [stderr]    Compiling icu_normalizer v2.2.0
[INFO] [stderr]    Compiling icu_properties v2.2.0
[INFO] [stderr]    Compiling icu_locale v2.2.0
[INFO] [stderr]    Compiling timezone_provider v0.2.4
[INFO] [stderr]    Compiling bytemuck v1.25.1
[INFO] [stderr]    Compiling deno_native_certs v0.3.1
[INFO] [stderr]    Compiling ppv-lite86 v0.2.21
[INFO] [stderr]    Compiling ahash v0.8.12
[INFO] [stderr]    Compiling spki v0.7.3
[INFO] [stderr]    Compiling moka v0.12.15
[INFO] [stderr]    Compiling serdect v0.2.0
[INFO] [stderr]    Compiling block-buffer v0.12.1
[INFO] [stderr]    Compiling hashbrown v0.14.5
[INFO] [stderr]    Compiling pkcs5 v0.7.1
[INFO] [stderr]    Compiling rfc6979 v0.4.0
[INFO] [stderr]    Compiling hkdf v0.12.4
[INFO] [stderr]    Compiling crypto-bigint v0.5.5
[INFO] [stderr]    Compiling icu_calendar v2.2.1
[INFO] [stderr]    Compiling rand_chacha v0.3.1
[INFO] [stderr]    Compiling idna_adapter v1.2.2
[INFO] [stderr]    Compiling diplomat v0.15.0
[INFO] [stderr]    Compiling idna v1.1.0
[INFO] [stderr]    Compiling rand_chacha v0.9.0
[INFO] [stderr]    Compiling rand v0.8.5
[INFO] [stderr]    Compiling hstr v3.0.6
[INFO] [stderr]    Compiling url v2.5.8
[INFO] [stderr]    Compiling pkcs8 v0.10.2
[INFO] [stderr]    Compiling swc_atoms v9.0.0
[INFO] [stderr]    Compiling dashmap v5.5.3
[INFO] [stderr]    Compiling num-bigint v0.4.8
[INFO] [stderr]    Compiling phf_generator v0.11.3
[INFO] [stderr]    Compiling rand v0.9.5
[INFO] [stderr]    Compiling temporal_rs v0.2.4
[INFO] [stderr]    Compiling sec1 v0.7.3
[INFO] [stderr]    Compiling phf_macros v0.11.3
[INFO] [stderr]    Compiling digest v0.11.3
[INFO] [stderr]    Compiling sourcemap v9.3.2
[INFO] [stderr]    Compiling swc_sourcemap v9.3.4
[INFO] [stderr]    Compiling deno_maybe_sync v0.41.0
[INFO] [stderr]    Compiling der v0.8.1
[INFO] [stderr]    Compiling synstructure v0.12.6
[INFO] [stderr]    Compiling swc_config_macro v1.0.1
[INFO] [stderr]    Compiling phf v0.11.3
[INFO] [stderr]    Compiling prost-derive v0.14.4
[INFO] [stderr]    Compiling elliptic-curve v0.13.8
[INFO] [stderr]    Compiling swc_config v3.1.2
[INFO] [stderr]    Compiling web-transport-proto v0.2.8
[INFO] [stderr]    Compiling asn1-rs-impl v0.1.0
[INFO] [stderr]    Compiling asn1-rs-derive v0.4.0
[INFO] [stderr]    Compiling temporal_capi v0.2.4
[INFO] [stderr]    Compiling ecdsa v0.16.9
[INFO] [stderr]    Compiling primeorder v0.13.6
[INFO] [stderr]    Compiling swc_common v17.0.1
[INFO] [stderr]    Compiling spki v0.8.0
[INFO] [stderr]    Compiling pkcs8 v0.11.0
[INFO] [stderr]    Compiling deno_error v0.7.1
[INFO] [stderr]    Compiling deno_unsync v0.4.4
[INFO] [stderr]    Compiling tokio-util v0.7.18
[INFO] [stderr]    Compiling derive-io v0.4.1
[INFO] [stderr]    Compiling http-body-util v0.1.3
[INFO] [stderr]    Compiling tokio-vsock v0.7.2
[INFO] [stderr]    Compiling hickory-proto v0.25.2
[INFO] [stderr]    Compiling deno_signals v0.45.0
[INFO] [stderr]    Compiling prost v0.14.4
[INFO] [stderr]    Compiling deno_path_util v0.6.4
[INFO] [stderr]    Compiling wasm_dep_analyzer v0.4.0
[INFO] [stderr]    Compiling sha3 v0.10.9
[INFO] [stderr]    Compiling deno_permissions v0.113.0
[INFO] [stderr]    Compiling universal-hash v0.5.1
[INFO] [stderr]    Compiling polyval v0.6.2
[INFO] [stderr]    Compiling asn1-rs v0.5.2
[INFO] [stderr]    Compiling sec1 v0.8.1
[INFO] [stderr]    Compiling libsqlite3-sys v0.38.1
[INFO] [stderr]    Compiling h2 v0.4.15
[INFO] [stderr]    Compiling crypto-bigint v0.7.5
[INFO] [stderr]    Compiling ctr v0.9.2
[INFO] [stderr]    Compiling aead v0.5.2
[INFO] [stderr]    Compiling curve25519-dalek-derive v0.1.1
[INFO] [stderr]    Compiling ghash v0.5.1
[INFO] [stderr]    Compiling deno_semver v0.10.1
[INFO] [stderr]    Compiling tokio-stream v0.1.18
[INFO] [stderr]    Compiling signature v3.0.0
[INFO] [stderr]    Compiling pkcs1 v0.7.5
[INFO] [stderr]    Compiling swc_allocator v4.0.1
[INFO] [stderr]    Compiling elliptic-curve v0.14.1
[INFO] [stderr]    Compiling swc_ecma_ast v18.0.0
[INFO] [stderr]    Compiling swc_ecma_codegen_macros v2.0.2
[INFO] [stderr]    Compiling ed448 v0.5.0
[INFO] [stderr]    Compiling hash2curve v0.14.0
[INFO] [stderr]    Compiling shake v0.1.0
[INFO] [stderr]    Compiling deno_media_type v0.4.0
[INFO] [stderr]    Compiling ed448-goldilocks v0.14.0-pre.15
[INFO] [stderr]    Compiling x25519-dalek v2.0.1
[INFO] [stderr]    Compiling deno_package_json v0.56.0
[INFO] [stderr]    Compiling oid-registry v0.6.1
[INFO] [stderr]    Compiling p384 v0.13.1
[INFO] [stderr]    Compiling p521 v0.13.3
[INFO] [stderr]    Compiling p256 v0.13.2
[INFO] [stderr]    Compiling safe_arch v0.7.4
[INFO] [stderr]    Compiling text_lines v0.6.0
[INFO] [stderr]    Compiling faster-hex v0.10.0
[INFO] [stderr]    Compiling brotli v6.0.0
[INFO] [stderr]    Compiling hyper v1.10.1
[INFO] [stderr]    Compiling brotli v8.0.4
[INFO] [stderr]    Compiling hickory-resolver v0.25.2
[INFO] [stderr] error: could not compile `hickory-proto` (lib)
[INFO] [stderr] 
[INFO] [stderr] Caused by:
[INFO] [stderr]   process didn't exit successfully: `/opt/rustwide/rustup-home/toolchains/1.100.0-beta.1-x86_64-unknown-linux-gnu/bin/rustc --crate-name hickory_proto --edition=2021 /opt/rustwide/cargo-home/registry/src/index.crates.io-1949cf8c6b5b557f/hickory-proto-0.25.2/src/lib.rs --error-format=json --json=diagnostic-rendered-ansi,artifacts,future-incompat,unused-externs-silent --crate-type lib --emit=dep-info,metadata,link -C embed-bitcode=no -C debuginfo=2 --cfg 'feature="default"' --cfg 'feature="futures-io"' --cfg 'feature="serde"' --cfg 'feature="std"' --cfg 'feature="tokio"' --check-cfg 'cfg(docsrs,test)' --check-cfg 'cfg(feature, values("__dnssec", "__h3", "__https", "__quic", "__tls", "backtrace", "default", "dnssec-aws-lc-rs", "dnssec-ring", "futures-io", "h3-aws-lc-rs", "h3-ring", "https-aws-lc-rs", "https-ring", "mdns", "no-std-rand", "quic-aws-lc-rs", "quic-ring", "rustls-platform-verifier", "serde", "socket2", "std", "testing", "text-parsing", "tls-aws-lc-rs", "tls-ring", "tokio", "wasm-bindgen", "webpki-roots"))' -C metadata=9e395beaa8ed9bce -C extra-filename=-8fe7dc6ac41ebb19 --out-dir /opt/rustwide/target/debug/build/hickory-proto/8fe7dc6ac41ebb19/out -L dependency=/opt/rustwide/target/debug/build/bytes/5f66263ae3d5daa8/out -L dependency=/opt/rustwide/target/debug/build/cfg-if/83060ec5685761ae/out -L dependency=/opt/rustwide/target/debug/build/critical-section/fb1ca78526e87a67/out -L dependency=/opt/rustwide/target/debug/build/displaydoc/b5120c27b224352a/out -L dependency=/opt/rustwide/target/debug/build/errno/b828f94e94d1c0fa/out -L dependency=/opt/rustwide/target/debug/build/form_urlencoded/98cc7da289c29f13/out -L dependency=/opt/rustwide/target/debug/build/futures-channel/04b287164a72dbf0/out -L dependency=/opt/rustwide/target/debug/build/futures-core/1121ff913ed87f93/out -L dependency=/opt/rustwide/target/debug/build/futures-io/3814ffd654d7040e/out -L dependency=/opt/rustwide/target/debug/build/futures-macro/35fc1f26bf437fe2/out -L dependency=/opt/rustwide/target/debug/build/futures-sink/3971bde37bb30e19/out -L dependency=/opt/rustwide/target/debug/build/futures-task/36f327cfab86eddc/out -L dependency=/opt/rustwide/target/debug/build/getrandom/d2c3225d0f79b7d2/out -L dependency=/opt/rustwide/target/debug/build/icu_collections/0842b18f725b7f61/out -L dependency=/opt/rustwide/target/debug/build/icu_locale_core/f6934d16f01b5dfb/out -L dependency=/opt/rustwide/target/debug/build/icu_normalizer/8fc95692723c9af8/out -L dependency=/opt/rustwide/target/debug/build/icu_normalizer_data/8fea05bee0bb4e49/out -L dependency=/opt/rustwide/target/debug/build/icu_properties/c69dd2d1d5204cce/out -L dependency=/opt/rustwide/target/debug/build/icu_properties_data/e6cf238fc98dd59d/out -L dependency=/opt/rustwide/target/debug/build/icu_provider/d6b4b66d3a7640d9/out -L dependency=/opt/rustwide/target/debug/build/idna/46ff7b3672cf8968/out -L dependency=/opt/rustwide/target/debug/build/idna_adapter/6d3ff3bbd3293196/out -L dependency=/opt/rustwide/target/debug/build/libc/177b4b632c025eff/out -L dependency=/opt/rustwide/target/debug/build/litemap/76daadb387099c80/out -L dependency=/opt/rustwide/target/debug/build/lock_api/5431707837353314/out -L dependency=/opt/rustwide/target/debug/build/log/f8e255cd9d1fa9c9/out -L dependency=/opt/rustwide/target/debug/build/memchr/a932478bde794617/out -L dependency=/opt/rustwide/target/debug/build/mio/2d0bdc06d397e7bf/out -L dependency=/opt/rustwide/target/debug/build/once_cell/a797e138cdc25e52/out -L dependency=/opt/rustwide/target/debug/build/parking_lot/6f516288361ae9ab/out -L dependency=/opt/rustwide/target/debug/build/parking_lot_core/98ab53ee5c00322f/out -L dependency=/opt/rustwide/target/debug/build/percent-encoding/fa055ecaa1e57cfa/out -L dependency=/opt/rustwide/target/debug/build/pin-project-lite/0a15d51c77964692/out -L dependency=/opt/rustwide/target/debug/build/portable-atomic/b2c3e87a13df7d23/out -L dependency=/opt/rustwide/target/debug/build/potential_utf/f09e571d4b33c715/out -L dependency=/opt/rustwide/target/debug/build/ppv-lite86/8cb96c6e507563ad/out -L dependency=/opt/rustwide/target/debug/build/rand_chacha/b6aa934a6eac600c/out -L dependency=/opt/rustwide/target/debug/build/rand_core/a194ba3334a308f1/out -L dependency=/opt/rustwide/target/debug/build/scopeguard/55139cbc26b0b9b4/out -L dependency=/opt/rustwide/target/debug/build/serde/832eaaa3fcb48be3/out -L dependency=/opt/rustwide/target/debug/build/serde_core/49c5f0449f9ff544/out -L dependency=/opt/rustwide/target/debug/build/serde_derive/9742b584b9fa6c1b/out -L dependency=/opt/rustwide/target/debug/build/signal-hook-registry/a760c7518082b676/out -L dependency=/opt/rustwide/target/debug/build/slab/0582d648e59ab406/out -L dependency=/opt/rustwide/target/debug/build/smallvec/1a298a7abe74ceb3/out -L dependency=/opt/rustwide/target/debug/build/socket2/90b26cd30e1ef9f8/out -L dependency=/opt/rustwide/target/debug/build/stable_deref_trait/49463a691f385e1c/out -L dependency=/opt/rustwide/target/debug/build/thiserror-impl/200fe41e2638ece3/out -L dependency=/opt/rustwide/target/debug/build/tinystr/1c80857c375c0824/out -L dependency=/opt/rustwide/target/debug/build/tinyvec_macros/7b77ea21c73594ca/out -L dependency=/opt/rustwide/target/debug/build/tokio-macros/c2c478a5ee93e1da/out -L dependency=/opt/rustwide/target/debug/build/tracing-attributes/40bd8bc5baa1d310/out -L dependency=/opt/rustwide/target/debug/build/tracing-core/7449bfa1ce7df632/out -L dependency=/opt/rustwide/target/debug/build/utf8_iter/51566bbad89f3a68/out -L dependency=/opt/rustwide/target/debug/build/writeable/6caf51022a1236a4/out -L dependency=/opt/rustwide/target/debug/build/yoke-derive/ee0e33b1e2ec8435/out -L dependency=/opt/rustwide/target/debug/build/yoke/915341cc6c3163f0/out -L dependency=/opt/rustwide/target/debug/build/zerocopy-derive/6bbb47311bedb757/out -L dependency=/opt/rustwide/target/debug/build/zerocopy/6e785b867a7f7093/out -L dependency=/opt/rustwide/target/debug/build/zerofrom-derive/c5f669b7b53cf15d/out -L dependency=/opt/rustwide/target/debug/build/zerofrom/0e03e8df6e4aae9a/out -L dependency=/opt/rustwide/target/debug/build/zerotrie/28d33cfdedc9e374/out -L dependency=/opt/rustwide/target/debug/build/zerovec-derive/da46ced160cbc1a2/out -L dependency=/opt/rustwide/target/debug/build/zerovec/37109b546de6a916/out --extern async_trait=/opt/rustwide/target/debug/build/async-trait/2d040482a1124b26/out/libasync_trait-2d040482a1124b26.so --extern cfg_if=/opt/rustwide/target/debug/build/cfg-if/83060ec5685761ae/out/libcfg_if-83060ec5685761ae.rmeta --extern data_encoding=/opt/rustwide/target/debug/build/data-encoding/b17abe9da7ed756a/out/libdata_encoding-b17abe9da7ed756a.rmeta --extern enum_as_inner=/opt/rustwide/target/debug/build/enum-as-inner/96c8cfc69ac1f3c8/out/libenum_as_inner-96c8cfc69ac1f3c8.so --extern futures_channel=/opt/rustwide/target/debug/build/futures-channel/04b287164a72dbf0/out/libfutures_channel-04b287164a72dbf0.rmeta --extern futures_io=/opt/rustwide/target/debug/build/futures-io/3814ffd654d7040e/out/libfutures_io-3814ffd654d7040e.rmeta --extern futures_util=/opt/rustwide/target/debug/build/futures-util/a2262fb63cb11ecb/out/libfutures_util-a2262fb63cb11ecb.rmeta --extern idna=/opt/rustwide/target/debug/build/idna/46ff7b3672cf8968/out/libidna-46ff7b3672cf8968.rmeta --extern ipnet=/opt/rustwide/target/debug/build/ipnet/61ca7a5e1c2863d4/out/libipnet-61ca7a5e1c2863d4.rmeta --extern once_cell=/opt/rustwide/target/debug/build/once_cell/a797e138cdc25e52/out/libonce_cell-a797e138cdc25e52.rmeta --extern rand=/opt/rustwide/target/debug/build/rand/9c0fc73b36c17036/out/librand-9c0fc73b36c17036.rmeta --extern serde=/opt/rustwide/target/debug/build/serde/832eaaa3fcb48be3/out/libserde-832eaaa3fcb48be3.rmeta --extern thiserror=/opt/rustwide/target/debug/build/thiserror/4ba92a8360d49ac5/out/libthiserror-4ba92a8360d49ac5.rmeta --extern tinyvec=/opt/rustwide/target/debug/build/tinyvec/f7349416fdabe816/out/libtinyvec-f7349416fdabe816.rmeta --extern tokio=/opt/rustwide/target/debug/build/tokio/bb1c13f660d341d3/out/libtokio-bb1c13f660d341d3.rmeta --extern tracing=/opt/rustwide/target/debug/build/tracing/73d97032d095176f/out/libtracing-73d97032d095176f.rmeta --extern url=/opt/rustwide/target/debug/build/url/a3acd3017f259af5/out/liburl-a3acd3017f259af5.rmeta --cap-lints allow --cap-lints=warn --force-warn=unused_crate_dependencies` (signal: 9, SIGKILL: kill)
[INFO] [stderr] warning: build failed, waiting for other jobs to finish...
[INFO] [stderr] error: could not compile `h2` (lib)
[INFO] [stderr] 
[INFO] [stderr] Caused by:
[INFO] [stderr]   process didn't exit successfully: `/opt/rustwide/rustup-home/toolchains/1.100.0-beta.1-x86_64-unknown-linux-gnu/bin/rustc --crate-name h2 --edition=2021 /opt/rustwide/cargo-home/registry/src/index.crates.io-1949cf8c6b5b557f/h2-0.4.15/src/lib.rs --error-format=json --json=diagnostic-rendered-ansi,artifacts,future-incompat,unused-externs-silent --crate-type lib --emit=dep-info,metadata,link -C embed-bitcode=no -C debuginfo=2 --check-cfg 'cfg(docsrs,test)' --check-cfg 'cfg(feature, values("stream", "unstable"))' -C metadata=d3d4bbcf633b1a1d -C extra-filename=-6bda2e6c99635f94 --out-dir /opt/rustwide/target/debug/build/h2/6bda2e6c99635f94/out -L dependency=/opt/rustwide/target/debug/build/bytes/5f66263ae3d5daa8/out -L dependency=/opt/rustwide/target/debug/build/cfg-if/83060ec5685761ae/out -L dependency=/opt/rustwide/target/debug/build/critical-section/fb1ca78526e87a67/out -L dependency=/opt/rustwide/target/debug/build/equivalent/6a754676e6af62ae/out -L dependency=/opt/rustwide/target/debug/build/errno/b828f94e94d1c0fa/out -L dependency=/opt/rustwide/target/debug/build/foldhash/07f233db1c671507/out -L dependency=/opt/rustwide/target/debug/build/foldhash/3b780c428974a407/out -L dependency=/opt/rustwide/target/debug/build/futures-channel/04b287164a72dbf0/out -L dependency=/opt/rustwide/target/debug/build/futures-core/1121ff913ed87f93/out -L dependency=/opt/rustwide/target/debug/build/futures-io/3814ffd654d7040e/out -L dependency=/opt/rustwide/target/debug/build/futures-macro/35fc1f26bf437fe2/out -L dependency=/opt/rustwide/target/debug/build/futures-sink/3971bde37bb30e19/out -L dependency=/opt/rustwide/target/debug/build/futures-task/36f327cfab86eddc/out -L dependency=/opt/rustwide/target/debug/build/futures-util/a2262fb63cb11ecb/out -L dependency=/opt/rustwide/target/debug/build/hashbrown/8da8fd0b7703f558/out -L dependency=/opt/rustwide/target/debug/build/hashbrown/daa42fe27bea3816/out -L dependency=/opt/rustwide/target/debug/build/itoa/5de11b3b23bfe572/out -L dependency=/opt/rustwide/target/debug/build/libc/177b4b632c025eff/out -L dependency=/opt/rustwide/target/debug/build/lock_api/5431707837353314/out -L dependency=/opt/rustwide/target/debug/build/log/f8e255cd9d1fa9c9/out -L dependency=/opt/rustwide/target/debug/build/memchr/a932478bde794617/out -L dependency=/opt/rustwide/target/debug/build/mio/2d0bdc06d397e7bf/out -L dependency=/opt/rustwide/target/debug/build/once_cell/a797e138cdc25e52/out -L dependency=/opt/rustwide/target/debug/build/parking_lot/6f516288361ae9ab/out -L dependency=/opt/rustwide/target/debug/build/parking_lot_core/98ab53ee5c00322f/out -L dependency=/opt/rustwide/target/debug/build/pin-project-lite/0a15d51c77964692/out -L dependency=/opt/rustwide/target/debug/build/portable-atomic/b2c3e87a13df7d23/out -L dependency=/opt/rustwide/target/debug/build/scopeguard/55139cbc26b0b9b4/out -L dependency=/opt/rustwide/target/debug/build/serde/832eaaa3fcb48be3/out -L dependency=/opt/rustwide/target/debug/build/serde_core/49c5f0449f9ff544/out -L dependency=/opt/rustwide/target/debug/build/serde_derive/9742b584b9fa6c1b/out -L dependency=/opt/rustwide/target/debug/build/signal-hook-registry/a760c7518082b676/out -L dependency=/opt/rustwide/target/debug/build/slab/0582d648e59ab406/out -L dependency=/opt/rustwide/target/debug/build/smallvec/1a298a7abe74ceb3/out -L dependency=/opt/rustwide/target/debug/build/socket2/90b26cd30e1ef9f8/out -L dependency=/opt/rustwide/target/debug/build/tokio-macros/c2c478a5ee93e1da/out -L dependency=/opt/rustwide/target/debug/build/tokio/bb1c13f660d341d3/out -L dependency=/opt/rustwide/target/debug/build/tracing-attributes/40bd8bc5baa1d310/out -L dependency=/opt/rustwide/target/debug/build/tracing-core/7449bfa1ce7df632/out --extern atomic_waker=/opt/rustwide/target/debug/build/atomic-waker/06950c8c08d2b8fa/out/libatomic_waker-06950c8c08d2b8fa.rmeta --extern bytes=/opt/rustwide/target/debug/build/bytes/5f66263ae3d5daa8/out/libbytes-5f66263ae3d5daa8.rmeta --extern fnv=/opt/rustwide/target/debug/build/fnv/79e2cbfbe03dcd16/out/libfnv-79e2cbfbe03dcd16.rmeta --extern futures_core=/opt/rustwide/target/debug/build/futures-core/1121ff913ed87f93/out/libfutures_core-1121ff913ed87f93.rmeta --extern futures_sink=/opt/rustwide/target/debug/build/futures-sink/3971bde37bb30e19/out/libfutures_sink-3971bde37bb30e19.rmeta --extern http=/opt/rustwide/target/debug/build/http/2ce7374fddd0469c/out/libhttp-2ce7374fddd0469c.rmeta --extern indexmap=/opt/rustwide/target/debug/build/indexmap/bb62c976580d2eb9/out/libindexmap-bb62c976580d2eb9.rmeta --extern slab=/opt/rustwide/target/debug/build/slab/0582d648e59ab406/out/libslab-0582d648e59ab406.rmeta --extern tokio=/opt/rustwide/target/debug/build/tokio/bb1c13f660d341d3/out/libtokio-bb1c13f660d341d3.rmeta --extern tokio_util=/opt/rustwide/target/debug/build/tokio-util/dd10ab7129a80600/out/libtokio_util-dd10ab7129a80600.rmeta --extern tracing=/opt/rustwide/target/debug/build/tracing/73d97032d095176f/out/libtracing-73d97032d095176f.rmeta --cap-lints allow --cap-lints=warn --force-warn=unused_crate_dependencies` (signal: 9, SIGKILL: kill)
[INFO] [stderr] error: failed to run custom build command for `v8 v149.4.0`
[INFO] [stderr] note: To improve backtraces for build dependencies, set the CARGO_PROFILE_DEV_BUILD_OVERRIDE_DEBUG=true environment variable to enable debug information generation.
[INFO] [stderr] 
[INFO] [stderr] Caused by:
[INFO] [stderr]   process didn't exit successfully: `/opt/rustwide/target/debug/build/v8/c41a3fc91a47c3c1/out/build_script_build` (exit status: 101)
[INFO] [stderr]   --- stdout
[INFO] [stderr]   cargo:rerun-if-changed=.gn
[INFO] [stderr]   cargo:rerun-if-changed=BUILD.gn
[INFO] [stderr]   cargo:rerun-if-changed=src/binding.cc
[INFO] [stderr]   cargo:rerun-if-env-changed=CCACHE
[INFO] [stderr]   cargo:rerun-if-env-changed=CLANG_BASE_PATH
[INFO] [stderr]   cargo:rerun-if-env-changed=CXXSTDLIB
[INFO] [stderr]   cargo:rerun-if-env-changed=DENO_TRYBUILD
[INFO] [stderr]   cargo:rerun-if-env-changed=DOCS_RS
[INFO] [stderr]   cargo:rerun-if-env-changed=GN
[INFO] [stderr]   cargo:rerun-if-env-changed=GN_ARGS
[INFO] [stderr]   cargo:rerun-if-env-changed=HOST
[INFO] [stderr]   cargo:rerun-if-env-changed=NINJA
[INFO] [stderr]   cargo:rerun-if-env-changed=OUT_DIR
[INFO] [stderr]   cargo:rerun-if-env-changed=RUSTY_V8_ARCHIVE
[INFO] [stderr]   cargo:rerun-if-env-changed=RUSTY_V8_MIRROR
[INFO] [stderr]   cargo:rerun-if-env-changed=RUSTY_V8_SRC_BINDING_PATH
[INFO] [stderr]   cargo:rerun-if-env-changed=SCCACHE
[INFO] [stderr]   cargo:rerun-if-env-changed=V8_FORCE_DEBUG
[INFO] [stderr]   cargo:rerun-if-env-changed=V8_FROM_SOURCE
[INFO] [stderr]   cargo:rerun-if-env-changed=PYTHON
[INFO] [stderr]   cargo:rerun-if-env-changed=DISABLE_CLANG
[INFO] [stderr]   cargo:rerun-if-env-changed=EXTRA_GN_ARGS
[INFO] [stderr]   cargo:rerun-if-env-changed=PRINT_GN_ARGS
[INFO] [stderr]   cargo:rerun-if-env-changed=CARGO_ENCODED_RUSTFLAGS
[INFO] [stderr]   cargo:rustc-link-lib=static=rusty_v8
[INFO] [stderr]   lockfile: "/opt/rustwide/target/debug/build/v8/v8.fslock"
[INFO] [stderr]   cargo:rustc-env=RUSTY_V8_SRC_BINDING_PATH=/opt/rustwide/cargo-home/registry/src/index.crates.io-1949cf8c6b5b557f/v8-149.4.0/gen/src_binding_simdutf_release_x86_64-unknown-linux-gnu.rs
[INFO] [stderr]   static lib URL: https://github.com/denoland/rusty_v8/releases/download/v149.4.0/librusty_v8_simdutf_release_x86_64-unknown-linux-gnu.a.gz
[INFO] [stderr]   cargo:rustc-link-search=/opt/rustwide/target/debug/build/gn_out/obj
[INFO] [stderr]   Looking for download in '"/opt/rustwide/cargo-home/.rusty_v8/https___github_com_denoland_rusty_v8_releases_download_v149_4_0_librusty_v8_simdutf_release_x86_64_unknown_linux_gnu_a_gz"'
[INFO] [stderr]   Downloading https://github.com/denoland/rusty_v8/releases/download/v149.4.0/librusty_v8_simdutf_release_x86_64-unknown-linux-gnu.a.gz
[INFO] [stderr]   Trying with Python...
[INFO] [stderr]   Downloading https://github.com/denoland/rusty_v8/releases/download/v149.4.0/librusty_v8_simdutf_release_x86_64-unknown-linux-gnu.a.gz...
[INFO] [stderr]   <urlopen error [Errno -3] Temporary failure in name resolution>
[INFO] [stderr]   Retrying in 5 s ...
[INFO] [stderr]   Downloading https://github.com/denoland/rusty_v8/releases/download/v149.4.0/librusty_v8_simdutf_release_x86_64-unknown-linux-gnu.a.gz...
[INFO] [stderr]   <urlopen error [Errno -3] Temporary failure in name resolution>
[INFO] [stderr]   Retrying in 10 s ...
[INFO] [stderr]   Downloading https://github.com/denoland/rusty_v8/releases/download/v149.4.0/librusty_v8_simdutf_release_x86_64-unknown-linux-gnu.a.gz...
[INFO] [stderr]   <urlopen error [Errno -3] Temporary failure in name resolution>
[INFO] [stderr]   Retrying in 20 s ...
[INFO] [stderr]   Downloading https://github.com/denoland/rusty_v8/releases/download/v149.4.0/librusty_v8_simdutf_release_x86_64-unknown-linux-gnu.a.gz...
[INFO] [stderr]   <urlopen error [Errno -3] Temporary failure in name resolution>
[INFO] [stderr]   Python downloader failed, trying with curl.
[INFO] [stderr] 
[INFO] [stderr]   --- stderr
[INFO] [stderr]   Traceback (most recent call last):
[INFO] [stderr]     File "/usr/lib/python3.14/urllib/request.py", line 1321, in do_open
[INFO] [stderr]       h.request(req.get_method(), req.selector, req.data, headers,
[INFO] [stderr]       ~~~~~~~~~^^^^^^^^^^^^^^^^^^^^^^^^^^^^^^^^^^^^^^^^^^^^^^^^^^^
[INFO] [stderr]                 encode_chunked=req.has_header('Transfer-encoding'))
[INFO] [stderr]                 ^^^^^^^^^^^^^^^^^^^^^^^^^^^^^^^^^^^^^^^^^^^^^^^^^^^
[INFO] [stderr]     File "/usr/lib/python3.14/http/client.py", line 1367, in request
[INFO] [stderr]       self._send_request(method, url, body, headers, encode_chunked)
[INFO] [stderr]       ~~~~~~~~~~~~~~~~~~^^^^^^^^^^^^^^^^^^^^^^^^^^^^^^^^^^^^^^^^^^^^
[INFO] [stderr]     File "/usr/lib/python3.14/http/client.py", line 1413, in _send_request
[INFO] [stderr]       self.endheaders(body, encode_chunked=encode_chunked)
[INFO] [stderr]       ~~~~~~~~~~~~~~~^^^^^^^^^^^^^^^^^^^^^^^^^^^^^^^^^^^^^
[INFO] [stderr]     File "/usr/lib/python3.14/http/client.py", line 1362, in endheaders
[INFO] [stderr]       self._send_output(message_body, encode_chunked=encode_chunked)
[INFO] [stderr]       ~~~~~~~~~~~~~~~~~^^^^^^^^^^^^^^^^^^^^^^^^^^^^^^^^^^^^^^^^^^^^^
[INFO] [stderr]     File "/usr/lib/python3.14/http/client.py", line 1122, in _send_output
[INFO] [stderr]       self.send(msg)
[INFO] [stderr]       ~~~~~~~~~^^^^^
[INFO] [stderr]     File "/usr/lib/python3.14/http/client.py", line 1066, in send
[INFO] [stderr]       self.connect()
[INFO] [stderr]       ~~~~~~~~~~~~^^
[INFO] [stderr]     File "/usr/lib/python3.14/http/client.py", line 1501, in connect
[INFO] [stderr]       super().connect()
[INFO] [stderr]       ~~~~~~~~~~~~~~~^^
[INFO] [stderr]     File "/usr/lib/python3.14/http/client.py", line 1032, in connect
[INFO] [stderr]       self.sock = self._create_connection(
[INFO] [stderr]                   ~~~~~~~~~~~~~~~~~~~~~~~^
[INFO] [stderr]           (self.host,self.port), self.timeout, self.source_address)
[INFO] [stderr]           ^^^^^^^^^^^^^^^^^^^^^^^^^^^^^^^^^^^^^^^^^^^^^^^^^^^^^^^^^
[INFO] [stderr]     File "/usr/lib/python3.14/socket.py", line 846, in create_connection
[INFO] [stderr]       for res in getaddrinfo(host, port, 0, SOCK_STREAM):
[INFO] [stderr]                  ~~~~~~~~~~~^^^^^^^^^^^^^^^^^^^^^^^^^^^^
[INFO] [stderr]     File "/usr/lib/python3.14/socket.py", line 983, in getaddrinfo
[INFO] [stderr]       for res in _socket.getaddrinfo(host, port, family, type, proto, flags):
[INFO] [stderr]                  ~~~~~~~~~~~~~~~~~~~^^^^^^^^^^^^^^^^^^^^^^^^^^^^^^^^^^^^^^^^
[INFO] [stderr]   socket.gaierror: [Errno -3] Temporary failure in name resolution
[INFO] [stderr] 
[INFO] [stderr]   During handling of the above exception, another exception occurred:
[INFO] [stderr] 
[INFO] [stderr]   Traceback (most recent call last):
[INFO] [stderr]     File "/opt/rustwide/cargo-home/registry/src/index.crates.io-1949cf8c6b5b557f/v8-149.4.0/./tools/download_file.py", line 63, in <module>
[INFO] [stderr]       sys.exit(main())
[INFO] [stderr]                ~~~~^^
[INFO] [stderr]     File "/opt/rustwide/cargo-home/registry/src/index.crates.io-1949cf8c6b5b557f/v8-149.4.0/./tools/download_file.py", line 58, in main
[INFO] [stderr]       DownloadUrl(args.url, f)
[INFO] [stderr]       ~~~~~~~~~~~^^^^^^^^^^^^^
[INFO] [stderr]     File "/opt/rustwide/cargo-home/registry/src/index.crates.io-1949cf8c6b5b557f/v8-149.4.0/./tools/download_file.py", line 44, in DownloadUrl
[INFO] [stderr]       raise e
[INFO] [stderr]     File "/opt/rustwide/cargo-home/registry/src/index.crates.io-1949cf8c6b5b557f/v8-149.4.0/./tools/download_file.py", line 28, in DownloadUrl
[INFO] [stderr]       response = urlopen(url)
[INFO] [stderr]     File "/usr/lib/python3.14/urllib/request.py", line 187, in urlopen
[INFO] [stderr]       return opener.open(url, data, timeout)
[INFO] [stderr]              ~~~~~~~~~~~^^^^^^^^^^^^^^^^^^^^
[INFO] [stderr]     File "/usr/lib/python3.14/urllib/request.py", line 487, in open
[INFO] [stderr]       response = self._open(req, data)
[INFO] [stderr]     File "/usr/lib/python3.14/urllib/request.py", line 504, in _open
[INFO] [stderr]       result = self._call_chain(self.handle_open, protocol, protocol +
[INFO] [stderr]                                 '_open', req)
[INFO] [stderr]     File "/usr/lib/python3.14/urllib/request.py", line 464, in _call_chain
[INFO] [stderr]       result = func(*args)
[INFO] [stderr]     File "/usr/lib/python3.14/urllib/request.py", line 1369, in https_open
[INFO] [stderr]       return self.do_open(http.client.HTTPSConnection, req,
[INFO] [stderr]              ~~~~~~~~~~~~^^^^^^^^^^^^^^^^^^^^^^^^^^^^^^^^^^
[INFO] [stderr]                           context=self._context)
[INFO] [stderr]                           ^^^^^^^^^^^^^^^^^^^^^^
[INFO] [stderr]     File "/usr/lib/python3.14/urllib/request.py", line 1324, in do_open
[INFO] [stderr]       raise URLError(err)
[INFO] [stderr]   urllib.error.URLError: <urlopen error [Errno -3] Temporary failure in name resolution>
[INFO] [stderr] 
[INFO] [stderr]   thread 'main' (4251) panicked at /opt/rustwide/cargo-home/registry/src/index.crates.io-1949cf8c6b5b557f/v8-149.4.0/build.rs:724:3:
[INFO] [stderr]   assertion failed: status.success()
[INFO] [stderr]   stack backtrace:
[INFO] [stderr]      0:     0x5f573b5caa31 - std[617be2ca0a6fd877]::backtrace_rs::backtrace::libunwind::trace
[INFO] [stderr]                                  at /rustc/e3feeb59cd1bdd011a2bfcc0747b55125d9b8527/library/std/src/../../backtrace/src/backtrace/libunwind.rs:117:9
[INFO] [stderr]      1:     0x5f573b5caa31 - std[617be2ca0a6fd877]::backtrace_rs::backtrace::trace_unsynchronized::<std[617be2ca0a6fd877]::sys::backtrace::_print_fmt::{closure#1}>
[INFO] [stderr]                                  at /rustc/e3feeb59cd1bdd011a2bfcc0747b55125d9b8527/library/std/src/../../backtrace/src/backtrace/mod.rs:66:14
[INFO] [stderr]      2:     0x5f573b5caa31 - std[617be2ca0a6fd877]::sys::backtrace::_print_fmt
[INFO] [stderr]                                  at /rustc/e3feeb59cd1bdd011a2bfcc0747b55125d9b8527/library/std/src/sys/backtrace.rs:74:9
[INFO] [stderr]      3:     0x5f573b5caa31 - <<std[617be2ca0a6fd877]::sys::backtrace::BacktraceLock>::print::DisplayBacktrace as core[a373ad73a504971]::fmt::Display>::fmt
[INFO] [stderr]                                  at /rustc/e3feeb59cd1bdd011a2bfcc0747b55125d9b8527/library/std/src/sys/backtrace.rs:44:26
[INFO] [stderr]      4:     0x5f573b5e115a - <core[a373ad73a504971]::fmt::rt::Argument>::fmt
[INFO] [stderr]                                  at /rustc/e3feeb59cd1bdd011a2bfcc0747b55125d9b8527/library/core/src/fmt/rt.rs:152:76
[INFO] [stderr]      5:     0x5f573b5e115a - core[a373ad73a504971]::fmt::write
[INFO] [stderr]      6:     0x5f573b5cfabc - core[a373ad73a504971]::io::write::default_write_fmt::<std[617be2ca0a6fd877]::sys::stdio::unix::Stderr>
[INFO] [stderr]                                  at /rustc/e3feeb59cd1bdd011a2bfcc0747b55125d9b8527/library/core/src/io/write.rs:402:11
[INFO] [stderr]      7:     0x5f573b5cfabc - <std[617be2ca0a6fd877]::sys::stdio::unix::Stderr as core[a373ad73a504971]::io::write::Write>::write_fmt
[INFO] [stderr]                                  at /rustc/e3feeb59cd1bdd011a2bfcc0747b55125d9b8527/library/core/src/io/write.rs:335:13
[INFO] [stderr]      8:     0x5f573b5a78e6 - <std[617be2ca0a6fd877]::sys::backtrace::BacktraceLock>::print
[INFO] [stderr]                                  at /rustc/e3feeb59cd1bdd011a2bfcc0747b55125d9b8527/library/std/src/sys/backtrace.rs:47:9
[INFO] [stderr]      9:     0x5f573b5a78e6 - std[617be2ca0a6fd877]::panicking::default_hook::{closure#0}
[INFO] [stderr]                                  at /rustc/e3feeb59cd1bdd011a2bfcc0747b55125d9b8527/library/std/src/panicking.rs:289:27
[INFO] [stderr]     10:     0x5f573b5c4381 - std[617be2ca0a6fd877]::panicking::default_hook
[INFO] [stderr]                                  at /rustc/e3feeb59cd1bdd011a2bfcc0747b55125d9b8527/library/std/src/panicking.rs:316:9
[INFO] [stderr]     11:     0x5f573b5c46ab - std[617be2ca0a6fd877]::panicking::panic_with_hook
[INFO] [stderr]                                  at /rustc/e3feeb59cd1bdd011a2bfcc0747b55125d9b8527/library/std/src/panicking.rs:811:13
[INFO] [stderr]     12:     0x5f573b5a79c4 - std[617be2ca0a6fd877]::panicking::panic_handler::{closure#0}
[INFO] [stderr]                                  at /rustc/e3feeb59cd1bdd011a2bfcc0747b55125d9b8527/library/std/src/panicking.rs:678:13
[INFO] [stderr]     13:     0x5f573b59ffc9 - std[617be2ca0a6fd877]::sys::backtrace::__rust_end_short_backtrace::<std[617be2ca0a6fd877]::panicking::panic_handler::{closure#0}, !>
[INFO] [stderr]                                  at /rustc/e3feeb59cd1bdd011a2bfcc0747b55125d9b8527/library/std/src/sys/backtrace.rs:182:18
[INFO] [stderr]     14:     0x5f573b5a835d - __rustc[ea4f61d10b84890b]::rust_begin_unwind
[INFO] [stderr]                                  at /rustc/e3feeb59cd1bdd011a2bfcc0747b55125d9b8527/library/std/src/panicking.rs:676:5
[INFO] [stderr]     15:     0x5f573b5e19fc - core[a373ad73a504971]::panicking::panic_fmt
[INFO] [stderr]                                  at /rustc/e3feeb59cd1bdd011a2bfcc0747b55125d9b8527/library/core/src/panicking.rs:80:14
[INFO] [stderr]     16:     0x5f573b5e19c2 - core[a373ad73a504971]::panicking::panic
[INFO] [stderr]                                  at /rustc/e3feeb59cd1bdd011a2bfcc0747b55125d9b8527/library/core/src/panicking.rs:150:5
[INFO] [stderr]     17:     0x5f573aec9e5a - build_script_build[462c5fd6e7dc824d]::download_file
[INFO] [stderr]     18:     0x5f573aecee32 - build_script_build[462c5fd6e7dc824d]::download_static_lib_binaries
[INFO] [stderr]     19:     0x5f573aed0763 - build_script_build[462c5fd6e7dc824d]::main
[INFO] [stderr]     20:     0x5f573aec459b - <fn() as core[a373ad73a504971]::ops::function::FnOnce<()>>::call_once
[INFO] [stderr]     21:     0x5f573aed7776 - std[617be2ca0a6fd877]::sys::backtrace::__rust_begin_short_backtrace::<fn(), ()>
[INFO] [stderr]     22:     0x5f573aec0f99 - std[617be2ca0a6fd877]::rt::lang_start::<()>::{closure#0}
[INFO] [stderr]     23:     0x5f573b5c34b8 - <&dyn core[a373ad73a504971]::ops::function::Fn<(), Output = i32> + core[a373ad73a504971]::marker::Sync + core[a373ad73a504971]::panic::unwind_safe::RefUnwindSafe as core[a373ad73a504971]::ops::function::FnOnce<()>>::call_once
[INFO] [stderr]                                  at /rustc/e3feeb59cd1bdd011a2bfcc0747b55125d9b8527/library/core/src/ops/function.rs:287:21
[INFO] [stderr]     24:     0x5f573b5c34b8 - std[617be2ca0a6fd877]::panicking::catch_unwind::do_call::<&dyn core[a373ad73a504971]::ops::function::Fn<(), Output = i32> + core[a373ad73a504971]::marker::Sync + core[a373ad73a504971]::panic::unwind_safe::RefUnwindSafe, i32>
[INFO] [stderr]                                  at /rustc/e3feeb59cd1bdd011a2bfcc0747b55125d9b8527/library/std/src/panicking.rs:573:43
[INFO] [stderr]     25:     0x5f573b5c34b8 - std[617be2ca0a6fd877]::panicking::catch_unwind::<i32, &dyn core[a373ad73a504971]::ops::function::Fn<(), Output = i32> + core[a373ad73a504971]::marker::Sync + core[a373ad73a504971]::panic::unwind_safe::RefUnwindSafe>
[INFO] [stderr]                                  at /rustc/e3feeb59cd1bdd011a2bfcc0747b55125d9b8527/library/std/src/panicking.rs:541:19
[INFO] [stderr]     26:     0x5f573b5c34b8 - std[617be2ca0a6fd877]::panic::catch_unwind::<&dyn core[a373ad73a504971]::ops::function::Fn<(), Output = i32> + core[a373ad73a504971]::marker::Sync + core[a373ad73a504971]::panic::unwind_safe::RefUnwindSafe, i32>
[INFO] [stderr]                                  at /rustc/e3feeb59cd1bdd011a2bfcc0747b55125d9b8527/library/std/src/panic.rs:359:14
[INFO] [stderr]     27:     0x5f573b5c34b8 - std[617be2ca0a6fd877]::rt::lang_start_internal::{closure#0}
[INFO] [stderr]                                  at /rustc/e3feeb59cd1bdd011a2bfcc0747b55125d9b8527/library/std/src/rt.rs:175:24
[INFO] [stderr]     28:     0x5f573b5c34b8 - std[617be2ca0a6fd877]::panicking::catch_unwind::do_call::<std[617be2ca0a6fd877]::rt::lang_start_internal::{closure#0}, isize>
[INFO] [stderr]                                  at /rustc/e3feeb59cd1bdd011a2bfcc0747b55125d9b8527/library/std/src/panicking.rs:573:43
[INFO] [stderr]     29:     0x5f573b5c34b8 - std[617be2ca0a6fd877]::panicking::catch_unwind::<isize, std[617be2ca0a6fd877]::rt::lang_start_internal::{closure#0}>
[INFO] [stderr]                                  at /rustc/e3feeb59cd1bdd011a2bfcc0747b55125d9b8527/library/std/src/panicking.rs:541:19
[INFO] [stderr]     30:     0x5f573b5c34b8 - std[617be2ca0a6fd877]::panic::catch_unwind::<std[617be2ca0a6fd877]::rt::lang_start_internal::{closure#0}, isize>
[INFO] [stderr]                                  at /rustc/e3feeb59cd1bdd011a2bfcc0747b55125d9b8527/library/std/src/panic.rs:359:14
[INFO] [stderr]     31:     0x5f573b5c34b8 - std[617be2ca0a6fd877]::rt::lang_start_internal
[INFO] [stderr]                                  at /rustc/e3feeb59cd1bdd011a2bfcc0747b55125d9b8527/library/std/src/rt.rs:171:5
[INFO] [stderr]     32:     0x5f573aebf4c1 - std[617be2ca0a6fd877]::rt::lang_start::<()>
[INFO] [stderr]     33:     0x5f573aed5165 - main
[INFO] [stderr]     34:     0x72b79c6b7601 - <unknown>
[INFO] [stderr]     35:     0x72b79c6b7718 - __libc_start_main
[INFO] [stderr]     36:     0x5f573aebd215 - _start
[INFO] [stderr]     37:                0x0 - <unknown>
[INFO] [stderr] error: could not compile `brotli` (lib)
[INFO] [stderr] 
[INFO] [stderr] Caused by:
[INFO] [stderr]   process didn't exit successfully: `/opt/rustwide/rustup-home/toolchains/1.100.0-beta.1-x86_64-unknown-linux-gnu/bin/rustc --crate-name brotli --edition=2015 /opt/rustwide/cargo-home/registry/src/index.crates.io-1949cf8c6b5b557f/brotli-8.0.4/src/lib.rs --error-format=json --json=diagnostic-rendered-ansi,artifacts,future-incompat,unused-externs-silent --crate-type lib --emit=dep-info,metadata,link -C embed-bitcode=no -C debuginfo=2 --cfg 'feature="alloc-stdlib"' --cfg 'feature="default"' --cfg 'feature="std"' --check-cfg 'cfg(docsrs,test)' --check-cfg 'cfg(feature, values("alloc-stdlib", "benchmark", "billing", "default", "disable-timer", "disallow_large_window_size", "external-literal-probability", "ffi-api", "float64", "floating_point_context_mixing", "no-stdlib-ffi-binding", "pass-through-ffi-panics", "seccomp", "sha2", "simd", "std", "validation", "vector_scratch_space"))' -C metadata=4e5f018e9deaaf58 -C extra-filename=-7c09821753453fcc --out-dir /opt/rustwide/target/debug/build/brotli/7c09821753453fcc/out -L dependency=/opt/rustwide/target/debug/build/alloc-no-stdlib/118b0458ceca2dd8/out -L dependency=/opt/rustwide/target/debug/build/alloc-stdlib/2bf48dffacb1c5e4/out --extern alloc_no_stdlib=/opt/rustwide/target/debug/build/alloc-no-stdlib/118b0458ceca2dd8/out/liballoc_no_stdlib-118b0458ceca2dd8.rmeta --extern alloc_stdlib=/opt/rustwide/target/debug/build/alloc-stdlib/2bf48dffacb1c5e4/out/liballoc_stdlib-2bf48dffacb1c5e4.rmeta --extern brotli_decompressor=/opt/rustwide/target/debug/build/brotli-decompressor/3fcb0aef182122aa/out/libbrotli_decompressor-3fcb0aef182122aa.rmeta --cap-lints allow --cap-lints=warn --force-warn=unused_crate_dependencies` (signal: 9, SIGKILL: kill)
[INFO] [stderr] error: could not compile `brotli` (lib)
[INFO] [stderr] 
[INFO] [stderr] Caused by:
[INFO] [stderr]   process didn't exit successfully: `/opt/rustwide/rustup-home/toolchains/1.100.0-beta.1-x86_64-unknown-linux-gnu/bin/rustc --crate-name brotli --edition=2015 /opt/rustwide/cargo-home/registry/src/index.crates.io-1949cf8c6b5b557f/brotli-6.0.0/src/lib.rs --error-format=json --json=diagnostic-rendered-ansi,artifacts,future-incompat,unused-externs-silent --crate-type lib --emit=dep-info,metadata,link -C embed-bitcode=no -C debuginfo=2 --cfg 'feature="alloc-stdlib"' --cfg 'feature="default"' --cfg 'feature="ffi-api"' --cfg 'feature="std"' --check-cfg 'cfg(docsrs,test)' --check-cfg 'cfg(feature, values("alloc-stdlib", "benchmark", "default", "disable-timer", "external-literal-probability", "ffi-api", "pass-through-ffi-panics", "seccomp", "sha2", "simd", "std", "validation", "vector_scratch_space"))' -C metadata=9cf80f7b7e79d7b6 -C extra-filename=-ddb7dbed29f2d596 --out-dir /opt/rustwide/target/debug/build/brotli/ddb7dbed29f2d596/out -L dependency=/opt/rustwide/target/debug/build/alloc-no-stdlib/118b0458ceca2dd8/out -L dependency=/opt/rustwide/target/debug/build/alloc-stdlib/2bf48dffacb1c5e4/out --extern alloc_no_stdlib=/opt/rustwide/target/debug/build/alloc-no-stdlib/118b0458ceca2dd8/out/liballoc_no_stdlib-118b0458ceca2dd8.rmeta --extern alloc_stdlib=/opt/rustwide/target/debug/build/alloc-stdlib/2bf48dffacb1c5e4/out/liballoc_stdlib-2bf48dffacb1c5e4.rmeta --extern brotli_decompressor=/opt/rustwide/target/debug/build/brotli-decompressor/c89d52248d13ad6e/out/libbrotli_decompressor-c89d52248d13ad6e.rmeta --cap-lints allow --cap-lints=warn --force-warn=unused_crate_dependencies` (signal: 9, SIGKILL: kill)
[INFO] running `Command { std: "docker" "inspect" "d7471bb269da15ce24cee650366880fb8c327829b7a7f9fd0431f0b91f68d241", kill_on_drop: false }`
[INFO] running `Command { std: "docker" "rm" "-f" "d7471bb269da15ce24cee650366880fb8c327829b7a7f9fd0431f0b91f68d241", kill_on_drop: false }`
[INFO] [stdout] d7471bb269da15ce24cee650366880fb8c327829b7a7f9fd0431f0b91f68d241
