[INFO] fetching crate tank-valkey 0.42.0...
[INFO] testing tank-valkey-0.42.0 against 1.99.0-beta.8 for beta-1.100-2
[INFO] extracting crate tank-valkey 0.42.0 into /workspace/builds/worker-6-tc1/source
[INFO] started tweaking crates.io crate tank-valkey 0.42.0
[INFO] removed 0 missing tests
[INFO] finished tweaking crates.io crate tank-valkey 0.42.0
[INFO] tweaked toml for crates.io crate tank-valkey 0.42.0 written to /workspace/builds/worker-6-tc1/source/Cargo.toml
[INFO] validating manifest of crates.io crate tank-valkey 0.42.0 on toolchain 1.99.0-beta.8
[INFO] running `Command { std: CARGO_HOME="/workspace/cargo-home" RUSTUP_HOME="/workspace/rustup-home" "/workspace/cargo-home/bin/cargo" "+1.99.0-beta.8" "metadata" "--manifest-path" "Cargo.toml" "--no-deps", kill_on_drop: false }`
[INFO] crate crates.io crate tank-valkey 0.42.0 already has a lockfile, it will not be regenerated
[INFO] running `Command { std: CARGO_HOME="/workspace/cargo-home" RUSTUP_HOME="/workspace/rustup-home" "/workspace/cargo-home/bin/cargo" "+1.99.0-beta.8" "fetch" "--manifest-path" "Cargo.toml", kill_on_drop: false }`
[INFO] [stderr]     Updating crates.io index
[INFO] [stderr]  Downloading crates ...
[INFO] [stderr]   Downloaded borsh v1.7.0
[INFO] [stderr]   Downloaded deadpool-runtime v0.3.1
[INFO] [stderr]   Downloaded asn1-rs-derive v0.6.0
[INFO] [stderr]   Downloaded borsh-derive v1.7.0
[INFO] [stderr]   Downloaded xxhash-rust v0.8.16
[INFO] [stderr]   Downloaded arcstr v1.2.0
[INFO] [stderr]   Downloaded yasna v0.6.0
[INFO] [stderr]   Downloaded oid-registry v0.8.1
[INFO] [stderr]   Downloaded rcgen v0.14.8
[INFO] [stderr]   Downloaded tank-core v0.42.0
[INFO] [stderr]   Downloaded deadpool v0.13.0
[INFO] [stderr]   Downloaded der-parser v10.0.0
[INFO] [stderr]   Downloaded asn1-rs v0.7.2
[INFO] [stderr]   Downloaded rust_decimal v1.42.1
[INFO] [stderr]   Downloaded x509-parser v0.18.1
[INFO] [stderr]   Downloaded redis v1.3.0
[INFO] running `Command { std: "docker" "create" "-v" "/var/lib/crater-agent-workspace/builds/worker-6-tc1/source:/opt/rustwide/workdir:ro,Z" "-v" "/var/lib/crater-agent-workspace/builds/worker-6-tc1/target:/opt/rustwide/target:rw,Z" "-v" "/var/lib/crater-agent-workspace/cargo-home:/opt/rustwide/cargo-home:ro,Z" "-v" "/var/lib/crater-agent-workspace/rustup-home:/opt/rustwide/rustup-home:ro,Z" "-m" "1610612736" "--network" "none" "ghcr.io/rust-lang/crates-build-env/linux@sha256:3111399a4047eeb3a02b7a90e478d715f38a8c6669b5c4b49d30a17385265909" "sleep" "infinity", kill_on_drop: false }`
[INFO] [stdout] 63902a944cd08e0ceb3b2a83c1ff05bacf755f2006a53ca063f2eb884ff02d3c
[INFO] running `Command { std: "docker" "start" "63902a944cd08e0ceb3b2a83c1ff05bacf755f2006a53ca063f2eb884ff02d3c", kill_on_drop: false }`
[INFO] running `Command { std: "docker" "inspect" "63902a944cd08e0ceb3b2a83c1ff05bacf755f2006a53ca063f2eb884ff02d3c", kill_on_drop: false }`
[INFO] running `Command { std: "docker" "exec" "-e" "SOURCE_DIR=/opt/rustwide/workdir" "-e" "CARGO_HOME=/opt/rustwide/cargo-home" "-e" "RUSTUP_HOME=/opt/rustwide/rustup-home" "-e" "CARGO_TARGET_DIR=/opt/rustwide/target" "-w" "/opt/rustwide/workdir" "--user" "0:0" "63902a944cd08e0ceb3b2a83c1ff05bacf755f2006a53ca063f2eb884ff02d3c" "/opt/rustwide/cargo-home/bin/cargo" "+1.99.0-beta.8" "metadata" "--no-deps" "--format-version=1", kill_on_drop: false }`
[INFO] running `Command { std: "docker" "inspect" "63902a944cd08e0ceb3b2a83c1ff05bacf755f2006a53ca063f2eb884ff02d3c", kill_on_drop: false }`
[INFO] running `Command { std: "docker" "exec" "-e" "SOURCE_DIR=/opt/rustwide/workdir" "-e" "CARGO_HOME=/opt/rustwide/cargo-home" "-e" "RUSTUP_HOME=/opt/rustwide/rustup-home" "-e" "CARGO_TARGET_DIR=/opt/rustwide/target" "-e" "CARGO_INCREMENTAL=0" "-e" "RUST_BACKTRACE=full" "-e" "RUSTFLAGS=--cap-lints=warn" "-e" "RUSTDOCFLAGS=--cap-lints=warn" "-w" "/opt/rustwide/workdir" "--user" "0:0" "63902a944cd08e0ceb3b2a83c1ff05bacf755f2006a53ca063f2eb884ff02d3c" "/opt/rustwide/cargo-home/bin/cargo" "+1.99.0-beta.8" "build" "--frozen" "--message-format=json", kill_on_drop: false }`
[INFO] [stderr]    Compiling proc-macro2 v1.0.106
[INFO] [stderr]    Compiling quote v1.0.46
[INFO] [stderr]    Compiling unicode-ident v1.0.24
[INFO] [stderr]    Compiling pkg-config v0.3.33
[INFO] [stderr]    Compiling futures-core v0.3.32
[INFO] [stderr]    Compiling futures-sink v0.3.32
[INFO] [stderr]    Compiling cc v1.2.67
[INFO] [stderr]    Compiling crossbeam-utils v0.8.22
[INFO] [stderr]    Compiling smallvec v1.15.2
[INFO] [stderr]    Compiling mio v1.2.1
[INFO] [stderr]    Compiling socket2 v0.6.4
[INFO] [stderr]    Compiling serde v1.0.228
[INFO] [stderr]    Compiling bitflags v2.13.0
[INFO] [stderr]    Compiling rust_decimal v1.42.1
[INFO] [stderr]    Compiling log v0.4.33
[INFO] [stderr]    Compiling arrayvec v0.7.8
[INFO] [stderr]    Compiling serde_json v1.0.150
[INFO] [stderr]    Compiling anyhow v1.0.103
[INFO] [stderr]    Compiling futures-channel v0.3.32
[INFO] [stderr]    Compiling time-macros v0.2.31
[INFO] [stderr]    Compiling num-integer v0.1.46
[INFO] [stderr]    Compiling num_cpus v1.17.0
[INFO] [stderr]    Compiling convert_case v0.10.0
[INFO] [stderr]    Compiling uuid v1.23.4
[INFO] [stderr]    Compiling indoc v2.0.7
[INFO] [stderr]    Compiling tokio v1.52.3
[INFO] [stderr]    Compiling num-bigint v0.4.8
[INFO] [stderr]    Compiling concurrent-queue v2.5.0
[INFO] [stderr]    Compiling arcstr v1.2.0
[INFO] [stderr]    Compiling xxhash-rust v0.8.16
[INFO] [stderr]    Compiling event-listener v5.4.1
[INFO] [stderr]    Compiling syn v2.0.118
[INFO] [stderr]    Compiling event-listener-strategy v0.5.4
[INFO] [stderr]    Compiling async-lock v3.4.2
[INFO] [stderr]    Compiling openssl-sys v0.9.117
[INFO] [stderr]    Compiling time v0.3.53
[INFO] [stderr]    Compiling openssl v0.10.81
[INFO] [stderr]    Compiling native-tls v0.2.18
[INFO] [stderr]    Compiling tokio-util v0.7.18
[INFO] [stderr]    Compiling deadpool-runtime v0.3.1
[INFO] [stderr]    Compiling deadpool v0.13.0
[INFO] [stderr]    Compiling combine v4.6.7
[INFO] [stderr]    Compiling synstructure v0.13.2
[INFO] [stderr]    Compiling zerofrom-derive v0.1.7
[INFO] [stderr]    Compiling yoke-derive v0.8.2
[INFO] [stderr]    Compiling zerovec-derive v0.11.3
[INFO] [stderr]    Compiling displaydoc v0.2.6
[INFO] [stderr]    Compiling futures-macro v0.3.32
[INFO] [stderr]    Compiling openssl-macros v0.1.1
[INFO] [stderr]    Compiling async-stream-impl v0.3.6
[INFO] [stderr]    Compiling async-stream v0.3.6
[INFO] [stderr]    Compiling futures-util v0.3.32
[INFO] [stderr]    Compiling zerofrom v0.1.8
[INFO] [stderr]    Compiling yoke v0.8.3
[INFO] [stderr]    Compiling zerovec v0.11.6
[INFO] [stderr]    Compiling zerotrie v0.2.4
[INFO] [stderr]    Compiling tinystr v0.8.3
[INFO] [stderr]    Compiling potential_utf v0.1.5
[INFO] [stderr]    Compiling icu_collections v2.2.0
[INFO] [stderr]    Compiling icu_locale_core v2.2.0
[INFO] [stderr]    Compiling icu_provider v2.2.0
[INFO] [stderr]    Compiling icu_properties v2.2.0
[INFO] [stderr]    Compiling icu_normalizer v2.2.0
[INFO] [stderr]    Compiling futures-executor v0.3.32
[INFO] [stderr]    Compiling futures v0.3.32
[INFO] [stderr]    Compiling idna_adapter v1.2.2
[INFO] [stderr]    Compiling idna v1.1.0
[INFO] [stderr]    Compiling tokio-native-tls v0.3.1
[INFO] [stderr]    Compiling url v2.5.8
[INFO] [stderr]    Compiling tank-core v0.42.0
[INFO] [stderr]    Compiling redis v1.3.0
[INFO] [stderr]    Compiling tank-valkey v0.42.0 (/opt/rustwide/workdir)
[INFO] [stderr]     Finished `dev` profile [unoptimized + debuginfo] target(s) in 41.63s
[INFO] running `Command { std: "docker" "inspect" "63902a944cd08e0ceb3b2a83c1ff05bacf755f2006a53ca063f2eb884ff02d3c", kill_on_drop: false }`
[INFO] running `Command { std: "docker" "exec" "-e" "SOURCE_DIR=/opt/rustwide/workdir" "-e" "CARGO_HOME=/opt/rustwide/cargo-home" "-e" "RUSTUP_HOME=/opt/rustwide/rustup-home" "-e" "CARGO_TARGET_DIR=/opt/rustwide/target" "-e" "CARGO_INCREMENTAL=0" "-e" "RUST_BACKTRACE=full" "-e" "RUSTFLAGS=--cap-lints=warn" "-e" "RUSTDOCFLAGS=--cap-lints=warn" "-w" "/opt/rustwide/workdir" "--user" "0:0" "63902a944cd08e0ceb3b2a83c1ff05bacf755f2006a53ca063f2eb884ff02d3c" "/opt/rustwide/cargo-home/bin/cargo" "+1.99.0-beta.8" "test" "--frozen" "--no-run" "--message-format=json", kill_on_drop: false }`
[INFO] [stderr]    Compiling serde_core v1.0.228
[INFO] [stderr]    Compiling futures-channel v0.3.32
[INFO] [stderr]    Compiling http v1.4.2
[INFO] [stderr]    Compiling smallvec v1.15.2
[INFO] [stderr]    Compiling indexmap v2.14.0
[INFO] [stderr]    Compiling ring v0.17.14
[INFO] [stderr]    Compiling errno v0.3.14
[INFO] [stderr]    Compiling zeroize v1.9.0
[INFO] [stderr]    Compiling tokio-macros v2.7.0
[INFO] [stderr]    Compiling tracing-attributes v0.1.31
[INFO] [stderr]    Compiling serde_derive v1.0.228
[INFO] [stderr]    Compiling getrandom v0.2.17
[INFO] [stderr]    Compiling anyhow v1.0.103
[INFO] [stderr]    Compiling rustls v0.23.41
[INFO] [stderr]    Compiling tower-layer v0.3.3
[INFO] [stderr]    Compiling either v1.16.0
[INFO] [stderr]    Compiling signal-hook-registry v1.4.8
[INFO] [stderr]    Compiling futures-util v0.3.32
[INFO] [stderr]    Compiling rustls-pki-types v1.15.0
[INFO] [stderr]    Compiling sync_wrapper v1.0.2
[INFO] [stderr]    Compiling time-macros v0.2.31
[INFO] [stderr]    Compiling itertools v0.14.0
[INFO] [stderr]    Compiling pin-project-internal v1.1.13
[INFO] [stderr]    Compiling icu_normalizer v2.2.0
[INFO] [stderr]    Compiling matchit v0.8.4
[INFO] [stderr]    Compiling zerocopy v0.8.54
[INFO] [stderr]    Compiling tokio v1.52.3
[INFO] [stderr]    Compiling async-trait v0.1.89
[INFO] [stderr]    Compiling aho-corasick v1.1.4
[INFO] [stderr]    Compiling darling_core v0.23.0
[INFO] [stderr]    Compiling rustix v1.1.4
[INFO] [stderr]    Compiling idna_adapter v1.2.2
[INFO] [stderr]    Compiling http-body v1.0.1
[INFO] [stderr]    Compiling http-body-util v0.1.3
[INFO] [stderr]    Compiling idna v1.1.0
[INFO] [stderr]    Compiling axum-core v0.5.6
[INFO] [stderr]    Compiling tracing v0.1.44
[INFO] [stderr]    Compiling ureq-proto v0.6.0
[INFO] [stderr]    Compiling pin-project v1.1.13
[INFO] [stderr]    Compiling prost-derive v0.14.4
[INFO] [stderr]    Compiling rand_core v0.10.1
[INFO] [stderr]    Compiling getrandom v0.4.3
[INFO] [stderr]    Compiling utf8-zero v0.8.1
[INFO] [stderr]    Compiling bollard-buildkit-proto v0.7.0
[INFO] [stderr]    Compiling portable-atomic v1.13.1
[INFO] [stderr]    Compiling regex-automata v0.4.15
[INFO] [stderr]    Compiling structmeta-derive v0.3.0
[INFO] [stderr]    Compiling rustix v0.38.44
[INFO] [stderr]    Compiling deranged v0.5.8
[INFO] [stderr]    Compiling serde_json v1.0.150
[INFO] [stderr]    Compiling futures-executor v0.3.32
[INFO] [stderr]    Compiling cpufeatures v0.3.0
[INFO] [stderr]    Compiling chacha20 v0.10.1
[INFO] [stderr]    Compiling futures v0.3.32
[INFO] [stderr]    Compiling structmeta v0.3.0
[INFO] [stderr]    Compiling openssl v0.10.81
[INFO] [stderr]    Compiling num-rational v0.4.2
[INFO] [stderr]    Compiling num-iter v0.1.46
[INFO] [stderr]    Compiling serde v1.0.228
[INFO] [stderr]    Compiling time v0.3.53
[INFO] [stderr]    Compiling num-complex v0.4.6
[INFO] [stderr]    Compiling serde_repr v0.1.20
[INFO] [stderr]    Compiling thiserror-impl v2.0.18
[INFO] [stderr]    Compiling prost v0.14.4
[INFO] [stderr]    Compiling url v2.5.8
[INFO] [stderr]    Compiling darling_macro v0.23.0
[INFO] [stderr]    Compiling ppv-lite86 v0.2.21
[INFO] [stderr]    Compiling linux-raw-sys v0.4.15
[INFO] [stderr]    Compiling rust_decimal v1.42.1
[INFO] [stderr]    Compiling rand_chacha v0.9.0
[INFO] [stderr]    Compiling prost-types v0.14.4
[INFO] [stderr]    Compiling num v0.4.3
[INFO] [stderr]    Compiling serde_urlencoded v0.7.1
[INFO] [stderr]    Compiling darling v0.23.0
[INFO] [stderr]    Compiling serde_with_macros v3.21.0
[INFO] [stderr]    Compiling regex v1.13.0
[INFO] [stderr]    Compiling rand v0.9.5
[INFO] [stderr]    Compiling rand v0.10.2
[INFO] [stderr]    Compiling thiserror v2.0.18
[INFO] [stderr]    Compiling xattr v1.6.1
[INFO] [stderr]    Compiling rustls-native-certs v0.8.4
[INFO] [stderr]    Compiling home v0.5.12
[INFO] [stderr]    Compiling rustls-webpki v0.103.13
[INFO] [stderr]    Compiling docker_credential v1.4.0
[INFO] [stderr]    Compiling tokio-util v0.7.18
[INFO] [stderr]    Compiling tokio-stream v0.1.18
[INFO] [stderr]    Compiling deadpool-runtime v0.3.1
[INFO] [stderr]    Compiling ferroid v2.0.0
[INFO] [stderr]    Compiling serde_with v3.21.0
[INFO] [stderr]    Compiling etcetera v0.11.0
[INFO] [stderr]    Compiling deadpool v0.13.0
[INFO] [stderr]    Compiling pem v3.0.6
[INFO] [stderr]    Compiling h2 v0.4.15
[INFO] [stderr]    Compiling tower v0.5.3
[INFO] [stderr]    Compiling combine v4.6.7
[INFO] [stderr]    Compiling tank-core v0.42.0
[INFO] [stderr]    Compiling yasna v0.6.0
[INFO] [stderr]    Compiling parse-display-derive v0.9.1
[INFO] [stderr]    Compiling native-tls v0.2.18
[INFO] [stderr]    Compiling tokio-native-tls v0.3.1
[INFO] [stderr]    Compiling rcgen v0.14.8
[INFO] [stderr]    Compiling astral-tokio-tar v0.6.3
[INFO] [stderr]    Compiling axum v0.8.9
[INFO] [stderr]    Compiling parse-display v0.9.1
[INFO] [stderr]    Compiling ureq v3.3.0
[INFO] [stderr]    Compiling tokio-rustls v0.26.4
[INFO] [stderr]    Compiling hyper v1.10.1
[INFO] [stderr]    Compiling hyper-util v0.1.20
[INFO] [stderr]    Compiling redis v1.3.0
[INFO] [stderr]    Compiling hyper-timeout v0.5.2
[INFO] [stderr]    Compiling hyperlocal v0.9.1
[INFO] [stderr]    Compiling hyper-rustls v0.27.9
[INFO] [stderr]    Compiling tonic v0.14.6
[INFO] [stderr]    Compiling tonic-prost v0.14.6
[INFO] [stderr]    Compiling bollard-stubs v1.52.1-rc.29.1.3
[INFO] [stderr]    Compiling tank-valkey v0.42.0 (/opt/rustwide/workdir)
[INFO] [stderr]    Compiling bollard v0.20.2
[INFO] [stderr]    Compiling testcontainers v0.27.3
[INFO] [stderr]    Compiling testcontainers-modules v0.15.0
[INFO] [stdout] error[E0432]: unresolved import `tank`
[INFO] [stdout]  --> tests/pk_condition.rs:4:9
[INFO] [stdout]   |
[INFO] [stdout] 4 |     use tank::{Driver, Entity, Expression, Fragment, expr};
[INFO] [stdout]   |         ^^^^ use of unresolved module or unlinked crate `tank`
[INFO] [stdout]   |
[INFO] [stdout]   = help: if you wanted to use a crate named `tank`, use `cargo add tank` to add it to your `Cargo.toml`
[INFO] [stdout] 
[INFO] [stdout] 
[INFO] [stdout] error[E0432]: unresolved import `tank_tests`
[INFO] [stdout]   --> tests/init.rs:15:5
[INFO] [stdout]    |
[INFO] [stdout] 15 | use tank_tests::{custom, kv_storage, limits, simple};
[INFO] [stdout]    |     ^^^^^^^^^^ use of unresolved module or unlinked crate `tank_tests`
[INFO] [stdout]    |
[INFO] [stdout]    = help: if you wanted to use a crate named `tank_tests`, use `cargo add tank_tests` to add it to your `Cargo.toml`
[INFO] [stdout] 
[INFO] [stdout] 
[INFO] [stdout] error[E0432]: unresolved import `tank_tests`
[INFO] [stdout]  --> tests/redis.rs:8:9
[INFO] [stdout]   |
[INFO] [stdout] 8 |     use tank_tests::init_logs;
[INFO] [stdout]   |         ^^^^^^^^^^ use of unresolved module or unlinked crate `tank_tests`
[INFO] [stdout]   |
[INFO] [stdout]   = help: if you wanted to use a crate named `tank_tests`, use `cargo add tank_tests` to add it to your `Cargo.toml`
[INFO] [stdout] 
[INFO] [stdout] 
[INFO] [stdout] error[E0432]: unresolved import `tank_tests`
[INFO] [stdout]   --> tests/init.rs:15:5
[INFO] [stdout]    |
[INFO] [stdout] 15 | use tank_tests::{custom, kv_storage, limits, simple};
[INFO] [stdout]    |     ^^^^^^^^^^ use of unresolved module or unlinked crate `tank_tests`
[INFO] [stdout]    |
[INFO] [stdout]    = help: if you wanted to use a crate named `tank_tests`, use `cargo add tank_tests` to add it to your `Cargo.toml`
[INFO] [stdout] 
[INFO] [stdout] 
[INFO] [stdout] error[E0432]: unresolved import `tank_tests`
[INFO] [stdout]   --> tests/init.rs:15:5
[INFO] [stdout]    |
[INFO] [stdout] 15 | use tank_tests::{custom, kv_storage, limits, simple};
[INFO] [stdout]    |     ^^^^^^^^^^ use of unresolved module or unlinked crate `tank_tests`
[INFO] [stdout]    |
[INFO] [stdout]    = help: if you wanted to use a crate named `tank_tests`, use `cargo add tank_tests` to add it to your `Cargo.toml`
[INFO] [stdout] 
[INFO] [stdout] 
[INFO] [stdout] error[E0432]: unresolved import `tank_tests`
[INFO] [stdout]  --> tests/valkey.rs:8:9
[INFO] [stdout]   |
[INFO] [stdout] 8 |     use tank_tests::init_logs;
[INFO] [stdout]   |         ^^^^^^^^^^ use of unresolved module or unlinked crate `tank_tests`
[INFO] [stdout]   |
[INFO] [stdout]   = help: if you wanted to use a crate named `tank_tests`, use `cargo add tank_tests` to add it to your `Cargo.toml`
[INFO] [stdout] 
[INFO] [stdout] 
[INFO] [stdout] error: cannot find attribute `tank` in this scope
[INFO] [stdout]   --> tests/pk_condition.rs:14:11
[INFO] [stdout]    |
[INFO] [stdout] 14 |         #[tank(schema = "namespace", primary_key = (partition, name, id, day))]
[INFO] [stdout]    |           ^^^^
[INFO] [stdout] 
[INFO] [stdout] 
[INFO] [stdout] error: cannot find attribute `tank` in this scope
[INFO] [stdout]    --> tests/pk_condition.rs:173:11
[INFO] [stdout]     |
[INFO] [stdout] 173 |         #[tank(schema = "auth", primary_key = (user_id, token_type))]
[INFO] [stdout]     |           ^^^^
[INFO] [stdout] 
[INFO] [stdout] 
[INFO] [stdout] For more information about this error, try `rustc --explain E0432`.
[INFO] [stdout] 
[INFO] [stderr] error: could not compile `tank-valkey` (test "redis") due to 2 previous errors
[INFO] [stderr] warning: build failed, waiting for other jobs to finish...
[INFO] [stdout] For more information about this error, try `rustc --explain E0432`.
[INFO] [stdout] 
[INFO] [stderr] error: could not compile `tank-valkey` (test "valkey") due to 2 previous errors
[INFO] [stdout] error[E0599]: no associated function or constant named `table` found for struct `TableName` in the current scope
[INFO] [stdout]   --> tests/pk_condition.rs:35:49
[INFO] [stdout]    |
[INFO] [stdout] 15 |         struct TableName {
[INFO] [stdout]    |         ---------------- associated function or constant `table` not found for this struct
[INFO] [stdout] ...
[INFO] [stdout] 35 |                     format!("{}:{}", TableName::table().schema, TableName::table().name),
[INFO] [stdout]    |                                                 ^^^^^ associated function or constant not found in `TableName`
[INFO] [stdout]    |
[INFO] [stdout]    = help: items from traits can only be used if the trait is implemented and in scope
[INFO] [stdout]    = note: the following trait defines an item `table`, perhaps you need to implement it:
[INFO] [stdout]            candidate #1: `tank_core::entity::Entity`
[INFO] [stdout] 
[INFO] [stdout] 
[INFO] [stdout] error[E0599]: no associated function or constant named `table` found for struct `TableName` in the current scope
[INFO] [stdout]   --> tests/pk_condition.rs:35:76
[INFO] [stdout]    |
[INFO] [stdout] 15 |         struct TableName {
[INFO] [stdout]    |         ---------------- associated function or constant `table` not found for this struct
[INFO] [stdout] ...
[INFO] [stdout] 35 |                     format!("{}:{}", TableName::table().schema, TableName::table().name),
[INFO] [stdout]    |                                                                            ^^^^^ associated function or constant not found in `TableName`
[INFO] [stdout]    |
[INFO] [stdout]    = help: items from traits can only be used if the trait is implemented and in scope
[INFO] [stdout]    = note: the following trait defines an item `table`, perhaps you need to implement it:
[INFO] [stdout]            candidate #1: `tank_core::entity::Entity`
[INFO] [stdout] 
[INFO] [stdout] 
[INFO] [stdout] For more information about this error, try `rustc --explain E0432`.
[INFO] [stdout] 
[INFO] [stdout] error[E0599]: no associated function or constant named `primary_key_def` found for struct `TableName` in the current scope
[INFO] [stdout]   --> tests/pk_condition.rs:36:32
[INFO] [stdout]    |
[INFO] [stdout] 15 |         struct TableName {
[INFO] [stdout]    |         ---------------- associated function or constant `primary_key_def` not found for this struct
[INFO] [stdout] ...
[INFO] [stdout] 36 |                     TableName::primary_key_def(),
[INFO] [stdout]    |                                ^^^^^^^^^^^^^^^ associated function or constant not found in `TableName`
[INFO] [stdout]    |
[INFO] [stdout]    = help: items from traits can only be used if the trait is implemented and in scope
[INFO] [stdout]    = note: the following trait defines an item `primary_key_def`, perhaps you need to implement it:
[INFO] [stdout]            candidate #1: `tank_core::entity::Entity`
[INFO] [stdout] 
[INFO] [stdout] 
[INFO] [stderr] error: could not compile `tank-valkey` (test "init") due to 1 previous error
[INFO] [stdout] error[E0599]: no method named `primary_key_expr` found for struct `TableName` in the current scope
[INFO] [stdout]   --> tests/pk_condition.rs:38:31
[INFO] [stdout]    |
[INFO] [stdout] 15 |         struct TableName {
[INFO] [stdout]    |         ---------------- method `primary_key_expr` not found for this struct
[INFO] [stdout] ...
[INFO] [stdout] 38 |                 assert!(value.primary_key_expr().accept_visitor(
[INFO] [stdout]    |                               ^^^^^^^^^^^^^^^^ method not found in `TableName`
[INFO] [stdout]    |
[INFO] [stdout]    = help: items from traits can only be used if the trait is implemented and in scope
[INFO] [stdout]    = note: the following trait defines an item `primary_key_expr`, perhaps you need to implement it:
[INFO] [stdout]            candidate #1: `tank_core::entity::Entity`
[INFO] [stdout] 
[INFO] [stdout] 
[INFO] [stdout] error[E0599]: no method named `sql_writer` found for struct `ValkeyDriver` in the current scope
[INFO] [stdout]   --> tests/pk_condition.rs:40:29
[INFO] [stdout]    |
[INFO] [stdout] 40 |                     &DRIVER.sql_writer(),
[INFO] [stdout]    |                             ^^^^^^^^^^ method not found in `ValkeyDriver`
[INFO] [stdout]    |
[INFO] [stdout]   ::: /opt/rustwide/cargo-home/registry/src/index.crates.io-1949cf8c6b5b557f/tank-core-0.42.0/src/driver.rs:43:8
[INFO] [stdout]    |
[INFO] [stdout] 43 |     fn sql_writer(&self) -> Self::SqlWriter;
[INFO] [stdout]    |        ---------- the method is available for `ValkeyDriver` here
[INFO] [stdout]    |
[INFO] [stdout]    = help: items from traits can only be used if the trait is in scope
[INFO] [stdout] help: trait `Driver` which provides `sql_writer` is implemented but not in scope; perhaps you want to import it
[INFO] [stdout]    |
[INFO] [stdout]  3 +     use tank_core::driver::Driver;
[INFO] [stdout]    |
[INFO] [stdout] 
[INFO] [stdout] 
[INFO] [stdout] error[E0599]: no associated function or constant named `table` found for struct `TableName` in the current scope
[INFO] [stdout]   --> tests/pk_condition.rs:52:49
[INFO] [stdout]    |
[INFO] [stdout] 15 |         struct TableName {
[INFO] [stdout]    |         ---------------- associated function or constant `table` not found for this struct
[INFO] [stdout] ...
[INFO] [stdout] 52 |                     format!("{}.{}", TableName::table().schema, TableName::table().name),
[INFO] [stdout]    |                                                 ^^^^^ associated function or constant not found in `TableName`
[INFO] [stdout]    |
[INFO] [stdout]    = help: items from traits can only be used if the trait is implemented and in scope
[INFO] [stdout]    = note: the following trait defines an item `table`, perhaps you need to implement it:
[INFO] [stdout]            candidate #1: `tank_core::entity::Entity`
[INFO] [stdout] 
[INFO] [stdout] 
[INFO] [stdout] error[E0599]: no associated function or constant named `table` found for struct `TableName` in the current scope
[INFO] [stdout]   --> tests/pk_condition.rs:52:76
[INFO] [stdout]    |
[INFO] [stdout] 15 |         struct TableName {
[INFO] [stdout]    |         ---------------- associated function or constant `table` not found for this struct
[INFO] [stdout] ...
[INFO] [stdout] 52 |                     format!("{}.{}", TableName::table().schema, TableName::table().name),
[INFO] [stdout]    |                                                                            ^^^^^ associated function or constant not found in `TableName`
[INFO] [stdout]    |
[INFO] [stdout]    = help: items from traits can only be used if the trait is implemented and in scope
[INFO] [stdout]    = note: the following trait defines an item `table`, perhaps you need to implement it:
[INFO] [stdout]            candidate #1: `tank_core::entity::Entity`
[INFO] [stdout] 
[INFO] [stdout] 
[INFO] [stdout] error[E0599]: no associated function or constant named `primary_key_def` found for struct `TableName` in the current scope
[INFO] [stdout]   --> tests/pk_condition.rs:53:32
[INFO] [stdout]    |
[INFO] [stdout] 15 |         struct TableName {
[INFO] [stdout]    |         ---------------- associated function or constant `primary_key_def` not found for this struct
[INFO] [stdout] ...
[INFO] [stdout] 53 |                     TableName::primary_key_def(),
[INFO] [stdout]    |                                ^^^^^^^^^^^^^^^ associated function or constant not found in `TableName`
[INFO] [stdout]    |
[INFO] [stdout]    = help: items from traits can only be used if the trait is implemented and in scope
[INFO] [stdout]    = note: the following trait defines an item `primary_key_def`, perhaps you need to implement it:
[INFO] [stdout]            candidate #1: `tank_core::entity::Entity`
[INFO] [stdout] 
[INFO] [stdout] 
[INFO] [stdout] error[E0599]: no method named `primary_key_expr` found for struct `TableName` in the current scope
[INFO] [stdout]   --> tests/pk_condition.rs:55:31
[INFO] [stdout]    |
[INFO] [stdout] 15 |         struct TableName {
[INFO] [stdout]    |         ---------------- method `primary_key_expr` not found for this struct
[INFO] [stdout] ...
[INFO] [stdout] 55 |                 assert!(value.primary_key_expr().accept_visitor(
[INFO] [stdout]    |                               ^^^^^^^^^^^^^^^^ method not found in `TableName`
[INFO] [stdout]    |
[INFO] [stdout]    = help: items from traits can only be used if the trait is implemented and in scope
[INFO] [stdout]    = note: the following trait defines an item `primary_key_expr`, perhaps you need to implement it:
[INFO] [stdout]            candidate #1: `tank_core::entity::Entity`
[INFO] [stdout] 
[INFO] [stdout] 
[INFO] [stdout] error[E0599]: no method named `sql_writer` found for struct `ValkeyDriver` in the current scope
[INFO] [stdout]   --> tests/pk_condition.rs:57:51
[INFO] [stdout]    |
[INFO] [stdout] 57 |                     &ValkeyDriver::new(".", true).sql_writer(),
[INFO] [stdout]    |                                                   ^^^^^^^^^^ method not found in `ValkeyDriver`
[INFO] [stdout]    |
[INFO] [stdout]   ::: /opt/rustwide/cargo-home/registry/src/index.crates.io-1949cf8c6b5b557f/tank-core-0.42.0/src/driver.rs:43:8
[INFO] [stdout]    |
[INFO] [stdout] 43 |     fn sql_writer(&self) -> Self::SqlWriter;
[INFO] [stdout]    |        ---------- the method is available for `ValkeyDriver` here
[INFO] [stdout]    |
[INFO] [stdout]    = help: items from traits can only be used if the trait is in scope
[INFO] [stdout] help: trait `Driver` which provides `sql_writer` is implemented but not in scope; perhaps you want to import it
[INFO] [stdout]    |
[INFO] [stdout]  3 +     use tank_core::driver::Driver;
[INFO] [stdout]    |
[INFO] [stdout] 
[INFO] [stdout] 
[INFO] [stdout] error[E0599]: no associated function or constant named `table` found for struct `TableName` in the current scope
[INFO] [stdout]   --> tests/pk_condition.rs:69:49
[INFO] [stdout]    |
[INFO] [stdout] 15 |         struct TableName {
[INFO] [stdout]    |         ---------------- associated function or constant `table` not found for this struct
[INFO] [stdout] ...
[INFO] [stdout] 69 |                     format!("{}|{}", TableName::table().schema, TableName::table().name),
[INFO] [stdout]    |                                                 ^^^^^ associated function or constant not found in `TableName`
[INFO] [stdout]    |
[INFO] [stdout]    = help: items from traits can only be used if the trait is implemented and in scope
[INFO] [stdout]    = note: the following trait defines an item `table`, perhaps you need to implement it:
[INFO] [stdout]            candidate #1: `tank_core::entity::Entity`
[INFO] [stdout] 
[INFO] [stdout] 
[INFO] [stdout] error[E0599]: no associated function or constant named `table` found for struct `TableName` in the current scope
[INFO] [stdout]   --> tests/pk_condition.rs:69:76
[INFO] [stdout]    |
[INFO] [stdout] 15 |         struct TableName {
[INFO] [stdout]    |         ---------------- associated function or constant `table` not found for this struct
[INFO] [stdout] ...
[INFO] [stdout] 69 |                     format!("{}|{}", TableName::table().schema, TableName::table().name),
[INFO] [stdout]    |                                                                            ^^^^^ associated function or constant not found in `TableName`
[INFO] [stdout]    |
[INFO] [stdout]    = help: items from traits can only be used if the trait is implemented and in scope
[INFO] [stdout]    = note: the following trait defines an item `table`, perhaps you need to implement it:
[INFO] [stdout]            candidate #1: `tank_core::entity::Entity`
[INFO] [stdout] 
[INFO] [stdout] 
[INFO] [stdout] error[E0599]: no associated function or constant named `primary_key_def` found for struct `TableName` in the current scope
[INFO] [stdout]   --> tests/pk_condition.rs:70:32
[INFO] [stdout]    |
[INFO] [stdout] 15 |         struct TableName {
[INFO] [stdout]    |         ---------------- associated function or constant `primary_key_def` not found for this struct
[INFO] [stdout] ...
[INFO] [stdout] 70 |                     TableName::primary_key_def(),
[INFO] [stdout]    |                                ^^^^^^^^^^^^^^^ associated function or constant not found in `TableName`
[INFO] [stdout]    |
[INFO] [stdout]    = help: items from traits can only be used if the trait is implemented and in scope
[INFO] [stdout]    = note: the following trait defines an item `primary_key_def`, perhaps you need to implement it:
[INFO] [stdout]            candidate #1: `tank_core::entity::Entity`
[INFO] [stdout] 
[INFO] [stdout] 
[INFO] [stdout] error[E0599]: no method named `primary_key_expr` found for struct `TableName` in the current scope
[INFO] [stdout]   --> tests/pk_condition.rs:72:31
[INFO] [stdout]    |
[INFO] [stdout] 15 |         struct TableName {
[INFO] [stdout]    |         ---------------- method `primary_key_expr` not found for this struct
[INFO] [stdout] ...
[INFO] [stdout] 72 |                 assert!(value.primary_key_expr().accept_visitor(
[INFO] [stdout]    |                               ^^^^^^^^^^^^^^^^ method not found in `TableName`
[INFO] [stdout]    |
[INFO] [stdout]    = help: items from traits can only be used if the trait is implemented and in scope
[INFO] [stdout]    = note: the following trait defines an item `primary_key_expr`, perhaps you need to implement it:
[INFO] [stdout]            candidate #1: `tank_core::entity::Entity`
[INFO] [stdout] 
[INFO] [stdout] 
[INFO] [stdout] error[E0599]: no method named `sql_writer` found for struct `ValkeyDriver` in the current scope
[INFO] [stdout]   --> tests/pk_condition.rs:74:52
[INFO] [stdout]    |
[INFO] [stdout] 74 |                     &ValkeyDriver::new("|", false).sql_writer(),
[INFO] [stdout]    |                                                    ^^^^^^^^^^ method not found in `ValkeyDriver`
[INFO] [stdout]    |
[INFO] [stdout]   ::: /opt/rustwide/cargo-home/registry/src/index.crates.io-1949cf8c6b5b557f/tank-core-0.42.0/src/driver.rs:43:8
[INFO] [stdout]    |
[INFO] [stdout] 43 |     fn sql_writer(&self) -> Self::SqlWriter;
[INFO] [stdout]    |        ---------- the method is available for `ValkeyDriver` here
[INFO] [stdout]    |
[INFO] [stdout]    = help: items from traits can only be used if the trait is in scope
[INFO] [stdout] help: trait `Driver` which provides `sql_writer` is implemented but not in scope; perhaps you want to import it
[INFO] [stdout]    |
[INFO] [stdout]  3 +     use tank_core::driver::Driver;
[INFO] [stdout]    |
[INFO] [stdout] 
[INFO] [stdout] 
[INFO] [stdout] error[E0599]: no associated function or constant named `primary_key_def` found for struct `TableName` in the current scope
[INFO] [stdout]   --> tests/pk_condition.rs:88:64
[INFO] [stdout]    |
[INFO] [stdout] 15 |         struct TableName {
[INFO] [stdout]    |         ---------------- associated function or constant `primary_key_def` not found for this struct
[INFO] [stdout] ...
[INFO] [stdout] 88 |                 IsPKCondition::new(true, "".into(), TableName::primary_key_def());
[INFO] [stdout]    |                                                                ^^^^^^^^^^^^^^^ associated function or constant not found in `TableName`
[INFO] [stdout]    |
[INFO] [stdout]    = help: items from traits can only be used if the trait is implemented and in scope
[INFO] [stdout]    = note: the following trait defines an item `primary_key_def`, perhaps you need to implement it:
[INFO] [stdout]            candidate #1: `tank_core::entity::Entity`
[INFO] [stdout] 
[INFO] [stdout] 
[INFO] [stdout] error[E0599]: no method named `sql_writer` found for struct `ValkeyDriver` in the current scope
[INFO] [stdout]   --> tests/pk_condition.rs:95:33
[INFO] [stdout]    |
[INFO] [stdout] 95 |                         &DRIVER.sql_writer(),
[INFO] [stdout]    |                                 ^^^^^^^^^^ method not found in `ValkeyDriver`
[INFO] [stdout]    |
[INFO] [stdout]   ::: /opt/rustwide/cargo-home/registry/src/index.crates.io-1949cf8c6b5b557f/tank-core-0.42.0/src/driver.rs:43:8
[INFO] [stdout]    |
[INFO] [stdout] 43 |     fn sql_writer(&self) -> Self::SqlWriter;
[INFO] [stdout]    |        ---------- the method is available for `ValkeyDriver` here
[INFO] [stdout]    |
[INFO] [stdout]    = help: items from traits can only be used if the trait is in scope
[INFO] [stdout] help: trait `Driver` which provides `sql_writer` is implemented but not in scope; perhaps you want to import it
[INFO] [stdout]    |
[INFO] [stdout]  3 +     use tank_core::driver::Driver;
[INFO] [stdout]    |
[INFO] [stdout] 
[INFO] [stdout] 
[INFO] [stdout] error[E0599]: no associated function or constant named `primary_key_def` found for struct `TableName` in the current scope
[INFO] [stdout]    --> tests/pk_condition.rs:109:65
[INFO] [stdout]     |
[INFO] [stdout]  15 |         struct TableName {
[INFO] [stdout]     |         ---------------- associated function or constant `primary_key_def` not found for this struct
[INFO] [stdout] ...
[INFO] [stdout] 109 |                 IsPKCondition::new(false, "".into(), TableName::primary_key_def());
[INFO] [stdout]     |                                                                 ^^^^^^^^^^^^^^^ associated function or constant not found in `TableName`
[INFO] [stdout]     |
[INFO] [stdout]     = help: items from traits can only be used if the trait is implemented and in scope
[INFO] [stdout]     = note: the following trait defines an item `primary_key_def`, perhaps you need to implement it:
[INFO] [stdout]             candidate #1: `tank_core::entity::Entity`
[INFO] [stdout] 
[INFO] [stdout] 
[INFO] [stdout] error[E0599]: no method named `sql_writer` found for struct `ValkeyDriver` in the current scope
[INFO] [stdout]    --> tests/pk_condition.rs:116:33
[INFO] [stdout]     |
[INFO] [stdout] 116 |                         &DRIVER.sql_writer(),
[INFO] [stdout]     |                                 ^^^^^^^^^^ method not found in `ValkeyDriver`
[INFO] [stdout]     |
[INFO] [stdout]    ::: /opt/rustwide/cargo-home/registry/src/index.crates.io-1949cf8c6b5b557f/tank-core-0.42.0/src/driver.rs:43:8
[INFO] [stdout]     |
[INFO] [stdout]  43 |     fn sql_writer(&self) -> Self::SqlWriter;
[INFO] [stdout]     |        ---------- the method is available for `ValkeyDriver` here
[INFO] [stdout]     |
[INFO] [stdout]     = help: items from traits can only be used if the trait is in scope
[INFO] [stdout] help: trait `Driver` which provides `sql_writer` is implemented but not in scope; perhaps you want to import it
[INFO] [stdout]     |
[INFO] [stdout]   3 +     use tank_core::driver::Driver;
[INFO] [stdout]     |
[INFO] [stdout] 
[INFO] [stdout] 
[INFO] [stdout] error[E0599]: no associated function or constant named `primary_key_def` found for struct `TableName` in the current scope
[INFO] [stdout]    --> tests/pk_condition.rs:130:64
[INFO] [stdout]     |
[INFO] [stdout]  15 |         struct TableName {
[INFO] [stdout]     |         ---------------- associated function or constant `primary_key_def` not found for this struct
[INFO] [stdout] ...
[INFO] [stdout] 130 |                 IsPKCondition::new(true, "".into(), TableName::primary_key_def());
[INFO] [stdout]     |                                                                ^^^^^^^^^^^^^^^ associated function or constant not found in `TableName`
[INFO] [stdout]     |
[INFO] [stdout]     = help: items from traits can only be used if the trait is implemented and in scope
[INFO] [stdout]     = note: the following trait defines an item `primary_key_def`, perhaps you need to implement it:
[INFO] [stdout]             candidate #1: `tank_core::entity::Entity`
[INFO] [stdout] 
[INFO] [stdout] 
[INFO] [stdout] error[E0599]: no method named `sql_writer` found for struct `ValkeyDriver` in the current scope
[INFO] [stdout]    --> tests/pk_condition.rs:137:33
[INFO] [stdout]     |
[INFO] [stdout] 137 |                         &DRIVER.sql_writer(),
[INFO] [stdout]     |                                 ^^^^^^^^^^ method not found in `ValkeyDriver`
[INFO] [stdout]     |
[INFO] [stdout]    ::: /opt/rustwide/cargo-home/registry/src/index.crates.io-1949cf8c6b5b557f/tank-core-0.42.0/src/driver.rs:43:8
[INFO] [stdout]     |
[INFO] [stdout]  43 |     fn sql_writer(&self) -> Self::SqlWriter;
[INFO] [stdout]     |        ---------- the method is available for `ValkeyDriver` here
[INFO] [stdout]     |
[INFO] [stdout]     = help: items from traits can only be used if the trait is in scope
[INFO] [stdout] help: trait `Driver` which provides `sql_writer` is implemented but not in scope; perhaps you want to import it
[INFO] [stdout]     |
[INFO] [stdout]   3 +     use tank_core::driver::Driver;
[INFO] [stdout]     |
[INFO] [stdout] 
[INFO] [stdout] 
[INFO] [stdout] error[E0599]: no associated function or constant named `primary_key_def` found for struct `TableName` in the current scope
[INFO] [stdout]    --> tests/pk_condition.rs:151:65
[INFO] [stdout]     |
[INFO] [stdout]  15 |         struct TableName {
[INFO] [stdout]     |         ---------------- associated function or constant `primary_key_def` not found for this struct
[INFO] [stdout] ...
[INFO] [stdout] 151 |                 IsPKCondition::new(false, "".into(), TableName::primary_key_def());
[INFO] [stdout]     |                                                                 ^^^^^^^^^^^^^^^ associated function or constant not found in `TableName`
[INFO] [stdout]     |
[INFO] [stdout]     = help: items from traits can only be used if the trait is implemented and in scope
[INFO] [stdout]     = note: the following trait defines an item `primary_key_def`, perhaps you need to implement it:
[INFO] [stdout]             candidate #1: `tank_core::entity::Entity`
[INFO] [stdout] 
[INFO] [stdout] 
[INFO] [stdout] error[E0599]: no method named `sql_writer` found for struct `ValkeyDriver` in the current scope
[INFO] [stdout]    --> tests/pk_condition.rs:158:33
[INFO] [stdout]     |
[INFO] [stdout] 158 |                         &DRIVER.sql_writer(),
[INFO] [stdout]     |                                 ^^^^^^^^^^ method not found in `ValkeyDriver`
[INFO] [stdout]     |
[INFO] [stdout]    ::: /opt/rustwide/cargo-home/registry/src/index.crates.io-1949cf8c6b5b557f/tank-core-0.42.0/src/driver.rs:43:8
[INFO] [stdout]     |
[INFO] [stdout]  43 |     fn sql_writer(&self) -> Self::SqlWriter;
[INFO] [stdout]     |        ---------- the method is available for `ValkeyDriver` here
[INFO] [stdout]     |
[INFO] [stdout]     = help: items from traits can only be used if the trait is in scope
[INFO] [stdout] help: trait `Driver` which provides `sql_writer` is implemented but not in scope; perhaps you want to import it
[INFO] [stdout]     |
[INFO] [stdout]   3 +     use tank_core::driver::Driver;
[INFO] [stdout]     |
[INFO] [stdout] 
[INFO] [stdout] 
[INFO] [stdout] error[E0599]: no associated function or constant named `primary_key_def` found for struct `UserSession` in the current scope
[INFO] [stdout]    --> tests/pk_condition.rs:186:66
[INFO] [stdout]     |
[INFO] [stdout] 174 |         struct UserSession {
[INFO] [stdout]     |         ------------------ associated function or constant `primary_key_def` not found for this struct
[INFO] [stdout] ...
[INFO] [stdout] 186 |                 IsPKCondition::new(true, "".into(), UserSession::primary_key_def());
[INFO] [stdout]     |                                                                  ^^^^^^^^^^^^^^^ associated function or constant not found in `UserSession`
[INFO] [stdout]     |
[INFO] [stdout]     = help: items from traits can only be used if the trait is implemented and in scope
[INFO] [stdout]     = note: the following trait defines an item `primary_key_def`, perhaps you need to implement it:
[INFO] [stdout]             candidate #1: `tank_core::entity::Entity`
[INFO] [stdout] 
[INFO] [stdout] 
[INFO] [stdout] error[E0599]: no method named `sql_writer` found for struct `ValkeyDriver` in the current scope
[INFO] [stdout]    --> tests/pk_condition.rs:189:25
[INFO] [stdout]     |
[INFO] [stdout] 189 |                 &DRIVER.sql_writer(),
[INFO] [stdout]     |                         ^^^^^^^^^^ method not found in `ValkeyDriver`
[INFO] [stdout]     |
[INFO] [stdout]    ::: /opt/rustwide/cargo-home/registry/src/index.crates.io-1949cf8c6b5b557f/tank-core-0.42.0/src/driver.rs:43:8
[INFO] [stdout]     |
[INFO] [stdout]  43 |     fn sql_writer(&self) -> Self::SqlWriter;
[INFO] [stdout]     |        ---------- the method is available for `ValkeyDriver` here
[INFO] [stdout]     |
[INFO] [stdout]     = help: items from traits can only be used if the trait is in scope
[INFO] [stdout] help: trait `Driver` which provides `sql_writer` is implemented but not in scope; perhaps you want to import it
[INFO] [stdout]     |
[INFO] [stdout]   3 +     use tank_core::driver::Driver;
[INFO] [stdout]     |
[INFO] [stdout] 
[INFO] [stdout] 
[INFO] [stdout] error[E0599]: no associated function or constant named `primary_key_def` found for struct `UserSession` in the current scope
[INFO] [stdout]    --> tests/pk_condition.rs:201:67
[INFO] [stdout]     |
[INFO] [stdout] 174 |         struct UserSession {
[INFO] [stdout]     |         ------------------ associated function or constant `primary_key_def` not found for this struct
[INFO] [stdout] ...
[INFO] [stdout] 201 |                 IsPKCondition::new(false, "".into(), UserSession::primary_key_def());
[INFO] [stdout]     |                                                                   ^^^^^^^^^^^^^^^ associated function or constant not found in `UserSession`
[INFO] [stdout]     |
[INFO] [stdout]     = help: items from traits can only be used if the trait is implemented and in scope
[INFO] [stdout]     = note: the following trait defines an item `primary_key_def`, perhaps you need to implement it:
[INFO] [stdout]             candidate #1: `tank_core::entity::Entity`
[INFO] [stdout] 
[INFO] [stdout] 
[INFO] [stdout] error[E0599]: no method named `sql_writer` found for struct `ValkeyDriver` in the current scope
[INFO] [stdout]    --> tests/pk_condition.rs:205:29
[INFO] [stdout]     |
[INFO] [stdout] 205 |                     &DRIVER.sql_writer(),
[INFO] [stdout]     |                             ^^^^^^^^^^ method not found in `ValkeyDriver`
[INFO] [stdout]     |
[INFO] [stdout]    ::: /opt/rustwide/cargo-home/registry/src/index.crates.io-1949cf8c6b5b557f/tank-core-0.42.0/src/driver.rs:43:8
[INFO] [stdout]     |
[INFO] [stdout]  43 |     fn sql_writer(&self) -> Self::SqlWriter;
[INFO] [stdout]     |        ---------- the method is available for `ValkeyDriver` here
[INFO] [stdout]     |
[INFO] [stdout]     = help: items from traits can only be used if the trait is in scope
[INFO] [stdout] help: trait `Driver` which provides `sql_writer` is implemented but not in scope; perhaps you want to import it
[INFO] [stdout]     |
[INFO] [stdout]   3 +     use tank_core::driver::Driver;
[INFO] [stdout]     |
[INFO] [stdout] 
[INFO] [stdout] 
[INFO] [stdout] error[E0599]: no associated function or constant named `primary_key_def` found for struct `UserSession` in the current scope
[INFO] [stdout]    --> tests/pk_condition.rs:217:66
[INFO] [stdout]     |
[INFO] [stdout] 174 |         struct UserSession {
[INFO] [stdout]     |         ------------------ associated function or constant `primary_key_def` not found for this struct
[INFO] [stdout] ...
[INFO] [stdout] 217 |                 IsPKCondition::new(true, "".into(), UserSession::primary_key_def());
[INFO] [stdout]     |                                                                  ^^^^^^^^^^^^^^^ associated function or constant not found in `UserSession`
[INFO] [stdout]     |
[INFO] [stdout]     = help: items from traits can only be used if the trait is implemented and in scope
[INFO] [stdout]     = note: the following trait defines an item `primary_key_def`, perhaps you need to implement it:
[INFO] [stdout]             candidate #1: `tank_core::entity::Entity`
[INFO] [stdout] 
[INFO] [stdout] 
[INFO] [stdout] error[E0599]: no method named `sql_writer` found for struct `ValkeyDriver` in the current scope
[INFO] [stdout]    --> tests/pk_condition.rs:222:33
[INFO] [stdout]     |
[INFO] [stdout] 222 |                         &DRIVER.sql_writer(),
[INFO] [stdout]     |                                 ^^^^^^^^^^ method not found in `ValkeyDriver`
[INFO] [stdout]     |
[INFO] [stdout]    ::: /opt/rustwide/cargo-home/registry/src/index.crates.io-1949cf8c6b5b557f/tank-core-0.42.0/src/driver.rs:43:8
[INFO] [stdout]     |
[INFO] [stdout]  43 |     fn sql_writer(&self) -> Self::SqlWriter;
[INFO] [stdout]     |        ---------- the method is available for `ValkeyDriver` here
[INFO] [stdout]     |
[INFO] [stdout]     = help: items from traits can only be used if the trait is in scope
[INFO] [stdout] help: trait `Driver` which provides `sql_writer` is implemented but not in scope; perhaps you want to import it
[INFO] [stdout]     |
[INFO] [stdout]   3 +     use tank_core::driver::Driver;
[INFO] [stdout]     |
[INFO] [stdout] 
[INFO] [stdout] 
[INFO] [stdout] error[E0599]: no associated function or constant named `primary_key_def` found for struct `UserSession` in the current scope
[INFO] [stdout]    --> tests/pk_condition.rs:234:67
[INFO] [stdout]     |
[INFO] [stdout] 174 |         struct UserSession {
[INFO] [stdout]     |         ------------------ associated function or constant `primary_key_def` not found for this struct
[INFO] [stdout] ...
[INFO] [stdout] 234 |                 IsPKCondition::new(false, "".into(), UserSession::primary_key_def());
[INFO] [stdout]     |                                                                   ^^^^^^^^^^^^^^^ associated function or constant not found in `UserSession`
[INFO] [stdout]     |
[INFO] [stdout]     = help: items from traits can only be used if the trait is implemented and in scope
[INFO] [stdout]     = note: the following trait defines an item `primary_key_def`, perhaps you need to implement it:
[INFO] [stdout]             candidate #1: `tank_core::entity::Entity`
[INFO] [stdout] 
[INFO] [stdout] 
[INFO] [stdout] error[E0599]: no method named `sql_writer` found for struct `ValkeyDriver` in the current scope
[INFO] [stdout]    --> tests/pk_condition.rs:239:33
[INFO] [stdout]     |
[INFO] [stdout] 239 |                         &DRIVER.sql_writer(),
[INFO] [stdout]     |                                 ^^^^^^^^^^ method not found in `ValkeyDriver`
[INFO] [stdout]     |
[INFO] [stdout]    ::: /opt/rustwide/cargo-home/registry/src/index.crates.io-1949cf8c6b5b557f/tank-core-0.42.0/src/driver.rs:43:8
[INFO] [stdout]     |
[INFO] [stdout]  43 |     fn sql_writer(&self) -> Self::SqlWriter;
[INFO] [stdout]     |        ---------- the method is available for `ValkeyDriver` here
[INFO] [stdout]     |
[INFO] [stdout]     = help: items from traits can only be used if the trait is in scope
[INFO] [stdout] help: trait `Driver` which provides `sql_writer` is implemented but not in scope; perhaps you want to import it
[INFO] [stdout]     |
[INFO] [stdout]   3 +     use tank_core::driver::Driver;
[INFO] [stdout]     |
[INFO] [stdout] 
[INFO] [stdout] 
[INFO] [stdout] Some errors have detailed explanations: E0432, E0599.
[INFO] [stdout] 
[INFO] [stdout] For more information about an error, try `rustc --explain E0432`.
[INFO] [stdout] 
[INFO] [stderr] error: could not compile `tank-valkey` (test "pk_condition") due to 34 previous errors
[INFO] running `Command { std: "docker" "inspect" "63902a944cd08e0ceb3b2a83c1ff05bacf755f2006a53ca063f2eb884ff02d3c", kill_on_drop: false }`
[INFO] running `Command { std: "docker" "rm" "-f" "63902a944cd08e0ceb3b2a83c1ff05bacf755f2006a53ca063f2eb884ff02d3c", kill_on_drop: false }`
[INFO] [stdout] 63902a944cd08e0ceb3b2a83c1ff05bacf755f2006a53ca063f2eb884ff02d3c
