[INFO] fetching crate tally-ng 0.7.2...
[INFO] testing tally-ng-0.7.2 against 1.99.0-beta.8 for beta-1.100-2
[INFO] extracting crate tally-ng 0.7.2 into /workspace/builds/worker-6-tc1/source
[INFO] removed /workspace/builds/worker-6-tc1/source/rust-toolchain.toml
[INFO] started tweaking crates.io crate tally-ng 0.7.2
[INFO] removed 0 missing tests
[INFO] finished tweaking crates.io crate tally-ng 0.7.2
[INFO] tweaked toml for crates.io crate tally-ng 0.7.2 written to /workspace/builds/worker-6-tc1/source/Cargo.toml
[INFO] validating manifest of crates.io crate tally-ng 0.7.2 on toolchain 1.99.0-beta.8
[INFO] running `Command { std: CARGO_HOME="/workspace/cargo-home" RUSTUP_HOME="/workspace/rustup-home" "/workspace/cargo-home/bin/cargo" "+1.99.0-beta.8" "metadata" "--manifest-path" "Cargo.toml" "--no-deps", kill_on_drop: false }`
[INFO] crate crates.io crate tally-ng 0.7.2 already has a lockfile, it will not be regenerated
[INFO] running `Command { std: CARGO_HOME="/workspace/cargo-home" RUSTUP_HOME="/workspace/rustup-home" "/workspace/cargo-home/bin/cargo" "+1.99.0-beta.8" "fetch" "--manifest-path" "Cargo.toml", kill_on_drop: false }`
[INFO] [stderr]     Updating crates.io index
[INFO] [stderr]  Downloading crates ...
[INFO] [stderr]   Downloaded rmcp-macros v0.8.5
[INFO] [stderr]   Downloaded onig v6.5.1
[INFO] [stderr]   Downloaded hmac-sha256 v1.1.14
[INFO] [stderr]   Downloaded safetensors v0.7.0
[INFO] [stderr]   Downloaded rmcp v0.8.5
[INFO] [stderr]   Downloaded ort-sys v2.0.0-rc.11
[INFO] [stderr]   Downloaded avif-serialize v0.8.8
[INFO] [stderr]   Downloaded zune-jpeg v0.5.13
[INFO] [stderr]   Downloaded zerocopy-derive v0.8.42
[INFO] [stderr]   Downloaded ort v2.0.0-rc.11
[INFO] [stderr]   Downloaded ureq v3.2.0
[INFO] [stderr]   Downloaded zerocopy v0.8.42
[INFO] [stderr]   Downloaded lzma-rust2 v0.15.7
[INFO] [stderr]   Downloaded fastembed v5.12.1
[INFO] [stderr]   Downloaded onig_sys v69.9.1
[INFO] [stderr]   Downloaded libz-sys v1.1.25
[INFO] [stderr]   Downloaded libgit2-sys v0.18.3+1.9.2
[INFO] [stderr]   Downloaded psm v0.1.30
[INFO] [stderr]   Downloaded chumsky v0.10.1
[INFO] [stderr]   Downloaded regex-automata v0.3.9
[INFO] [stderr]   Downloaded stacker v0.1.23
[INFO] running `Command { std: "docker" "create" "-v" "/var/lib/crater-agent-workspace/builds/worker-6-tc1/source:/opt/rustwide/workdir:ro,Z" "-v" "/var/lib/crater-agent-workspace/builds/worker-6-tc1/target:/opt/rustwide/target:rw,Z" "-v" "/var/lib/crater-agent-workspace/cargo-home:/opt/rustwide/cargo-home:ro,Z" "-v" "/var/lib/crater-agent-workspace/rustup-home:/opt/rustwide/rustup-home:ro,Z" "-m" "1610612736" "--network" "none" "ghcr.io/rust-lang/crates-build-env/linux@sha256:3111399a4047eeb3a02b7a90e478d715f38a8c6669b5c4b49d30a17385265909" "sleep" "infinity", kill_on_drop: false }`
[INFO] [stdout] d354da472a83c0988414d874cb3c46e9a93db90b51654864a52ada211d2ecfe7
[INFO] running `Command { std: "docker" "start" "d354da472a83c0988414d874cb3c46e9a93db90b51654864a52ada211d2ecfe7", kill_on_drop: false }`
[INFO] running `Command { std: "docker" "inspect" "d354da472a83c0988414d874cb3c46e9a93db90b51654864a52ada211d2ecfe7", kill_on_drop: false }`
[INFO] running `Command { std: "docker" "exec" "-e" "SOURCE_DIR=/opt/rustwide/workdir" "-e" "CARGO_HOME=/opt/rustwide/cargo-home" "-e" "RUSTUP_HOME=/opt/rustwide/rustup-home" "-e" "CARGO_TARGET_DIR=/opt/rustwide/target" "-w" "/opt/rustwide/workdir" "--user" "0:0" "d354da472a83c0988414d874cb3c46e9a93db90b51654864a52ada211d2ecfe7" "/opt/rustwide/cargo-home/bin/cargo" "+1.99.0-beta.8" "metadata" "--no-deps" "--format-version=1", kill_on_drop: false }`
[INFO] running `Command { std: "docker" "inspect" "d354da472a83c0988414d874cb3c46e9a93db90b51654864a52ada211d2ecfe7", kill_on_drop: false }`
[INFO] running `Command { std: "docker" "exec" "-e" "SOURCE_DIR=/opt/rustwide/workdir" "-e" "CARGO_HOME=/opt/rustwide/cargo-home" "-e" "RUSTUP_HOME=/opt/rustwide/rustup-home" "-e" "CARGO_TARGET_DIR=/opt/rustwide/target" "-e" "CARGO_INCREMENTAL=0" "-e" "RUST_BACKTRACE=full" "-e" "RUSTFLAGS=--cap-lints=warn" "-e" "RUSTDOCFLAGS=--cap-lints=warn" "-w" "/opt/rustwide/workdir" "--user" "0:0" "d354da472a83c0988414d874cb3c46e9a93db90b51654864a52ada211d2ecfe7" "/opt/rustwide/cargo-home/bin/cargo" "+1.99.0-beta.8" "build" "--frozen" "--message-format=json", kill_on_drop: false }`
[INFO] [stderr]    Compiling memchr v2.8.0
[INFO] [stderr]    Compiling object v0.37.3
[INFO] [stderr]    Compiling quote v1.0.45
[INFO] [stderr]    Compiling jobserver v0.1.34
[INFO] [stderr]    Compiling serde_core v1.0.228
[INFO] [stderr]    Compiling futures-channel v0.3.32
[INFO] [stderr]    Compiling aho-corasick v1.1.4
[INFO] [stderr]    Compiling rustix v1.1.4
[INFO] [stderr]    Compiling serde_json v1.0.149
[INFO] [stderr]    Compiling regex-syntax v0.8.10
[INFO] [stderr]    Compiling log v0.4.29
[INFO] [stderr]    Compiling parking_lot_core v0.9.12
[INFO] [stderr]    Compiling percent-encoding v2.3.2
[INFO] [stderr]    Compiling clap_lex v1.1.0
[INFO] [stderr]    Compiling foldhash v0.1.5
[INFO] [stderr]    Compiling chumsky v0.10.1
[INFO] [stderr]    Compiling hashbrown v0.15.5
[INFO] [stderr]    Compiling tracing-log v0.2.0
[INFO] [stderr]    Compiling clap_builder v4.6.0
[INFO] [stderr]    Compiling form_urlencoded v1.2.2
[INFO] [stderr]    Compiling syn v2.0.117
[INFO] [stderr]    Compiling thread_local v1.1.9
[INFO] [stderr]    Compiling bstr v1.12.1
[INFO] [stderr]    Compiling nu-ansi-term v0.50.3
[INFO] [stderr]    Compiling cc v1.2.56
[INFO] [stderr]    Compiling parking_lot v0.12.5
[INFO] [stderr]    Compiling uuid v1.22.0
[INFO] [stderr]    Compiling home v0.5.11
[INFO] [stderr]    Compiling crossterm v0.29.0
[INFO] [stderr]    Compiling regex-automata v0.4.14
[INFO] [stderr]    Compiling comfy-table v7.2.2
[INFO] [stderr]    Compiling libz-sys v1.1.25
[INFO] [stderr]    Compiling openssl-sys v0.9.112
[INFO] [stderr]    Compiling libssh2-sys v0.3.1
[INFO] [stderr]    Compiling libgit2-sys v0.18.3+1.9.2
[INFO] [stderr]    Compiling stacker v0.1.23
[INFO] [stderr]    Compiling synstructure v0.13.2
[INFO] [stderr]    Compiling darling_core v0.21.3
[INFO] [stderr]    Compiling serde_derive_internals v0.29.1
[INFO] [stderr]    Compiling ar_archive_writer v0.5.1
[INFO] [stderr]    Compiling zerofrom-derive v0.1.6
[INFO] [stderr]    Compiling yoke-derive v0.8.1
[INFO] [stderr]    Compiling zerovec-derive v0.11.2
[INFO] [stderr]    Compiling displaydoc v0.2.5
[INFO] [stderr]    Compiling futures-macro v0.3.32
[INFO] [stderr]    Compiling serde_derive v1.0.228
[INFO] [stderr]    Compiling tracing-attributes v0.1.31
[INFO] [stderr]    Compiling tokio-macros v2.6.1
[INFO] [stderr]    Compiling ref-cast-impl v1.0.25
[INFO] [stderr]    Compiling psm v0.1.30
[INFO] [stderr]    Compiling schemars_derive v1.2.1
[INFO] [stderr]    Compiling clap_derive v4.6.0
[INFO] [stderr]    Compiling futures-util v0.3.32
[INFO] [stderr]    Compiling thiserror-impl v2.0.18
[INFO] [stderr]    Compiling zerofrom v0.1.6
[INFO] [stderr]    Compiling yoke v0.8.1
[INFO] [stderr]    Compiling matchers v0.2.0
[INFO] [stderr]    Compiling tokio v1.50.0
[INFO] [stderr]    Compiling ref-cast v1.0.25
[INFO] [stderr]    Compiling globset v0.4.18
[INFO] [stderr]    Compiling zerotrie v0.2.3
[INFO] [stderr]    Compiling zerovec v0.11.5
[INFO] [stderr]    Compiling tracing v0.1.44
[INFO] [stderr]    Compiling tracing-subscriber v0.3.23
[INFO] [stderr]    Compiling darling_macro v0.21.3
[INFO] [stderr]    Compiling thiserror v2.0.18
[INFO] [stderr]    Compiling tinystr v0.8.2
[INFO] [stderr]    Compiling potential_utf v0.1.4
[INFO] [stderr]    Compiling darling v0.21.3
[INFO] [stderr]    Compiling rmcp-macros v0.8.5
[INFO] [stderr]    Compiling icu_locale_core v2.1.1
[INFO] [stderr]    Compiling icu_collections v2.1.1
[INFO] [stderr]    Compiling clap v4.6.0
[INFO] [stderr]    Compiling clap_complete v4.6.0
[INFO] [stderr]    Compiling serde v1.0.228
[INFO] [stderr]    Compiling icu_provider v2.1.1
[INFO] [stderr]    Compiling chrono v0.4.44
[INFO] [stderr]    Compiling icu_normalizer v2.1.1
[INFO] [stderr]    Compiling icu_properties v2.1.2
[INFO] [stderr]    Compiling futures-executor v0.3.32
[INFO] [stderr]    Compiling futures v0.3.32
[INFO] [stderr]    Compiling idna_adapter v1.2.1
[INFO] [stderr]    Compiling idna v1.1.0
[INFO] [stderr]    Compiling schemars v1.2.1
[INFO] [stderr]    Compiling tokio-util v0.7.18
[INFO] [stderr]    Compiling url v2.5.8
[INFO] [stderr]    Compiling rmcp v0.8.5
[INFO] [stderr]    Compiling git2 v0.20.4
[INFO] [stderr]    Compiling tally-ng v0.7.2 (/opt/rustwide/workdir)
[INFO] [stderr]     Finished `dev` profile [unoptimized + debuginfo] target(s) in 1m 15s
[INFO] running `Command { std: "docker" "inspect" "d354da472a83c0988414d874cb3c46e9a93db90b51654864a52ada211d2ecfe7", kill_on_drop: false }`
[INFO] running `Command { std: "docker" "exec" "-e" "SOURCE_DIR=/opt/rustwide/workdir" "-e" "CARGO_HOME=/opt/rustwide/cargo-home" "-e" "RUSTUP_HOME=/opt/rustwide/rustup-home" "-e" "CARGO_TARGET_DIR=/opt/rustwide/target" "-e" "CARGO_INCREMENTAL=0" "-e" "RUST_BACKTRACE=full" "-e" "RUSTFLAGS=--cap-lints=warn" "-e" "RUSTDOCFLAGS=--cap-lints=warn" "-w" "/opt/rustwide/workdir" "--user" "0:0" "d354da472a83c0988414d874cb3c46e9a93db90b51654864a52ada211d2ecfe7" "/opt/rustwide/cargo-home/bin/cargo" "+1.99.0-beta.8" "test" "--frozen" "--no-run" "--message-format=json", kill_on_drop: false }`
[INFO] [stderr]    Compiling regex-syntax v0.8.10
[INFO] [stderr]    Compiling num-traits v0.2.19
[INFO] [stderr]    Compiling rustix v1.1.4
[INFO] [stderr]    Compiling darling_core v0.21.3
[INFO] [stderr]    Compiling getrandom v0.3.4
[INFO] [stderr]    Compiling zerocopy v0.8.42
[INFO] [stderr]    Compiling wait-timeout v0.2.1
[INFO] [stderr]    Compiling predicates-core v1.0.10
[INFO] [stderr]    Compiling termtree v0.5.1
[INFO] [stderr]    Compiling assert_cmd v2.2.0
[INFO] [stderr]    Compiling predicates-tree v1.0.13
[INFO] [stderr]    Compiling rand_core v0.9.5
[INFO] [stderr]    Compiling rand_xorshift v0.4.0
[INFO] [stderr]    Compiling rand v0.9.2
[INFO] [stderr]    Compiling chrono v0.4.44
[INFO] [stderr]    Compiling float-cmp v0.10.0
[INFO] [stderr]    Compiling schemars v1.2.1
[INFO] [stderr]    Compiling darling_macro v0.21.3
[INFO] [stderr]    Compiling darling v0.21.3
[INFO] [stderr]    Compiling rmcp-macros v0.8.5
[INFO] [stderr]    Compiling regex-automata v0.4.14
[INFO] [stderr]    Compiling crossterm v0.29.0
[INFO] [stderr]    Compiling tempfile v3.27.0
[INFO] [stderr]    Compiling rusty-fork v0.3.1
[INFO] [stderr]    Compiling comfy-table v7.2.2
[INFO] [stderr]    Compiling rmcp v0.8.5
[INFO] [stderr]    Compiling ppv-lite86 v0.2.21
[INFO] [stderr]    Compiling bstr v1.12.1
[INFO] [stderr]    Compiling matchers v0.2.0
[INFO] [stderr]    Compiling regex v1.12.3
[INFO] [stderr]    Compiling tracing-subscriber v0.3.23
[INFO] [stderr]    Compiling rand_chacha v0.9.0
[INFO] [stderr]    Compiling predicates v3.1.4
[INFO] [stderr]    Compiling proptest v1.10.0
[INFO] [stderr]    Compiling globset v0.4.18
[INFO] [stderr]    Compiling tally-ng v0.7.2 (/opt/rustwide/workdir)
[INFO] [stderr] error: could not compile `tally-ng` (lib test)
[INFO] [stderr] 
[INFO] [stderr] Caused by:
[INFO] [stderr]   process didn't exit successfully: `/opt/rustwide/rustup-home/toolchains/1.99.0-beta.8-x86_64-unknown-linux-gnu/bin/rustc --crate-name tally_ng --edition=2024 src/lib.rs --error-format=json --json=diagnostic-rendered-ansi,artifacts,future-incompat --emit=dep-info,link -C embed-bitcode=no -C debuginfo=2 '--warn=clippy::pedantic' '--deny=clippy::unwrap_used' --forbid=unsafe_code '--deny=clippy::all' --test --cfg 'feature="default"' --check-cfg 'cfg(docsrs,test)' --check-cfg 'cfg(feature, values("default", "semantic-search"))' -C metadata=93c9ea786460af98 -C extra-filename=-dbff11da6048c5b4 --out-dir /opt/rustwide/target/debug/deps -L dependency=/opt/rustwide/target/debug/deps --extern anyhow=/opt/rustwide/target/debug/deps/libanyhow-9e4c44ac98d8e4ea.rlib --extern assert_cmd=/opt/rustwide/target/debug/deps/libassert_cmd-8ceaace4b0fbde26.rlib --extern chrono=/opt/rustwide/target/debug/deps/libchrono-58f827ab543ece49.rlib --extern chumsky=/opt/rustwide/target/debug/deps/libchumsky-b71ffc379f94c037.rlib --extern clap=/opt/rustwide/target/debug/deps/libclap-b8c6c273f2e0d138.rlib --extern clap_complete=/opt/rustwide/target/debug/deps/libclap_complete-f5b75f4f1a096eaf.rlib --extern comfy_table=/opt/rustwide/target/debug/deps/libcomfy_table-fb7e5513f22a71d7.rlib --extern git2=/opt/rustwide/target/debug/deps/libgit2-f41f754ef4f49e2d.rlib --extern globset=/opt/rustwide/target/debug/deps/libglobset-cca9998636df4f2a.rlib --extern hex=/opt/rustwide/target/debug/deps/libhex-13e08b3b00984ab7.rlib --extern home=/opt/rustwide/target/debug/deps/libhome-28ab713e87f116ce.rlib --extern humantime=/opt/rustwide/target/debug/deps/libhumantime-645db651aace3b61.rlib --extern predicates=/opt/rustwide/target/debug/deps/libpredicates-6f2e2addd4917f34.rlib --extern proptest=/opt/rustwide/target/debug/deps/libproptest-f58453f5c3fc1de4.rlib --extern rmcp=/opt/rustwide/target/debug/deps/librmcp-0c263b9d6660cb6f.rlib --extern schemars=/opt/rustwide/target/debug/deps/libschemars-c769a0161d39747d.rlib --extern serde=/opt/rustwide/target/debug/deps/libserde-9412aa0780ca327d.rlib --extern serde_json=/opt/rustwide/target/debug/deps/libserde_json-6024924d75331d5e.rlib --extern sha2=/opt/rustwide/target/debug/deps/libsha2-d6777488adf6403e.rlib --extern strsim=/opt/rustwide/target/debug/deps/libstrsim-4d1ed08a123238dc.rlib --extern tempfile=/opt/rustwide/target/debug/deps/libtempfile-21c7e1b90d2b679f.rlib --extern thiserror=/opt/rustwide/target/debug/deps/libthiserror-2f78684f1f4365b0.rlib --extern tokio=/opt/rustwide/target/debug/deps/libtokio-4899864b112829eb.rlib --extern tracing=/opt/rustwide/target/debug/deps/libtracing-4e50822f95df13e2.rlib --extern tracing_subscriber=/opt/rustwide/target/debug/deps/libtracing_subscriber-d0a5003b90f2bca2.rlib --extern uuid=/opt/rustwide/target/debug/deps/libuuid-b7ef65145f293c09.rlib --cap-lints=warn -L native=/opt/rustwide/target/debug/build/psm-037deb85bbebf52b/out -L native=/opt/rustwide/target/debug/build/libgit2-sys-d1da094e1289f846/out/build -L native=/opt/rustwide/target/debug/build/libssh2-sys-4852076c9996daef/out/build` (signal: 9, SIGKILL: kill)
[INFO] [stderr] warning: build failed, waiting for other jobs to finish...
[INFO] [stderr] error: could not compile `tally-ng` (test "property_identity")
[INFO] [stderr] 
[INFO] [stderr] Caused by:
[INFO] [stderr]   process didn't exit successfully: `/opt/rustwide/rustup-home/toolchains/1.99.0-beta.8-x86_64-unknown-linux-gnu/bin/rustc --crate-name property_identity --edition=2024 tests/property_identity.rs --error-format=json --json=diagnostic-rendered-ansi,artifacts,future-incompat --emit=dep-info,link -C embed-bitcode=no -C debuginfo=2 '--warn=clippy::pedantic' '--deny=clippy::unwrap_used' --forbid=unsafe_code '--deny=clippy::all' --test --cfg 'feature="default"' --check-cfg 'cfg(docsrs,test)' --check-cfg 'cfg(feature, values("default", "semantic-search"))' -C metadata=b83cb407ab009aae -C extra-filename=-a307e475fa47cf4e --out-dir /opt/rustwide/target/debug/deps -L dependency=/opt/rustwide/target/debug/deps --extern anyhow=/opt/rustwide/target/debug/deps/libanyhow-9e4c44ac98d8e4ea.rlib --extern assert_cmd=/opt/rustwide/target/debug/deps/libassert_cmd-8ceaace4b0fbde26.rlib --extern chrono=/opt/rustwide/target/debug/deps/libchrono-58f827ab543ece49.rlib --extern chumsky=/opt/rustwide/target/debug/deps/libchumsky-b71ffc379f94c037.rlib --extern clap=/opt/rustwide/target/debug/deps/libclap-b8c6c273f2e0d138.rlib --extern clap_complete=/opt/rustwide/target/debug/deps/libclap_complete-f5b75f4f1a096eaf.rlib --extern comfy_table=/opt/rustwide/target/debug/deps/libcomfy_table-fb7e5513f22a71d7.rlib --extern git2=/opt/rustwide/target/debug/deps/libgit2-f41f754ef4f49e2d.rlib --extern globset=/opt/rustwide/target/debug/deps/libglobset-cca9998636df4f2a.rlib --extern hex=/opt/rustwide/target/debug/deps/libhex-13e08b3b00984ab7.rlib --extern home=/opt/rustwide/target/debug/deps/libhome-28ab713e87f116ce.rlib --extern humantime=/opt/rustwide/target/debug/deps/libhumantime-645db651aace3b61.rlib --extern predicates=/opt/rustwide/target/debug/deps/libpredicates-6f2e2addd4917f34.rlib --extern proptest=/opt/rustwide/target/debug/deps/libproptest-f58453f5c3fc1de4.rlib --extern rmcp=/opt/rustwide/target/debug/deps/librmcp-0c263b9d6660cb6f.rlib --extern schemars=/opt/rustwide/target/debug/deps/libschemars-c769a0161d39747d.rlib --extern serde=/opt/rustwide/target/debug/deps/libserde-9412aa0780ca327d.rlib --extern serde_json=/opt/rustwide/target/debug/deps/libserde_json-6024924d75331d5e.rlib --extern sha2=/opt/rustwide/target/debug/deps/libsha2-d6777488adf6403e.rlib --extern strsim=/opt/rustwide/target/debug/deps/libstrsim-4d1ed08a123238dc.rlib --extern tally_ng=/opt/rustwide/target/debug/deps/libtally_ng-c96bb4f27c664f27.rlib --extern tempfile=/opt/rustwide/target/debug/deps/libtempfile-21c7e1b90d2b679f.rlib --extern thiserror=/opt/rustwide/target/debug/deps/libthiserror-2f78684f1f4365b0.rlib --extern tokio=/opt/rustwide/target/debug/deps/libtokio-4899864b112829eb.rlib --extern tracing=/opt/rustwide/target/debug/deps/libtracing-4e50822f95df13e2.rlib --extern tracing_subscriber=/opt/rustwide/target/debug/deps/libtracing_subscriber-d0a5003b90f2bca2.rlib --extern uuid=/opt/rustwide/target/debug/deps/libuuid-b7ef65145f293c09.rlib --cap-lints=warn -L native=/opt/rustwide/target/debug/build/psm-037deb85bbebf52b/out -L native=/opt/rustwide/target/debug/build/libgit2-sys-d1da094e1289f846/out/build -L native=/opt/rustwide/target/debug/build/libssh2-sys-4852076c9996daef/out/build` (signal: 9, SIGKILL: kill)
[INFO] [stderr] error: could not compile `tally-ng` (test "mcp_enhanced_test")
[INFO] [stderr] 
[INFO] [stderr] Caused by:
[INFO] [stderr]   process didn't exit successfully: `/opt/rustwide/rustup-home/toolchains/1.99.0-beta.8-x86_64-unknown-linux-gnu/bin/rustc --crate-name mcp_enhanced_test --edition=2024 tests/mcp_enhanced_test.rs --error-format=json --json=diagnostic-rendered-ansi,artifacts,future-incompat --emit=dep-info,link -C embed-bitcode=no -C debuginfo=2 '--warn=clippy::pedantic' '--deny=clippy::unwrap_used' --forbid=unsafe_code '--deny=clippy::all' --test --cfg 'feature="default"' --check-cfg 'cfg(docsrs,test)' --check-cfg 'cfg(feature, values("default", "semantic-search"))' -C metadata=4216691f29fa1a05 -C extra-filename=-2083b4a3924508d6 --out-dir /opt/rustwide/target/debug/deps -L dependency=/opt/rustwide/target/debug/deps --extern anyhow=/opt/rustwide/target/debug/deps/libanyhow-9e4c44ac98d8e4ea.rlib --extern assert_cmd=/opt/rustwide/target/debug/deps/libassert_cmd-8ceaace4b0fbde26.rlib --extern chrono=/opt/rustwide/target/debug/deps/libchrono-58f827ab543ece49.rlib --extern chumsky=/opt/rustwide/target/debug/deps/libchumsky-b71ffc379f94c037.rlib --extern clap=/opt/rustwide/target/debug/deps/libclap-b8c6c273f2e0d138.rlib --extern clap_complete=/opt/rustwide/target/debug/deps/libclap_complete-f5b75f4f1a096eaf.rlib --extern comfy_table=/opt/rustwide/target/debug/deps/libcomfy_table-fb7e5513f22a71d7.rlib --extern git2=/opt/rustwide/target/debug/deps/libgit2-f41f754ef4f49e2d.rlib --extern globset=/opt/rustwide/target/debug/deps/libglobset-cca9998636df4f2a.rlib --extern hex=/opt/rustwide/target/debug/deps/libhex-13e08b3b00984ab7.rlib --extern home=/opt/rustwide/target/debug/deps/libhome-28ab713e87f116ce.rlib --extern humantime=/opt/rustwide/target/debug/deps/libhumantime-645db651aace3b61.rlib --extern predicates=/opt/rustwide/target/debug/deps/libpredicates-6f2e2addd4917f34.rlib --extern proptest=/opt/rustwide/target/debug/deps/libproptest-f58453f5c3fc1de4.rlib --extern rmcp=/opt/rustwide/target/debug/deps/librmcp-0c263b9d6660cb6f.rlib --extern schemars=/opt/rustwide/target/debug/deps/libschemars-c769a0161d39747d.rlib --extern serde=/opt/rustwide/target/debug/deps/libserde-9412aa0780ca327d.rlib --extern serde_json=/opt/rustwide/target/debug/deps/libserde_json-6024924d75331d5e.rlib --extern sha2=/opt/rustwide/target/debug/deps/libsha2-d6777488adf6403e.rlib --extern strsim=/opt/rustwide/target/debug/deps/libstrsim-4d1ed08a123238dc.rlib --extern tally_ng=/opt/rustwide/target/debug/deps/libtally_ng-c96bb4f27c664f27.rlib --extern tempfile=/opt/rustwide/target/debug/deps/libtempfile-21c7e1b90d2b679f.rlib --extern thiserror=/opt/rustwide/target/debug/deps/libthiserror-2f78684f1f4365b0.rlib --extern tokio=/opt/rustwide/target/debug/deps/libtokio-4899864b112829eb.rlib --extern tracing=/opt/rustwide/target/debug/deps/libtracing-4e50822f95df13e2.rlib --extern tracing_subscriber=/opt/rustwide/target/debug/deps/libtracing_subscriber-d0a5003b90f2bca2.rlib --extern uuid=/opt/rustwide/target/debug/deps/libuuid-b7ef65145f293c09.rlib --cap-lints=warn -L native=/opt/rustwide/target/debug/build/psm-037deb85bbebf52b/out -L native=/opt/rustwide/target/debug/build/libgit2-sys-d1da094e1289f846/out/build -L native=/opt/rustwide/target/debug/build/libssh2-sys-4852076c9996daef/out/build` (signal: 9, SIGKILL: kill)
[INFO] [stdout] error: linking with `cc` failed: exit status: 1
[INFO] [stdout]   |
[INFO] [stdout]   = note:  "cc" "-m64" "/opt/rustwide/target/debug/deps/rustcPbtvhO/symbols.o" "<4 object files omitted>" "-Wl,--as-needed" "-Wl,-Bstatic" "<sysroot>/lib/rustlib/x86_64-unknown-linux-gnu/lib/{libtest-*,libgetopts-*,librustc_std_workspace_std-*}.rlib" "/opt/rustwide/target/debug/deps/{libtally_ng-c96bb4f27c664f27,libhome-28ab713e87f116ce,libhex-13e08b3b00984ab7,libanyhow-9e4c44ac98d8e4ea,libclap_complete-f5b75f4f1a096eaf,libhumantime-645db651aace3b61,libgit2-f41f754ef4f49e2d,libopenssl_probe-2c6d21a9709cae46,liburl-d584383a8fb78a23,libidna-144d1bf039d96cf2,libutf8_iter-51566bbad89f3a68,libidna_adapter-07565630c004701e,libicu_properties-86c5f755d2ee308d,libicu_properties_data-b217809bf575558a,libicu_normalizer-003c992eef5037c3,libicu_normalizer_data-ab8997d7cbbb3306,libicu_collections-00e552cefe35eb08,libpotential_utf-932a284378e9504e,libicu_provider-4417cba4528cda65,libicu_locale_core-64670a530af6b241,libtinystr-501da78f494faff4,liblitemap-cd9b5b2aa04e2018,libwriteable-4f74a67d38fff78e,libzerovec-7d833d96372c9223,libzerotrie-c64606a4e8b10557,libyoke-9481815fd574ddb4,libstable_deref_trait-63cbf3f3d3f94e56,libzerofrom-af2389da7632269c,libform_urlencoded-da07baadaa4a52d9,libpercent_encoding-60965446a9af8f63,liblibgit2_sys-8331a693f61cf268,liblibssh2_sys-bacfa617319552ab,libopenssl_sys-7bbbe8fe6c468b22,liblibz_sys-c287ec7b077d0628,libglobset-cca9998636df4f2a,liblog-b262261d47bd2eba,libbstr-66abf1b03894d06b,libregex_automata-f9f456f5da4c7148,libregex_syntax-6d6ee545e2ffad72,libaho_corasick-403ef3edac25fcbe,libchumsky-b71ffc379f94c037,libunicode_ident-1996c11fff15f062,libstacker-b30f937b1317ff8b,libpsm-f2dc87df37e5ae22,libhashbrown-621f4a290160b487,libfoldhash-07f233db1c671507,libequivalent-6a754676e6af62ae,liballocator_api2-8d9c1e895dea53bd,libsha2-d6777488adf6403e,libcpufeatures-e04321643d03190d,libdigest-58e72b83ad3d3d94,libblock_buffer-ceb5bfb4b62e5dc4,libcrypto_common-56b940ef3ee0385e,libgeneric_array-3399f74876fb1fa9,libtypenum-973adb5204d6e560,librmcp-0c263b9d6660cb6f,libtracing-4e50822f95df13e2,libtracing_core-d26029c784af5925,libonce_cell-b5bdc597ed9676b3,libtokio_util-b8c6b5e0db0ee2b9,libtokio-4899864b112829eb,libbytes-2ed9460101f17bbf,libthiserror-2f78684f1f4365b0,libfutures-fe5f57c0b0831dd4,libfutures_executor-1bb9149c18a6092e,libfutures_util-7664cfbb6839a58c,libfutures_io-a8805bd12b2ab705,libslab-ed301aba3460fb05,libfutures_channel-5b5a847fb7dbd34b,libpin_project_lite-0a15d51c77964692,libfutures_sink-3971bde37bb30e19,libfutures_task-36f327cfab86eddc,libfutures_core-1121ff913ed87f93,libschemars-c769a0161d39747d,libdyn_clone-319e7691ef78165b,libref_cast-101847c8947b4eab,libbase64-32787b0325ea6df8,libserde_json-6024924d75331d5e,libmemchr-5cfa70d22cb32987,libitoa-f3a70a1441f7f89b,libzmij-ef63f1da73704b4c,libclap-b8c6c273f2e0d138,libclap_builder-33897930e618d2bd,libstrsim-4d1ed08a123238dc,libanstream-14b271bd294f0187,libanstyle_query-635080b1d6343734,libis_terminal_polyfill-3ca4268cb2568267,libcolorchoice-33c0bd1745dd5ace,libanstyle_parse-88399b635fc44f8e,libutf8parse-92d0158219063202,libclap_lex-2acbcd0288e51058,libanstyle-9beaeb754742faae,libcomfy_table-fb7e5513f22a71d7,libunicode_segmentation-421de088ab714999,libcrossterm-e146e62fa93a53fe,librustix-1236a5fa5e439df5,libbitflags-19bd3a07fb167555,liblinux_raw_sys-0b6cde911e9a3109,libparking_lot-972a3a6c7dd499b2,libparking_lot_core-5307c7709623e4f3,libsmallvec-3281308869c19c4b,liblock_api-16d46fed645f7bff,libscopeguard-7ec2214574194454,libunicode_width-c0be3735b741df1b,libuuid-b7ef65145f293c09,libgetrandom-6841e0dbdb6c146b,liblibc-585253b8e2aa2651,libcfg_if-83060ec5685761ae,libchrono-58f827ab543ece49,libiana_time_zone-bcd81aefedc374a6,libnum_traits-78e6e49ea324715f,libserde-9412aa0780ca327d,libserde_core-49c5f0449f9ff544}.rlib" "<sysroot>/lib/rustlib/x86_64-unknown-linux-gnu/lib/{libstd-*,libpanic_unwind-*,libobject-*,libmemchr-*,libaddr2line-*,libgimli-*,libcfg_if-*,librustc_demangle-*,libstd_detect-*,libhashbrown-*,librustc_std_workspace_alloc-*,libminiz_oxide-*,libadler2-*,libunwind-*,liblibc-*,librustc_std_workspace_core-*,liballoc-*,libcore-*,libcompiler_builtins-*}.rlib" "-Wl,-Bdynamic" "-lssl" "-lcrypto" "-lz" "-lgcc_s" "-lutil" "-lrt" "-lpthread" "-lm" "-ldl" "-lc" "-L" "/opt/rustwide/target/debug/deps/rustcPbtvhO/raw-dylibs" "-B<sysroot>/lib/rustlib/x86_64-unknown-linux-gnu/bin/gcc-ld" "-fuse-ld=lld" "-Wl,--eh-frame-hdr" "-Wl,-z,noexecstack" "-L" "/opt/rustwide/target/debug/build/psm-037deb85bbebf52b/out" "-L" "/opt/rustwide/target/debug/build/libgit2-sys-d1da094e1289f846/out/build" "-L" "/opt/rustwide/target/debug/build/libssh2-sys-4852076c9996daef/out/build" "-L" "<sysroot>/lib/rustlib/x86_64-unknown-linux-gnu/lib" "-o" "/opt/rustwide/target/debug/deps/registry_model_test-864099cab594ccb7" "-Wl,--gc-sections" "-pie" "-Wl,-z,relro,-z,now" "-nodefaultlibs"
[INFO] [stdout]   = note: some arguments are omitted. use `--verbose` to show all linker arguments
[INFO] [stdout]   = note: collect2: fatal error: ld terminated with signal 9 [Killed]
[INFO] [stdout]           compilation terminated.
[INFO] [stdout]           
[INFO] [stdout] 
[INFO] [stdout] 
[INFO] [stderr] error: could not compile `tally-ng` (test "registry_model_test") due to 1 previous error
[INFO] [stdout] error: linking with `cc` failed: exit status: 1
[INFO] [stdout]   |
[INFO] [stdout]   = note:  "cc" "-m64" "/opt/rustwide/target/debug/deps/rustc1ZpuNo/symbols.o" "<4 object files omitted>" "-Wl,--as-needed" "-Wl,-Bstatic" "<sysroot>/lib/rustlib/x86_64-unknown-linux-gnu/lib/{libtest-*,libgetopts-*,librustc_std_workspace_std-*}.rlib" "/opt/rustwide/target/debug/deps/{libtally_ng-c96bb4f27c664f27,libhome-28ab713e87f116ce,libhex-13e08b3b00984ab7,libanyhow-9e4c44ac98d8e4ea,libclap_complete-f5b75f4f1a096eaf,libhumantime-645db651aace3b61,libgit2-f41f754ef4f49e2d,libopenssl_probe-2c6d21a9709cae46,liburl-d584383a8fb78a23,libidna-144d1bf039d96cf2,libutf8_iter-51566bbad89f3a68,libidna_adapter-07565630c004701e,libicu_properties-86c5f755d2ee308d,libicu_properties_data-b217809bf575558a,libicu_normalizer-003c992eef5037c3,libicu_normalizer_data-ab8997d7cbbb3306,libicu_collections-00e552cefe35eb08,libpotential_utf-932a284378e9504e,libicu_provider-4417cba4528cda65,libicu_locale_core-64670a530af6b241,libtinystr-501da78f494faff4,liblitemap-cd9b5b2aa04e2018,libwriteable-4f74a67d38fff78e,libzerovec-7d833d96372c9223,libzerotrie-c64606a4e8b10557,libyoke-9481815fd574ddb4,libstable_deref_trait-63cbf3f3d3f94e56,libzerofrom-af2389da7632269c,libform_urlencoded-da07baadaa4a52d9,libpercent_encoding-60965446a9af8f63,liblibgit2_sys-8331a693f61cf268,liblibssh2_sys-bacfa617319552ab,libopenssl_sys-7bbbe8fe6c468b22,liblibz_sys-c287ec7b077d0628,libglobset-cca9998636df4f2a,liblog-b262261d47bd2eba,libbstr-66abf1b03894d06b,libregex_automata-f9f456f5da4c7148,libaho_corasick-403ef3edac25fcbe,libchumsky-b71ffc379f94c037,libunicode_ident-1996c11fff15f062,libstacker-b30f937b1317ff8b,libpsm-f2dc87df37e5ae22,libhashbrown-621f4a290160b487,libfoldhash-07f233db1c671507,libequivalent-6a754676e6af62ae,liballocator_api2-8d9c1e895dea53bd,libsha2-d6777488adf6403e,libcpufeatures-e04321643d03190d,libdigest-58e72b83ad3d3d94,libblock_buffer-ceb5bfb4b62e5dc4,libcrypto_common-56b940ef3ee0385e,libgeneric_array-3399f74876fb1fa9,libtypenum-973adb5204d6e560,librmcp-0c263b9d6660cb6f,libtracing-4e50822f95df13e2,libtracing_core-d26029c784af5925,libtokio_util-b8c6b5e0db0ee2b9,libtokio-4899864b112829eb,libbytes-2ed9460101f17bbf,libthiserror-2f78684f1f4365b0,libfutures-fe5f57c0b0831dd4,libfutures_executor-1bb9149c18a6092e,libfutures_util-7664cfbb6839a58c,libfutures_io-a8805bd12b2ab705,libslab-ed301aba3460fb05,libfutures_channel-5b5a847fb7dbd34b,libpin_project_lite-0a15d51c77964692,libfutures_sink-3971bde37bb30e19,libfutures_task-36f327cfab86eddc,libfutures_core-1121ff913ed87f93,libschemars-c769a0161d39747d,libdyn_clone-319e7691ef78165b,libref_cast-101847c8947b4eab,libbase64-32787b0325ea6df8,libserde_json-6024924d75331d5e,libmemchr-5cfa70d22cb32987,libitoa-f3a70a1441f7f89b,libzmij-ef63f1da73704b4c,libclap-b8c6c273f2e0d138,libclap_builder-33897930e618d2bd,libstrsim-4d1ed08a123238dc,libanstream-14b271bd294f0187,libanstyle_query-635080b1d6343734,libis_terminal_polyfill-3ca4268cb2568267,libcolorchoice-33c0bd1745dd5ace,libanstyle_parse-88399b635fc44f8e,libutf8parse-92d0158219063202,libclap_lex-2acbcd0288e51058,libanstyle-9beaeb754742faae,libcomfy_table-fb7e5513f22a71d7,libunicode_segmentation-421de088ab714999,libcrossterm-e146e62fa93a53fe,libparking_lot-972a3a6c7dd499b2,libparking_lot_core-5307c7709623e4f3,libsmallvec-3281308869c19c4b,liblock_api-16d46fed645f7bff,libscopeguard-7ec2214574194454,libunicode_width-c0be3735b741df1b,libuuid-b7ef65145f293c09,libchrono-58f827ab543ece49,libiana_time_zone-bcd81aefedc374a6,libnum_traits-78e6e49ea324715f,libserde-9412aa0780ca327d,libserde_core-49c5f0449f9ff544,libproptest-f58453f5c3fc1de4,libunarray-2b0ca735f001c2fa,libregex_syntax-6d6ee545e2ffad72,librand_xorshift-cd080a75adbc8c36,librand_chacha-4634603efd9d39be,libppv_lite86-77a2aa65ba539d68,libzerocopy-f356ca4a4615f711,librand-216423f74effb801,librand_core-59d009e429ded565,libgetrandom-c27f5d9907cbefd0,librusty_fork-93bce420c045ff99,libwait_timeout-371f5421fca8c742,libtempfile-21c7e1b90d2b679f,libgetrandom-6841e0dbdb6c146b,liblibc-585253b8e2aa2651,libcfg_if-83060ec5685761ae,libfastrand-751bcde24b8aa073,libonce_cell-b5bdc597ed9676b3,librustix-1236a5fa5e439df5,liblinux_raw_sys-0b6cde911e9a3109,libfnv-79e2cbfbe03dcd16,libquick_error-9f96d0cb10ca2956,libbit_set-1fa6ab292f9512d1,libbit_vec-46bedad1cbb6f5b7,libbitflags-19bd3a07fb167555}.rlib" "<sysroot>/lib/rustlib/x86_64-unknown-linux-gnu/lib/{libstd-*,libpanic_unwind-*,libobject-*,libmemchr-*,libaddr2line-*,libgimli-*,libcfg_if-*,librustc_demangle-*,libstd_detect-*,libhashbrown-*,librustc_std_workspace_alloc-*,libminiz_oxide-*,libadler2-*,libunwind-*,liblibc-*,librustc_std_workspace_core-*,liballoc-*,libcore-*,libcompiler_builtins-*}.rlib" "-Wl,-Bdynamic" "-lssl" "-lcrypto" "-lz" "-lgcc_s" "-lutil" "-lrt" "-lpthread" "-lm" "-ldl" "-lc" "-L" "/opt/rustwide/target/debug/deps/rustc1ZpuNo/raw-dylibs" "-B<sysroot>/lib/rustlib/x86_64-unknown-linux-gnu/bin/gcc-ld" "-fuse-ld=lld" "-Wl,--eh-frame-hdr" "-Wl,-z,noexecstack" "-L" "/opt/rustwide/target/debug/build/psm-037deb85bbebf52b/out" "-L" "/opt/rustwide/target/debug/build/libgit2-sys-d1da094e1289f846/out/build" "-L" "/opt/rustwide/target/debug/build/libssh2-sys-4852076c9996daef/out/build" "-L" "<sysroot>/lib/rustlib/x86_64-unknown-linux-gnu/lib" "-o" "/opt/rustwide/target/debug/deps/property_registry-6d15acd2ebbecf06" "-Wl,--gc-sections" "-pie" "-Wl,-z,relro,-z,now" "-nodefaultlibs"
[INFO] [stdout]   = note: some arguments are omitted. use `--verbose` to show all linker arguments
[INFO] [stdout]   = note: collect2: fatal error: ld terminated with signal 9 [Killed]
[INFO] [stdout]           compilation terminated.
[INFO] [stdout]           
[INFO] [stdout] 
[INFO] [stdout] 
[INFO] [stderr] error: could not compile `tally-ng` (test "property_registry") due to 1 previous error
[INFO] [stdout] error: linking with `cc` failed: exit status: 1
[INFO] [stdout]   |
[INFO] [stdout]   = note:  "cc" "-m64" "/opt/rustwide/target/debug/deps/rustcLc9U73/symbols.o" "<4 object files omitted>" "-Wl,--as-needed" "-Wl,-Bstatic" "/opt/rustwide/target/debug/deps/{libtempfile-21c7e1b90d2b679f,libfastrand-751bcde24b8aa073}.rlib" "<sysroot>/lib/rustlib/x86_64-unknown-linux-gnu/lib/{libtest-*,libgetopts-*,librustc_std_workspace_std-*}.rlib" "/opt/rustwide/target/debug/deps/{libtally_ng-c96bb4f27c664f27,libhome-28ab713e87f116ce,libhex-13e08b3b00984ab7,libanyhow-9e4c44ac98d8e4ea,libclap_complete-f5b75f4f1a096eaf,libhumantime-645db651aace3b61,libgit2-f41f754ef4f49e2d,libopenssl_probe-2c6d21a9709cae46,liburl-d584383a8fb78a23,libidna-144d1bf039d96cf2,libutf8_iter-51566bbad89f3a68,libidna_adapter-07565630c004701e,libicu_properties-86c5f755d2ee308d,libicu_properties_data-b217809bf575558a,libicu_normalizer-003c992eef5037c3,libicu_normalizer_data-ab8997d7cbbb3306,libicu_collections-00e552cefe35eb08,libpotential_utf-932a284378e9504e,libicu_provider-4417cba4528cda65,libicu_locale_core-64670a530af6b241,libtinystr-501da78f494faff4,liblitemap-cd9b5b2aa04e2018,libwriteable-4f74a67d38fff78e,libzerovec-7d833d96372c9223,libzerotrie-c64606a4e8b10557,libyoke-9481815fd574ddb4,libstable_deref_trait-63cbf3f3d3f94e56,libzerofrom-af2389da7632269c,libform_urlencoded-da07baadaa4a52d9,libpercent_encoding-60965446a9af8f63,liblibgit2_sys-8331a693f61cf268,liblibssh2_sys-bacfa617319552ab,libopenssl_sys-7bbbe8fe6c468b22,liblibz_sys-c287ec7b077d0628,libglobset-cca9998636df4f2a,liblog-b262261d47bd2eba,libbstr-66abf1b03894d06b,libregex_automata-f9f456f5da4c7148,libregex_syntax-6d6ee545e2ffad72,libaho_corasick-403ef3edac25fcbe,libchumsky-b71ffc379f94c037,libunicode_ident-1996c11fff15f062,libstacker-b30f937b1317ff8b,libpsm-f2dc87df37e5ae22,libhashbrown-621f4a290160b487,libfoldhash-07f233db1c671507,libequivalent-6a754676e6af62ae,liballocator_api2-8d9c1e895dea53bd,libsha2-d6777488adf6403e,libcpufeatures-e04321643d03190d,libdigest-58e72b83ad3d3d94,libblock_buffer-ceb5bfb4b62e5dc4,libcrypto_common-56b940ef3ee0385e,libgeneric_array-3399f74876fb1fa9,libtypenum-973adb5204d6e560,libclap-b8c6c273f2e0d138,libclap_builder-33897930e618d2bd,libstrsim-4d1ed08a123238dc,libanstream-14b271bd294f0187,libanstyle_query-635080b1d6343734,libis_terminal_polyfill-3ca4268cb2568267,libcolorchoice-33c0bd1745dd5ace,libanstyle_parse-88399b635fc44f8e,libutf8parse-92d0158219063202,libclap_lex-2acbcd0288e51058,libanstyle-9beaeb754742faae,libcomfy_table-fb7e5513f22a71d7,libunicode_segmentation-421de088ab714999,libcrossterm-e146e62fa93a53fe,librustix-1236a5fa5e439df5,libbitflags-19bd3a07fb167555,liblinux_raw_sys-0b6cde911e9a3109,libparking_lot-972a3a6c7dd499b2,libparking_lot_core-5307c7709623e4f3,libsmallvec-3281308869c19c4b,liblock_api-16d46fed645f7bff,libscopeguard-7ec2214574194454,libunicode_width-c0be3735b741df1b,libuuid-b7ef65145f293c09,libgetrandom-6841e0dbdb6c146b,liblibc-585253b8e2aa2651,libcfg_if-83060ec5685761ae,librmcp-0c263b9d6660cb6f,libtracing-4e50822f95df13e2,libtracing_core-d26029c784af5925,libonce_cell-b5bdc597ed9676b3,libtokio_util-b8c6b5e0db0ee2b9,libtokio-4899864b112829eb,libbytes-2ed9460101f17bbf,libthiserror-2f78684f1f4365b0,libfutures-fe5f57c0b0831dd4,libfutures_executor-1bb9149c18a6092e,libfutures_util-7664cfbb6839a58c,libfutures_io-a8805bd12b2ab705,libslab-ed301aba3460fb05,libfutures_channel-5b5a847fb7dbd34b,libpin_project_lite-0a15d51c77964692,libfutures_sink-3971bde37bb30e19,libfutures_task-36f327cfab86eddc,libfutures_core-1121ff913ed87f93,libschemars-c769a0161d39747d,libdyn_clone-319e7691ef78165b,libref_cast-101847c8947b4eab,libbase64-32787b0325ea6df8,libserde_json-6024924d75331d5e,libmemchr-5cfa70d22cb32987,libitoa-f3a70a1441f7f89b,libzmij-ef63f1da73704b4c,libchrono-58f827ab543ece49,libiana_time_zone-bcd81aefedc374a6,libnum_traits-78e6e49ea324715f,libserde-9412aa0780ca327d,libserde_core-49c5f0449f9ff544}.rlib" "<sysroot>/lib/rustlib/x86_64-unknown-linux-gnu/lib/{libstd-*,libpanic_unwind-*,libobject-*,libmemchr-*,libaddr2line-*,libgimli-*,libcfg_if-*,librustc_demangle-*,libstd_detect-*,libhashbrown-*,librustc_std_workspace_alloc-*,libminiz_oxide-*,libadler2-*,libunwind-*,liblibc-*,librustc_std_workspace_core-*,liballoc-*,libcore-*,libcompiler_builtins-*}.rlib" "-Wl,-Bdynamic" "-lssl" "-lcrypto" "-lz" "-lgcc_s" "-lutil" "-lrt" "-lpthread" "-lm" "-ldl" "-lc" "-L" "/opt/rustwide/target/debug/deps/rustcLc9U73/raw-dylibs" "-B<sysroot>/lib/rustlib/x86_64-unknown-linux-gnu/bin/gcc-ld" "-fuse-ld=lld" "-Wl,--eh-frame-hdr" "-Wl,-z,noexecstack" "-L" "/opt/rustwide/target/debug/build/psm-037deb85bbebf52b/out" "-L" "/opt/rustwide/target/debug/build/libgit2-sys-d1da094e1289f846/out/build" "-L" "/opt/rustwide/target/debug/build/libssh2-sys-4852076c9996daef/out/build" "-L" "<sysroot>/lib/rustlib/x86_64-unknown-linux-gnu/lib" "-o" "/opt/rustwide/target/debug/deps/e2e_mcp_workflow_test-ea9970d73bb0ba00" "-Wl,--gc-sections" "-pie" "-Wl,-z,relro,-z,now" "-nodefaultlibs"
[INFO] [stdout]   = note: some arguments are omitted. use `--verbose` to show all linker arguments
[INFO] [stdout]   = note: collect2: fatal error: ld terminated with signal 9 [Killed]
[INFO] [stdout]           compilation terminated.
[INFO] [stdout]           
[INFO] [stdout] 
[INFO] [stdout] 
[INFO] [stdout] error: linking with `cc` failed: exit status: 1
[INFO] [stdout]   |
[INFO] [stdout]   = note:  "cc" "-m64" "/opt/rustwide/target/debug/deps/rustcnemscv/symbols.o" "<7 object files omitted>" "-Wl,--as-needed" "-Wl,-Bstatic" "<sysroot>/lib/rustlib/x86_64-unknown-linux-gnu/lib/{libtest-*,libgetopts-*,librustc_std_workspace_std-*}.rlib" "/opt/rustwide/target/debug/deps/{libtally_ng-c96bb4f27c664f27,libhome-28ab713e87f116ce,libhex-13e08b3b00984ab7,libanyhow-9e4c44ac98d8e4ea,libclap_complete-f5b75f4f1a096eaf,libhumantime-645db651aace3b61,libgit2-f41f754ef4f49e2d,libopenssl_probe-2c6d21a9709cae46,liburl-d584383a8fb78a23,libidna-144d1bf039d96cf2,libutf8_iter-51566bbad89f3a68,libidna_adapter-07565630c004701e,libicu_properties-86c5f755d2ee308d,libicu_properties_data-b217809bf575558a,libicu_normalizer-003c992eef5037c3,libicu_normalizer_data-ab8997d7cbbb3306,libicu_collections-00e552cefe35eb08,libpotential_utf-932a284378e9504e,libicu_provider-4417cba4528cda65,libicu_locale_core-64670a530af6b241,libtinystr-501da78f494faff4,liblitemap-cd9b5b2aa04e2018,libwriteable-4f74a67d38fff78e,libzerovec-7d833d96372c9223,libzerotrie-c64606a4e8b10557,libyoke-9481815fd574ddb4,libstable_deref_trait-63cbf3f3d3f94e56,libzerofrom-af2389da7632269c,libform_urlencoded-da07baadaa4a52d9,libpercent_encoding-60965446a9af8f63,liblibgit2_sys-8331a693f61cf268,liblibssh2_sys-bacfa617319552ab,libopenssl_sys-7bbbe8fe6c468b22,liblibz_sys-c287ec7b077d0628,libglobset-cca9998636df4f2a,liblog-b262261d47bd2eba,libbstr-66abf1b03894d06b,libregex_automata-f9f456f5da4c7148,libaho_corasick-403ef3edac25fcbe,libchumsky-b71ffc379f94c037,libunicode_ident-1996c11fff15f062,libstacker-b30f937b1317ff8b,libpsm-f2dc87df37e5ae22,libhashbrown-621f4a290160b487,libfoldhash-07f233db1c671507,libequivalent-6a754676e6af62ae,liballocator_api2-8d9c1e895dea53bd,libsha2-d6777488adf6403e,libcpufeatures-e04321643d03190d,libdigest-58e72b83ad3d3d94,libblock_buffer-ceb5bfb4b62e5dc4,libcrypto_common-56b940ef3ee0385e,libgeneric_array-3399f74876fb1fa9,libtypenum-973adb5204d6e560,librmcp-0c263b9d6660cb6f,libtracing-4e50822f95df13e2,libtracing_core-d26029c784af5925,libtokio_util-b8c6b5e0db0ee2b9,libtokio-4899864b112829eb,libbytes-2ed9460101f17bbf,libthiserror-2f78684f1f4365b0,libfutures-fe5f57c0b0831dd4,libfutures_executor-1bb9149c18a6092e,libfutures_util-7664cfbb6839a58c,libfutures_io-a8805bd12b2ab705,libslab-ed301aba3460fb05,libfutures_channel-5b5a847fb7dbd34b,libpin_project_lite-0a15d51c77964692,libfutures_sink-3971bde37bb30e19,libfutures_task-36f327cfab86eddc,libfutures_core-1121ff913ed87f93,libschemars-c769a0161d39747d,libdyn_clone-319e7691ef78165b,libref_cast-101847c8947b4eab,libbase64-32787b0325ea6df8,libserde_json-6024924d75331d5e,libmemchr-5cfa70d22cb32987,libitoa-f3a70a1441f7f89b,libzmij-ef63f1da73704b4c,libclap-b8c6c273f2e0d138,libclap_builder-33897930e618d2bd,libstrsim-4d1ed08a123238dc,libanstream-14b271bd294f0187,libanstyle_query-635080b1d6343734,libis_terminal_polyfill-3ca4268cb2568267,libcolorchoice-33c0bd1745dd5ace,libanstyle_parse-88399b635fc44f8e,libutf8parse-92d0158219063202,libclap_lex-2acbcd0288e51058,libanstyle-9beaeb754742faae,libcomfy_table-fb7e5513f22a71d7,libunicode_segmentation-421de088ab714999,libcrossterm-e146e62fa93a53fe,libparking_lot-972a3a6c7dd499b2,libparking_lot_core-5307c7709623e4f3,libsmallvec-3281308869c19c4b,liblock_api-16d46fed645f7bff,libscopeguard-7ec2214574194454,libunicode_width-c0be3735b741df1b,libuuid-b7ef65145f293c09,libchrono-58f827ab543ece49,libiana_time_zone-bcd81aefedc374a6,libnum_traits-78e6e49ea324715f,libserde-9412aa0780ca327d,libserde_core-49c5f0449f9ff544,libproptest-f58453f5c3fc1de4,libunarray-2b0ca735f001c2fa,libregex_syntax-6d6ee545e2ffad72,librand_xorshift-cd080a75adbc8c36,librand_chacha-4634603efd9d39be,libppv_lite86-77a2aa65ba539d68,libzerocopy-f356ca4a4615f711,librand-216423f74effb801,librand_core-59d009e429ded565,libgetrandom-c27f5d9907cbefd0,librusty_fork-93bce420c045ff99,libwait_timeout-371f5421fca8c742,libtempfile-21c7e1b90d2b679f,libgetrandom-6841e0dbdb6c146b,liblibc-585253b8e2aa2651,libcfg_if-83060ec5685761ae,libfastrand-751bcde24b8aa073,libonce_cell-b5bdc597ed9676b3,librustix-1236a5fa5e439df5,liblinux_raw_sys-0b6cde911e9a3109,libfnv-79e2cbfbe03dcd16,libquick_error-9f96d0cb10ca2956,libbit_set-1fa6ab292f9512d1,libbit_vec-46bedad1cbb6f5b7,libbitflags-19bd3a07fb167555}.rlib" "<sysroot>/lib/rustlib/x86_64-unknown-linux-gnu/lib/{libstd-*,libpanic_unwind-*,libobject-*,libmemchr-*,libaddr2line-*,libgimli-*,libcfg_if-*,librustc_demangle-*,libstd_detect-*,libhashbrown-*,librustc_std_workspace_alloc-*,libminiz_oxide-*,libadler2-*,libunwind-*,liblibc-*,librustc_std_workspace_core-*,liballoc-*,libcore-*,libcompiler_builtins-*}.rlib" "-Wl,-Bdynamic" "-lssl" "-lcrypto" "-lz" "-lgcc_s" "-lutil" "-lrt" "-lpthread" "-lm" "-ldl" "-lc" "-L" "/opt/rustwide/target/debug/deps/rustcnemscv/raw-dylibs" "-B<sysroot>/lib/rustlib/x86_64-unknown-linux-gnu/bin/gcc-ld" "-fuse-ld=lld" "-Wl,--eh-frame-hdr" "-Wl,-z,noexecstack" "-L" "/opt/rustwide/target/debug/build/psm-037deb85bbebf52b/out" "-L" "/opt/rustwide/target/debug/build/libgit2-sys-d1da094e1289f846/out/build" "-L" "/opt/rustwide/target/debug/build/libssh2-sys-4852076c9996daef/out/build" "-L" "<sysroot>/lib/rustlib/x86_64-unknown-linux-gnu/lib" "-o" "/opt/rustwide/target/debug/deps/property_query-49a2d781e61747f3" "-Wl,--gc-sections" "-pie" "-Wl,-z,relro,-z,now" "-nodefaultlibs"
[INFO] [stdout]   = note: some arguments are omitted. use `--verbose` to show all linker arguments
[INFO] [stdout]   = note: collect2: fatal error: ld terminated with signal 9 [Killed]
[INFO] [stdout]           compilation terminated.
[INFO] [stdout]           
[INFO] [stdout] 
[INFO] [stdout] 
[INFO] [stderr] error: could not compile `tally-ng` (test "property_query") due to 1 previous error
[INFO] [stderr] error: could not compile `tally-ng` (test "e2e_mcp_workflow_test") due to 1 previous error
[INFO] running `Command { std: "docker" "inspect" "d354da472a83c0988414d874cb3c46e9a93db90b51654864a52ada211d2ecfe7", kill_on_drop: false }`
[INFO] running `Command { std: "docker" "rm" "-f" "d354da472a83c0988414d874cb3c46e9a93db90b51654864a52ada211d2ecfe7", kill_on_drop: false }`
[INFO] [stdout] d354da472a83c0988414d874cb3c46e9a93db90b51654864a52ada211d2ecfe7
