[INFO] fetching crate talk 0.1.1...
[INFO] testing talk-0.1.1 against 1.99.0-beta.8 for beta-1.100-2
[INFO] extracting crate talk 0.1.1 into /workspace/builds/worker-0-tc1/source
[INFO] started tweaking crates.io crate talk 0.1.1
[INFO] removed 0 missing examples
[INFO] removed 0 missing tests
[INFO] finished tweaking crates.io crate talk 0.1.1
[INFO] tweaked toml for crates.io crate talk 0.1.1 written to /workspace/builds/worker-0-tc1/source/Cargo.toml
[INFO] validating manifest of crates.io crate talk 0.1.1 on toolchain 1.99.0-beta.8
[INFO] running `Command { std: CARGO_HOME="/workspace/cargo-home" RUSTUP_HOME="/workspace/rustup-home" "/workspace/cargo-home/bin/cargo" "+1.99.0-beta.8" "metadata" "--manifest-path" "Cargo.toml" "--no-deps", kill_on_drop: false }`
[INFO] crate crates.io crate talk 0.1.1 already has a lockfile, it will not be regenerated
[INFO] running `Command { std: CARGO_HOME="/workspace/cargo-home" RUSTUP_HOME="/workspace/rustup-home" "/workspace/cargo-home/bin/cargo" "+1.99.0-beta.8" "fetch" "--manifest-path" "Cargo.toml", kill_on_drop: false }`
[INFO] [stderr]     Updating crates.io index
[INFO] [stderr]  Downloading crates ...
[INFO] [stderr]   Downloaded wasm-bindgen v0.2.104
[INFO] [stderr]   Downloaded wasm-bindgen-shared v0.2.104
[INFO] [stderr]   Downloaded unicode-ident v1.0.19
[INFO] [stderr]   Downloaded wasm-bindgen-macro-support v0.2.104
[INFO] [stderr]   Downloaded wasm-bindgen-macro v0.2.104
[INFO] [stderr]   Downloaded async-stream v0.3.6
[INFO] [stderr]   Downloaded async-stream-impl v0.3.6
[INFO] [stderr]   Downloaded tokio-test v0.4.4
[INFO] [stderr]   Downloaded wasi v0.14.7+wasi-0.2.4
[INFO] [stderr]   Downloaded rustc-demangle v0.1.26
[INFO] [stderr]   Downloaded tokio-macros v2.5.0
[INFO] [stderr]   Downloaded writeable v0.6.1
[INFO] [stderr]   Downloaded md-5 v0.10.6
[INFO] [stderr]   Downloaded etcetera v0.8.0
[INFO] [stderr]   Downloaded wasm-bindgen-backend v0.2.104
[INFO] [stderr]   Downloaded wasite v0.1.0
[INFO] [stderr]   Downloaded libredox v0.1.10
[INFO] [stderr]   Downloaded futures-macro v0.3.31
[INFO] [stderr]   Downloaded yoke-derive v0.8.0
[INFO] [stderr]   Downloaded potential_utf v0.1.3
[INFO] [stderr]   Downloaded crc-catalog v2.4.0
[INFO] [stderr]   Downloaded sqlx-macros v0.8.6
[INFO] [stderr]   Downloaded crc v3.3.0
[INFO] [stderr]   Downloaded derive_builder_core v0.20.2
[INFO] [stderr]   Downloaded cfg-if v1.0.3
[INFO] [stderr]   Downloaded tokio-stream v0.1.17
[INFO] [stderr]   Downloaded windows-result v0.3.4
[INFO] [stderr]   Downloaded windows-link v0.1.3
[INFO] [stderr]   Downloaded secrecy v0.8.0
[INFO] [stderr]   Downloaded num-iter v0.1.45
[INFO] [stderr]   Downloaded rustls-native-certs v0.8.1
[INFO] [stderr]   Downloaded windows-registry v0.5.3
[INFO] [stderr]   Downloaded base64ct v1.8.0
[INFO] [stderr]   Downloaded yoke v0.8.0
[INFO] [stderr]   Downloaded tinystr v0.8.1
[INFO] [stderr]   Downloaded wasm-bindgen-futures v0.4.54
[INFO] [stderr]   Downloaded security-framework-sys v2.15.0
[INFO] [stderr]   Downloaded hashlink v0.10.0
[INFO] [stderr]   Downloaded futures-executor v0.3.31
[INFO] [stderr]   Downloaded sqlx-macros-core v0.8.6
[INFO] [stderr]   Downloaded signal-hook-registry v1.4.6
[INFO] [stderr]   Downloaded native-tls v0.2.14
[INFO] [stderr]   Downloaded unicase v2.8.1
[INFO] [stderr]   Downloaded windows-strings v0.4.2
[INFO] [stderr]   Downloaded event-listener v5.4.1
[INFO] [stderr]   Downloaded unicode-properties v0.1.3
[INFO] [stderr]   Downloaded tempfile v3.23.0
[INFO] [stderr]   Downloaded bitflags v2.9.4
[INFO] [stderr]   Downloaded addr2line v0.25.1
[INFO] [stderr]   Downloaded zerovec-derive v0.11.1
[INFO] [stderr]   Downloaded litemap v0.8.0
[INFO] [stderr]   Downloaded reqwest-eventsource v0.6.0
[INFO] [stderr]   Downloaded schannel v0.1.28
[INFO] [stderr]   Downloaded mime_guess v2.0.5
[INFO] [stderr]   Downloaded system-configuration v0.6.1
[INFO] [stderr]   Downloaded backon v1.5.2
[INFO] [stderr]   Downloaded derive_builder_macro v0.20.2
[INFO] [stderr]   Downloaded js-sys v0.3.81
[INFO] [stderr]   Downloaded icu_normalizer v2.0.0
[INFO] [stderr]   Downloaded whoami v1.6.1
[INFO] [stderr]   Downloaded rustls-pki-types v1.12.0
[INFO] [stderr]   Downloaded eventsource-stream v0.2.3
[INFO] [stderr]   Downloaded derive_builder v0.20.2
[INFO] [stderr]   Downloaded async-convert v1.0.0
[INFO] [stderr]   Downloaded getrandom v0.3.3
[INFO] [stderr]   Downloaded icu_properties v2.0.1
[INFO] [stderr]   Downloaded icu_provider v2.0.0
[INFO] [stderr]   Downloaded icu_normalizer_data v2.0.0
[INFO] [stderr]   Downloaded zerotrie v0.2.2
[INFO] [stderr]   Downloaded flume v0.11.1
[INFO] [stderr]   Downloaded openssl-sys v0.9.109
[INFO] [stderr]   Downloaded security-framework v3.5.1
[INFO] [stderr]   Downloaded arc-swap v1.7.1
[INFO] [stderr]   Downloaded async-openai v0.26.0
[INFO] [stderr]   Downloaded socket2 v0.6.0
[INFO] [stderr]   Downloaded backtrace v0.3.76
[INFO] [stderr]   Downloaded sqlx-sqlite v0.8.6
[INFO] [stderr]   Downloaded icu_collections v2.0.0
[INFO] [stderr]   Downloaded rand v0.8.5
[INFO] [stderr]   Downloaded sqlx-mysql v0.8.6
[INFO] [stderr]   Downloaded rustls-webpki v0.103.7
[INFO] [stderr]   Downloaded cc v1.2.41
[INFO] [stderr]   Downloaded num-bigint v0.4.6
[INFO] [stderr]   Downloaded futures v0.3.31
[INFO] [stderr]   Downloaded mio v1.0.4
[INFO] [stderr]   Downloaded io-uring v0.7.10
[INFO] [stderr]   Downloaded icu_locale_core v2.0.0
[INFO] [stderr]   Downloaded indexmap v2.11.4
[INFO] [stderr]   Downloaded rsa v0.9.8
[INFO] [stderr]   Downloaded instant v0.1.13
[INFO] [stderr]   Downloaded anthropic-sdk v0.1.5
[INFO] [stderr]   Downloaded dotenv v0.15.0
[INFO] [stderr]   Downloaded sqlx-core v0.8.6
[INFO] [stderr]   Downloaded unicode-normalization v0.1.24
[INFO] [stderr]   Downloaded num-bigint-dig v0.8.4
[INFO] [stderr]   Downloaded futures-timer v3.0.3
[INFO] [stderr]   Downloaded backoff v0.4.0
[INFO] [stderr]   Downloaded zerovec v0.11.4
[INFO] [stderr]   Downloaded libm v0.2.15
[INFO] [stderr]   Downloaded sqlx-postgres v0.8.6
[INFO] [stderr]   Downloaded iri-string v0.7.8
[INFO] [stderr]   Downloaded tokio-util v0.7.16
[INFO] [stderr]   Downloaded icu_properties_data v2.0.1
[INFO] [stderr]   Downloaded hashbrown v0.16.0
[INFO] [stderr]   Downloaded reqwest v0.12.23
[INFO] [stderr]   Downloaded sqlx v0.8.6
[INFO] [stderr]   Downloaded regex v1.12.1
[INFO] [stderr]   Downloaded h2 v0.4.12
[INFO] [stderr]   Downloaded tracing-subscriber v0.3.20
[INFO] [stderr]   Downloaded openssl v0.10.73
[INFO] [stderr]   Downloaded gimli v0.32.3
[INFO] [stderr]   Downloaded redis v0.27.6
[INFO] [stderr]   Downloaded rustls v0.23.32
[INFO] [stderr]   Downloaded object v0.37.3
[INFO] [stderr]   Downloaded regex-syntax v0.8.7
[INFO] [stderr]   Downloaded rustix v1.1.2
[INFO] [stderr]   Downloaded web-sys v0.3.81
[INFO] [stderr]   Downloaded regex-automata v0.4.12
[INFO] [stderr]   Downloaded tokio v1.47.1
[INFO] [stderr]   Downloaded libsqlite3-sys v0.30.1
[INFO] running `Command { std: "docker" "create" "-v" "/var/lib/crater-agent-workspace/builds/worker-0-tc1/source:/opt/rustwide/workdir:ro,Z" "-v" "/var/lib/crater-agent-workspace/builds/worker-0-tc1/target:/opt/rustwide/target:rw,Z" "-v" "/var/lib/crater-agent-workspace/cargo-home:/opt/rustwide/cargo-home:ro,Z" "-v" "/var/lib/crater-agent-workspace/rustup-home:/opt/rustwide/rustup-home:ro,Z" "-m" "1610612736" "--network" "none" "ghcr.io/rust-lang/crates-build-env/linux@sha256:3111399a4047eeb3a02b7a90e478d715f38a8c6669b5c4b49d30a17385265909" "sleep" "infinity", kill_on_drop: false }`
[INFO] [stdout] 122dc156cc3022313687519a4085bf68bb476b9c6fadc3a9e84302b0301ce196
[INFO] running `Command { std: "docker" "start" "122dc156cc3022313687519a4085bf68bb476b9c6fadc3a9e84302b0301ce196", kill_on_drop: false }`
[INFO] running `Command { std: "docker" "inspect" "122dc156cc3022313687519a4085bf68bb476b9c6fadc3a9e84302b0301ce196", kill_on_drop: false }`
[INFO] running `Command { std: "docker" "exec" "-e" "SOURCE_DIR=/opt/rustwide/workdir" "-e" "CARGO_HOME=/opt/rustwide/cargo-home" "-e" "RUSTUP_HOME=/opt/rustwide/rustup-home" "-e" "CARGO_TARGET_DIR=/opt/rustwide/target" "-w" "/opt/rustwide/workdir" "--user" "0:0" "122dc156cc3022313687519a4085bf68bb476b9c6fadc3a9e84302b0301ce196" "/opt/rustwide/cargo-home/bin/cargo" "+1.99.0-beta.8" "metadata" "--no-deps" "--format-version=1", kill_on_drop: false }`
[INFO] running `Command { std: "docker" "inspect" "122dc156cc3022313687519a4085bf68bb476b9c6fadc3a9e84302b0301ce196", kill_on_drop: false }`
[INFO] running `Command { std: "docker" "exec" "-e" "SOURCE_DIR=/opt/rustwide/workdir" "-e" "CARGO_HOME=/opt/rustwide/cargo-home" "-e" "RUSTUP_HOME=/opt/rustwide/rustup-home" "-e" "CARGO_TARGET_DIR=/opt/rustwide/target" "-e" "CARGO_INCREMENTAL=0" "-e" "RUST_BACKTRACE=full" "-e" "RUSTFLAGS=--cap-lints=warn" "-e" "RUSTDOCFLAGS=--cap-lints=warn" "-w" "/opt/rustwide/workdir" "--user" "0:0" "122dc156cc3022313687519a4085bf68bb476b9c6fadc3a9e84302b0301ce196" "/opt/rustwide/cargo-home/bin/cargo" "+1.99.0-beta.8" "build" "--frozen" "--message-format=json", kill_on_drop: false }`
[INFO] [stderr]    Compiling proc-macro2 v1.0.101
[INFO] [stderr]    Compiling unicode-ident v1.0.19
[INFO] [stderr]    Compiling quote v1.0.41
[INFO] [stderr]    Compiling libc v0.2.177
[INFO] [stderr]    Compiling cfg-if v1.0.3
[INFO] [stderr]    Compiling smallvec v1.15.1
[INFO] [stderr]    Compiling pin-project-lite v0.2.16
[INFO] [stderr]    Compiling shlex v1.3.0
[INFO] [stderr]    Compiling find-msvc-tools v0.1.4
[INFO] [stderr]    Compiling futures-core v0.3.31
[INFO] [stderr]    Compiling parking_lot_core v0.9.12
[INFO] [stderr]    Compiling bytes v1.10.1
[INFO] [stderr]    Compiling fnv v1.0.7
[INFO] [stderr]    Compiling scopeguard v1.2.0
[INFO] [stderr]    Compiling stable_deref_trait v1.2.1
[INFO] [stderr]    Compiling futures-sink v0.3.31
[INFO] [stderr]    Compiling itoa v1.0.15
[INFO] [stderr]    Compiling slab v0.4.11
[INFO] [stderr]    Compiling vcpkg v0.2.15
[INFO] [stderr]    Compiling lock_api v0.4.14
[INFO] [stderr]    Compiling serde_core v1.0.228
[INFO] [stderr]    Compiling pkg-config v0.3.32
[INFO] [stderr]    Compiling futures-channel v0.3.31
[INFO] [stderr]    Compiling pin-utils v0.1.0
[INFO] [stderr]    Compiling futures-task v0.3.31
[INFO] [stderr]    Compiling futures-io v0.3.31
[INFO] [stderr]    Compiling cc v1.2.41
[INFO] [stderr]    Compiling writeable v0.6.1
[INFO] [stderr]    Compiling litemap v0.8.0
[INFO] [stderr]    Compiling zeroize v1.8.2
[INFO] [stderr]    Compiling serde v1.0.228
[INFO] [stderr]    Compiling tracing-core v0.1.34
[INFO] [stderr]    Compiling percent-encoding v2.3.2
[INFO] [stderr]    Compiling icu_normalizer_data v2.0.0
[INFO] [stderr]    Compiling icu_properties_data v2.0.1
[INFO] [stderr]    Compiling hashbrown v0.16.0
[INFO] [stderr]    Compiling httparse v1.10.1
[INFO] [stderr]    Compiling rustls-pki-types v1.12.0
[INFO] [stderr]    Compiling openssl-probe v0.1.6
[INFO] [stderr]    Compiling atomic-waker v1.1.2
[INFO] [stderr]    Compiling bitflags v2.9.4
[INFO] [stderr]    Compiling tower-service v0.3.3
[INFO] [stderr]    Compiling openssl v0.10.73
[INFO] [stderr]    Compiling foreign-types-shared v0.1.1
[INFO] [stderr]    Compiling try-lock v0.2.5
[INFO] [stderr]    Compiling http v1.3.1
[INFO] [stderr]    Compiling untrusted v0.9.0
[INFO] [stderr]    Compiling foreign-types v0.3.2
[INFO] [stderr]    Compiling want v0.3.1
[INFO] [stderr]    Compiling rustls v0.23.32
[INFO] [stderr]    Compiling native-tls v0.2.14
[INFO] [stderr]    Compiling indexmap v2.11.4
[INFO] [stderr]    Compiling unicase v2.8.1
[INFO] [stderr]    Compiling strsim v0.11.1
[INFO] [stderr]    Compiling log v0.4.28
[INFO] [stderr]    Compiling base64 v0.22.1
[INFO] [stderr]    Compiling zerocopy v0.8.27
[INFO] [stderr]    Compiling ipnet v2.11.0
[INFO] [stderr]    Compiling ident_case v1.0.1
[INFO] [stderr]    Compiling mime_guess v2.0.5
[INFO] [stderr]    Compiling form_urlencoded v1.2.2
[INFO] [stderr]    Compiling sync_wrapper v1.0.2
[INFO] [stderr]    Compiling tower-layer v0.3.3
[INFO] [stderr]    Compiling ryu v1.0.20
[INFO] [stderr]    Compiling utf8_iter v1.0.4
[INFO] [stderr]    Compiling serde_json v1.0.145
[INFO] [stderr]    Compiling rustls-native-certs v0.8.1
[INFO] [stderr]    Compiling iri-string v0.7.8
[INFO] [stderr]    Compiling mime v0.3.17
[INFO] [stderr]    Compiling encoding_rs v0.8.35
[INFO] [stderr]    Compiling nom v7.1.3
[INFO] [stderr]    Compiling http-body v1.0.1
[INFO] [stderr]    Compiling num-traits v0.2.19
[INFO] [stderr]    Compiling anyhow v1.0.100
[INFO] [stderr]    Compiling http-body-util v0.1.3
[INFO] [stderr]    Compiling syn v2.0.106
[INFO] [stderr]    Compiling getrandom v0.3.3
[INFO] [stderr]    Compiling instant v0.1.13
[INFO] [stderr]    Compiling aho-corasick v1.1.3
[INFO] [stderr]    Compiling futures-timer v3.0.3
[INFO] [stderr]    Compiling regex-syntax v0.8.7
[INFO] [stderr]    Compiling dotenv v0.15.0
[INFO] [stderr]    Compiling iana-time-zone v0.1.64
[INFO] [stderr]    Compiling mio v1.0.4
[INFO] [stderr]    Compiling signal-hook-registry v1.4.6
[INFO] [stderr]    Compiling socket2 v0.6.0
[INFO] [stderr]    Compiling getrandom v0.2.16
[INFO] [stderr]    Compiling parking_lot v0.12.5
[INFO] [stderr]    Compiling rand_core v0.6.4
[INFO] [stderr]    Compiling openssl-sys v0.9.109
[INFO] [stderr]    Compiling ring v0.17.14
[INFO] [stderr]    Compiling regex-automata v0.4.12
[INFO] [stderr]    Compiling eventsource-stream v0.2.3
[INFO] [stderr]    Compiling ppv-lite86 v0.2.21
[INFO] [stderr]    Compiling rand_chacha v0.3.1
[INFO] [stderr]    Compiling rand v0.8.5
[INFO] [stderr]    Compiling regex v1.12.1
[INFO] [stderr]    Compiling synstructure v0.13.2
[INFO] [stderr]    Compiling darling_core v0.20.11
[INFO] [stderr]    Compiling zerofrom-derive v0.1.6
[INFO] [stderr]    Compiling yoke-derive v0.8.0
[INFO] [stderr]    Compiling tokio-macros v2.5.0
[INFO] [stderr]    Compiling zerovec-derive v0.11.1
[INFO] [stderr]    Compiling displaydoc v0.2.5
[INFO] [stderr]    Compiling futures-macro v0.3.31
[INFO] [stderr]    Compiling tracing-attributes v0.1.30
[INFO] [stderr]    Compiling serde_derive v1.0.228
[INFO] [stderr]    Compiling openssl-macros v0.1.1
[INFO] [stderr]    Compiling thiserror-impl v1.0.69
[INFO] [stderr]    Compiling async-trait v0.1.89
[INFO] [stderr]    Compiling tokio v1.47.1
[INFO] [stderr]    Compiling futures-util v0.3.31
[INFO] [stderr]    Compiling async-convert v1.0.0
[INFO] [stderr]    Compiling zerofrom v0.1.6
[INFO] [stderr]    Compiling yoke v0.8.0
[INFO] [stderr]    Compiling thiserror v1.0.69
[INFO] [stderr]    Compiling rustls-webpki v0.103.7
[INFO] [stderr]    Compiling tracing v0.1.41
[INFO] [stderr]    Compiling zerovec v0.11.4
[INFO] [stderr]    Compiling zerotrie v0.2.2
[INFO] [stderr]    Compiling darling_macro v0.20.11
[INFO] [stderr]    Compiling darling v0.20.11
[INFO] [stderr]    Compiling derive_builder_core v0.20.2
[INFO] [stderr]    Compiling tinystr v0.8.1
[INFO] [stderr]    Compiling potential_utf v0.1.3
[INFO] [stderr]    Compiling icu_collections v2.0.0
[INFO] [stderr]    Compiling icu_locale_core v2.0.0
[INFO] [stderr]    Compiling derive_builder_macro v0.20.2
[INFO] [stderr]    Compiling futures-executor v0.3.31
[INFO] [stderr]    Compiling futures v0.3.31
[INFO] [stderr]    Compiling derive_builder v0.20.2
[INFO] [stderr]    Compiling icu_provider v2.0.0
[INFO] [stderr]    Compiling icu_normalizer v2.0.0
[INFO] [stderr]    Compiling icu_properties v2.0.1
[INFO] [stderr]    Compiling serde_urlencoded v0.7.1
[INFO] [stderr]    Compiling secrecy v0.8.0
[INFO] [stderr]    Compiling uuid v1.18.1
[INFO] [stderr]    Compiling chrono v0.4.42
[INFO] [stderr]    Compiling idna_adapter v1.2.1
[INFO] [stderr]    Compiling idna v1.1.0
[INFO] [stderr]    Compiling url v2.5.7
[INFO] [stderr]    Compiling tokio-util v0.7.16
[INFO] [stderr]    Compiling tower v0.5.2
[INFO] [stderr]    Compiling tokio-native-tls v0.3.1
[INFO] [stderr]    Compiling tokio-rustls v0.26.4
[INFO] [stderr]    Compiling tokio-stream v0.1.17
[INFO] [stderr]    Compiling backoff v0.4.0
[INFO] [stderr]    Compiling h2 v0.4.12
[INFO] [stderr]    Compiling tower-http v0.6.6
[INFO] [stderr]    Compiling hyper v1.7.0
[INFO] [stderr]    Compiling hyper-util v0.1.17
[INFO] [stderr]    Compiling hyper-tls v0.6.0
[INFO] [stderr]    Compiling hyper-rustls v0.27.7
[INFO] [stderr]    Compiling reqwest v0.12.23
[INFO] [stderr]    Compiling reqwest-eventsource v0.6.0
[INFO] [stderr]    Compiling anthropic-sdk v0.1.5
[INFO] [stderr]    Compiling async-openai v0.26.0
[INFO] [stderr]    Compiling talk v0.1.1 (/opt/rustwide/workdir)
[INFO] [stderr]     Finished `dev` profile [unoptimized + debuginfo] target(s) in 1m 24s
[INFO] running `Command { std: "docker" "inspect" "122dc156cc3022313687519a4085bf68bb476b9c6fadc3a9e84302b0301ce196", kill_on_drop: false }`
[INFO] running `Command { std: "docker" "exec" "-e" "SOURCE_DIR=/opt/rustwide/workdir" "-e" "CARGO_HOME=/opt/rustwide/cargo-home" "-e" "RUSTUP_HOME=/opt/rustwide/rustup-home" "-e" "CARGO_TARGET_DIR=/opt/rustwide/target" "-e" "CARGO_INCREMENTAL=0" "-e" "RUST_BACKTRACE=full" "-e" "RUSTFLAGS=--cap-lints=warn" "-e" "RUSTDOCFLAGS=--cap-lints=warn" "-w" "/opt/rustwide/workdir" "--user" "0:0" "122dc156cc3022313687519a4085bf68bb476b9c6fadc3a9e84302b0301ce196" "/opt/rustwide/cargo-home/bin/cargo" "+1.99.0-beta.8" "test" "--frozen" "--no-run" "--message-format=json", kill_on_drop: false }`
[INFO] [stderr]    Compiling tracing-core v0.1.34
[INFO] [stderr]    Compiling log v0.4.28
[INFO] [stderr]    Compiling tokio v1.47.1
[INFO] [stderr]    Compiling async-stream-impl v0.3.6
[INFO] [stderr]    Compiling thread_local v1.1.9
[INFO] [stderr]    Compiling sharded-slab v0.1.7
[INFO] [stderr]    Compiling nu-ansi-term v0.50.3
[INFO] [stderr]    Compiling native-tls v0.2.14
[INFO] [stderr]    Compiling tracing v0.1.41
[INFO] [stderr]    Compiling tracing-log v0.2.0
[INFO] [stderr]    Compiling async-stream v0.3.6
[INFO] [stderr]    Compiling tracing-subscriber v0.3.20
[INFO] [stderr]    Compiling tokio-util v0.7.16
[INFO] [stderr]    Compiling tokio-rustls v0.26.4
[INFO] [stderr]    Compiling tokio-native-tls v0.3.1
[INFO] [stderr]    Compiling tower v0.5.2
[INFO] [stderr]    Compiling tokio-stream v0.1.17
[INFO] [stderr]    Compiling backoff v0.4.0
[INFO] [stderr]    Compiling tower-http v0.6.6
[INFO] [stderr]    Compiling tokio-test v0.4.4
[INFO] [stderr]    Compiling h2 v0.4.12
[INFO] [stderr]    Compiling hyper v1.7.0
[INFO] [stderr]    Compiling hyper-util v0.1.17
[INFO] [stderr]    Compiling hyper-rustls v0.27.7
[INFO] [stderr]    Compiling hyper-tls v0.6.0
[INFO] [stderr]    Compiling reqwest v0.12.23
[INFO] [stderr]    Compiling reqwest-eventsource v0.6.0
[INFO] [stderr]    Compiling anthropic-sdk v0.1.5
[INFO] [stderr]    Compiling async-openai v0.26.0
[INFO] [stderr]    Compiling talk v0.1.1 (/opt/rustwide/workdir)
[INFO] [stdout] warning: unused imports: `GuidelineMatch`, `MessageRole`, `Message`, and `SessionId`
[INFO] [stdout]  --> tests/guideline_integration_tests.rs:9:5
[INFO] [stdout]   |
[INFO] [stdout] 9 |     GuidelineMatch, GuidelineMatcher, Message, MessageRole, SessionId,
[INFO] [stdout]   |     ^^^^^^^^^^^^^^                    ^^^^^^^  ^^^^^^^^^^^  ^^^^^^^^^
[INFO] [stdout]   |
[INFO] [stdout]   = note: `#[warn(unused_imports)]` (part of `#[warn(unused)]`) on by default
[INFO] [stdout] 
[INFO] [stdout] 
[INFO] [stdout] warning: unused imports: `JourneyState` and `SessionId`
[INFO] [stdout]   --> tests/journey_tests.rs:13:61
[INFO] [stdout]    |
[INFO] [stdout] 13 |     Agent, AgentConfig, Journey, JourneyId, JourneyManager, JourneyState, JourneyStep,
[INFO] [stdout]    |                                                             ^^^^^^^^^^^^
[INFO] [stdout] 14 |     LogLevel, OpenAIProvider, SessionId, StepId, Transition, TransitionCondition,
[INFO] [stdout]    |                               ^^^^^^^^^
[INFO] [stdout]    |
[INFO] [stdout]    = note: `#[warn(unused_imports)]` (part of `#[warn(unused)]`) on by default
[INFO] [stdout] 
[INFO] [stdout] 
[INFO] [stdout] warning: unused import: `std::collections::HashMap`
[INFO] [stdout]   --> tests/journey_tests.rs:16:5
[INFO] [stdout]    |
[INFO] [stdout] 16 | use std::collections::HashMap;
[INFO] [stdout]    |     ^^^^^^^^^^^^^^^^^^^^^^^^^
[INFO] [stdout] 
[INFO] [stdout] 
[INFO] [stdout] warning: unused variable: `guideline_id`
[INFO] [stdout]   --> tests/guideline_integration_tests.rs:19:9
[INFO] [stdout]    |
[INFO] [stdout] 19 |     let guideline_id = matcher
[INFO] [stdout]    |         ^^^^^^^^^^^^ help: if this is intentional, prefix it with an underscore: `_guideline_id`
[INFO] [stdout]    |
[INFO] [stdout]    = note: `#[warn(unused_variables)]` (part of `#[warn(unused)]`) on by default
[INFO] [stdout] 
[INFO] [stdout] 
[INFO] [stdout] warning: unused import: `JourneyManager`
[INFO] [stdout]   --> tests/journey_tests.rs:13:45
[INFO] [stdout]    |
[INFO] [stdout] 13 |     Agent, AgentConfig, Journey, JourneyId, JourneyManager, JourneyState, JourneyStep,
[INFO] [stdout]    |                                             ^^^^^^^^^^^^^^
[INFO] [stdout] 
[INFO] [stdout] 
[INFO] [stdout] warning: unused variable: `journey_name`
[INFO] [stdout]    --> tests/journey_tests.rs:365:9
[INFO] [stdout]     |
[INFO] [stdout] 365 |     let journey_name = journey.name.clone();
[INFO] [stdout]     |         ^^^^^^^^^^^^ help: if this is intentional, prefix it with an underscore: `_journey_name`
[INFO] [stdout]     |
[INFO] [stdout]     = note: `#[warn(unused_variables)]` (part of `#[warn(unused)]`) on by default
[INFO] [stdout] 
[INFO] [stdout] 
[INFO] [stdout] warning: variable does not need to be mutable
[INFO] [stdout]    --> examples/weather_agent_live.rs:286:9
[INFO] [stdout]     |
[INFO] [stdout] 286 |     let mut total_cases = test_cases.len();
[INFO] [stdout]     |         ----^^^^^^^^^^^
[INFO] [stdout]     |         |
[INFO] [stdout]     |         help: remove this `mut`
[INFO] [stdout]     |
[INFO] [stdout]     = note: `#[warn(unused_mut)]` (part of `#[warn(unused)]`) on by default
[INFO] [stdout] 
[INFO] [stdout] 
[INFO] [stderr] error: could not compile `talk` (lib test)
[INFO] [stderr] 
[INFO] [stderr] Caused by:
[INFO] [stderr]   process didn't exit successfully: `/opt/rustwide/rustup-home/toolchains/1.99.0-beta.8-x86_64-unknown-linux-gnu/bin/rustc --crate-name talk --edition=2021 src/lib.rs --error-format=json --json=diagnostic-rendered-ansi,artifacts,future-incompat --emit=dep-info,link -C embed-bitcode=no -C debuginfo=2 --test --cfg 'feature="default"' --check-cfg 'cfg(docsrs,test)' --check-cfg 'cfg(feature, values("all-storage", "default", "postgres-storage", "redis-storage"))' -C metadata=7eee267e8a8d71c8 -C extra-filename=-c194319ac9ec21f4 --out-dir /opt/rustwide/target/debug/deps -L dependency=/opt/rustwide/target/debug/deps --extern aho_corasick=/opt/rustwide/target/debug/deps/libaho_corasick-90373c0c0ec98a62.rlib --extern anthropic_sdk=/opt/rustwide/target/debug/deps/libanthropic_sdk-9f615fbcc490b9fd.rlib --extern async_openai=/opt/rustwide/target/debug/deps/libasync_openai-5e2059484f11cf40.rlib --extern async_trait=/opt/rustwide/target/debug/deps/libasync_trait-177ddd0b364c65b3.so --extern chrono=/opt/rustwide/target/debug/deps/libchrono-2a9dfa1421e47b23.rlib --extern futures=/opt/rustwide/target/debug/deps/libfutures-c54508ccf4c6a1e8.rlib --extern regex=/opt/rustwide/target/debug/deps/libregex-23584526a4e628d0.rlib --extern reqwest=/opt/rustwide/target/debug/deps/libreqwest-f521c84117dc846c.rlib --extern serde=/opt/rustwide/target/debug/deps/libserde-76ab4a75e654cf04.rlib --extern serde_json=/opt/rustwide/target/debug/deps/libserde_json-28341a42f24b8cdf.rlib --extern thiserror=/opt/rustwide/target/debug/deps/libthiserror-519a3911901d3a55.rlib --extern tokio=/opt/rustwide/target/debug/deps/libtokio-817ede176166611a.rlib --extern tokio_test=/opt/rustwide/target/debug/deps/libtokio_test-262e222dcf5ae794.rlib --extern tracing=/opt/rustwide/target/debug/deps/libtracing-1afc73012081f020.rlib --extern tracing_subscriber=/opt/rustwide/target/debug/deps/libtracing_subscriber-98ac252a68566f7c.rlib --extern uuid=/opt/rustwide/target/debug/deps/libuuid-01d72f7dd661b709.rlib --cap-lints=warn -L native=/opt/rustwide/target/debug/build/ring-79c71272b99b7ac1/out` (signal: 9, SIGKILL: kill)
[INFO] [stderr] warning: build failed, waiting for other jobs to finish...
[INFO] [stdout] error: linking with `cc` failed: exit status: 1
[INFO] [stdout]   |
[INFO] [stdout]   = note:  "cc" "-m64" "/opt/rustwide/target/debug/deps/rustcf3C9jr/symbols.o" "<6 object files omitted>" "-Wl,--as-needed" "-Wl,-Bstatic" "<sysroot>/lib/rustlib/x86_64-unknown-linux-gnu/lib/{libtest-*,libgetopts-*,librustc_std_workspace_std-*}.rlib" "/opt/rustwide/target/debug/deps/{libtalk-751237a484e78287,libanthropic_sdk-9f615fbcc490b9fd,libanyhow-4342eda19ce54c8e,libregex-23584526a4e628d0,libregex_automata-9d3734a5474fa1bb,libregex_syntax-8a1465b8d4796cbb,libaho_corasick-90373c0c0ec98a62,libasync_openai-5e2059484f11cf40,libtokio_stream-501c17a78373e50d,libbackoff-56b6fd57decc2f90,libinstant-42e5735159bb95a4,libasync_convert-076ca2c35713f4cf,libderive_builder-39bc16a69e212b9b,librand-a1902bccbc0887cc,librand_chacha-ceadcc8a19fcafdd,libppv_lite86-a9f9c43a8866d5d8,libzerocopy-ed46142cfaf51ef7,librand_core-753cbedd5287a93b,libsecrecy-4a256d1b0ad43dd6,libreqwest_eventsource-be6223a6d96eaa33,libfutures_timer-17baedd4276dc448,libreqwest-f521c84117dc846c,libserde_urlencoded-61b3a80ccf9a0a3d,libhyper_rustls-80b77efc43241863,librustls_native_certs-5276ecac7e774fc1,libhyper_tls-96392d59e6cd4fdd,libtokio_native_tls-ea68beeb491f7a1a,libtokio_rustls-cc453d04963d4a4e,librustls-5db2db48d5ab311c,libsubtle-2ae6a7038b9a0630,libwebpki-37c9ad57751573f7,libring-e2f15717a6cfe7fc,libgetrandom-9e858a617377f575,libuntrusted-b2f816886faf2178,librustls_pki_types-ab21366761a00234,libzeroize-7f213bea776ca5b6,libencoding_rs-12137936ea3fe5ee,libserde_json-28341a42f24b8cdf,libryu-a7164637bc4900ee,libmime_guess-e44a3b44ef28bc78,libunicase-a96f10189856838f,libmime-0188e0814ca7ddbf,libtower_http-cc314696469447fd,libiri_string-f2231ba2cbe5b068,libtower-7ca140cc27bce664,libtower_layer-d908dd771b239ecd,libnative_tls-225637b2598f253e,libopenssl_probe-2c6d21a9709cae46,libopenssl-bfa5630b52a98717,libbitflags-7f84f37ac731566a,libforeign_types-4fe1886d5d9265b9,libforeign_types_shared-47b443a4583fd949,libopenssl_sys-b2eb6a5b0e612cfd,libhyper_util-6c76c27e50e58e0f,libbase64-32787b0325ea6df8,libipnet-a38805d99c19843f,libtower_service-3fb88d28c2218805,libhyper-9607d0ffe5d9dacc,libwant-7a6260b9c50f1479,libtry_lock-8fa2f6971035be84,libhttparse-8c9b827b8f345444,libh2-fdaa4a3dabcbbeb7,libindexmap-019c61cdf1cc96d2,libequivalent-6a754676e6af62ae,libhashbrown-ac2229ec4aecf871,libatomic_waker-06950c8c08d2b8fa,libtokio_util-fd058fd8fb6e98c7,libtokio-817ede176166611a,libsignal_hook_registry-3baf84eaf720662e,libsocket2-d1405ef5e9c2584d,libmio-b39781ae0094b62f,libparking_lot-c1f0775bf44ec286,libparking_lot_core-b1421d13dcd52558,liblock_api-16d46fed645f7bff,libscopeguard-7ec2214574194454,libhttp_body_util-3e17c470bd7f7a50,libhttp_body-105ee97081f5a2ad,liblog-28ade3d6717210f3,liburl-f4a6ee69184fcb22,libidna-c432e9e2b4e8150d,libutf8_iter-51566bbad89f3a68,libidna_adapter-e4ab3ed88b674a50,libicu_properties-275f76e771416414,libicu_properties_data-b53d225676b50701,libicu_normalizer-23c136ece8f9d935,libsmallvec-bc3128fdd57228fc,libicu_normalizer_data-ff82f05aef08137e,libicu_collections-624367f5f5f5d878,libpotential_utf-c6c3882165c592a7,libicu_provider-5ab98d4452791afb,libicu_locale_core-74bdffac90171406,libtinystr-e0c9cd404c9e9e3d,liblitemap-76c583890b84c465,libwriteable-240af3fb4837c678,libzerovec-3e1b1b3143a150bf,libzerotrie-03c3cad9e49f03d3,libyoke-83587373da364fba,libstable_deref_trait-49463a691f385e1c,libzerofrom-2c70c7b8bda85179,libform_urlencoded-58b0f0edb59b40d2,libpercent_encoding-fa055ecaa1e57cfa,libhttp-2d03230cfda7aff1,libitoa-ef40fa516293a9d3,libfnv-79e2cbfbe03dcd16,libsync_wrapper-a254cb6192850e87,libeventsource_stream-229f55a7963dd954,libnom-e3768c88045296be,libbytes-82ad4f0211bdc963,libtracing-1afc73012081f020,libtracing_core-aa4ed84ab5d584f8,libonce_cell-e9252a7b5119f3eb,libfutures-c54508ccf4c6a1e8,libfutures_executor-509f865c0ee55cb5,libfutures_util-561908e59d52c3e0,libmemchr-9be7e24c0cc6f173,libfutures_io-59d0071c9258d69f,libslab-5629529544b2a983,libfutures_channel-3bb2db6cecc5bacb,libpin_project_lite-72bf04572caa1c84,libfutures_sink-ae1eb2d060de53a2,libfutures_task-e09ab7898221cb97,libpin_utils-3860774ad9b215b5,libfutures_core-3b920243fce8fec0,libthiserror-519a3911901d3a55,libuuid-01d72f7dd661b709,libgetrandom-521a300e2b14efd1,liblibc-520a1cd7a1b3fe13,libcfg_if-ae1e883b62e8dab7,libchrono-2a9dfa1421e47b23,libiana_time_zone-bab5d12b40894ac1,libnum_traits-3a2b08a4728dfda7,libserde-76ab4a75e654cf04,libserde_core-97f4500d60ef6bf8}.rlib" "<sysroot>/lib/rustlib/x86_64-unknown-linux-gnu/lib/{libstd-*,libpanic_unwind-*,libobject-*,libmemchr-*,libaddr2line-*,libgimli-*,libcfg_if-*,librustc_demangle-*,libstd_detect-*,libhashbrown-*,librustc_std_workspace_alloc-*,libminiz_oxide-*,libadler2-*,libunwind-*,liblibc-*,librustc_std_workspace_core-*,liballoc-*,libcore-*,libcompiler_builtins-*}.rlib" "-Wl,-Bdynamic" "-lssl" "-lcrypto" "-lgcc_s" "-lutil" "-lrt" "-lpthread" "-lm" "-ldl" "-lc" "-L" "/opt/rustwide/target/debug/deps/rustcf3C9jr/raw-dylibs" "-B<sysroot>/lib/rustlib/x86_64-unknown-linux-gnu/bin/gcc-ld" "-fuse-ld=lld" "-Wl,--eh-frame-hdr" "-Wl,-z,noexecstack" "-L" "/opt/rustwide/target/debug/build/ring-79c71272b99b7ac1/out" "-L" "<sysroot>/lib/rustlib/x86_64-unknown-linux-gnu/lib" "-o" "/opt/rustwide/target/debug/deps/agent_integration_tests-ef9fc2a80559ae46" "-Wl,--gc-sections" "-pie" "-Wl,-z,relro,-z,now" "-nodefaultlibs"
[INFO] [stdout]   = note: some arguments are omitted. use `--verbose` to show all linker arguments
[INFO] [stdout]   = note: collect2: fatal error: ld terminated with signal 9 [Killed]
[INFO] [stdout]           compilation terminated.
[INFO] [stdout]           
[INFO] [stdout] 
[INFO] [stdout] 
[INFO] [stderr] error: could not compile `talk` (test "agent_integration_tests") due to 1 previous error
[INFO] [stdout] error: linking with `cc` failed: exit status: 1
[INFO] [stdout]   |
[INFO] [stdout]   = note:  "cc" "-m64" "/opt/rustwide/target/debug/deps/rustcA7IKAb/symbols.o" "<5 object files omitted>" "-Wl,--as-needed" "-Wl,-Bstatic" "<sysroot>/lib/rustlib/x86_64-unknown-linux-gnu/lib/{libtest-*,libgetopts-*,librustc_std_workspace_std-*}.rlib" "/opt/rustwide/target/debug/deps/{libtalk-751237a484e78287,libanthropic_sdk-9f615fbcc490b9fd,libanyhow-4342eda19ce54c8e,libregex-23584526a4e628d0,libregex_automata-9d3734a5474fa1bb,libregex_syntax-8a1465b8d4796cbb,libaho_corasick-90373c0c0ec98a62,libasync_openai-5e2059484f11cf40,libtokio_stream-501c17a78373e50d,libbackoff-56b6fd57decc2f90,libinstant-42e5735159bb95a4,libasync_convert-076ca2c35713f4cf,libderive_builder-39bc16a69e212b9b,librand-a1902bccbc0887cc,librand_chacha-ceadcc8a19fcafdd,libppv_lite86-a9f9c43a8866d5d8,libzerocopy-ed46142cfaf51ef7,librand_core-753cbedd5287a93b,libsecrecy-4a256d1b0ad43dd6,libreqwest_eventsource-be6223a6d96eaa33,libfutures_timer-17baedd4276dc448,libreqwest-f521c84117dc846c,libserde_urlencoded-61b3a80ccf9a0a3d,libhyper_rustls-80b77efc43241863,librustls_native_certs-5276ecac7e774fc1,libhyper_tls-96392d59e6cd4fdd,libtokio_native_tls-ea68beeb491f7a1a,libtokio_rustls-cc453d04963d4a4e,librustls-5db2db48d5ab311c,libsubtle-2ae6a7038b9a0630,libwebpki-37c9ad57751573f7,libring-e2f15717a6cfe7fc,libgetrandom-9e858a617377f575,libuntrusted-b2f816886faf2178,librustls_pki_types-ab21366761a00234,libzeroize-7f213bea776ca5b6,libencoding_rs-12137936ea3fe5ee,libserde_json-28341a42f24b8cdf,libryu-a7164637bc4900ee,libmime_guess-e44a3b44ef28bc78,libunicase-a96f10189856838f,libmime-0188e0814ca7ddbf,libtower_http-cc314696469447fd,libiri_string-f2231ba2cbe5b068,libtower-7ca140cc27bce664,libtower_layer-d908dd771b239ecd,libnative_tls-225637b2598f253e,libopenssl_probe-2c6d21a9709cae46,libopenssl-bfa5630b52a98717,libbitflags-7f84f37ac731566a,libforeign_types-4fe1886d5d9265b9,libforeign_types_shared-47b443a4583fd949,libopenssl_sys-b2eb6a5b0e612cfd,libhyper_util-6c76c27e50e58e0f,libbase64-32787b0325ea6df8,libipnet-a38805d99c19843f,libtower_service-3fb88d28c2218805,libhyper-9607d0ffe5d9dacc,libwant-7a6260b9c50f1479,libtry_lock-8fa2f6971035be84,libhttparse-8c9b827b8f345444,libh2-fdaa4a3dabcbbeb7,libindexmap-019c61cdf1cc96d2,libequivalent-6a754676e6af62ae,libhashbrown-ac2229ec4aecf871,libatomic_waker-06950c8c08d2b8fa,libtokio_util-fd058fd8fb6e98c7,libtokio-817ede176166611a,libsignal_hook_registry-3baf84eaf720662e,libsocket2-d1405ef5e9c2584d,libmio-b39781ae0094b62f,libparking_lot-c1f0775bf44ec286,libparking_lot_core-b1421d13dcd52558,liblock_api-16d46fed645f7bff,libscopeguard-7ec2214574194454,libhttp_body_util-3e17c470bd7f7a50,libhttp_body-105ee97081f5a2ad,liblog-28ade3d6717210f3,liburl-f4a6ee69184fcb22,libidna-c432e9e2b4e8150d,libutf8_iter-51566bbad89f3a68,libidna_adapter-e4ab3ed88b674a50,libicu_properties-275f76e771416414,libicu_properties_data-b53d225676b50701,libicu_normalizer-23c136ece8f9d935,libsmallvec-bc3128fdd57228fc,libicu_normalizer_data-ff82f05aef08137e,libicu_collections-624367f5f5f5d878,libpotential_utf-c6c3882165c592a7,libicu_provider-5ab98d4452791afb,libicu_locale_core-74bdffac90171406,libtinystr-e0c9cd404c9e9e3d,liblitemap-76c583890b84c465,libwriteable-240af3fb4837c678,libzerovec-3e1b1b3143a150bf,libzerotrie-03c3cad9e49f03d3,libyoke-83587373da364fba,libstable_deref_trait-49463a691f385e1c,libzerofrom-2c70c7b8bda85179,libform_urlencoded-58b0f0edb59b40d2,libpercent_encoding-fa055ecaa1e57cfa,libhttp-2d03230cfda7aff1,libitoa-ef40fa516293a9d3,libfnv-79e2cbfbe03dcd16,libsync_wrapper-a254cb6192850e87,libeventsource_stream-229f55a7963dd954,libnom-e3768c88045296be,libbytes-82ad4f0211bdc963,libtracing-1afc73012081f020,libtracing_core-aa4ed84ab5d584f8,libonce_cell-e9252a7b5119f3eb,libfutures-c54508ccf4c6a1e8,libfutures_executor-509f865c0ee55cb5,libfutures_util-561908e59d52c3e0,libmemchr-9be7e24c0cc6f173,libfutures_io-59d0071c9258d69f,libslab-5629529544b2a983,libfutures_channel-3bb2db6cecc5bacb,libpin_project_lite-72bf04572caa1c84,libfutures_sink-ae1eb2d060de53a2,libfutures_task-e09ab7898221cb97,libpin_utils-3860774ad9b215b5,libfutures_core-3b920243fce8fec0,libchrono-2a9dfa1421e47b23,libiana_time_zone-bab5d12b40894ac1,libnum_traits-3a2b08a4728dfda7,libthiserror-519a3911901d3a55,libuuid-01d72f7dd661b709,libgetrandom-521a300e2b14efd1,liblibc-520a1cd7a1b3fe13,libcfg_if-ae1e883b62e8dab7,libserde-76ab4a75e654cf04,libserde_core-97f4500d60ef6bf8}.rlib" "<sysroot>/lib/rustlib/x86_64-unknown-linux-gnu/lib/{libstd-*,libpanic_unwind-*,libobject-*,libmemchr-*,libaddr2line-*,libgimli-*,libcfg_if-*,librustc_demangle-*,libstd_detect-*,libhashbrown-*,librustc_std_workspace_alloc-*,libminiz_oxide-*,libadler2-*,libunwind-*,liblibc-*,librustc_std_workspace_core-*,liballoc-*,libcore-*,libcompiler_builtins-*}.rlib" "-Wl,-Bdynamic" "-lssl" "-lcrypto" "-lgcc_s" "-lutil" "-lrt" "-lpthread" "-lm" "-ldl" "-lc" "-L" "/opt/rustwide/target/debug/deps/rustcA7IKAb/raw-dylibs" "-B<sysroot>/lib/rustlib/x86_64-unknown-linux-gnu/bin/gcc-ld" "-fuse-ld=lld" "-Wl,--eh-frame-hdr" "-Wl,-z,noexecstack" "-L" "/opt/rustwide/target/debug/build/ring-79c71272b99b7ac1/out" "-L" "<sysroot>/lib/rustlib/x86_64-unknown-linux-gnu/lib" "-o" "/opt/rustwide/target/debug/deps/journey_tests-ae74e056d1b9f44c" "-Wl,--gc-sections" "-pie" "-Wl,-z,relro,-z,now" "-nodefaultlibs"
[INFO] [stdout]   = note: some arguments are omitted. use `--verbose` to show all linker arguments
[INFO] [stdout]   = note: collect2: fatal error: ld terminated with signal 9 [Killed]
[INFO] [stdout]           compilation terminated.
[INFO] [stdout]           
[INFO] [stdout] 
[INFO] [stdout] 
[INFO] [stdout] error: linking with `cc` failed: exit status: 1
[INFO] [stdout]   |
[INFO] [stdout]   = note:  "cc" "-m64" "/opt/rustwide/target/debug/examples/rustckTFtpX/symbols.o" "<4 object files omitted>" "-Wl,--as-needed" "-Wl,-Bstatic" "/opt/rustwide/target/debug/deps/{libtracing_subscriber-98ac252a68566f7c,libnu_ansi_term-745c727bb3e87c52,libthread_local-51ca2ed9dc45b38e,libsharded_slab-bd3e89e1e50b7c87,liblazy_static-3674be3f4245d19b,libtracing_log-b01212381fb6aaef,libtalk-751237a484e78287,libanthropic_sdk-9f615fbcc490b9fd,libanyhow-4342eda19ce54c8e,libregex-23584526a4e628d0,libregex_automata-9d3734a5474fa1bb,libregex_syntax-8a1465b8d4796cbb,libaho_corasick-90373c0c0ec98a62,libasync_openai-5e2059484f11cf40,libtokio_stream-501c17a78373e50d,libbackoff-56b6fd57decc2f90,libinstant-42e5735159bb95a4,libasync_convert-076ca2c35713f4cf,libderive_builder-39bc16a69e212b9b,librand-a1902bccbc0887cc,librand_chacha-ceadcc8a19fcafdd,libppv_lite86-a9f9c43a8866d5d8,libzerocopy-ed46142cfaf51ef7,librand_core-753cbedd5287a93b,libsecrecy-4a256d1b0ad43dd6,libreqwest_eventsource-be6223a6d96eaa33,libfutures_timer-17baedd4276dc448,libreqwest-f521c84117dc846c,libserde_urlencoded-61b3a80ccf9a0a3d,libhyper_rustls-80b77efc43241863,librustls_native_certs-5276ecac7e774fc1,libhyper_tls-96392d59e6cd4fdd,libtokio_native_tls-ea68beeb491f7a1a,libtokio_rustls-cc453d04963d4a4e,librustls-5db2db48d5ab311c,libsubtle-2ae6a7038b9a0630,libwebpki-37c9ad57751573f7,libring-e2f15717a6cfe7fc,libgetrandom-9e858a617377f575,libuntrusted-b2f816886faf2178,librustls_pki_types-ab21366761a00234,libzeroize-7f213bea776ca5b6,libencoding_rs-12137936ea3fe5ee,libserde_json-28341a42f24b8cdf,libryu-a7164637bc4900ee,libmime_guess-e44a3b44ef28bc78,libunicase-a96f10189856838f,libmime-0188e0814ca7ddbf,libtower_http-cc314696469447fd,libiri_string-f2231ba2cbe5b068,libtower-7ca140cc27bce664,libtower_layer-d908dd771b239ecd,libnative_tls-225637b2598f253e,libopenssl_probe-2c6d21a9709cae46,libopenssl-bfa5630b52a98717,libbitflags-7f84f37ac731566a,libforeign_types-4fe1886d5d9265b9,libforeign_types_shared-47b443a4583fd949,libopenssl_sys-b2eb6a5b0e612cfd,libhyper_util-6c76c27e50e58e0f,libbase64-32787b0325ea6df8,libipnet-a38805d99c19843f,libtower_service-3fb88d28c2218805,libhyper-9607d0ffe5d9dacc,libwant-7a6260b9c50f1479,libtry_lock-8fa2f6971035be84,libhttparse-8c9b827b8f345444,libh2-fdaa4a3dabcbbeb7,libindexmap-019c61cdf1cc96d2,libequivalent-6a754676e6af62ae,libhashbrown-ac2229ec4aecf871,libatomic_waker-06950c8c08d2b8fa,libtokio_util-fd058fd8fb6e98c7,libtokio-817ede176166611a,libsignal_hook_registry-3baf84eaf720662e,libsocket2-d1405ef5e9c2584d,libmio-b39781ae0094b62f,libparking_lot-c1f0775bf44ec286,libparking_lot_core-b1421d13dcd52558,liblock_api-16d46fed645f7bff,libscopeguard-7ec2214574194454,libhttp_body_util-3e17c470bd7f7a50,libhttp_body-105ee97081f5a2ad,liblog-28ade3d6717210f3,liburl-f4a6ee69184fcb22,libidna-c432e9e2b4e8150d,libutf8_iter-51566bbad89f3a68,libidna_adapter-e4ab3ed88b674a50,libicu_properties-275f76e771416414,libicu_properties_data-b53d225676b50701,libicu_normalizer-23c136ece8f9d935,libsmallvec-bc3128fdd57228fc,libicu_normalizer_data-ff82f05aef08137e,libicu_collections-624367f5f5f5d878,libpotential_utf-c6c3882165c592a7,libicu_provider-5ab98d4452791afb,libicu_locale_core-74bdffac90171406,libtinystr-e0c9cd404c9e9e3d,liblitemap-76c583890b84c465,libwriteable-240af3fb4837c678,libzerovec-3e1b1b3143a150bf,libzerotrie-03c3cad9e49f03d3,libyoke-83587373da364fba,libstable_deref_trait-49463a691f385e1c,libzerofrom-2c70c7b8bda85179,libform_urlencoded-58b0f0edb59b40d2,libpercent_encoding-fa055ecaa1e57cfa,libhttp-2d03230cfda7aff1,libitoa-ef40fa516293a9d3,libfnv-79e2cbfbe03dcd16,libsync_wrapper-a254cb6192850e87,libeventsource_stream-229f55a7963dd954,libnom-e3768c88045296be,libbytes-82ad4f0211bdc963,libtracing-1afc73012081f020,libtracing_core-aa4ed84ab5d584f8,libonce_cell-e9252a7b5119f3eb,libfutures-c54508ccf4c6a1e8,libfutures_executor-509f865c0ee55cb5,libfutures_util-561908e59d52c3e0,libmemchr-9be7e24c0cc6f173,libfutures_io-59d0071c9258d69f,libslab-5629529544b2a983,libfutures_channel-3bb2db6cecc5bacb,libpin_project_lite-72bf04572caa1c84,libfutures_sink-ae1eb2d060de53a2,libfutures_task-e09ab7898221cb97,libpin_utils-3860774ad9b215b5,libfutures_core-3b920243fce8fec0,libchrono-2a9dfa1421e47b23,libiana_time_zone-bab5d12b40894ac1,libnum_traits-3a2b08a4728dfda7,libthiserror-519a3911901d3a55,libuuid-01d72f7dd661b709,libgetrandom-521a300e2b14efd1,liblibc-520a1cd7a1b3fe13,libcfg_if-ae1e883b62e8dab7,libserde-76ab4a75e654cf04,libserde_core-97f4500d60ef6bf8}.rlib" "<sysroot>/lib/rustlib/x86_64-unknown-linux-gnu/lib/{libstd-*,libpanic_unwind-*,libobject-*,libmemchr-*,libaddr2line-*,libgimli-*,libcfg_if-*,librustc_demangle-*,libstd_detect-*,libhashbrown-*,librustc_std_workspace_alloc-*,libminiz_oxide-*,libadler2-*,libunwind-*,liblibc-*,librustc_std_workspace_core-*,liballoc-*,libcore-*,libcompiler_builtins-*}.rlib" "-Wl,-Bdynamic" "-lssl" "-lcrypto" "-lgcc_s" "-lutil" "-lrt" "-lpthread" "-lm" "-ldl" "-lc" "-L" "/opt/rustwide/target/debug/examples/rustckTFtpX/raw-dylibs" "-B<sysroot>/lib/rustlib/x86_64-unknown-linux-gnu/bin/gcc-ld" "-fuse-ld=lld" "-Wl,--eh-frame-hdr" "-Wl,-z,noexecstack" "-L" "/opt/rustwide/target/debug/build/ring-79c71272b99b7ac1/out" "-L" "<sysroot>/lib/rustlib/x86_64-unknown-linux-gnu/lib" "-o" "/opt/rustwide/target/debug/examples/onboarding_journey-98f1da3d8eb7f124" "-Wl,--gc-sections" "-pie" "-Wl,-z,relro,-z,now" "-nodefaultlibs"
[INFO] [stdout]   = note: some arguments are omitted. use `--verbose` to show all linker arguments
[INFO] [stdout]   = note: collect2: fatal error: ld terminated with signal 9 [Killed]
[INFO] [stdout]           compilation terminated.
[INFO] [stdout]           
[INFO] [stdout] 
[INFO] [stdout] 
[INFO] [stderr] error: could not compile `talk` (test "journey_tests") due to 1 previous error; 4 warnings emitted
[INFO] [stderr] error: could not compile `talk` (example "onboarding_journey") due to 1 previous error
[INFO] running `Command { std: "docker" "inspect" "122dc156cc3022313687519a4085bf68bb476b9c6fadc3a9e84302b0301ce196", kill_on_drop: false }`
[INFO] running `Command { std: "docker" "rm" "-f" "122dc156cc3022313687519a4085bf68bb476b9c6fadc3a9e84302b0301ce196", kill_on_drop: false }`
[INFO] [stdout] 122dc156cc3022313687519a4085bf68bb476b9c6fadc3a9e84302b0301ce196
