[INFO] fetching crate tachyon3d 0.0.1-alpha.1...
[INFO] testing tachyon3d-0.0.1-alpha.1 against 1.100.0-beta.1 for beta-1.100-2
[INFO] extracting crate tachyon3d 0.0.1-alpha.1 into /workspace/builds/worker-3-tc2/source
[INFO] started tweaking crates.io crate tachyon3d 0.0.1-alpha.1
[INFO] removed 0 missing examples
[INFO] removed 0 missing tests
[INFO] finished tweaking crates.io crate tachyon3d 0.0.1-alpha.1
[INFO] tweaked toml for crates.io crate tachyon3d 0.0.1-alpha.1 written to /workspace/builds/worker-3-tc2/source/Cargo.toml
[INFO] validating manifest of crates.io crate tachyon3d 0.0.1-alpha.1 on toolchain 1.100.0-beta.1
[INFO] running `Command { std: CARGO_HOME="/workspace/cargo-home" RUSTUP_HOME="/workspace/rustup-home" "/workspace/cargo-home/bin/cargo" "+1.100.0-beta.1" "metadata" "--manifest-path" "Cargo.toml" "--no-deps", kill_on_drop: false }`
[INFO] crate crates.io crate tachyon3d 0.0.1-alpha.1 already has a lockfile, it will not be regenerated
[INFO] running `Command { std: CARGO_HOME="/workspace/cargo-home" RUSTUP_HOME="/workspace/rustup-home" "/workspace/cargo-home/bin/cargo" "+1.100.0-beta.1" "fetch" "--manifest-path" "Cargo.toml", kill_on_drop: false }`
[INFO] [stderr]     Blocking waiting for file lock on package cache
[INFO] [stderr]     Blocking waiting for file lock on package cache
[INFO] running `Command { std: "docker" "create" "-v" "/var/lib/crater-agent-workspace/builds/worker-3-tc2/source:/opt/rustwide/workdir:ro,Z" "-v" "/var/lib/crater-agent-workspace/builds/worker-3-tc2/target:/opt/rustwide/target:rw,Z" "-v" "/var/lib/crater-agent-workspace/cargo-home:/opt/rustwide/cargo-home:ro,Z" "-v" "/var/lib/crater-agent-workspace/rustup-home:/opt/rustwide/rustup-home:ro,Z" "-m" "1610612736" "--network" "none" "ghcr.io/rust-lang/crates-build-env/linux@sha256:3111399a4047eeb3a02b7a90e478d715f38a8c6669b5c4b49d30a17385265909" "sleep" "infinity", kill_on_drop: false }`
[INFO] [stdout] 128eea94a610de07af60534d39f2c5f6f62e48ab1c985e4f797c34fda9f023d3
[INFO] running `Command { std: "docker" "start" "128eea94a610de07af60534d39f2c5f6f62e48ab1c985e4f797c34fda9f023d3", kill_on_drop: false }`
[INFO] running `Command { std: "docker" "inspect" "128eea94a610de07af60534d39f2c5f6f62e48ab1c985e4f797c34fda9f023d3", kill_on_drop: false }`
[INFO] running `Command { std: "docker" "exec" "-e" "SOURCE_DIR=/opt/rustwide/workdir" "-e" "CARGO_HOME=/opt/rustwide/cargo-home" "-e" "RUSTUP_HOME=/opt/rustwide/rustup-home" "-e" "CARGO_TARGET_DIR=/opt/rustwide/target" "-w" "/opt/rustwide/workdir" "--user" "0:0" "128eea94a610de07af60534d39f2c5f6f62e48ab1c985e4f797c34fda9f023d3" "/opt/rustwide/cargo-home/bin/cargo" "+1.100.0-beta.1" "metadata" "--no-deps" "--format-version=1", kill_on_drop: false }`
[INFO] running `Command { std: "docker" "inspect" "128eea94a610de07af60534d39f2c5f6f62e48ab1c985e4f797c34fda9f023d3", kill_on_drop: false }`
[INFO] running `Command { std: "docker" "exec" "-e" "SOURCE_DIR=/opt/rustwide/workdir" "-e" "CARGO_HOME=/opt/rustwide/cargo-home" "-e" "RUSTUP_HOME=/opt/rustwide/rustup-home" "-e" "CARGO_TARGET_DIR=/opt/rustwide/target" "-e" "CARGO_INCREMENTAL=0" "-e" "RUST_BACKTRACE=full" "-e" "RUSTFLAGS=--cap-lints=warn" "-e" "RUSTDOCFLAGS=--cap-lints=warn" "-w" "/opt/rustwide/workdir" "--user" "0:0" "128eea94a610de07af60534d39f2c5f6f62e48ab1c985e4f797c34fda9f023d3" "/opt/rustwide/cargo-home/bin/cargo" "+1.100.0-beta.1" "build" "--frozen" "--message-format=json", kill_on_drop: false }`
[INFO] [stderr]    Compiling libc v0.2.189
[INFO] [stderr]    Compiling crossbeam-utils v0.8.22
[INFO] [stderr]    Compiling tachyon3d_macros v0.0.1-alpha.1
[INFO] [stderr]    Compiling crossbeam-epoch v0.9.20
[INFO] [stderr]    Compiling crossbeam-deque v0.8.7
[INFO] [stderr]    Compiling getrandom v0.4.3
[INFO] [stderr]    Compiling rand v0.10.2
[INFO] [stderr]    Compiling tachyon3d_internal v0.0.1-alpha.1
[INFO] [stderr]    Compiling tachyon3d v0.0.1-alpha.1 (/opt/rustwide/workdir)
[INFO] [stderr]     Finished `dev` profile [unoptimized + debuginfo] target(s) in 3.73s
[INFO] running `Command { std: "docker" "inspect" "128eea94a610de07af60534d39f2c5f6f62e48ab1c985e4f797c34fda9f023d3", kill_on_drop: false }`
[INFO] running `Command { std: "docker" "exec" "-e" "SOURCE_DIR=/opt/rustwide/workdir" "-e" "CARGO_HOME=/opt/rustwide/cargo-home" "-e" "RUSTUP_HOME=/opt/rustwide/rustup-home" "-e" "CARGO_TARGET_DIR=/opt/rustwide/target" "-e" "CARGO_INCREMENTAL=0" "-e" "RUST_BACKTRACE=full" "-e" "RUSTFLAGS=--cap-lints=warn" "-e" "RUSTDOCFLAGS=--cap-lints=warn" "-w" "/opt/rustwide/workdir" "--user" "0:0" "128eea94a610de07af60534d39f2c5f6f62e48ab1c985e4f797c34fda9f023d3" "/opt/rustwide/cargo-home/bin/cargo" "+1.100.0-beta.1" "test" "--frozen" "--no-run" "--message-format=json", kill_on_drop: false }`
[INFO] [stderr]    Compiling zerocopy v0.8.55
[INFO] [stderr]    Compiling cc v1.4.0
[INFO] [stderr]    Compiling syn v2.0.119
[INFO] [stderr]    Compiling syn v3.0.3
[INFO] [stderr]    Compiling regex-automata v0.4.16
[INFO] [stderr]    Compiling itertools v0.13.0
[INFO] [stderr]    Compiling clap_builder v4.6.2
[INFO] [stderr]    Compiling page_size v0.6.0
[INFO] [stderr]    Compiling tachyon3d_internal v0.0.1-alpha.1
[INFO] [stderr]    Compiling tachyon3d v0.0.1-alpha.1 (/opt/rustwide/workdir)
[INFO] [stderr]    Compiling alloca v0.4.0
[INFO] [stderr]    Compiling regex v1.13.1
[INFO] [stderr]    Compiling criterion-plot v0.8.2
[INFO] [stderr]    Compiling serde_derive v1.0.229
[INFO] [stderr]    Compiling clap v4.6.4
[INFO] [stderr]    Compiling zerocopy-derive v0.8.55
[INFO] [stderr]    Compiling serde v1.0.229
[INFO] [stderr]    Compiling tinytemplate v1.2.1
[INFO] [stderr]    Compiling half v2.7.1
[INFO] [stderr]    Compiling ciborium-ll v0.2.2
[INFO] [stderr]    Compiling ciborium v0.2.2
[INFO] [stderr]    Compiling criterion v0.8.2
[INFO] [stdout] warning: unused import: `tachyon3d::*`
[INFO] [stdout]  --> examples/dynamic_linking.rs:2:5
[INFO] [stdout]   |
[INFO] [stdout] 2 | use tachyon3d::*;
[INFO] [stdout]   |     ^^^^^^^^^^^^
[INFO] [stdout]   |
[INFO] [stdout]   = note: `#[warn(unused_imports)]` (part of `#[warn(unused)]`) on by default
[INFO] [stdout] 
[INFO] [stdout] 
[INFO] [stdout] warning: unused variable: `app`
[INFO] [stdout]  --> examples/dynamic_linking.rs:7:9
[INFO] [stdout]   |
[INFO] [stdout] 7 |     let app = AppT3D::new();
[INFO] [stdout]   |         ^^^ help: if this is intentional, prefix it with an underscore: `_app`
[INFO] [stdout]   |
[INFO] [stdout]   = note: `#[warn(unused_variables)]` (part of `#[warn(unused)]`) on by default
[INFO] [stdout] 
[INFO] [stdout] 
[INFO] [stdout] error[E0432]: unresolved import `tachyon3d_internal::ecs`
[INFO] [stdout]  --> tests/basic_quick_0.rs:8:29
[INFO] [stdout]   |
[INFO] [stdout] 8 |     use tachyon3d_internal::ecs::{ECSPlugin, ECS};
[INFO] [stdout]   |                             ^^^ could not find `ecs` in `tachyon3d_internal`
[INFO] [stdout] 
[INFO] [stdout] 
[INFO] [stdout] error[E0432]: unresolved import `tachyon3d_internal::ecs`
[INFO] [stdout]  --> tests/basic_quick_0.rs:8:29
[INFO] [stdout]   |
[INFO] [stdout] 8 |     use tachyon3d_internal::ecs::{ECSPlugin, ECS};
[INFO] [stdout]   |                             ^^^ could not find `ecs` in `tachyon3d_internal`
[INFO] [stdout] 
[INFO] [stdout] 
[INFO] [stdout] error[E0432]: unresolved import `tachyon3d_internal::workgroups::WorkgroupPlugin`
[INFO] [stdout]   --> tests/basic_quick_0.rs:14:93
[INFO] [stdout]    |
[INFO] [stdout] 14 |     use tachyon3d_internal::workgroups::{Extensions, Strategy, Workgroup, WorkgroupHandler, WorkgroupPlugin};
[INFO] [stdout]    |                                                                                             ^^^^^^^^^^^^^^^ no `WorkgroupPlugin` in `workgroups`
[INFO] [stdout] 
[INFO] [stdout] 
[INFO] [stdout] error[E0432]: unresolved import `tachyon3d_internal::workgroups::WorkgroupPlugin`
[INFO] [stdout]   --> tests/basic_quick_0.rs:14:93
[INFO] [stdout]    |
[INFO] [stdout] 14 |     use tachyon3d_internal::workgroups::{Extensions, Strategy, Workgroup, WorkgroupHandler, WorkgroupPlugin};
[INFO] [stdout]    |                                                                                             ^^^^^^^^^^^^^^^ no `WorkgroupPlugin` in `workgroups`
[INFO] [stdout] 
[INFO] [stdout] 
[INFO] [stdout] warning: unused import: `std::any::Any`
[INFO] [stdout]  --> tests/basic_quick_0.rs:4:9
[INFO] [stdout]   |
[INFO] [stdout] 4 |     use std::any::Any;
[INFO] [stdout]   |         ^^^^^^^^^^^^^
[INFO] [stdout]   |
[INFO] [stdout]   = note: `#[warn(unused_imports)]` (part of `#[warn(unused)]`) on by default
[INFO] [stdout] 
[INFO] [stdout] 
[INFO] [stdout] warning: unused import: `std::io`
[INFO] [stdout]  --> tests/basic_quick_0.rs:5:9
[INFO] [stdout]   |
[INFO] [stdout] 5 |     use std::io;
[INFO] [stdout]   |         ^^^^^^^
[INFO] [stdout] 
[INFO] [stdout] 
[INFO] [stdout] warning: unused import: `std::io::Write`
[INFO] [stdout]  --> tests/basic_quick_0.rs:6:9
[INFO] [stdout]   |
[INFO] [stdout] 6 |     use std::io::Write;
[INFO] [stdout]   |         ^^^^^^^^^^^^^^
[INFO] [stdout] 
[INFO] [stdout] 
[INFO] [stdout] warning: unused imports: `MultiThreaded` and `SingleThreaded`
[INFO] [stdout]   --> tests/basic_quick_0.rs:10:61
[INFO] [stdout]    |
[INFO] [stdout] 10 |     use tachyon3d_internal::schedule::executors::Executor::{MultiThreaded, SingleThreaded};
[INFO] [stdout]    |                                                             ^^^^^^^^^^^^^  ^^^^^^^^^^^^^^
[INFO] [stdout] 
[INFO] [stdout] 
[INFO] [stdout] warning: unused import: `tachyon3d_internal::schedule::executors::single::SingleThreadedExecutor`
[INFO] [stdout]   --> tests/basic_quick_0.rs:12:9
[INFO] [stdout]    |
[INFO] [stdout] 12 |     use tachyon3d_internal::schedule::executors::single::SingleThreadedExecutor;
[INFO] [stdout]    |         ^^^^^^^^^^^^^^^^^^^^^^^^^^^^^^^^^^^^^^^^^^^^^^^^^^^^^^^^^^^^^^^^^^^^^^^
[INFO] [stdout] 
[INFO] [stdout] 
[INFO] [stdout] warning: unused import: `tachyon3d_internal::systems::variadics::SystemMethods`
[INFO] [stdout]   --> tests/basic_quick_0.rs:13:9
[INFO] [stdout]    |
[INFO] [stdout] 13 |     use tachyon3d_internal::systems::variadics::SystemMethods;
[INFO] [stdout]    |         ^^^^^^^^^^^^^^^^^^^^^^^^^^^^^^^^^^^^^^^^^^^^^^^^^^^^^
[INFO] [stdout] 
[INFO] [stdout] 
[INFO] [stdout] warning: unused imports: `WorkgroupHandler` and `Workgroup`
[INFO] [stdout]   --> tests/basic_quick_0.rs:14:64
[INFO] [stdout]    |
[INFO] [stdout] 14 |     use tachyon3d_internal::workgroups::{Extensions, Strategy, Workgroup, WorkgroupHandler, WorkgroupPlugin};
[INFO] [stdout]    |                                                                ^^^^^^^^^  ^^^^^^^^^^^^^^^^
[INFO] [stdout] 
[INFO] [stdout] 
[INFO] [stdout] warning: unused import: `tachyon3d::*`
[INFO] [stdout]   --> tests/basic_quick_0.rs:46:9
[INFO] [stdout]    |
[INFO] [stdout] 46 |     use tachyon3d::*;
[INFO] [stdout]    |         ^^^^^^^^^^^^
[INFO] [stdout] 
[INFO] [stdout] 
[INFO] [stdout] warning: unused import: `tachyon3d_internal::schedule::executors::single::SingleThreadedExecutor`
[INFO] [stdout]   --> tests/basic_quick_0.rs:50:9
[INFO] [stdout]    |
[INFO] [stdout] 50 |     use tachyon3d_internal::schedule::executors::single::SingleThreadedExecutor;
[INFO] [stdout]    |         ^^^^^^^^^^^^^^^^^^^^^^^^^^^^^^^^^^^^^^^^^^^^^^^^^^^^^^^^^^^^^^^^^^^^^^^
[INFO] [stdout] 
[INFO] [stdout] 
[INFO] [stdout] warning: unused import: `std::any::Any`
[INFO] [stdout]  --> tests/basic_quick_0.rs:4:9
[INFO] [stdout]   |
[INFO] [stdout] 4 |     use std::any::Any;
[INFO] [stdout]   |         ^^^^^^^^^^^^^
[INFO] [stdout]   |
[INFO] [stdout]   = note: `#[warn(unused_imports)]` (part of `#[warn(unused)]`) on by default
[INFO] [stdout] 
[INFO] [stdout] 
[INFO] [stdout] warning: unused import: `std::io`
[INFO] [stdout]  --> tests/basic_quick_0.rs:5:9
[INFO] [stdout]   |
[INFO] [stdout] 5 |     use std::io;
[INFO] [stdout]   |         ^^^^^^^
[INFO] [stdout] 
[INFO] [stdout] 
[INFO] [stdout] warning: unused import: `std::io::Write`
[INFO] [stdout]  --> tests/basic_quick_0.rs:6:9
[INFO] [stdout]   |
[INFO] [stdout] 6 |     use std::io::Write;
[INFO] [stdout]   |         ^^^^^^^^^^^^^^
[INFO] [stdout] 
[INFO] [stdout] 
[INFO] [stdout] warning: unused imports: `MultiThreaded` and `SingleThreaded`
[INFO] [stdout]   --> tests/basic_quick_0.rs:10:61
[INFO] [stdout]    |
[INFO] [stdout] 10 |     use tachyon3d_internal::schedule::executors::Executor::{MultiThreaded, SingleThreaded};
[INFO] [stdout]    |                                                             ^^^^^^^^^^^^^  ^^^^^^^^^^^^^^
[INFO] [stdout] 
[INFO] [stdout] 
[INFO] [stdout] warning: unused import: `tachyon3d_internal::schedule::executors::single::SingleThreadedExecutor`
[INFO] [stdout]   --> tests/basic_quick_0.rs:12:9
[INFO] [stdout]    |
[INFO] [stdout] 12 |     use tachyon3d_internal::schedule::executors::single::SingleThreadedExecutor;
[INFO] [stdout]    |         ^^^^^^^^^^^^^^^^^^^^^^^^^^^^^^^^^^^^^^^^^^^^^^^^^^^^^^^^^^^^^^^^^^^^^^^
[INFO] [stdout] 
[INFO] [stdout] 
[INFO] [stdout] warning: unused import: `tachyon3d_internal::systems::variadics::SystemMethods`
[INFO] [stdout]   --> tests/basic_quick_0.rs:13:9
[INFO] [stdout]    |
[INFO] [stdout] 13 |     use tachyon3d_internal::systems::variadics::SystemMethods;
[INFO] [stdout]    |         ^^^^^^^^^^^^^^^^^^^^^^^^^^^^^^^^^^^^^^^^^^^^^^^^^^^^^
[INFO] [stdout] 
[INFO] [stdout] 
[INFO] [stdout] warning: unused imports: `WorkgroupHandler` and `Workgroup`
[INFO] [stdout]   --> tests/basic_quick_0.rs:14:64
[INFO] [stdout]    |
[INFO] [stdout] 14 |     use tachyon3d_internal::workgroups::{Extensions, Strategy, Workgroup, WorkgroupHandler, WorkgroupPlugin};
[INFO] [stdout]    |                                                                ^^^^^^^^^  ^^^^^^^^^^^^^^^^
[INFO] [stdout] 
[INFO] [stdout] 
[INFO] [stdout] warning: unused import: `tachyon3d::*`
[INFO] [stdout]   --> tests/basic_quick_0.rs:46:9
[INFO] [stdout]    |
[INFO] [stdout] 46 |     use tachyon3d::*;
[INFO] [stdout]    |         ^^^^^^^^^^^^
[INFO] [stdout] 
[INFO] [stdout] 
[INFO] [stdout] warning: unused import: `tachyon3d_internal::schedule::executors::single::SingleThreadedExecutor`
[INFO] [stdout]   --> tests/basic_quick_0.rs:50:9
[INFO] [stdout]    |
[INFO] [stdout] 50 |     use tachyon3d_internal::schedule::executors::single::SingleThreadedExecutor;
[INFO] [stdout]    |         ^^^^^^^^^^^^^^^^^^^^^^^^^^^^^^^^^^^^^^^^^^^^^^^^^^^^^^^^^^^^^^^^^^^^^^^
[INFO] [stdout] 
[INFO] [stdout] 
[INFO] [stdout] warning: unused import: `tachyon3d::*`
[INFO] [stdout]  --> tests/basic_workflow.rs:3:5
[INFO] [stdout]   |
[INFO] [stdout] 3 | use tachyon3d::*;
[INFO] [stdout]   |     ^^^^^^^^^^^^
[INFO] [stdout] 
[INFO] [stdout] 
[INFO] [stdout] warning: unused import: `std::io`
[INFO] [stdout]  --> tests/basic_workflow.rs:7:9
[INFO] [stdout]   |
[INFO] [stdout] 7 |     use std::io;
[INFO] [stdout]   |         ^^^^^^^
[INFO] [stdout] 
[INFO] [stdout] 
[INFO] [stdout] warning: unused import: `std::io::Write`
[INFO] [stdout]  --> tests/basic_workflow.rs:8:9
[INFO] [stdout]   |
[INFO] [stdout] 8 |     use std::io::Write;
[INFO] [stdout]   |         ^^^^^^^^^^^^^^
[INFO] [stdout] 
[INFO] [stdout] 
[INFO] [stdout] warning: unused import: `tachyon3d_internal::schedule::executors::Executor::SingleThreaded`
[INFO] [stdout]   --> tests/basic_workflow.rs:12:9
[INFO] [stdout]    |
[INFO] [stdout] 12 |     use tachyon3d_internal::schedule::executors::Executor::SingleThreaded;
[INFO] [stdout]    |         ^^^^^^^^^^^^^^^^^^^^^^^^^^^^^^^^^^^^^^^^^^^^^^^^^^^^^^^^^^^^^^^^^
[INFO] [stdout] 
[INFO] [stdout] 
[INFO] [stdout] warning: unused import: `tachyon3d_internal::systems::variadics::SystemMethods`
[INFO] [stdout]   --> tests/basic_workflow.rs:14:9
[INFO] [stdout]    |
[INFO] [stdout] 14 |     use tachyon3d_internal::systems::variadics::SystemMethods;
[INFO] [stdout]    |         ^^^^^^^^^^^^^^^^^^^^^^^^^^^^^^^^^^^^^^^^^^^^^^^^^^^^^
[INFO] [stdout] 
[INFO] [stdout] 
[INFO] [stdout] warning: unnecessary trailing semicolon
[INFO] [stdout]   --> tests/basic_workflow.rs:33:10
[INFO] [stdout]    |
[INFO] [stdout] 33 |         };
[INFO] [stdout]    |          ^ help: remove this semicolon
[INFO] [stdout]    |
[INFO] [stdout]    = note: `#[warn(redundant_semicolons)]` (part of `#[warn(unused)]`) on by default
[INFO] [stdout] 
[INFO] [stdout] 
[INFO] [stdout] error[E0599]: no method named `run` found for mutable reference `&mut AppT3D` in the current scope
[INFO] [stdout]   --> tests/basic_quick_0.rs:31:14
[INFO] [stdout]    |
[INFO] [stdout] 23 |         AppT3D::new()
[INFO] [stdout] 24 |             // INP
[INFO] [stdout] 25 |             .install(ECSPlugin)
[INFO] [stdout] 26 |             // USABLE - UNSTABLE - UNOPTIMIZED
[INFO] [stdout] 27 |             .install(WorkgroupPlugin)
[INFO] [stdout] 28 |             .add_workgroup(ComputeTP, Strategy::WorkSteal, 7)
[INFO] [stdout] 29 |             .add_schedule(Update, Executor::MultiThreaded(MultiThreadedExecutor::new(ComputeTP)))
[INFO] [stdout] 30 |             .add_systems(Update, hello_world)
[INFO] [stdout] 31 |             .run(Update)
[INFO] [stdout]    |              ^^^ method not found in `&mut AppT3D`
[INFO] [stdout] 
[INFO] [stdout] 
[INFO] [stdout] error[E0599]: no method named `run` found for mutable reference `&mut AppT3D` in the current scope
[INFO] [stdout]   --> tests/basic_quick_0.rs:31:14
[INFO] [stdout]    |
[INFO] [stdout] 23 |         AppT3D::new()
[INFO] [stdout] 24 |             // INP
[INFO] [stdout] 25 |             .install(ECSPlugin)
[INFO] [stdout] 26 |             // USABLE - UNSTABLE - UNOPTIMIZED
[INFO] [stdout] 27 |             .install(WorkgroupPlugin)
[INFO] [stdout] 28 |             .add_workgroup(ComputeTP, Strategy::WorkSteal, 7)
[INFO] [stdout] 29 |             .add_schedule(Update, Executor::MultiThreaded(MultiThreadedExecutor::new(ComputeTP)))
[INFO] [stdout] 30 |             .add_systems(Update, hello_world)
[INFO] [stdout] 31 |             .run(Update)
[INFO] [stdout]    |              ^^^ method not found in `&mut AppT3D`
[INFO] [stdout] 
[INFO] [stdout] 
[INFO] [stdout] error[E0599]: no method named `cache_inputs` found for mutable reference `&mut AppT3D` in the current scope
[INFO] [stdout]    --> tests/basic_quick_0.rs:100:14
[INFO] [stdout]     |
[INFO] [stdout]  96 |         app.install(WorkgroupHandler::new())
[INFO] [stdout]  97 |             .add_workgroup(ComputeTP, Strategy::WorkSteal, 4)
[INFO] [stdout]  98 |             .add_schedule(Update, Executor::MultiThreaded(MultiThreadedExecutor::new(ComputeTP)))
[INFO] [stdout]  99 |             //.add_schedule(Update, Executor::SingleThreaded(SingleThreadedExecutor))
[INFO] [stdout] 100 |             .cache_inputs(Update)
[INFO] [stdout]     |              ^^^^^^^^^^^^ method not found in `&mut AppT3D`
[INFO] [stdout] 
[INFO] [stdout] 
[INFO] [stdout] error[E0599]: no method named `cache_inputs` found for mutable reference `&mut AppT3D` in the current scope
[INFO] [stdout]    --> tests/basic_quick_0.rs:100:14
[INFO] [stdout]     |
[INFO] [stdout]  96 |         app.install(WorkgroupHandler::new())
[INFO] [stdout]  97 |             .add_workgroup(ComputeTP, Strategy::WorkSteal, 4)
[INFO] [stdout]  98 |             .add_schedule(Update, Executor::MultiThreaded(MultiThreadedExecutor::new(ComputeTP)))
[INFO] [stdout]  99 |             //.add_schedule(Update, Executor::SingleThreaded(SingleThreadedExecutor))
[INFO] [stdout] 100 |             .cache_inputs(Update)
[INFO] [stdout]     |              ^^^^^^^^^^^^ method not found in `&mut AppT3D`
[INFO] [stdout] 
[INFO] [stdout] 
[INFO] [stdout] error[E0599]: no method named `run` found for struct `AppT3D` in the current scope
[INFO] [stdout]    --> tests/basic_quick_0.rs:113:17
[INFO] [stdout]     |
[INFO] [stdout] 113 |             app.run(Update)
[INFO] [stdout]     |                 ^^^ method not found in `AppT3D`
[INFO] [stdout] 
[INFO] [stdout] 
[INFO] [stdout] error[E0599]: no method named `run` found for struct `AppT3D` in the current scope
[INFO] [stdout]    --> tests/basic_quick_0.rs:113:17
[INFO] [stdout]     |
[INFO] [stdout] 113 |             app.run(Update)
[INFO] [stdout]     |                 ^^^ method not found in `AppT3D`
[INFO] [stdout] 
[INFO] [stdout] 
[INFO] [stdout] error[E0061]: this method takes 1 argument but 0 arguments were supplied
[INFO] [stdout]    --> tests/basic_quick_0.rs:118:13
[INFO] [stdout]     |
[INFO] [stdout] 118 |         app.full_shutdown();
[INFO] [stdout]     |             ^^^^^^^^^^^^^-- argument #1 of type `bool` is missing
[INFO] [stdout]     |
[INFO] [stdout] note: method defined here
[INFO] [stdout]    --> /opt/rustwide/cargo-home/registry/src/index.crates.io-1949cf8c6b5b557f/tachyon3d_internal-0.0.1-alpha.1/src/workgroups.rs:33:8
[INFO] [stdout]     |
[INFO] [stdout]  33 |     fn full_shutdown(&mut self, set: bool) -> &mut Self;
[INFO] [stdout]     |        ^^^^^^^^^^^^^
[INFO] [stdout] help: provide the argument
[INFO] [stdout]     |
[INFO] [stdout] 118 |         app.full_shutdown(/* bool */);
[INFO] [stdout]     |                           ++++++++++
[INFO] [stdout] 
[INFO] [stdout] 
[INFO] [stdout] error[E0061]: this method takes 1 argument but 0 arguments were supplied
[INFO] [stdout]    --> tests/basic_quick_0.rs:118:13
[INFO] [stdout]     |
[INFO] [stdout] 118 |         app.full_shutdown();
[INFO] [stdout]     |             ^^^^^^^^^^^^^-- argument #1 of type `bool` is missing
[INFO] [stdout]     |
[INFO] [stdout] note: method defined here
[INFO] [stdout]    --> /opt/rustwide/cargo-home/registry/src/index.crates.io-1949cf8c6b5b557f/tachyon3d_internal-0.0.1-alpha.1/src/workgroups.rs:33:8
[INFO] [stdout]     |
[INFO] [stdout]  33 |     fn full_shutdown(&mut self, set: bool) -> &mut Self;
[INFO] [stdout]     |        ^^^^^^^^^^^^^
[INFO] [stdout] help: provide the argument
[INFO] [stdout]     |
[INFO] [stdout] 118 |         app.full_shutdown(/* bool */);
[INFO] [stdout]     |                           ++++++++++
[INFO] [stdout] 
[INFO] [stdout] 
[INFO] [stdout] Some errors have detailed explanations: E0061, E0432, E0599.
[INFO] [stdout] 
[INFO] [stdout] For more information about an error, try `rustc --explain E0061`.
[INFO] [stdout] 
[INFO] [stdout] error[E0061]: this method takes 1 argument but 0 arguments were supplied
[INFO] [stdout]    --> tests/basic_workflow.rs:132:13
[INFO] [stdout]     |
[INFO] [stdout] 132 |         app.full_shutdown();
[INFO] [stdout]     |             ^^^^^^^^^^^^^-- argument #1 of type `bool` is missing
[INFO] [stdout]     |
[INFO] [stdout] note: method defined here
[INFO] [stdout]    --> /opt/rustwide/cargo-home/registry/src/index.crates.io-1949cf8c6b5b557f/tachyon3d_internal-0.0.1-alpha.1/src/workgroups.rs:33:8
[INFO] [stdout]     |
[INFO] [stdout]  33 |     fn full_shutdown(&mut self, set: bool) -> &mut Self;
[INFO] [stdout]     |        ^^^^^^^^^^^^^
[INFO] [stdout] help: provide the argument
[INFO] [stdout]     |
[INFO] [stdout] 132 |         app.full_shutdown(/* bool */);
[INFO] [stdout]     |                           ++++++++++
[INFO] [stdout] 
[INFO] [stdout] 
[INFO] [stderr] error: could not compile `tachyon3d` (test "basic_quick_0") due to 6 previous errors; 9 warnings emitted
[INFO] [stderr] warning: build failed, waiting for other jobs to finish...
[INFO] [stdout] warning: unused variable: `i`
[INFO] [stdout]   --> tests/basic_workflow.rs:51:21
[INFO] [stdout]    |
[INFO] [stdout] 51 |                 for i in 0..self.tasks.len() {
[INFO] [stdout]    |                     ^ help: if this is intentional, prefix it with an underscore: `_i`
[INFO] [stdout]    |
[INFO] [stdout]    = note: `#[warn(unused_variables)]` (part of `#[warn(unused)]`) on by default
[INFO] [stdout] 
[INFO] [stdout] 
[INFO] [stdout] warning: unused variable: `k`
[INFO] [stdout]    --> tests/basic_workflow.rs:134:20
[INFO] [stdout]     |
[INFO] [stdout] 134 |         fn get_res(k: &Gummy, m: &mut Dummy) {
[INFO] [stdout]     |                    ^ help: if this is intentional, prefix it with an underscore: `_k`
[INFO] [stdout] 
[INFO] [stdout] 
[INFO] [stdout] warning: unused variable: `m`
[INFO] [stdout]    --> tests/basic_workflow.rs:134:31
[INFO] [stdout]     |
[INFO] [stdout] 134 |         fn get_res(k: &Gummy, m: &mut Dummy) {
[INFO] [stdout]     |                               ^ help: if this is intentional, prefix it with an underscore: `_m`
[INFO] [stdout] 
[INFO] [stdout] 
[INFO] [stdout] warning: unused variable: `k`
[INFO] [stdout]    --> tests/basic_workflow.rs:148:18
[INFO] [stdout]     |
[INFO] [stdout] 148 |         fn get_k(k: &mut Gummy, m: &mut Dummy) {
[INFO] [stdout]     |                  ^ help: if this is intentional, prefix it with an underscore: `_k`
[INFO] [stdout] 
[INFO] [stdout] 
[INFO] [stdout] warning: unused variable: `m`
[INFO] [stdout]    --> tests/basic_workflow.rs:148:33
[INFO] [stdout]     |
[INFO] [stdout] 148 |         fn get_k(k: &mut Gummy, m: &mut Dummy) {
[INFO] [stdout]     |                                 ^ help: if this is intentional, prefix it with an underscore: `_m`
[INFO] [stdout] 
[INFO] [stdout] 
[INFO] [stdout] warning: unused variable: `k`
[INFO] [stdout]    --> tests/basic_workflow.rs:159:18
[INFO] [stdout]     |
[INFO] [stdout] 159 |         fn get_m(k: &mut Gummy, m: &mut Dummy) {
[INFO] [stdout]     |                  ^ help: if this is intentional, prefix it with an underscore: `_k`
[INFO] [stdout] 
[INFO] [stdout] 
[INFO] [stdout] warning: unused variable: `m`
[INFO] [stdout]    --> tests/basic_workflow.rs:159:33
[INFO] [stdout]     |
[INFO] [stdout] 159 |         fn get_m(k: &mut Gummy, m: &mut Dummy) {
[INFO] [stdout]     |                                 ^ help: if this is intentional, prefix it with an underscore: `_m`
[INFO] [stdout] 
[INFO] [stdout] 
[INFO] [stdout] warning: unused variable: `k`
[INFO] [stdout]    --> tests/basic_workflow.rs:169:18
[INFO] [stdout]     |
[INFO] [stdout] 169 |         fn get_f(k: &mut Gummy, m: &mut Dummy) {
[INFO] [stdout]     |                  ^ help: if this is intentional, prefix it with an underscore: `_k`
[INFO] [stdout] 
[INFO] [stdout] 
[INFO] [stdout] warning: unused variable: `m`
[INFO] [stdout]    --> tests/basic_workflow.rs:169:33
[INFO] [stdout]     |
[INFO] [stdout] 169 |         fn get_f(k: &mut Gummy, m: &mut Dummy) {
[INFO] [stdout]     |                                 ^ help: if this is intentional, prefix it with an underscore: `_m`
[INFO] [stdout] 
[INFO] [stdout] 
[INFO] [stdout] warning: unused variable: `i`
[INFO] [stdout]    --> tests/basic_workflow.rs:171:17
[INFO] [stdout]     |
[INFO] [stdout] 171 |             for i in 0..1 {
[INFO] [stdout]     |                 ^ help: if this is intentional, prefix it with an underscore: `_i`
[INFO] [stdout] 
[INFO] [stdout] 
[INFO] [stdout] warning: unused variable: `k`
[INFO] [stdout]    --> tests/basic_workflow.rs:180:18
[INFO] [stdout]     |
[INFO] [stdout] 180 |         fn get_c(k: &mut Gummy, m: &mut Dummy) {
[INFO] [stdout]     |                  ^ help: if this is intentional, prefix it with an underscore: `_k`
[INFO] [stdout] 
[INFO] [stdout] 
[INFO] [stdout] warning: unused variable: `m`
[INFO] [stdout]    --> tests/basic_workflow.rs:180:33
[INFO] [stdout]     |
[INFO] [stdout] 180 |         fn get_c(k: &mut Gummy, m: &mut Dummy) {
[INFO] [stdout]     |                                 ^ help: if this is intentional, prefix it with an underscore: `_m`
[INFO] [stdout] 
[INFO] [stdout] 
[INFO] [stdout] Some errors have detailed explanations: E0061, E0432, E0599.
[INFO] [stdout] 
[INFO] [stdout] For more information about an error, try `rustc --explain E0061`.
[INFO] [stdout] 
[INFO] [stderr] error: could not compile `tachyon3d` (test "basic_workflow") due to 7 previous errors; 27 warnings emitted
[INFO] running `Command { std: "docker" "inspect" "128eea94a610de07af60534d39f2c5f6f62e48ab1c985e4f797c34fda9f023d3", kill_on_drop: false }`
[INFO] running `Command { std: "docker" "rm" "-f" "128eea94a610de07af60534d39f2c5f6f62e48ab1c985e4f797c34fda9f023d3", kill_on_drop: false }`
[INFO] [stdout] 128eea94a610de07af60534d39f2c5f6f62e48ab1c985e4f797c34fda9f023d3
