[INFO] fetching crate t-spline-commands 0.1.0...
[INFO] testing t-spline-commands-0.1.0 against 1.99.0-beta.8 for beta-1.100-2
[INFO] extracting crate t-spline-commands 0.1.0 into /workspace/builds/worker-4-tc1/source
[INFO] started tweaking crates.io crate t-spline-commands 0.1.0
[INFO] removed 0 missing examples
[INFO] finished tweaking crates.io crate t-spline-commands 0.1.0
[INFO] tweaked toml for crates.io crate t-spline-commands 0.1.0 written to /workspace/builds/worker-4-tc1/source/Cargo.toml
[INFO] validating manifest of crates.io crate t-spline-commands 0.1.0 on toolchain 1.99.0-beta.8
[INFO] running `Command { std: CARGO_HOME="/workspace/cargo-home" RUSTUP_HOME="/workspace/rustup-home" "/workspace/cargo-home/bin/cargo" "+1.99.0-beta.8" "metadata" "--manifest-path" "Cargo.toml" "--no-deps", kill_on_drop: false }`
[INFO] crate crates.io crate t-spline-commands 0.1.0 already has a lockfile, it will not be regenerated
[INFO] running `Command { std: CARGO_HOME="/workspace/cargo-home" RUSTUP_HOME="/workspace/rustup-home" "/workspace/cargo-home/bin/cargo" "+1.99.0-beta.8" "fetch" "--manifest-path" "Cargo.toml", kill_on_drop: false }`
[INFO] [stderr]     Blocking waiting for file lock on package cache
[INFO] [stderr]     Updating crates.io index
[INFO] [stderr]     Blocking waiting for file lock on package cache
[INFO] [stderr]  Downloading crates ...
[INFO] [stderr]   Downloaded t-spline v0.1.0
[INFO] [stderr]   Downloaded az v1.3.0
[INFO] [stderr]   Downloaded simba v0.9.1
[INFO] [stderr]   Downloaded zerocopy-derive v0.8.38
[INFO] [stderr]   Downloaded zerocopy v0.8.38
[INFO] [stderr]   Downloaded fixed v1.30.0
[INFO] [stderr]   Downloaded nalgebra v0.34.1
[INFO] running `Command { std: "docker" "create" "-v" "/var/lib/crater-agent-workspace/builds/worker-4-tc1/source:/opt/rustwide/workdir:ro,Z" "-v" "/var/lib/crater-agent-workspace/builds/worker-4-tc1/target:/opt/rustwide/target:rw,Z" "-v" "/var/lib/crater-agent-workspace/cargo-home:/opt/rustwide/cargo-home:ro,Z" "-v" "/var/lib/crater-agent-workspace/rustup-home:/opt/rustwide/rustup-home:ro,Z" "-m" "1610612736" "--network" "none" "ghcr.io/rust-lang/crates-build-env/linux@sha256:3111399a4047eeb3a02b7a90e478d715f38a8c6669b5c4b49d30a17385265909" "sleep" "infinity", kill_on_drop: false }`
[INFO] [stdout] caecef329ca1e375cf388e19c3a7c69994812a9de518aebb9f06031dc7af8c36
[INFO] running `Command { std: "docker" "start" "caecef329ca1e375cf388e19c3a7c69994812a9de518aebb9f06031dc7af8c36", kill_on_drop: false }`
[INFO] running `Command { std: "docker" "inspect" "caecef329ca1e375cf388e19c3a7c69994812a9de518aebb9f06031dc7af8c36", kill_on_drop: false }`
[INFO] running `Command { std: "docker" "exec" "-e" "SOURCE_DIR=/opt/rustwide/workdir" "-e" "CARGO_HOME=/opt/rustwide/cargo-home" "-e" "RUSTUP_HOME=/opt/rustwide/rustup-home" "-e" "CARGO_TARGET_DIR=/opt/rustwide/target" "-w" "/opt/rustwide/workdir" "--user" "0:0" "caecef329ca1e375cf388e19c3a7c69994812a9de518aebb9f06031dc7af8c36" "/opt/rustwide/cargo-home/bin/cargo" "+1.99.0-beta.8" "metadata" "--no-deps" "--format-version=1", kill_on_drop: false }`
[INFO] running `Command { std: "docker" "inspect" "caecef329ca1e375cf388e19c3a7c69994812a9de518aebb9f06031dc7af8c36", kill_on_drop: false }`
[INFO] running `Command { std: "docker" "exec" "-e" "SOURCE_DIR=/opt/rustwide/workdir" "-e" "CARGO_HOME=/opt/rustwide/cargo-home" "-e" "RUSTUP_HOME=/opt/rustwide/rustup-home" "-e" "CARGO_TARGET_DIR=/opt/rustwide/target" "-e" "CARGO_INCREMENTAL=0" "-e" "RUST_BACKTRACE=full" "-e" "RUSTFLAGS=--cap-lints=warn" "-e" "RUSTDOCFLAGS=--cap-lints=warn" "-w" "/opt/rustwide/workdir" "--user" "0:0" "caecef329ca1e375cf388e19c3a7c69994812a9de518aebb9f06031dc7af8c36" "/opt/rustwide/cargo-home/bin/cargo" "+1.99.0-beta.8" "build" "--frozen" "--message-format=json", kill_on_drop: false }`
[INFO] [stderr]    Compiling autocfg v1.5.0
[INFO] [stderr]    Compiling crossbeam-utils v0.8.21
[INFO] [stderr]    Compiling quote v1.0.44
[INFO] [stderr]    Compiling typenum v1.19.0
[INFO] [stderr]    Compiling rayon-core v1.13.0
[INFO] [stderr]    Compiling proc-macro2 v1.0.106
[INFO] [stderr]    Compiling either v1.15.0
[INFO] [stderr]    Compiling num-traits v0.2.19
[INFO] [stderr]    Compiling crossbeam-epoch v0.9.18
[INFO] [stderr]    Compiling crossbeam-deque v0.8.6
[INFO] [stderr]    Compiling syn v2.0.114
[INFO] [stderr]    Compiling num-integer v0.1.46
[INFO] [stderr]    Compiling num-complex v0.4.6
[INFO] [stderr]    Compiling approx v0.5.1
[INFO] [stderr]    Compiling rayon v1.11.0
[INFO] [stderr]    Compiling num-rational v0.4.2
[INFO] [stderr]    Compiling simba v0.9.1
[INFO] [stderr]    Compiling thiserror-impl v2.0.18
[INFO] [stderr]    Compiling thiserror v2.0.18
[INFO] [stderr]    Compiling nalgebra v0.34.1
[INFO] [stderr]    Compiling t-spline v0.1.0
[INFO] [stderr]    Compiling t-spline-commands v0.1.0 (/opt/rustwide/workdir)
[INFO] [stderr]     Finished `dev` profile [unoptimized + debuginfo] target(s) in 23.87s
[INFO] running `Command { std: "docker" "inspect" "caecef329ca1e375cf388e19c3a7c69994812a9de518aebb9f06031dc7af8c36", kill_on_drop: false }`
[INFO] running `Command { std: "docker" "exec" "-e" "SOURCE_DIR=/opt/rustwide/workdir" "-e" "CARGO_HOME=/opt/rustwide/cargo-home" "-e" "RUSTUP_HOME=/opt/rustwide/rustup-home" "-e" "CARGO_TARGET_DIR=/opt/rustwide/target" "-e" "CARGO_INCREMENTAL=0" "-e" "RUST_BACKTRACE=full" "-e" "RUSTFLAGS=--cap-lints=warn" "-e" "RUSTDOCFLAGS=--cap-lints=warn" "-w" "/opt/rustwide/workdir" "--user" "0:0" "caecef329ca1e375cf388e19c3a7c69994812a9de518aebb9f06031dc7af8c36" "/opt/rustwide/cargo-home/bin/cargo" "+1.99.0-beta.8" "test" "--frozen" "--no-run" "--message-format=json", kill_on_drop: false }`
[INFO] [stderr]    Compiling syn v2.0.114
[INFO] [stderr]    Compiling zerocopy v0.8.38
[INFO] [stderr]    Compiling fixed v1.30.0
[INFO] [stderr]    Compiling bytemuck v1.25.0
[INFO] [stderr]    Compiling az v1.3.0
[INFO] [stderr]    Compiling zerocopy-derive v0.8.38
[INFO] [stderr]    Compiling thiserror-impl v2.0.18
[INFO] [stderr]    Compiling thiserror v2.0.18
[INFO] [stderr]    Compiling t-spline-commands v0.1.0 (/opt/rustwide/workdir)
[INFO] [stderr]    Compiling half v2.7.1
[INFO] [stdout] error[E0433]: cannot find module or crate `t_spline_io` in this scope
[INFO] [stdout]   --> examples/t_junction.rs:22:5
[INFO] [stdout]    |
[INFO] [stdout] 22 | use t_spline_io::obj_writer::ObjWriter;
[INFO] [stdout]    |     ^^^^^^^^^^^ use of unresolved module or unlinked crate `t_spline_io`
[INFO] [stdout]    |
[INFO] [stdout] help: there is a crate or module with a similar name
[INFO] [stdout]    |
[INFO] [stdout] 22 - use t_spline_io::obj_writer::ObjWriter;
[INFO] [stdout] 22 + use t_spline::obj_writer::ObjWriter;
[INFO] [stdout]    |
[INFO] [stdout] 
[INFO] [stdout] 
[INFO] [stdout] error[E0433]: cannot find module or crate `t_spline_io` in this scope
[INFO] [stdout]   --> examples/simple.rs:21:5
[INFO] [stdout]    |
[INFO] [stdout] 21 | use t_spline_io::obj_writer::ObjWriter;
[INFO] [stdout]    |     ^^^^^^^^^^^ use of unresolved module or unlinked crate `t_spline_io`
[INFO] [stdout]    |
[INFO] [stdout] help: there is a crate or module with a similar name
[INFO] [stdout]    |
[INFO] [stdout] 21 - use t_spline_io::obj_writer::ObjWriter;
[INFO] [stdout] 21 + use t_spline::obj_writer::ObjWriter;
[INFO] [stdout]    |
[INFO] [stdout] 
[INFO] [stdout] 
[INFO] [stdout] For more information about this error, try `rustc --explain E0433`.
[INFO] [stdout] 
[INFO] [stdout] For more information about this error, try `rustc --explain E0433`.
[INFO] [stdout] 
[INFO] [stderr] error: could not compile `t-spline-commands` (example "simple") due to 1 previous error
[INFO] [stderr] warning: build failed, waiting for other jobs to finish...
[INFO] [stderr] error: could not compile `t-spline-commands` (example "t_junction") due to 1 previous error
[INFO] [stdout] error[E0433]: cannot find module or crate `t_spline_io` in this scope
[INFO] [stdout]   --> examples/fixed.rs:24:5
[INFO] [stdout]    |
[INFO] [stdout] 24 | use t_spline_io::obj_writer::ObjWriter;
[INFO] [stdout]    |     ^^^^^^^^^^^ use of unresolved module or unlinked crate `t_spline_io`
[INFO] [stdout]    |
[INFO] [stdout] help: there is a crate or module with a similar name
[INFO] [stdout]    |
[INFO] [stdout] 24 - use t_spline_io::obj_writer::ObjWriter;
[INFO] [stdout] 24 + use t_spline::obj_writer::ObjWriter;
[INFO] [stdout]    |
[INFO] [stdout] 
[INFO] [stdout] 
[INFO] [stdout] error[E0277]: the trait bound `FixedI32<UInt<UInt<UInt<UInt<_, B0>, B1>, B1>, B0>>: Numeric` is not satisfied
[INFO] [stdout]   --> examples/fixed.rs:27:39
[INFO] [stdout]    |
[INFO] [stdout] 27 |     let mut spline: TSpline<I10F22> = TSpline::new_unit_square();
[INFO] [stdout]    |                                       ^^^^^^^^^^^^^^^^^^^^^^^^^^ the trait `Numeric` is not implemented for `FixedI32<UInt<UInt<UInt<UInt<UInt<UTerm, B1>, B0>, B1>, B1>, B0>>`
[INFO] [stdout]    |
[INFO] [stdout] help: the following other types implement trait `Numeric`
[INFO] [stdout]   --> /opt/rustwide/cargo-home/registry/src/index.crates.io-1949cf8c6b5b557f/t-spline-0.1.0/src/numeric.rs:38:13
[INFO] [stdout]    |
[INFO] [stdout] 38 |             impl Numeric for $t {
[INFO] [stdout]    |             ^^^^^^^^^^^^^^^^^^^
[INFO] [stdout]    |             |
[INFO] [stdout]    |             `f32`
[INFO] [stdout]    |             `f64`
[INFO] [stdout] ...
[INFO] [stdout] 45 | impl_numeric_float!(f32, f64);
[INFO] [stdout]    | ----------------------------- in this macro invocation
[INFO] [stdout] note: required by a bound in `t_spline::shapes::<impl TSpline<T>>::new_unit_square`
[INFO] [stdout]   --> /opt/rustwide/cargo-home/registry/src/index.crates.io-1949cf8c6b5b557f/t-spline-0.1.0/src/shapes.rs:29:9
[INFO] [stdout]    |
[INFO] [stdout] 29 | impl<T: Numeric> TSpline<T> {
[INFO] [stdout]    |         ^^^^^^^ required by this bound in `t_spline::shapes::<impl TSpline<T>>::new_unit_square`
[INFO] [stdout] 30 |     pub fn new_unit_square() -> TSpline<T> {
[INFO] [stdout]    |            --------------- required by a bound in this associated function
[INFO] [stdout]    = note: the full name for the type has been written to '/opt/rustwide/target/debug/examples/fixed-9d47b7193263547c.long-type-15191747701841058727.txt'
[INFO] [stdout]    = note: consider using `--verbose` to print the full type name to the console
[INFO] [stdout]    = note: this error originates in the macro `impl_numeric_float` (in Nightly builds, run with -Z macro-backtrace for more info)
[INFO] [stdout] 
[INFO] [stdout] 
[INFO] [stdout] error[E0277]: the trait bound `FixedI32<UInt<UInt<UInt<UInt<_, B0>, B1>, B1>, B0>>: Numeric` is not satisfied
[INFO] [stdout]   --> examples/fixed.rs:30:48
[INFO] [stdout]    |
[INFO] [stdout] 30 |     let points = Tessellate { resolution: 10 }.apply(&spline);
[INFO] [stdout]    |                                                ^^^^^ the trait `Numeric` is not implemented for `FixedI32<UInt<UInt<UInt<UInt<UInt<UTerm, B1>, B0>, B1>, B1>, B0>>`
[INFO] [stdout]    |
[INFO] [stdout] help: the following other types implement trait `Numeric`
[INFO] [stdout]   --> /opt/rustwide/cargo-home/registry/src/index.crates.io-1949cf8c6b5b557f/t-spline-0.1.0/src/numeric.rs:38:13
[INFO] [stdout]    |
[INFO] [stdout] 38 |             impl Numeric for $t {
[INFO] [stdout]    |             ^^^^^^^^^^^^^^^^^^^
[INFO] [stdout]    |             |
[INFO] [stdout]    |             `f32`
[INFO] [stdout]    |             `f64`
[INFO] [stdout] ...
[INFO] [stdout] 45 | impl_numeric_float!(f32, f64);
[INFO] [stdout]    | ----------------------------- in this macro invocation
[INFO] [stdout]    = note: required for `Tessellate` to implement `Command<FixedI32<UInt<UInt<UInt<UInt<_, B0>, B1>, B1>, B0>>>`
[INFO] [stdout]    = note: the full name for the type has been written to '/opt/rustwide/target/debug/examples/fixed-9d47b7193263547c.long-type-15191747701841058727.txt'
[INFO] [stdout]    = note: consider using `--verbose` to print the full type name to the console
[INFO] [stdout]    = note: this error originates in the macro `impl_numeric_float` (in Nightly builds, run with -Z macro-backtrace for more info)
[INFO] [stdout] 
[INFO] [stdout] 
[INFO] [stdout] Some errors have detailed explanations: E0277, E0433.
[INFO] [stdout] 
[INFO] [stdout] For more information about an error, try `rustc --explain E0277`.
[INFO] [stdout] 
[INFO] [stderr] error: could not compile `t-spline-commands` (example "fixed") due to 3 previous errors
[INFO] running `Command { std: "docker" "inspect" "caecef329ca1e375cf388e19c3a7c69994812a9de518aebb9f06031dc7af8c36", kill_on_drop: false }`
[INFO] running `Command { std: "docker" "rm" "-f" "caecef329ca1e375cf388e19c3a7c69994812a9de518aebb9f06031dc7af8c36", kill_on_drop: false }`
[INFO] [stdout] caecef329ca1e375cf388e19c3a7c69994812a9de518aebb9f06031dc7af8c36
