[INFO] fetching crate sysinfolinux 0.1.1...
[INFO] testing sysinfolinux-0.1.1 against 1.99.0-beta.8 for beta-1.100-2
[INFO] extracting crate sysinfolinux 0.1.1 into /workspace/builds/worker-4-tc1/source
[INFO] started tweaking crates.io crate sysinfolinux 0.1.1
[INFO] removed 0 missing examples
[INFO] removed 0 missing tests
[INFO] finished tweaking crates.io crate sysinfolinux 0.1.1
[INFO] tweaked toml for crates.io crate sysinfolinux 0.1.1 written to /workspace/builds/worker-4-tc1/source/Cargo.toml
[INFO] validating manifest of crates.io crate sysinfolinux 0.1.1 on toolchain 1.99.0-beta.8
[INFO] running `Command { std: CARGO_HOME="/workspace/cargo-home" RUSTUP_HOME="/workspace/rustup-home" "/workspace/cargo-home/bin/cargo" "+1.99.0-beta.8" "metadata" "--manifest-path" "Cargo.toml" "--no-deps", kill_on_drop: false }`
[INFO] crate crates.io crate sysinfolinux 0.1.1 already has a lockfile, it will not be regenerated
[INFO] running `Command { std: CARGO_HOME="/workspace/cargo-home" RUSTUP_HOME="/workspace/rustup-home" "/workspace/cargo-home/bin/cargo" "+1.99.0-beta.8" "fetch" "--manifest-path" "Cargo.toml", kill_on_drop: false }`
[INFO] running `Command { std: "docker" "create" "-v" "/var/lib/crater-agent-workspace/builds/worker-4-tc1/source:/opt/rustwide/workdir:ro,Z" "-v" "/var/lib/crater-agent-workspace/builds/worker-4-tc1/target:/opt/rustwide/target:rw,Z" "-v" "/var/lib/crater-agent-workspace/cargo-home:/opt/rustwide/cargo-home:ro,Z" "-v" "/var/lib/crater-agent-workspace/rustup-home:/opt/rustwide/rustup-home:ro,Z" "-m" "1610612736" "--network" "none" "ghcr.io/rust-lang/crates-build-env/linux@sha256:3111399a4047eeb3a02b7a90e478d715f38a8c6669b5c4b49d30a17385265909" "sleep" "infinity", kill_on_drop: false }`
[INFO] [stdout] 4ccf362fe4fc7610ddd797c9bc77c898055985537256b8ece6db2c9a0af47892
[INFO] running `Command { std: "docker" "start" "4ccf362fe4fc7610ddd797c9bc77c898055985537256b8ece6db2c9a0af47892", kill_on_drop: false }`
[INFO] running `Command { std: "docker" "inspect" "4ccf362fe4fc7610ddd797c9bc77c898055985537256b8ece6db2c9a0af47892", kill_on_drop: false }`
[INFO] running `Command { std: "docker" "exec" "-e" "SOURCE_DIR=/opt/rustwide/workdir" "-e" "CARGO_HOME=/opt/rustwide/cargo-home" "-e" "RUSTUP_HOME=/opt/rustwide/rustup-home" "-e" "CARGO_TARGET_DIR=/opt/rustwide/target" "-w" "/opt/rustwide/workdir" "--user" "0:0" "4ccf362fe4fc7610ddd797c9bc77c898055985537256b8ece6db2c9a0af47892" "/opt/rustwide/cargo-home/bin/cargo" "+1.99.0-beta.8" "metadata" "--no-deps" "--format-version=1", kill_on_drop: false }`
[INFO] running `Command { std: "docker" "inspect" "4ccf362fe4fc7610ddd797c9bc77c898055985537256b8ece6db2c9a0af47892", kill_on_drop: false }`
[INFO] running `Command { std: "docker" "exec" "-e" "SOURCE_DIR=/opt/rustwide/workdir" "-e" "CARGO_HOME=/opt/rustwide/cargo-home" "-e" "RUSTUP_HOME=/opt/rustwide/rustup-home" "-e" "CARGO_TARGET_DIR=/opt/rustwide/target" "-e" "CARGO_INCREMENTAL=0" "-e" "RUST_BACKTRACE=full" "-e" "RUSTFLAGS=--cap-lints=warn" "-e" "RUSTDOCFLAGS=--cap-lints=warn" "-w" "/opt/rustwide/workdir" "--user" "0:0" "4ccf362fe4fc7610ddd797c9bc77c898055985537256b8ece6db2c9a0af47892" "/opt/rustwide/cargo-home/bin/cargo" "+1.99.0-beta.8" "build" "--frozen" "--message-format=json", kill_on_drop: false }`
[INFO] [stderr]    Compiling sysinfolinux v0.1.1 (/opt/rustwide/workdir)
[INFO] [stderr]     Finished `dev` profile [unoptimized + debuginfo] target(s) in 2.47s
[INFO] running `Command { std: "docker" "inspect" "4ccf362fe4fc7610ddd797c9bc77c898055985537256b8ece6db2c9a0af47892", kill_on_drop: false }`
[INFO] running `Command { std: "docker" "exec" "-e" "SOURCE_DIR=/opt/rustwide/workdir" "-e" "CARGO_HOME=/opt/rustwide/cargo-home" "-e" "RUSTUP_HOME=/opt/rustwide/rustup-home" "-e" "CARGO_TARGET_DIR=/opt/rustwide/target" "-e" "CARGO_INCREMENTAL=0" "-e" "RUST_BACKTRACE=full" "-e" "RUSTFLAGS=--cap-lints=warn" "-e" "RUSTDOCFLAGS=--cap-lints=warn" "-w" "/opt/rustwide/workdir" "--user" "0:0" "4ccf362fe4fc7610ddd797c9bc77c898055985537256b8ece6db2c9a0af47892" "/opt/rustwide/cargo-home/bin/cargo" "+1.99.0-beta.8" "test" "--frozen" "--no-run" "--message-format=json", kill_on_drop: false }`
[INFO] [stderr]    Compiling bitflags v2.13.1
[INFO] [stderr]    Compiling regex-automata v0.4.16
[INFO] [stderr]    Compiling either v1.17.0
[INFO] [stderr]    Compiling serde_core v1.0.229
[INFO] [stderr]    Compiling getrandom v0.4.3
[INFO] [stderr]    Compiling itertools v0.14.0
[INFO] [stderr]    Compiling rustix v1.1.4
[INFO] [stderr]    Compiling bstr v1.13.0
[INFO] [stderr]    Compiling tempfile v3.27.0
[INFO] [stderr]    Compiling serde_json v1.0.151
[INFO] [stderr]    Compiling sysinfolinux v0.1.1 (/opt/rustwide/workdir)
[INFO] [stdout] error[E0432]: unresolved import `sysinfo`
[INFO] [stdout]   --> tests/disk.rs:11:5
[INFO] [stdout]    |
[INFO] [stdout] 11 | use sysinfo::{DiskKind, DiskRefreshKind, Disks, Error};
[INFO] [stdout]    |     ^^^^^^^ use of unresolved module or unlinked crate `sysinfo`
[INFO] [stdout]    |
[INFO] [stdout]    = help: if you wanted to use a crate named `sysinfo`, use `cargo add sysinfo` to add it to your `Cargo.toml`
[INFO] [stdout] 
[INFO] [stdout] 
[INFO] [stdout] error[E0432]: unresolved import `sysinfo`
[INFO] [stdout]  --> tests/components.rs:6:5
[INFO] [stdout]   |
[INFO] [stdout] 6 | use sysinfo::Error;
[INFO] [stdout]   |     ^^^^^^^ use of unresolved module or unlinked crate `sysinfo`
[INFO] [stdout]   |
[INFO] [stdout]   = help: if you wanted to use a crate named `sysinfo`, use `cargo add sysinfo` to add it to your `Cargo.toml`
[INFO] [stdout] 
[INFO] [stdout] 
[INFO] [stdout] error[E0432]: unresolved import `sysinfo`
[INFO] [stdout]  --> examples/simple.rs:9:5
[INFO] [stdout]   |
[INFO] [stdout] 9 | use sysinfo::{
[INFO] [stdout]   |     ^^^^^^^ use of unresolved module or unlinked crate `sysinfo`
[INFO] [stdout]   |
[INFO] [stdout]   = help: if you wanted to use a crate named `sysinfo`, use `cargo add sysinfo` to add it to your `Cargo.toml`
[INFO] [stdout] 
[INFO] [stdout] 
[INFO] [stdout] error[E0433]: cannot find module or crate `sysinfo` in this scope
[INFO] [stdout]   --> tests/disk.rs:24:5
[INFO] [stdout]    |
[INFO] [stdout] 24 |     sysinfo::System::physical_core_count().unwrap_or_default() == 0
[INFO] [stdout]    |     ^^^^^^^ use of unresolved module or unlinked crate `sysinfo`
[INFO] [stdout]    |
[INFO] [stdout]    = help: if you wanted to use a crate named `sysinfo`, use `cargo add sysinfo` to add it to your `Cargo.toml`
[INFO] [stdout] help: consider importing this struct
[INFO] [stdout]    |
[INFO] [stdout]  5 + use std::alloc::System;
[INFO] [stdout]    |
[INFO] [stdout] help: if you import `System`, refer to it directly
[INFO] [stdout]    |
[INFO] [stdout] 24 -     sysinfo::System::physical_core_count().unwrap_or_default() == 0
[INFO] [stdout] 24 +     System::physical_core_count().unwrap_or_default() == 0
[INFO] [stdout]    |
[INFO] [stdout] 
[INFO] [stdout] 
[INFO] [stdout] error[E0433]: cannot find module or crate `sysinfo` in this scope
[INFO] [stdout]   --> tests/components.rs:10:23
[INFO] [stdout]    |
[INFO] [stdout] 10 |     let mut c = match sysinfo::Components::new() {
[INFO] [stdout]    |                       ^^^^^^^ use of unresolved module or unlinked crate `sysinfo`
[INFO] [stdout]    |
[INFO] [stdout]    = help: if you wanted to use a crate named `sysinfo`, use `cargo add sysinfo` to add it to your `Cargo.toml`
[INFO] [stdout] help: consider importing this struct
[INFO] [stdout]    |
[INFO] [stdout]  5 + use std::path::Components;
[INFO] [stdout]    |
[INFO] [stdout] help: if you import `Components`, refer to it directly
[INFO] [stdout]    |
[INFO] [stdout] 10 -     let mut c = match sysinfo::Components::new() {
[INFO] [stdout] 10 +     let mut c = match Components::new() {
[INFO] [stdout]    |
[INFO] [stdout] 
[INFO] [stdout] 
[INFO] [stdout] error[E0432]: unresolved import `sysinfo`
[INFO] [stdout]  --> tests/system.rs:6:5
[INFO] [stdout]   |
[INFO] [stdout] 6 | use sysinfo::{ProcessesToUpdate, System};
[INFO] [stdout]   |     ^^^^^^^ use of unresolved module or unlinked crate `sysinfo`
[INFO] [stdout]   |
[INFO] [stdout]   = help: if you wanted to use a crate named `sysinfo`, use `cargo add sysinfo` to add it to your `Cargo.toml`
[INFO] [stdout] 
[INFO] [stdout] 
[INFO] [stdout] error[E0432]: unresolved import `sysinfo`
[INFO] [stdout]    --> tests/system.rs:128:9
[INFO] [stdout]     |
[INFO] [stdout] 128 |     use sysinfo::{Pid, ProcessRefreshKind, System};
[INFO] [stdout]     |         ^^^^^^^ use of unresolved module or unlinked crate `sysinfo`
[INFO] [stdout]     |
[INFO] [stdout]     = help: if you wanted to use a crate named `sysinfo`, use `cargo add sysinfo` to add it to your `Cargo.toml`
[INFO] [stdout] 
[INFO] [stdout] 
[INFO] [stdout] warning: method call on a diverging inference variable
[INFO] [stdout]   --> tests/components.rs:19:15
[INFO] [stdout]    |
[INFO] [stdout] 19 |     assert!(c.is_empty());
[INFO] [stdout]    |               ^^^^^^^^
[INFO] [stdout]    |
[INFO] [stdout]    = help: consider providing a type annotation
[INFO] [stdout]    = warning: this was previously accepted by the compiler but is being phased out; it will become a hard error in a future release!
[INFO] [stdout]    = note: for more information, see issue #156047 <https://github.com/rust-lang/rust/issues/156047>
[INFO] [stdout]    = note: `#[warn(method_call_on_diverging_infer_var)]` (part of `#[warn(future_incompatible)]`) on by default
[INFO] [stdout] 
[INFO] [stdout] 
[INFO] [stdout] error[E0433]: cannot find module or crate `sysinfo` in this scope
[INFO] [stdout]   --> tests/send_sync.rs:10:15
[INFO] [stdout]    |
[INFO] [stdout] 10 |     is_send::<sysinfo::System>();
[INFO] [stdout]    |               ^^^^^^^ use of unresolved module or unlinked crate `sysinfo`
[INFO] [stdout]    |
[INFO] [stdout]    = help: if you wanted to use a crate named `sysinfo`, use `cargo add sysinfo` to add it to your `Cargo.toml`
[INFO] [stdout] 
[INFO] [stdout] 
[INFO] [stdout] error[E0433]: cannot find module or crate `sysinfo` in this scope
[INFO] [stdout]   --> tests/send_sync.rs:11:15
[INFO] [stdout]    |
[INFO] [stdout] 11 |     is_sync::<sysinfo::System>();
[INFO] [stdout]    |               ^^^^^^^ use of unresolved module or unlinked crate `sysinfo`
[INFO] [stdout]    |
[INFO] [stdout]    = help: if you wanted to use a crate named `sysinfo`, use `cargo add sysinfo` to add it to your `Cargo.toml`
[INFO] [stdout] 
[INFO] [stdout] 
[INFO] [stdout] For more information about this error, try `rustc --explain E0433`.
[INFO] [stdout] 
[INFO] [stderr] error: could not compile `sysinfolinux` (test "send_sync") due to 2 previous errors
[INFO] [stderr] warning: build failed, waiting for other jobs to finish...
[INFO] [stdout] error[E0599]: no method named `is_empty` found for type `!` in the current scope
[INFO] [stdout]   --> tests/components.rs:19:15
[INFO] [stdout]    |
[INFO] [stdout] 19 |     assert!(c.is_empty());
[INFO] [stdout]    |               ^^^^^^^^ method not found in `!`
[INFO] [stdout] 
[INFO] [stdout] 
[INFO] [stdout] error[E0433]: cannot find module or crate `sysinfo` in this scope
[INFO] [stdout]    --> examples/simple.rs:442:54
[INFO] [stdout]     |
[INFO] [stdout] 442 | ...                   if sys.refresh_processes(sysinfo::ProcessesToUpdate::Some(&[pid]), true)
[INFO] [stdout]     |                                                ^^^^^^^ use of unresolved module or unlinked crate `sysinfo`
[INFO] [stdout]     |
[INFO] [stdout]     = help: if you wanted to use a crate named `sysinfo`, use `cargo add sysinfo` to add it to your `Cargo.toml`
[INFO] [stdout] 
[INFO] [stdout] 
[INFO] [stdout] error[E0432]: unresolved import `sysinfo`
[INFO] [stdout]  --> tests/network.rs:7:5
[INFO] [stdout]   |
[INFO] [stdout] 7 | use sysinfo::{Error, Networks};
[INFO] [stdout]   |     ^^^^^^^ use of unresolved module or unlinked crate `sysinfo`
[INFO] [stdout]   |
[INFO] [stdout]   = help: if you wanted to use a crate named `sysinfo`, use `cargo add sysinfo` to add it to your `Cargo.toml`
[INFO] [stdout] 
[INFO] [stdout] 
[INFO] [stdout] error[E0599]: no method named `refresh` found for type `!` in the current scope
[INFO] [stdout]   --> tests/components.rs:26:7
[INFO] [stdout]    |
[INFO] [stdout] 26 |     c.refresh(false);
[INFO] [stdout]    |       ^^^^^^^ method not found in `!`
[INFO] [stdout] 
[INFO] [stdout] 
[INFO] [stdout] warning: unreachable expression
[INFO] [stdout]   --> tests/components.rs:26:15
[INFO] [stdout]    |
[INFO] [stdout] 26 |     c.refresh(false);
[INFO] [stdout]    |     -         ^^^^^ unreachable expression
[INFO] [stdout]    |     |
[INFO] [stdout]    |     any code following this expression is unreachable
[INFO] [stdout]    |
[INFO] [stdout]    = note: `#[warn(unreachable_code)]` (part of `#[warn(unused)]`) on by default
[INFO] [stdout] 
[INFO] [stdout] 
[INFO] [stdout] warning: method call on a diverging inference variable
[INFO] [stdout]   --> tests/network.rs:20:25
[INFO] [stdout]    |
[INFO] [stdout] 20 |     assert_eq!(networks.list().len(), 0);
[INFO] [stdout]    |                         ^^^^
[INFO] [stdout]    |
[INFO] [stdout]    = help: consider providing a type annotation
[INFO] [stdout]    = warning: this was previously accepted by the compiler but is being phased out; it will become a hard error in a future release!
[INFO] [stdout]    = note: for more information, see issue #156047 <https://github.com/rust-lang/rust/issues/156047>
[INFO] [stdout]    = note: `#[warn(method_call_on_diverging_infer_var)]` (part of `#[warn(future_incompatible)]`) on by default
[INFO] [stdout] 
[INFO] [stdout] 
[INFO] [stdout] error[E0599]: no method named `is_empty` found for type `!` in the current scope
[INFO] [stdout]   --> tests/components.rs:27:16
[INFO] [stdout]    |
[INFO] [stdout] 27 |     assert!(!c.is_empty());
[INFO] [stdout]    |                ^^^^^^^^ method not found in `!`
[INFO] [stdout] 
[INFO] [stdout] 
[INFO] [stdout] warning: unreachable call
[INFO] [stdout]   --> tests/components.rs:27:16
[INFO] [stdout]    |
[INFO] [stdout] 27 |     assert!(!c.is_empty());
[INFO] [stdout]    |              - ^^^^^^^^ unreachable call
[INFO] [stdout]    |              |
[INFO] [stdout]    |              any code following this expression is unreachable
[INFO] [stdout] 
[INFO] [stdout] 
[INFO] [stdout] error[E0432]: unresolved import `sysinfo`
[INFO] [stdout]  --> tests/users.rs:5:5
[INFO] [stdout]   |
[INFO] [stdout] 5 | use sysinfo::{Error, Groups, Users};
[INFO] [stdout]   |     ^^^^^^^ use of unresolved module or unlinked crate `sysinfo`
[INFO] [stdout]   |
[INFO] [stdout]   = help: if you wanted to use a crate named `sysinfo`, use `cargo add sysinfo` to add it to your `Cargo.toml`
[INFO] [stdout] 
[INFO] [stdout] 
[INFO] [stdout] warning: method call on a diverging inference variable
[INFO] [stdout]   --> tests/users.rs:27:22
[INFO] [stdout]    |
[INFO] [stdout] 27 |     assert_eq!(users.iter().count(), 0);
[INFO] [stdout]    |                      ^^^^
[INFO] [stdout]    |
[INFO] [stdout]    = help: consider providing a type annotation
[INFO] [stdout]    = warning: this was previously accepted by the compiler but is being phased out; it will become a hard error in a future release!
[INFO] [stdout]    = note: for more information, see issue #156047 <https://github.com/rust-lang/rust/issues/156047>
[INFO] [stdout]    = note: `#[warn(method_call_on_diverging_infer_var)]` (part of `#[warn(future_incompatible)]`) on by default
[INFO] [stdout] 
[INFO] [stdout] 
[INFO] [stdout] error[E0599]: no method named `list` found for type `!` in the current scope
[INFO] [stdout]   --> tests/network.rs:20:25
[INFO] [stdout]    |
[INFO] [stdout] 20 |     assert_eq!(networks.list().len(), 0);
[INFO] [stdout]    |                         ^^^^
[INFO] [stdout]    |
[INFO] [stdout] help: there is a method `lt` with a similar name, but with different arguments
[INFO] [stdout]   --> /rustc/dfb0accb7f508ae8be965d8629557221c889dd98/library/core/src/cmp.rs:1422:4
[INFO] [stdout] 
[INFO] [stdout] 
[INFO] [stdout] error[E0432]: unresolved import `sysinfo`
[INFO] [stdout]  --> tests/process.rs:6:5
[INFO] [stdout]   |
[INFO] [stdout] 6 | use sysinfo::{Pid, ProcessRefreshKind, ProcessesToUpdate, RefreshKind, System, UpdateKind};
[INFO] [stdout]   |     ^^^^^^^ use of unresolved module or unlinked crate `sysinfo`
[INFO] [stdout]   |
[INFO] [stdout]   = help: if you wanted to use a crate named `sysinfo`, use `cargo add sysinfo` to add it to your `Cargo.toml`
[INFO] [stdout] 
[INFO] [stdout] 
[INFO] [stdout] error[E0432]: unresolved import `sysinfo`
[INFO] [stdout]    --> tests/process.rs:206:9
[INFO] [stdout]     |
[INFO] [stdout] 206 |     use sysinfo::get_current_pid;
[INFO] [stdout]     |         ^^^^^^^ use of unresolved module or unlinked crate `sysinfo`
[INFO] [stdout]     |
[INFO] [stdout]     = help: if you wanted to use a crate named `sysinfo`, use `cargo add sysinfo` to add it to your `Cargo.toml`
[INFO] [stdout] 
[INFO] [stdout] 
[INFO] [stdout] error[E0433]: cannot find module or crate `sysinfo` in this scope
[INFO] [stdout]  --> tests/cpu.rs:8:21
[INFO] [stdout]   |
[INFO] [stdout] 8 |     let Ok(mut s) = sysinfo::System::new() else {
[INFO] [stdout]   |                     ^^^^^^^ use of unresolved module or unlinked crate `sysinfo`
[INFO] [stdout]   |
[INFO] [stdout]   = help: if you wanted to use a crate named `sysinfo`, use `cargo add sysinfo` to add it to your `Cargo.toml`
[INFO] [stdout] help: consider importing this struct
[INFO] [stdout]   |
[INFO] [stdout] 6 + use std::alloc::System;
[INFO] [stdout]   |
[INFO] [stdout] help: if you import `System`, refer to it directly
[INFO] [stdout]   |
[INFO] [stdout] 8 -     let Ok(mut s) = sysinfo::System::new() else {
[INFO] [stdout] 8 +     let Ok(mut s) = System::new() else {
[INFO] [stdout]   |
[INFO] [stdout] 
[INFO] [stdout] 
[INFO] [stdout] error[E0599]: no method named `refresh` found for type `!` in the current scope
[INFO] [stdout]   --> tests/network.rs:21:14
[INFO] [stdout]    |
[INFO] [stdout] 21 |     networks.refresh(false);
[INFO] [stdout]    |              ^^^^^^^ method not found in `!`
[INFO] [stdout] 
[INFO] [stdout] 
[INFO] [stdout] Some errors have detailed explanations: E0432, E0433, E0599.
[INFO] [stdout] 
[INFO] [stdout] warning: unreachable expression
[INFO] [stdout]   --> tests/network.rs:21:22
[INFO] [stdout]    |
[INFO] [stdout] 21 |     networks.refresh(false);
[INFO] [stdout]    |     --------         ^^^^^ unreachable expression
[INFO] [stdout]    |     |
[INFO] [stdout]    |     any code following this expression is unreachable
[INFO] [stdout]    |
[INFO] [stdout]    = note: `#[warn(unreachable_code)]` (part of `#[warn(unused)]`) on by default
[INFO] [stdout] 
[INFO] [stdout] 
[INFO] [stdout] For more information about an error, try `rustc --explain E0432`.
[INFO] [stdout] 
[INFO] [stdout] error[E0599]: no method named `iter` found for type `!` in the current scope
[INFO] [stdout]   --> tests/users.rs:27:22
[INFO] [stdout]    |
[INFO] [stdout] 27 |     assert_eq!(users.iter().count(), 0);
[INFO] [stdout]    |                      ^^^^ method not found in `!`
[INFO] [stdout] 
[INFO] [stdout] 
[INFO] [stdout] error[E0433]: cannot find module or crate `sysinfo` in this scope
[INFO] [stdout]   --> tests/cpu.rs:16:13
[INFO] [stdout]    |
[INFO] [stdout] 16 |     let s = sysinfo::System::new_all().unwrap();
[INFO] [stdout]    |             ^^^^^^^ use of unresolved module or unlinked crate `sysinfo`
[INFO] [stdout]    |
[INFO] [stdout]    = help: if you wanted to use a crate named `sysinfo`, use `cargo add sysinfo` to add it to your `Cargo.toml`
[INFO] [stdout] help: consider importing this struct
[INFO] [stdout]    |
[INFO] [stdout]  6 + use std::alloc::System;
[INFO] [stdout]    |
[INFO] [stdout] help: if you import `System`, refer to it directly
[INFO] [stdout]    |
[INFO] [stdout] 16 -     let s = sysinfo::System::new_all().unwrap();
[INFO] [stdout] 16 +     let s = System::new_all().unwrap();
[INFO] [stdout]    |
[INFO] [stdout] 
[INFO] [stdout] 
[INFO] [stdout] error[E0433]: cannot find module or crate `sysinfo` in this scope
[INFO] [stdout]   --> tests/cpu.rs:31:21
[INFO] [stdout]    |
[INFO] [stdout] 31 |         let count = sysinfo::System::physical_core_count();
[INFO] [stdout]    |                     ^^^^^^^ use of unresolved module or unlinked crate `sysinfo`
[INFO] [stdout]    |
[INFO] [stdout]    = help: if you wanted to use a crate named `sysinfo`, use `cargo add sysinfo` to add it to your `Cargo.toml`
[INFO] [stdout] help: consider importing this struct
[INFO] [stdout]    |
[INFO] [stdout]  6 + use std::alloc::System;
[INFO] [stdout]    |
[INFO] [stdout] help: if you import `System`, refer to it directly
[INFO] [stdout]    |
[INFO] [stdout] 31 -         let count = sysinfo::System::physical_core_count();
[INFO] [stdout] 31 +         let count = System::physical_core_count();
[INFO] [stdout]    |
[INFO] [stdout] 
[INFO] [stdout] 
[INFO] [stdout] error[E0433]: cannot find module or crate `sysinfo` in this scope
[INFO] [stdout]   --> tests/cpu.rs:39:21
[INFO] [stdout]    |
[INFO] [stdout] 39 |     let Ok(mut s) = sysinfo::System::new() else {
[INFO] [stdout]    |                     ^^^^^^^ use of unresolved module or unlinked crate `sysinfo`
[INFO] [stdout]    |
[INFO] [stdout]    = help: if you wanted to use a crate named `sysinfo`, use `cargo add sysinfo` to add it to your `Cargo.toml`
[INFO] [stdout] help: consider importing this struct
[INFO] [stdout]    |
[INFO] [stdout]  6 + use std::alloc::System;
[INFO] [stdout]    |
[INFO] [stdout] help: if you import `System`, refer to it directly
[INFO] [stdout]    |
[INFO] [stdout] 39 -     let Ok(mut s) = sysinfo::System::new() else {
[INFO] [stdout] 39 +     let Ok(mut s) = System::new() else {
[INFO] [stdout]    |
[INFO] [stdout] 
[INFO] [stdout] 
[INFO] [stdout] error[E0599]: no method named `list` found for type `!` in the current scope
[INFO] [stdout]   --> tests/network.rs:22:25
[INFO] [stdout]    |
[INFO] [stdout] 22 |     assert_ne!(networks.list().len(), 0);
[INFO] [stdout]    |                         ^^^^
[INFO] [stdout]    |
[INFO] [stdout] help: there is a method `lt` with a similar name, but with different arguments
[INFO] [stdout]   --> /rustc/dfb0accb7f508ae8be965d8629557221c889dd98/library/core/src/cmp.rs:1422:4
[INFO] [stdout] 
[INFO] [stdout] 
[INFO] [stdout] warning: unreachable call
[INFO] [stdout]   --> tests/network.rs:22:25
[INFO] [stdout]    |
[INFO] [stdout] 22 |     assert_ne!(networks.list().len(), 0);
[INFO] [stdout]    |                -------- ^^^^ unreachable call
[INFO] [stdout]    |                |
[INFO] [stdout]    |                any code following this expression is unreachable
[INFO] [stdout] 
[INFO] [stdout] 
[INFO] [stdout] warning: method call on a diverging inference variable
[INFO] [stdout]   --> tests/network.rs:36:14
[INFO] [stdout]    |
[INFO] [stdout] 36 |     networks.refresh(false);
[INFO] [stdout]    |              ^^^^^^^
[INFO] [stdout]    |
[INFO] [stdout]    = help: consider providing a type annotation
[INFO] [stdout]    = warning: this was previously accepted by the compiler but is being phased out; it will become a hard error in a future release!
[INFO] [stdout]    = note: for more information, see issue #156047 <https://github.com/rust-lang/rust/issues/156047>
[INFO] [stdout] 
[INFO] [stdout] 
[INFO] [stdout] error[E0599]: no method named `refresh` found for type `!` in the current scope
[INFO] [stdout]   --> tests/users.rs:28:11
[INFO] [stdout]    |
[INFO] [stdout] 28 |     users.refresh();
[INFO] [stdout]    |           ^^^^^^^ method not found in `!`
[INFO] [stdout] 
[INFO] [stdout] 
[INFO] [stdout] warning: unreachable call
[INFO] [stdout]   --> tests/users.rs:28:11
[INFO] [stdout]    |
[INFO] [stdout] 28 |     users.refresh();
[INFO] [stdout]    |     ----- ^^^^^^^ unreachable call
[INFO] [stdout]    |     |
[INFO] [stdout]    |     any code following this expression is unreachable
[INFO] [stdout]    |
[INFO] [stdout]    = note: `#[warn(unreachable_code)]` (part of `#[warn(unused)]`) on by default
[INFO] [stdout] 
[INFO] [stdout] 
[INFO] [stdout] Some errors have detailed explanations: E0432, E0433.
[INFO] [stdout] 
[INFO] [stdout] For more information about an error, try `rustc --explain E0432`.
[INFO] [stdout] 
[INFO] [stdout] error[E0599]: no method named `refresh` found for type `!` in the current scope
[INFO] [stdout]   --> tests/network.rs:36:14
[INFO] [stdout]    |
[INFO] [stdout] 36 |     networks.refresh(false);
[INFO] [stdout]    |              ^^^^^^^ method not found in `!`
[INFO] [stdout] 
[INFO] [stdout] 
[INFO] [stdout] error[E0599]: no method named `iter` found for type `!` in the current scope
[INFO] [stdout]   --> tests/users.rs:29:19
[INFO] [stdout]    |
[INFO] [stdout] 29 |     assert!(users.iter().count() > 0);
[INFO] [stdout]    |                   ^^^^ method not found in `!`
[INFO] [stdout] 
[INFO] [stdout] 
[INFO] [stdout] warning: unreachable call
[INFO] [stdout]   --> tests/users.rs:29:19
[INFO] [stdout]    |
[INFO] [stdout] 29 |     assert!(users.iter().count() > 0);
[INFO] [stdout]    |             ----- ^^^^ unreachable call
[INFO] [stdout]    |             |
[INFO] [stdout]    |             any code following this expression is unreachable
[INFO] [stdout] 
[INFO] [stdout] 
[INFO] [stderr] error: could not compile `sysinfolinux` (test "components") due to 5 previous errors; 4 warnings emitted
[INFO] [stdout] error[E0599]: no method named `list` found for type `!` in the current scope
[INFO] [stdout]   --> tests/network.rs:37:25
[INFO] [stdout]    |
[INFO] [stdout] 37 |     assert_ne!(networks.list().len(), 0);
[INFO] [stdout]    |                         ^^^^
[INFO] [stdout]    |
[INFO] [stdout] help: there is a method `lt` with a similar name, but with different arguments
[INFO] [stdout]   --> /rustc/dfb0accb7f508ae8be965d8629557221c889dd98/library/core/src/cmp.rs:1422:4
[INFO] [stdout] 
[INFO] [stdout] 
[INFO] [stdout] warning: unreachable call
[INFO] [stdout]   --> tests/network.rs:37:25
[INFO] [stdout]    |
[INFO] [stdout] 37 |     assert_ne!(networks.list().len(), 0);
[INFO] [stdout]    |                -------- ^^^^ unreachable call
[INFO] [stdout]    |                |
[INFO] [stdout]    |                any code following this expression is unreachable
[INFO] [stdout] 
[INFO] [stdout] 
[INFO] [stdout] error[E0599]: no method named `first` found for type `!` in the current scope
[INFO] [stdout]   --> tests/users.rs:30:23
[INFO] [stdout]    |
[INFO] [stdout] 30 |     let count = users.first().unwrap().groups().iter().len();
[INFO] [stdout]    |                       ^^^^^ method not found in `!`
[INFO] [stdout] 
[INFO] [stdout] 
[INFO] [stdout] warning: unreachable call
[INFO] [stdout]   --> tests/users.rs:30:23
[INFO] [stdout]    |
[INFO] [stdout] 30 |     let count = users.first().unwrap().groups().iter().len();
[INFO] [stdout]    |                 ----- ^^^^^ unreachable call
[INFO] [stdout]    |                 |
[INFO] [stdout]    |                 any code following this expression is unreachable
[INFO] [stdout] 
[INFO] [stdout] 
[INFO] [stdout] error[E0433]: cannot find module or crate `sysinfo` in this scope
[INFO] [stdout]   --> tests/cpu.rs:30:8
[INFO] [stdout]    |
[INFO] [stdout] 30 |     if sysinfo::IS_SUPPORTED_SYSTEM {
[INFO] [stdout]    |        ^^^^^^^ use of unresolved module or unlinked crate `sysinfo`
[INFO] [stdout]    |
[INFO] [stdout]    = help: if you wanted to use a crate named `sysinfo`, use `cargo add sysinfo` to add it to your `Cargo.toml`
[INFO] [stdout] 
[INFO] [stdout] 
[INFO] [stdout] error[E0599]: no method named `iter` found for type `!` in the current scope
[INFO] [stdout]   --> tests/network.rs:39:10
[INFO] [stdout]    |
[INFO] [stdout] 38 | /     networks
[INFO] [stdout] 39 | |         .iter()
[INFO] [stdout]    | |         -^^^^ method not found in `!`
[INFO] [stdout]    | |_________|
[INFO] [stdout]    |
[INFO] [stdout] 
[INFO] [stdout] 
[INFO] [stdout] warning: unreachable call
[INFO] [stdout]   --> tests/network.rs:39:10
[INFO] [stdout]    |
[INFO] [stdout] 38 |     networks
[INFO] [stdout]    |     -------- any code following this expression is unreachable
[INFO] [stdout] 39 |         .iter()
[INFO] [stdout]    |          ^^^^ unreachable call
[INFO] [stdout] 
[INFO] [stdout] 
[INFO] [stdout] error[E0599]: no method named `first` found for type `!` in the current scope
[INFO] [stdout]   --> tests/users.rs:32:23
[INFO] [stdout]    |
[INFO] [stdout] 32 |         assert!(users.first().unwrap().groups().iter().len() == count)
[INFO] [stdout]    |                       ^^^^^ method not found in `!`
[INFO] [stdout] 
[INFO] [stdout] 
[INFO] [stdout] warning: unreachable call
[INFO] [stdout]   --> tests/users.rs:32:23
[INFO] [stdout]    |
[INFO] [stdout] 32 |         assert!(users.first().unwrap().groups().iter().len() == count)
[INFO] [stdout]    |                 ----- ^^^^^ unreachable call
[INFO] [stdout]    |                 |
[INFO] [stdout]    |                 any code following this expression is unreachable
[INFO] [stdout] 
[INFO] [stdout] 
[INFO] [stdout] warning: method call on a diverging inference variable
[INFO] [stdout]   --> tests/users.rs:48:12
[INFO] [stdout]    |
[INFO] [stdout] 48 |     groups.refresh();
[INFO] [stdout]    |            ^^^^^^^
[INFO] [stdout]    |
[INFO] [stdout]    = help: consider providing a type annotation
[INFO] [stdout]    = warning: this was previously accepted by the compiler but is being phased out; it will become a hard error in a future release!
[INFO] [stdout]    = note: for more information, see issue #156047 <https://github.com/rust-lang/rust/issues/156047>
[INFO] [stdout] 
[INFO] [stdout] 
[INFO] [stdout] Some errors have detailed explanations: E0432, E0599.
[INFO] [stdout] 
[INFO] [stdout] For more information about an error, try `rustc --explain E0432`.
[INFO] [stdout] 
[INFO] [stderr] error: could not compile `sysinfolinux` (test "disk") due to 2 previous errors
[INFO] [stdout] error[E0599]: no method named `refresh` found for type `!` in the current scope
[INFO] [stdout]   --> tests/users.rs:48:12
[INFO] [stdout]    |
[INFO] [stdout] 48 |     groups.refresh();
[INFO] [stdout]    |            ^^^^^^^ method not found in `!`
[INFO] [stdout] 
[INFO] [stdout] 
[INFO] [stdout] For more information about this error, try `rustc --explain E0433`.
[INFO] [stdout] 
[INFO] [stdout] error[E0599]: no method named `list` found for type `!` in the current scope
[INFO] [stdout]   --> tests/users.rs:49:20
[INFO] [stdout]    |
[INFO] [stdout] 49 |     assert!(groups.list().len() > 1);
[INFO] [stdout]    |                    ^^^^
[INFO] [stdout]    |
[INFO] [stdout] help: there is a method `lt` with a similar name, but with different arguments
[INFO] [stdout]   --> /rustc/dfb0accb7f508ae8be965d8629557221c889dd98/library/core/src/cmp.rs:1422:4
[INFO] [stdout] 
[INFO] [stdout] 
[INFO] [stdout] warning: unreachable call
[INFO] [stdout]   --> tests/users.rs:49:20
[INFO] [stdout]    |
[INFO] [stdout] 49 |     assert!(groups.list().len() > 1);
[INFO] [stdout]    |             ------ ^^^^ unreachable call
[INFO] [stdout]    |             |
[INFO] [stdout]    |             any code following this expression is unreachable
[INFO] [stdout] 
[INFO] [stdout] 
[INFO] [stderr] error: could not compile `sysinfolinux` (test "network") due to 7 previous errors; 8 warnings emitted
[INFO] [stdout] Some errors have detailed explanations: E0432, E0599.
[INFO] [stdout] 
[INFO] [stdout] For more information about an error, try `rustc --explain E0432`.
[INFO] [stdout] 
[INFO] [stderr] error: could not compile `sysinfolinux` (test "users") due to 8 previous errors; 9 warnings emitted
[INFO] [stderr] error: could not compile `sysinfolinux` (test "cpu") due to 5 previous errors
[INFO] [stdout] error[E0433]: cannot find module or crate `sysinfo` in this scope
[INFO] [stdout]    --> examples/simple.rs:467:17
[INFO] [stdout]     |
[INFO] [stdout] 467 |                 sysinfo::get_current_pid().expect("failed to get PID")
[INFO] [stdout]     |                 ^^^^^^^ use of unresolved module or unlinked crate `sysinfo`
[INFO] [stdout]     |
[INFO] [stdout]     = help: if you wanted to use a crate named `sysinfo`, use `cargo add sysinfo` to add it to your `Cargo.toml`
[INFO] [stdout] 
[INFO] [stdout] 
[INFO] [stdout] Some errors have detailed explanations: E0432, E0433.
[INFO] [stdout] 
[INFO] [stdout] For more information about an error, try `rustc --explain E0432`.
[INFO] [stdout] 
[INFO] [stderr] error: could not compile `sysinfolinux` (example "simple") due to 3 previous errors
[INFO] [stdout] error[E0433]: cannot find module or crate `sysinfo` in this scope
[INFO] [stdout]    --> tests/process.rs:799:36
[INFO] [stdout]     |
[INFO] [stdout] 799 |         assert_eq!(p.disk_usage(), sysinfo::DiskUsage::default());
[INFO] [stdout]     |                                    ^^^^^^^ use of unresolved module or unlinked crate `sysinfo`
[INFO] [stdout]     |
[INFO] [stdout]     = help: if you wanted to use a crate named `sysinfo`, use `cargo add sysinfo` to add it to your `Cargo.toml`
[INFO] [stdout] 
[INFO] [stdout] 
[INFO] [stdout] warning: unexpected `cfg` condition value: `apple-sandbox`
[INFO] [stdout]     --> src/common/system.rs:2974:23
[INFO] [stdout]      |
[INFO] [stdout] 2974 |             #[cfg(not(feature = "apple-sandbox"))]
[INFO] [stdout]      |                       ^^^^^^^^^^^^^^^^^^^^^^^^^
[INFO] [stdout]      |
[INFO] [stdout]      = note: expected values for `feature` are: `c-interface`, `component`, `debug`, `default`, `disk`, `gpu`, `linux-netdevs`, `linux-tmpfs`, `multithread`, `network`, `serde`, `system`, and `user`
[INFO] [stdout]      = help: consider adding `apple-sandbox` as a feature in `Cargo.toml`
[INFO] [stdout]      = note: see <https://doc.rust-lang.org/nightly/rustc/check-cfg/cargo-specifics.html> for more information about checking conditional configuration
[INFO] [stdout]      = note: `#[warn(unexpected_cfgs)]` on by default
[INFO] [stdout] 
[INFO] [stdout] 
[INFO] [stdout] warning: unexpected `cfg` condition value: `apple-sandbox`
[INFO] [stdout]     --> src/common/system.rs:3109:23
[INFO] [stdout]      |
[INFO] [stdout] 3109 |             #[cfg(not(feature = "apple-sandbox"))]
[INFO] [stdout]      |                       ^^^^^^^^^^^^^^^^^^^^^^^^^
[INFO] [stdout]      |
[INFO] [stdout]      = note: expected values for `feature` are: `c-interface`, `component`, `debug`, `default`, `disk`, `gpu`, `linux-netdevs`, `linux-tmpfs`, `multithread`, `network`, `serde`, `system`, and `user`
[INFO] [stdout]      = help: consider adding `apple-sandbox` as a feature in `Cargo.toml`
[INFO] [stdout]      = note: see <https://doc.rust-lang.org/nightly/rustc/check-cfg/cargo-specifics.html> for more information about checking conditional configuration
[INFO] [stdout] 
[INFO] [stdout] 
[INFO] [stdout] error[E0433]: cannot find module or crate `sysinfo` in this scope
[INFO] [stdout]     --> tests/process.rs:1236:27
[INFO] [stdout]      |
[INFO] [stdout] 1236 |     sys.refresh_processes(sysinfo::ProcessesToUpdate::All, true);
[INFO] [stdout]      |                           ^^^^^^^ use of unresolved module or unlinked crate `sysinfo`
[INFO] [stdout]      |
[INFO] [stdout]      = help: if you wanted to use a crate named `sysinfo`, use `cargo add sysinfo` to add it to your `Cargo.toml`
[INFO] [stdout] 
[INFO] [stdout] 
[INFO] [stdout] error[E0433]: cannot find module or crate `sysinfo` in this scope
[INFO] [stdout]    --> tests/process.rs:372:26
[INFO] [stdout]     |
[INFO] [stdout] 372 |     let mut new_system = sysinfo::System::new_with_specifics(RefreshKind::nothing()).unwrap();
[INFO] [stdout]     |                          ^^^^^^^ use of unresolved module or unlinked crate `sysinfo`
[INFO] [stdout]     |
[INFO] [stdout]     = help: if you wanted to use a crate named `sysinfo`, use `cargo add sysinfo` to add it to your `Cargo.toml`
[INFO] [stdout] help: consider importing this struct
[INFO] [stdout]     |
[INFO] [stdout]   5 + use std::alloc::System;
[INFO] [stdout]     |
[INFO] [stdout] help: if you import `System`, refer to it directly
[INFO] [stdout]     |
[INFO] [stdout] 372 -     let mut new_system = sysinfo::System::new_with_specifics(RefreshKind::nothing()).unwrap();
[INFO] [stdout] 372 +     let mut new_system = System::new_with_specifics(RefreshKind::nothing()).unwrap();
[INFO] [stdout]     |
[INFO] [stdout] 
[INFO] [stdout] 
[INFO] [stdout] warning: unexpected `cfg` condition value: `unknown-ci`
[INFO] [stdout]    --> tests/process.rs:451:9
[INFO] [stdout]     |
[INFO] [stdout] 451 |     not(feature = "unknown-ci")
[INFO] [stdout]     |         ^^^^^^^^^^^^^^^^^^^^^^
[INFO] [stdout]     |
[INFO] [stdout]     = note: expected values for `feature` are: `c-interface`, `component`, `debug`, `default`, `disk`, `gpu`, `linux-netdevs`, `linux-tmpfs`, `multithread`, `network`, `serde`, `system`, and `user`
[INFO] [stdout]     = help: consider adding `unknown-ci` as a feature in `Cargo.toml`
[INFO] [stdout]     = note: see <https://doc.rust-lang.org/nightly/rustc/check-cfg/cargo-specifics.html> for more information about checking conditional configuration
[INFO] [stdout]     = note: `#[warn(unexpected_cfgs)]` on by default
[INFO] [stdout] 
[INFO] [stdout] 
[INFO] [stdout] warning: unexpected `cfg` condition value: `apple-sandbox`
[INFO] [stdout]   --> tests/process.rs:30:13
[INFO] [stdout]    |
[INFO] [stdout] 30 |     if cfg!(feature = "apple-sandbox") {
[INFO] [stdout]    |             ^^^^^^^^^^^^^^^^^^^^^^^^^
[INFO] [stdout]    |
[INFO] [stdout]    = note: expected values for `feature` are: `c-interface`, `component`, `debug`, `default`, `disk`, `gpu`, `linux-netdevs`, `linux-tmpfs`, `multithread`, `network`, `serde`, `system`, and `user`
[INFO] [stdout]    = help: consider adding `apple-sandbox` as a feature in `Cargo.toml`
[INFO] [stdout]    = note: see <https://doc.rust-lang.org/nightly/rustc/check-cfg/cargo-specifics.html> for more information about checking conditional configuration
[INFO] [stdout] 
[INFO] [stdout] 
[INFO] [stdout] warning: unexpected `cfg` condition value: `apple-sandbox`
[INFO] [stdout]   --> tests/process.rs:60:13
[INFO] [stdout]    |
[INFO] [stdout] 60 |     if cfg!(feature = "apple-sandbox") {
[INFO] [stdout]    |             ^^^^^^^^^^^^^^^^^^^^^^^^^
[INFO] [stdout]    |
[INFO] [stdout]    = note: expected values for `feature` are: `c-interface`, `component`, `debug`, `default`, `disk`, `gpu`, `linux-netdevs`, `linux-tmpfs`, `multithread`, `network`, `serde`, `system`, and `user`
[INFO] [stdout]    = help: consider adding `apple-sandbox` as a feature in `Cargo.toml`
[INFO] [stdout]    = note: see <https://doc.rust-lang.org/nightly/rustc/check-cfg/cargo-specifics.html> for more information about checking conditional configuration
[INFO] [stdout] 
[INFO] [stdout] 
[INFO] [stdout] warning: unexpected `cfg` condition value: `apple-sandbox`
[INFO] [stdout]    --> tests/process.rs:104:13
[INFO] [stdout]     |
[INFO] [stdout] 104 |     if cfg!(feature = "apple-sandbox") {
[INFO] [stdout]     |             ^^^^^^^^^^^^^^^^^^^^^^^^^
[INFO] [stdout]     |
[INFO] [stdout]     = note: expected values for `feature` are: `c-interface`, `component`, `debug`, `default`, `disk`, `gpu`, `linux-netdevs`, `linux-tmpfs`, `multithread`, `network`, `serde`, `system`, and `user`
[INFO] [stdout]     = help: consider adding `apple-sandbox` as a feature in `Cargo.toml`
[INFO] [stdout]     = note: see <https://doc.rust-lang.org/nightly/rustc/check-cfg/cargo-specifics.html> for more information about checking conditional configuration
[INFO] [stdout] 
[INFO] [stdout] 
[INFO] [stdout] warning: unexpected `cfg` condition value: `apple-sandbox`
[INFO] [stdout]    --> tests/process.rs:177:13
[INFO] [stdout]     |
[INFO] [stdout] 177 |     if cfg!(feature = "apple-sandbox") {
[INFO] [stdout]     |             ^^^^^^^^^^^^^^^^^^^^^^^^^
[INFO] [stdout]     |
[INFO] [stdout]     = note: expected values for `feature` are: `c-interface`, `component`, `debug`, `default`, `disk`, `gpu`, `linux-netdevs`, `linux-tmpfs`, `multithread`, `network`, `serde`, `system`, and `user`
[INFO] [stdout]     = help: consider adding `apple-sandbox` as a feature in `Cargo.toml`
[INFO] [stdout]     = note: see <https://doc.rust-lang.org/nightly/rustc/check-cfg/cargo-specifics.html> for more information about checking conditional configuration
[INFO] [stdout] 
[INFO] [stdout] 
[INFO] [stdout] warning: unexpected `cfg` condition value: `apple-sandbox`
[INFO] [stdout]    --> tests/process.rs:208:13
[INFO] [stdout]     |
[INFO] [stdout] 208 |     if cfg!(feature = "apple-sandbox") {
[INFO] [stdout]     |             ^^^^^^^^^^^^^^^^^^^^^^^^^
[INFO] [stdout]     |
[INFO] [stdout]     = note: expected values for `feature` are: `c-interface`, `component`, `debug`, `default`, `disk`, `gpu`, `linux-netdevs`, `linux-tmpfs`, `multithread`, `network`, `serde`, `system`, and `user`
[INFO] [stdout]     = help: consider adding `apple-sandbox` as a feature in `Cargo.toml`
[INFO] [stdout]     = note: see <https://doc.rust-lang.org/nightly/rustc/check-cfg/cargo-specifics.html> for more information about checking conditional configuration
[INFO] [stdout] 
[INFO] [stdout] 
[INFO] [stdout] warning: unexpected `cfg` condition value: `apple-sandbox`
[INFO] [stdout]    --> tests/process.rs:265:13
[INFO] [stdout]     |
[INFO] [stdout] 265 |     if cfg!(feature = "apple-sandbox") {
[INFO] [stdout]     |             ^^^^^^^^^^^^^^^^^^^^^^^^^
[INFO] [stdout]     |
[INFO] [stdout]     = note: expected values for `feature` are: `c-interface`, `component`, `debug`, `default`, `disk`, `gpu`, `linux-netdevs`, `linux-tmpfs`, `multithread`, `network`, `serde`, `system`, and `user`
[INFO] [stdout]     = help: consider adding `apple-sandbox` as a feature in `Cargo.toml`
[INFO] [stdout]     = note: see <https://doc.rust-lang.org/nightly/rustc/check-cfg/cargo-specifics.html> for more information about checking conditional configuration
[INFO] [stdout] 
[INFO] [stdout] 
[INFO] [stdout] warning: unexpected `cfg` condition value: `apple-sandbox`
[INFO] [stdout]    --> tests/process.rs:298:13
[INFO] [stdout]     |
[INFO] [stdout] 298 |     if cfg!(feature = "apple-sandbox") {
[INFO] [stdout]     |             ^^^^^^^^^^^^^^^^^^^^^^^^^
[INFO] [stdout]     |
[INFO] [stdout]     = note: expected values for `feature` are: `c-interface`, `component`, `debug`, `default`, `disk`, `gpu`, `linux-netdevs`, `linux-tmpfs`, `multithread`, `network`, `serde`, `system`, and `user`
[INFO] [stdout]     = help: consider adding `apple-sandbox` as a feature in `Cargo.toml`
[INFO] [stdout]     = note: see <https://doc.rust-lang.org/nightly/rustc/check-cfg/cargo-specifics.html> for more information about checking conditional configuration
[INFO] [stdout] 
[INFO] [stdout] 
[INFO] [stdout] warning: unexpected `cfg` condition value: `apple-sandbox`
[INFO] [stdout]    --> tests/process.rs:334:13
[INFO] [stdout]     |
[INFO] [stdout] 334 |     if cfg!(feature = "apple-sandbox") {
[INFO] [stdout]     |             ^^^^^^^^^^^^^^^^^^^^^^^^^
[INFO] [stdout]     |
[INFO] [stdout]     = note: expected values for `feature` are: `c-interface`, `component`, `debug`, `default`, `disk`, `gpu`, `linux-netdevs`, `linux-tmpfs`, `multithread`, `network`, `serde`, `system`, and `user`
[INFO] [stdout]     = help: consider adding `apple-sandbox` as a feature in `Cargo.toml`
[INFO] [stdout]     = note: see <https://doc.rust-lang.org/nightly/rustc/check-cfg/cargo-specifics.html> for more information about checking conditional configuration
[INFO] [stdout] 
[INFO] [stdout] 
[INFO] [stdout] warning: unexpected `cfg` condition value: `apple-sandbox`
[INFO] [stdout]    --> tests/process.rs:345:13
[INFO] [stdout]     |
[INFO] [stdout] 345 |     if cfg!(feature = "apple-sandbox") {
[INFO] [stdout]     |             ^^^^^^^^^^^^^^^^^^^^^^^^^
[INFO] [stdout]     |
[INFO] [stdout]     = note: expected values for `feature` are: `c-interface`, `component`, `debug`, `default`, `disk`, `gpu`, `linux-netdevs`, `linux-tmpfs`, `multithread`, `network`, `serde`, `system`, and `user`
[INFO] [stdout]     = help: consider adding `apple-sandbox` as a feature in `Cargo.toml`
[INFO] [stdout]     = note: see <https://doc.rust-lang.org/nightly/rustc/check-cfg/cargo-specifics.html> for more information about checking conditional configuration
[INFO] [stdout] 
[INFO] [stdout] 
[INFO] [stdout] warning: unexpected `cfg` condition value: `apple-sandbox`
[INFO] [stdout]    --> tests/process.rs:399:13
[INFO] [stdout]     |
[INFO] [stdout] 399 |     if cfg!(feature = "apple-sandbox") || System::new().is_err() {
[INFO] [stdout]     |             ^^^^^^^^^^^^^^^^^^^^^^^^^
[INFO] [stdout]     |
[INFO] [stdout]     = note: expected values for `feature` are: `c-interface`, `component`, `debug`, `default`, `disk`, `gpu`, `linux-netdevs`, `linux-tmpfs`, `multithread`, `network`, `serde`, `system`, and `user`
[INFO] [stdout]     = help: consider adding `apple-sandbox` as a feature in `Cargo.toml`
[INFO] [stdout]     = note: see <https://doc.rust-lang.org/nightly/rustc/check-cfg/cargo-specifics.html> for more information about checking conditional configuration
[INFO] [stdout] 
[INFO] [stdout] 
[INFO] [stdout] warning: unexpected `cfg` condition value: `apple-sandbox`
[INFO] [stdout]    --> tests/process.rs:455:13
[INFO] [stdout]     |
[INFO] [stdout] 455 |     if cfg!(feature = "apple-sandbox") {
[INFO] [stdout]     |             ^^^^^^^^^^^^^^^^^^^^^^^^^
[INFO] [stdout]     |
[INFO] [stdout]     = note: expected values for `feature` are: `c-interface`, `component`, `debug`, `default`, `disk`, `gpu`, `linux-netdevs`, `linux-tmpfs`, `multithread`, `network`, `serde`, `system`, and `user`
[INFO] [stdout]     = help: consider adding `apple-sandbox` as a feature in `Cargo.toml`
[INFO] [stdout]     = note: see <https://doc.rust-lang.org/nightly/rustc/check-cfg/cargo-specifics.html> for more information about checking conditional configuration
[INFO] [stdout] 
[INFO] [stdout] 
[INFO] [stdout] warning: unexpected `cfg` condition value: `apple-sandbox`
[INFO] [stdout]    --> tests/process.rs:569:13
[INFO] [stdout]     |
[INFO] [stdout] 569 |     if cfg!(feature = "apple-sandbox") {
[INFO] [stdout]     |             ^^^^^^^^^^^^^^^^^^^^^^^^^
[INFO] [stdout]     |
[INFO] [stdout]     = note: expected values for `feature` are: `c-interface`, `component`, `debug`, `default`, `disk`, `gpu`, `linux-netdevs`, `linux-tmpfs`, `multithread`, `network`, `serde`, `system`, and `user`
[INFO] [stdout]     = help: consider adding `apple-sandbox` as a feature in `Cargo.toml`
[INFO] [stdout]     = note: see <https://doc.rust-lang.org/nightly/rustc/check-cfg/cargo-specifics.html> for more information about checking conditional configuration
[INFO] [stdout] 
[INFO] [stdout] 
[INFO] [stdout] warning: unexpected `cfg` condition value: `apple-sandbox`
[INFO] [stdout]    --> tests/process.rs:609:13
[INFO] [stdout]     |
[INFO] [stdout] 609 |     if cfg!(feature = "apple-sandbox") {
[INFO] [stdout]     |             ^^^^^^^^^^^^^^^^^^^^^^^^^
[INFO] [stdout]     |
[INFO] [stdout]     = note: expected values for `feature` are: `c-interface`, `component`, `debug`, `default`, `disk`, `gpu`, `linux-netdevs`, `linux-tmpfs`, `multithread`, `network`, `serde`, `system`, and `user`
[INFO] [stdout]     = help: consider adding `apple-sandbox` as a feature in `Cargo.toml`
[INFO] [stdout]     = note: see <https://doc.rust-lang.org/nightly/rustc/check-cfg/cargo-specifics.html> for more information about checking conditional configuration
[INFO] [stdout] 
[INFO] [stdout] 
[INFO] [stdout] warning: unexpected `cfg` condition value: `apple-sandbox`
[INFO] [stdout]    --> tests/process.rs:642:43
[INFO] [stdout]     |
[INFO] [stdout] 642 |     if !cfg!(target_os = "linux") || cfg!(feature = "apple-sandbox") {
[INFO] [stdout]     |                                           ^^^^^^^^^^^^^^^^^^^^^^^^^
[INFO] [stdout]     |
[INFO] [stdout]     = note: expected values for `feature` are: `c-interface`, `component`, `debug`, `default`, `disk`, `gpu`, `linux-netdevs`, `linux-tmpfs`, `multithread`, `network`, `serde`, `system`, and `user`
[INFO] [stdout]     = help: consider adding `apple-sandbox` as a feature in `Cargo.toml`
[INFO] [stdout]     = note: see <https://doc.rust-lang.org/nightly/rustc/check-cfg/cargo-specifics.html> for more information about checking conditional configuration
[INFO] [stdout] 
[INFO] [stdout] 
[INFO] [stdout] warning: unexpected `cfg` condition value: `apple-sandbox`
[INFO] [stdout]    --> tests/process.rs:686:13
[INFO] [stdout]     |
[INFO] [stdout] 686 |     if cfg!(feature = "apple-sandbox") {
[INFO] [stdout]     |             ^^^^^^^^^^^^^^^^^^^^^^^^^
[INFO] [stdout]     |
[INFO] [stdout]     = note: expected values for `feature` are: `c-interface`, `component`, `debug`, `default`, `disk`, `gpu`, `linux-netdevs`, `linux-tmpfs`, `multithread`, `network`, `serde`, `system`, and `user`
[INFO] [stdout]     = help: consider adding `apple-sandbox` as a feature in `Cargo.toml`
[INFO] [stdout]     = note: see <https://doc.rust-lang.org/nightly/rustc/check-cfg/cargo-specifics.html> for more information about checking conditional configuration
[INFO] [stdout] 
[INFO] [stdout] 
[INFO] [stdout] warning: unexpected `cfg` condition value: `apple-sandbox`
[INFO] [stdout]    --> tests/process.rs:715:13
[INFO] [stdout]     |
[INFO] [stdout] 715 |     if cfg!(feature = "apple-sandbox") {
[INFO] [stdout]     |             ^^^^^^^^^^^^^^^^^^^^^^^^^
[INFO] [stdout]     |
[INFO] [stdout]     = note: expected values for `feature` are: `c-interface`, `component`, `debug`, `default`, `disk`, `gpu`, `linux-netdevs`, `linux-tmpfs`, `multithread`, `network`, `serde`, `system`, and `user`
[INFO] [stdout]     = help: consider adding `apple-sandbox` as a feature in `Cargo.toml`
[INFO] [stdout]     = note: see <https://doc.rust-lang.org/nightly/rustc/check-cfg/cargo-specifics.html> for more information about checking conditional configuration
[INFO] [stdout] 
[INFO] [stdout] 
[INFO] [stdout] warning: unexpected `cfg` condition value: `apple-sandbox`
[INFO] [stdout]    --> tests/process.rs:734:13
[INFO] [stdout]     |
[INFO] [stdout] 734 |     if cfg!(feature = "apple-sandbox") {
[INFO] [stdout]     |             ^^^^^^^^^^^^^^^^^^^^^^^^^
[INFO] [stdout]     |
[INFO] [stdout]     = note: expected values for `feature` are: `c-interface`, `component`, `debug`, `default`, `disk`, `gpu`, `linux-netdevs`, `linux-tmpfs`, `multithread`, `network`, `serde`, `system`, and `user`
[INFO] [stdout]     = help: consider adding `apple-sandbox` as a feature in `Cargo.toml`
[INFO] [stdout]     = note: see <https://doc.rust-lang.org/nightly/rustc/check-cfg/cargo-specifics.html> for more information about checking conditional configuration
[INFO] [stdout] 
[INFO] [stdout] 
[INFO] [stdout] warning: unexpected `cfg` condition value: `apple-sandbox`
[INFO] [stdout]    --> tests/process.rs:779:13
[INFO] [stdout]     |
[INFO] [stdout] 779 |     if cfg!(feature = "apple-sandbox") {
[INFO] [stdout]     |             ^^^^^^^^^^^^^^^^^^^^^^^^^
[INFO] [stdout]     |
[INFO] [stdout]     = note: expected values for `feature` are: `c-interface`, `component`, `debug`, `default`, `disk`, `gpu`, `linux-netdevs`, `linux-tmpfs`, `multithread`, `network`, `serde`, `system`, and `user`
[INFO] [stdout]     = help: consider adding `apple-sandbox` as a feature in `Cargo.toml`
[INFO] [stdout]     = note: see <https://doc.rust-lang.org/nightly/rustc/check-cfg/cargo-specifics.html> for more information about checking conditional configuration
[INFO] [stdout] 
[INFO] [stdout] 
[INFO] [stdout] warning: unexpected `cfg` condition value: `apple-sandbox`
[INFO] [stdout]    --> tests/process.rs:877:9
[INFO] [stdout]     |
[INFO] [stdout] 877 |         feature = "apple-sandbox",
[INFO] [stdout]     |         ^^^^^^^^^^^^^^^^^^^^^^^^^
[INFO] [stdout]     |
[INFO] [stdout]     = note: expected values for `feature` are: `c-interface`, `component`, `debug`, `default`, `disk`, `gpu`, `linux-netdevs`, `linux-tmpfs`, `multithread`, `network`, `serde`, `system`, and `user`
[INFO] [stdout]     = help: consider adding `apple-sandbox` as a feature in `Cargo.toml`
[INFO] [stdout]     = note: see <https://doc.rust-lang.org/nightly/rustc/check-cfg/cargo-specifics.html> for more information about checking conditional configuration
[INFO] [stdout] 
[INFO] [stdout] 
[INFO] [stdout] warning: unexpected `cfg` condition value: `apple-sandbox`
[INFO] [stdout]    --> tests/process.rs:887:13
[INFO] [stdout]     |
[INFO] [stdout] 887 |     if cfg!(feature = "apple-sandbox") {
[INFO] [stdout]     |             ^^^^^^^^^^^^^^^^^^^^^^^^^
[INFO] [stdout]     |
[INFO] [stdout]     = note: expected values for `feature` are: `c-interface`, `component`, `debug`, `default`, `disk`, `gpu`, `linux-netdevs`, `linux-tmpfs`, `multithread`, `network`, `serde`, `system`, and `user`
[INFO] [stdout]     = help: consider adding `apple-sandbox` as a feature in `Cargo.toml`
[INFO] [stdout]     = note: see <https://doc.rust-lang.org/nightly/rustc/check-cfg/cargo-specifics.html> for more information about checking conditional configuration
[INFO] [stdout] 
[INFO] [stdout] 
[INFO] [stdout] warning: unexpected `cfg` condition value: `apple-sandbox`
[INFO] [stdout]    --> tests/process.rs:911:13
[INFO] [stdout]     |
[INFO] [stdout] 911 |     if cfg!(feature = "apple-sandbox") {
[INFO] [stdout]     |             ^^^^^^^^^^^^^^^^^^^^^^^^^
[INFO] [stdout]     |
[INFO] [stdout]     = note: expected values for `feature` are: `c-interface`, `component`, `debug`, `default`, `disk`, `gpu`, `linux-netdevs`, `linux-tmpfs`, `multithread`, `network`, `serde`, `system`, and `user`
[INFO] [stdout]     = help: consider adding `apple-sandbox` as a feature in `Cargo.toml`
[INFO] [stdout]     = note: see <https://doc.rust-lang.org/nightly/rustc/check-cfg/cargo-specifics.html> for more information about checking conditional configuration
[INFO] [stdout] 
[INFO] [stdout] 
[INFO] [stdout] warning: unexpected `cfg` condition value: `apple-sandbox`
[INFO] [stdout]    --> tests/process.rs:931:13
[INFO] [stdout]     |
[INFO] [stdout] 931 |     if cfg!(feature = "apple-sandbox") || cfg!(windows) {
[INFO] [stdout]     |             ^^^^^^^^^^^^^^^^^^^^^^^^^
[INFO] [stdout]     |
[INFO] [stdout]     = note: expected values for `feature` are: `c-interface`, `component`, `debug`, `default`, `disk`, `gpu`, `linux-netdevs`, `linux-tmpfs`, `multithread`, `network`, `serde`, `system`, and `user`
[INFO] [stdout]     = help: consider adding `apple-sandbox` as a feature in `Cargo.toml`
[INFO] [stdout]     = note: see <https://doc.rust-lang.org/nightly/rustc/check-cfg/cargo-specifics.html> for more information about checking conditional configuration
[INFO] [stdout] 
[INFO] [stdout] 
[INFO] [stdout] warning: unexpected `cfg` condition value: `apple-sandbox`
[INFO] [stdout]    --> tests/process.rs:980:13
[INFO] [stdout]     |
[INFO] [stdout] 980 |     if cfg!(feature = "apple-sandbox") || cfg!(windows) {
[INFO] [stdout]     |             ^^^^^^^^^^^^^^^^^^^^^^^^^
[INFO] [stdout]     |
[INFO] [stdout]     = note: expected values for `feature` are: `c-interface`, `component`, `debug`, `default`, `disk`, `gpu`, `linux-netdevs`, `linux-tmpfs`, `multithread`, `network`, `serde`, `system`, and `user`
[INFO] [stdout]     = help: consider adding `apple-sandbox` as a feature in `Cargo.toml`
[INFO] [stdout]     = note: see <https://doc.rust-lang.org/nightly/rustc/check-cfg/cargo-specifics.html> for more information about checking conditional configuration
[INFO] [stdout] 
[INFO] [stdout] 
[INFO] [stdout] warning: unexpected `cfg` condition value: `apple-sandbox`
[INFO] [stdout]     --> tests/process.rs:1052:13
[INFO] [stdout]      |
[INFO] [stdout] 1052 |     if cfg!(feature = "apple-sandbox") || cfg!(target_os = "freebsd") || cfg!(target_os = "netbsd")
[INFO] [stdout]      |             ^^^^^^^^^^^^^^^^^^^^^^^^^
[INFO] [stdout]      |
[INFO] [stdout]      = note: expected values for `feature` are: `c-interface`, `component`, `debug`, `default`, `disk`, `gpu`, `linux-netdevs`, `linux-tmpfs`, `multithread`, `network`, `serde`, `system`, and `user`
[INFO] [stdout]      = help: consider adding `apple-sandbox` as a feature in `Cargo.toml`
[INFO] [stdout]      = note: see <https://doc.rust-lang.org/nightly/rustc/check-cfg/cargo-specifics.html> for more information about checking conditional configuration
[INFO] [stdout] 
[INFO] [stdout] 
[INFO] [stdout] warning: unexpected `cfg` condition value: `apple-sandbox`
[INFO] [stdout]     --> tests/process.rs:1082:13
[INFO] [stdout]      |
[INFO] [stdout] 1082 |     if cfg!(feature = "apple-sandbox") {
[INFO] [stdout]      |             ^^^^^^^^^^^^^^^^^^^^^^^^^
[INFO] [stdout]      |
[INFO] [stdout]      = note: expected values for `feature` are: `c-interface`, `component`, `debug`, `default`, `disk`, `gpu`, `linux-netdevs`, `linux-tmpfs`, `multithread`, `network`, `serde`, `system`, and `user`
[INFO] [stdout]      = help: consider adding `apple-sandbox` as a feature in `Cargo.toml`
[INFO] [stdout]      = note: see <https://doc.rust-lang.org/nightly/rustc/check-cfg/cargo-specifics.html> for more information about checking conditional configuration
[INFO] [stdout] 
[INFO] [stdout] 
[INFO] [stdout] warning: unexpected `cfg` condition value: `apple-sandbox`
[INFO] [stdout]     --> tests/process.rs:1158:13
[INFO] [stdout]      |
[INFO] [stdout] 1158 |     if cfg!(feature = "apple-sandbox") {
[INFO] [stdout]      |             ^^^^^^^^^^^^^^^^^^^^^^^^^
[INFO] [stdout]      |
[INFO] [stdout]      = note: expected values for `feature` are: `c-interface`, `component`, `debug`, `default`, `disk`, `gpu`, `linux-netdevs`, `linux-tmpfs`, `multithread`, `network`, `serde`, `system`, and `user`
[INFO] [stdout]      = help: consider adding `apple-sandbox` as a feature in `Cargo.toml`
[INFO] [stdout]      = note: see <https://doc.rust-lang.org/nightly/rustc/check-cfg/cargo-specifics.html> for more information about checking conditional configuration
[INFO] [stdout] 
[INFO] [stdout] 
[INFO] [stdout] warning: unexpected `cfg` condition value: `apple-sandbox`
[INFO] [stdout]     --> tests/process.rs:1185:13
[INFO] [stdout]      |
[INFO] [stdout] 1185 |     if cfg!(feature = "apple-sandbox") {
[INFO] [stdout]      |             ^^^^^^^^^^^^^^^^^^^^^^^^^
[INFO] [stdout]      |
[INFO] [stdout]      = note: expected values for `feature` are: `c-interface`, `component`, `debug`, `default`, `disk`, `gpu`, `linux-netdevs`, `linux-tmpfs`, `multithread`, `network`, `serde`, `system`, and `user`
[INFO] [stdout]      = help: consider adding `apple-sandbox` as a feature in `Cargo.toml`
[INFO] [stdout]      = note: see <https://doc.rust-lang.org/nightly/rustc/check-cfg/cargo-specifics.html> for more information about checking conditional configuration
[INFO] [stdout] 
[INFO] [stdout] 
[INFO] [stdout] warning: unexpected `cfg` condition value: `apple-sandbox`
[INFO] [stdout]     --> tests/process.rs:1217:13
[INFO] [stdout]      |
[INFO] [stdout] 1217 |     if cfg!(feature = "apple-sandbox") {
[INFO] [stdout]      |             ^^^^^^^^^^^^^^^^^^^^^^^^^
[INFO] [stdout]      |
[INFO] [stdout]      = note: expected values for `feature` are: `c-interface`, `component`, `debug`, `default`, `disk`, `gpu`, `linux-netdevs`, `linux-tmpfs`, `multithread`, `network`, `serde`, `system`, and `user`
[INFO] [stdout]      = help: consider adding `apple-sandbox` as a feature in `Cargo.toml`
[INFO] [stdout]      = note: see <https://doc.rust-lang.org/nightly/rustc/check-cfg/cargo-specifics.html> for more information about checking conditional configuration
[INFO] [stdout] 
[INFO] [stdout] 
[INFO] [stdout] error[E0433]: cannot find module or crate `sysinfo` in this scope
[INFO] [stdout]    --> tests/system.rs:195:32
[INFO] [stdout]     |
[INFO] [stdout] 195 |     s.refresh_memory_specifics(sysinfo::MemoryRefreshKind::nothing().with_ram());
[INFO] [stdout]     |                                ^^^^^^^ use of unresolved module or unlinked crate `sysinfo`
[INFO] [stdout]     |
[INFO] [stdout]     = help: if you wanted to use a crate named `sysinfo`, use `cargo add sysinfo` to add it to your `Cargo.toml`
[INFO] [stdout] 
[INFO] [stdout] 
[INFO] [stdout] error[E0433]: cannot find module or crate `sysinfo` in this scope
[INFO] [stdout]    --> tests/system.rs:216:32
[INFO] [stdout]     |
[INFO] [stdout] 216 |     s.refresh_memory_specifics(sysinfo::MemoryRefreshKind::nothing().with_swap());
[INFO] [stdout]     |                                ^^^^^^^ use of unresolved module or unlinked crate `sysinfo`
[INFO] [stdout]     |
[INFO] [stdout]     = help: if you wanted to use a crate named `sysinfo`, use `cargo add sysinfo` to add it to your `Cargo.toml`
[INFO] [stdout] 
[INFO] [stdout] 
[INFO] [stdout] warning: unexpected `cfg` condition value: `apple-sandbox`
[INFO] [stdout]   --> tests/system.rs:25:17
[INFO] [stdout]    |
[INFO] [stdout] 25 |     if cfg!(not(feature = "apple-sandbox")) {
[INFO] [stdout]    |                 ^^^^^^^^^^^^^^^^^^^^^^^^^
[INFO] [stdout]    |
[INFO] [stdout]    = note: expected values for `feature` are: `c-interface`, `component`, `debug`, `default`, `disk`, `gpu`, `linux-netdevs`, `linux-tmpfs`, `multithread`, `network`, `serde`, `system`, and `user`
[INFO] [stdout]    = help: consider adding `apple-sandbox` as a feature in `Cargo.toml`
[INFO] [stdout]    = note: see <https://doc.rust-lang.org/nightly/rustc/check-cfg/cargo-specifics.html> for more information about checking conditional configuration
[INFO] [stdout]    = note: `#[warn(unexpected_cfgs)]` on by default
[INFO] [stdout] 
[INFO] [stdout] 
[INFO] [stdout] warning: unexpected `cfg` condition value: `apple-sandbox`
[INFO] [stdout]   --> tests/system.rs:60:19
[INFO] [stdout]    |
[INFO] [stdout] 60 |         #[cfg(not(feature = "apple-sandbox"))]
[INFO] [stdout]    |                   ^^^^^^^^^^^^^^^^^^^^^^^^^
[INFO] [stdout]    |
[INFO] [stdout]    = note: expected values for `feature` are: `c-interface`, `component`, `debug`, `default`, `disk`, `gpu`, `linux-netdevs`, `linux-tmpfs`, `multithread`, `network`, `serde`, `system`, and `user`
[INFO] [stdout]    = help: consider adding `apple-sandbox` as a feature in `Cargo.toml`
[INFO] [stdout]    = note: see <https://doc.rust-lang.org/nightly/rustc/check-cfg/cargo-specifics.html> for more information about checking conditional configuration
[INFO] [stdout] 
[INFO] [stdout] 
[INFO] [stdout] warning: unexpected `cfg` condition value: `apple-sandbox`
[INFO] [stdout]   --> tests/system.rs:92:19
[INFO] [stdout]    |
[INFO] [stdout] 92 |         #[cfg(not(feature = "apple-sandbox"))]
[INFO] [stdout]    |                   ^^^^^^^^^^^^^^^^^^^^^^^^^
[INFO] [stdout]    |
[INFO] [stdout]    = note: expected values for `feature` are: `c-interface`, `component`, `debug`, `default`, `disk`, `gpu`, `linux-netdevs`, `linux-tmpfs`, `multithread`, `network`, `serde`, `system`, and `user`
[INFO] [stdout]    = help: consider adding `apple-sandbox` as a feature in `Cargo.toml`
[INFO] [stdout]    = note: see <https://doc.rust-lang.org/nightly/rustc/check-cfg/cargo-specifics.html> for more information about checking conditional configuration
[INFO] [stdout] 
[INFO] [stdout] 
[INFO] [stdout] error[E0433]: cannot find module or crate `sysinfo` in this scope
[INFO] [stdout]    --> tests/process.rs:181:35
[INFO] [stdout]     |
[INFO] [stdout] 181 |         ProcessesToUpdate::Some(&[sysinfo::get_current_pid().expect("failed to get current pid")]),
[INFO] [stdout]     |                                   ^^^^^^^ use of unresolved module or unlinked crate `sysinfo`
[INFO] [stdout]     |
[INFO] [stdout]     = help: if you wanted to use a crate named `sysinfo`, use `cargo add sysinfo` to add it to your `Cargo.toml`
[INFO] [stdout] 
[INFO] [stdout] 
[INFO] [stdout] error[E0433]: cannot find module or crate `sysinfo` in this scope
[INFO] [stdout]    --> tests/process.rs:185:19
[INFO] [stdout]     |
[INFO] [stdout] 185 |         s.process(sysinfo::get_current_pid().expect("failed to get current pid"))
[INFO] [stdout]     |                   ^^^^^^^ use of unresolved module or unlinked crate `sysinfo`
[INFO] [stdout]     |
[INFO] [stdout]     = help: if you wanted to use a crate named `sysinfo`, use `cargo add sysinfo` to add it to your `Cargo.toml`
[INFO] [stdout] 
[INFO] [stdout] 
[INFO] [stdout] error[E0433]: cannot find module or crate `sysinfo` in this scope
[INFO] [stdout]   --> tests/system.rs:29:21
[INFO] [stdout]    |
[INFO] [stdout] 29 |                     sysinfo::get_current_pid().expect("failed to get current pid")
[INFO] [stdout]    |                     ^^^^^^^ use of unresolved module or unlinked crate `sysinfo`
[INFO] [stdout]    |
[INFO] [stdout]    = help: if you wanted to use a crate named `sysinfo`, use `cargo add sysinfo` to add it to your `Cargo.toml`
[INFO] [stdout] 
[INFO] [stdout] 
[INFO] [stdout] error[E0433]: cannot find module or crate `sysinfo` in this scope
[INFO] [stdout]   --> tests/system.rs:38:25
[INFO] [stdout]    |
[INFO] [stdout] 38 |             sys.process(sysinfo::get_current_pid().expect("failed to get current pid"))
[INFO] [stdout]    |                         ^^^^^^^ use of unresolved module or unlinked crate `sysinfo`
[INFO] [stdout]    |
[INFO] [stdout]    = help: if you wanted to use a crate named `sysinfo`, use `cargo add sysinfo` to add it to your `Cargo.toml`
[INFO] [stdout] 
[INFO] [stdout] 
[INFO] [stdout] error[E0433]: cannot find module or crate `sysinfo` in this scope
[INFO] [stdout]   --> tests/system.rs:48:29
[INFO] [stdout]    |
[INFO] [stdout] 48 |     let current_pid = match sysinfo::get_current_pid() {
[INFO] [stdout]    |                             ^^^^^^^ use of unresolved module or unlinked crate `sysinfo`
[INFO] [stdout]    |
[INFO] [stdout]    = help: if you wanted to use a crate named `sysinfo`, use `cargo add sysinfo` to add it to your `Cargo.toml`
[INFO] [stdout] 
[INFO] [stdout] 
[INFO] [stdout] error[E0433]: cannot find module or crate `sysinfo` in this scope
[INFO] [stdout]   --> tests/system.rs:51:17
[INFO] [stdout]    |
[INFO] [stdout] 51 |             if !sysinfo::IS_SUPPORTED_SYSTEM {
[INFO] [stdout]    |                 ^^^^^^^ use of unresolved module or unlinked crate `sysinfo`
[INFO] [stdout]    |
[INFO] [stdout]    = help: if you wanted to use a crate named `sysinfo`, use `cargo add sysinfo` to add it to your `Cargo.toml`
[INFO] [stdout] 
[INFO] [stdout] 
[INFO] [stdout] error[E0433]: cannot find module or crate `sysinfo` in this scope
[INFO] [stdout]   --> tests/system.rs:61:18
[INFO] [stdout]    |
[INFO] [stdout] 61 |         assert!(!sysinfo::IS_SUPPORTED_SYSTEM);
[INFO] [stdout]    |                  ^^^^^^^ use of unresolved module or unlinked crate `sysinfo`
[INFO] [stdout]    |
[INFO] [stdout]    = help: if you wanted to use a crate named `sysinfo`, use `cargo add sysinfo` to add it to your `Cargo.toml`
[INFO] [stdout] 
[INFO] [stdout] 
[INFO] [stdout] error[E0433]: cannot find module or crate `sysinfo` in this scope
[INFO] [stdout]   --> tests/system.rs:80:29
[INFO] [stdout]    |
[INFO] [stdout] 80 |     let current_pid = match sysinfo::get_current_pid() {
[INFO] [stdout]    |                             ^^^^^^^ use of unresolved module or unlinked crate `sysinfo`
[INFO] [stdout]    |
[INFO] [stdout]    = help: if you wanted to use a crate named `sysinfo`, use `cargo add sysinfo` to add it to your `Cargo.toml`
[INFO] [stdout] 
[INFO] [stdout] 
[INFO] [stdout] error[E0433]: cannot find module or crate `sysinfo` in this scope
[INFO] [stdout]   --> tests/system.rs:93:18
[INFO] [stdout]    |
[INFO] [stdout] 93 |         assert!(!sysinfo::IS_SUPPORTED_SYSTEM);
[INFO] [stdout]    |                  ^^^^^^^ use of unresolved module or unlinked crate `sysinfo`
[INFO] [stdout]    |
[INFO] [stdout]    = help: if you wanted to use a crate named `sysinfo`, use `cargo add sysinfo` to add it to your `Cargo.toml`
[INFO] [stdout] 
[INFO] [stdout] 
[INFO] [stdout] error[E0433]: cannot find module or crate `sysinfo` in this scope
[INFO] [stdout]    --> tests/system.rs:107:8
[INFO] [stdout]     |
[INFO] [stdout] 107 |     if sysinfo::IS_SUPPORTED_SYSTEM {
[INFO] [stdout]     |        ^^^^^^^ use of unresolved module or unlinked crate `sysinfo`
[INFO] [stdout]     |
[INFO] [stdout]     = help: if you wanted to use a crate named `sysinfo`, use `cargo add sysinfo` to add it to your `Cargo.toml`
[INFO] [stdout] 
[INFO] [stdout] 
[INFO] [stdout] error[E0433]: cannot find module or crate `sysinfo` in this scope
[INFO] [stdout]    --> tests/system.rs:116:8
[INFO] [stdout]     |
[INFO] [stdout] 116 |     if sysinfo::IS_SUPPORTED_SYSTEM {
[INFO] [stdout]     |        ^^^^^^^ use of unresolved module or unlinked crate `sysinfo`
[INFO] [stdout]     |
[INFO] [stdout]     = help: if you wanted to use a crate named `sysinfo`, use `cargo add sysinfo` to add it to your `Cargo.toml`
[INFO] [stdout] 
[INFO] [stdout] 
[INFO] [stdout] error[E0433]: cannot find module or crate `sysinfo` in this scope
[INFO] [stdout]    --> tests/system.rs:165:28
[INFO] [stdout]     |
[INFO] [stdout] 165 |         std::thread::sleep(sysinfo::MINIMUM_CPU_UPDATE_INTERVAL + Duration::from_millis(1));
[INFO] [stdout]     |                            ^^^^^^^ use of unresolved module or unlinked crate `sysinfo`
[INFO] [stdout]     |
[INFO] [stdout]     = help: if you wanted to use a crate named `sysinfo`, use `cargo add sysinfo` to add it to your `Cargo.toml`
[INFO] [stdout] 
[INFO] [stdout] 
[INFO] [stdout] Some errors have detailed explanations: E0432, E0433.
[INFO] [stdout] 
[INFO] [stdout] For more information about an error, try `rustc --explain E0432`.
[INFO] [stdout] 
[INFO] [stderr] error: could not compile `sysinfolinux` (test "system") due to 14 previous errors; 3 warnings emitted
[INFO] [stdout] error[E0433]: cannot find module or crate `sysinfo` in this scope
[INFO] [stdout]    --> tests/process.rs:722:24
[INFO] [stdout]     |
[INFO] [stdout] 722 |     std::thread::sleep(sysinfo::MINIMUM_CPU_UPDATE_INTERVAL);
[INFO] [stdout]     |                        ^^^^^^^ use of unresolved module or unlinked crate `sysinfo`
[INFO] [stdout]     |
[INFO] [stdout]     = help: if you wanted to use a crate named `sysinfo`, use `cargo add sysinfo` to add it to your `Cargo.toml`
[INFO] [stdout] 
[INFO] [stdout] 
[INFO] [stdout] error[E0433]: cannot find module or crate `sysinfo` in this scope
[INFO] [stdout]    --> tests/process.rs:890:24
[INFO] [stdout]     |
[INFO] [stdout] 890 |     let Ok(self_pid) = sysinfo::get_current_pid() else {
[INFO] [stdout]     |                        ^^^^^^^ use of unresolved module or unlinked crate `sysinfo`
[INFO] [stdout]     |
[INFO] [stdout]     = help: if you wanted to use a crate named `sysinfo`, use `cargo add sysinfo` to add it to your `Cargo.toml`
[INFO] [stdout] 
[INFO] [stdout] 
[INFO] [stdout] error[E0433]: cannot find module or crate `sysinfo` in this scope
[INFO] [stdout]    --> tests/process.rs:915:23
[INFO] [stdout]     |
[INFO] [stdout] 915 |     let current_pid = sysinfo::get_current_pid().expect("failed to get current pid");
[INFO] [stdout]     |                       ^^^^^^^ use of unresolved module or unlinked crate `sysinfo`
[INFO] [stdout]     |
[INFO] [stdout]     = help: if you wanted to use a crate named `sysinfo`, use `cargo add sysinfo` to add it to your `Cargo.toml`
[INFO] [stdout] 
[INFO] [stdout] 
[INFO] [stdout] error[E0433]: cannot find module or crate `sysinfo` in this scope
[INFO] [stdout]    --> tests/process.rs:951:9
[INFO] [stdout]     |
[INFO] [stdout] 951 |         sysinfo::get_current_pid().ok(),
[INFO] [stdout]     |         ^^^^^^^ use of unresolved module or unlinked crate `sysinfo`
[INFO] [stdout]     |
[INFO] [stdout]     = help: if you wanted to use a crate named `sysinfo`, use `cargo add sysinfo` to add it to your `Cargo.toml`
[INFO] [stdout] 
[INFO] [stdout] 
[INFO] [stdout] error[E0433]: cannot find module or crate `sysinfo` in this scope
[INFO] [stdout]     --> tests/process.rs:1058:23
[INFO] [stdout]      |
[INFO] [stdout] 1058 |     let current_pid = sysinfo::get_current_pid().expect("failed to get current pid");
[INFO] [stdout]      |                       ^^^^^^^ use of unresolved module or unlinked crate `sysinfo`
[INFO] [stdout]      |
[INFO] [stdout]      = help: if you wanted to use a crate named `sysinfo`, use `cargo add sysinfo` to add it to your `Cargo.toml`
[INFO] [stdout] 
[INFO] [stdout] 
[INFO] [stdout] error[E0433]: cannot find module or crate `sysinfo` in this scope
[INFO] [stdout]     --> tests/process.rs:1128:15
[INFO] [stdout]      |
[INFO] [stdout] 1128 |     let pid = sysinfo::get_current_pid().expect("failed to get current pid");
[INFO] [stdout]      |               ^^^^^^^ use of unresolved module or unlinked crate `sysinfo`
[INFO] [stdout]      |
[INFO] [stdout]      = help: if you wanted to use a crate named `sysinfo`, use `cargo add sysinfo` to add it to your `Cargo.toml`
[INFO] [stdout] 
[INFO] [stdout] 
[INFO] [stdout] error[E0433]: cannot find module or crate `sysinfo` in this scope
[INFO] [stdout]     --> tests/process.rs:1161:19
[INFO] [stdout]      |
[INFO] [stdout] 1161 |     let Ok(pid) = sysinfo::get_current_pid() else {
[INFO] [stdout]      |                   ^^^^^^^ use of unresolved module or unlinked crate `sysinfo`
[INFO] [stdout]      |
[INFO] [stdout]      = help: if you wanted to use a crate named `sysinfo`, use `cargo add sysinfo` to add it to your `Cargo.toml`
[INFO] [stdout] 
[INFO] [stdout] 
[INFO] [stdout] error[E0433]: cannot find module or crate `sysinfo` in this scope
[INFO] [stdout]     --> tests/process.rs:1234:24
[INFO] [stdout]      |
[INFO] [stdout] 1234 |     std::thread::sleep(sysinfo::MINIMUM_CPU_UPDATE_INTERVAL);
[INFO] [stdout]      |                        ^^^^^^^ use of unresolved module or unlinked crate `sysinfo`
[INFO] [stdout]      |
[INFO] [stdout]      = help: if you wanted to use a crate named `sysinfo`, use `cargo add sysinfo` to add it to your `Cargo.toml`
[INFO] [stdout] 
[INFO] [stdout] 
[INFO] [stdout] error[E0433]: cannot find module or crate `sysinfo` in this scope
[INFO] [stdout]    --> tests/process.rs:696:26
[INFO] [stdout]     |
[INFO] [stdout] 696 |     let process: Option<&sysinfo::Process>;
[INFO] [stdout]     |                          ^^^^^^^ use of unresolved module or unlinked crate `sysinfo`
[INFO] [stdout]     |
[INFO] [stdout]     = help: if you wanted to use a crate named `sysinfo`, use `cargo add sysinfo` to add it to your `Cargo.toml`
[INFO] [stdout] 
[INFO] [stdout] 
[INFO] [stdout] error[E0433]: cannot find module or crate `sysinfo` in this scope
[INFO] [stdout]    --> tests/process.rs:704:26
[INFO] [stdout]     |
[INFO] [stdout] 704 |     let process: Option<&sysinfo::Process>;
[INFO] [stdout]     |                          ^^^^^^^ use of unresolved module or unlinked crate `sysinfo`
[INFO] [stdout]     |
[INFO] [stdout]     = help: if you wanted to use a crate named `sysinfo`, use `cargo add sysinfo` to add it to your `Cargo.toml`
[INFO] [stdout] 
[INFO] [stdout] 
[INFO] [stdout] error[E0433]: cannot find module or crate `sysinfo` in this scope
[INFO] [stdout]    --> tests/process.rs:541:46
[INFO] [stdout]     |
[INFO] [stdout] 541 |         let parent_proc = sys.process(pid as sysinfo::Pid);
[INFO] [stdout]     |                                              ^^^^^^^ use of unresolved module or unlinked crate `sysinfo`
[INFO] [stdout]     |
[INFO] [stdout]     = help: if you wanted to use a crate named `sysinfo`, use `cargo add sysinfo` to add it to your `Cargo.toml`
[INFO] [stdout] 
[INFO] [stdout] 
[INFO] [stdout] Some errors have detailed explanations: E0432, E0433.
[INFO] [stdout] 
[INFO] [stdout] For more information about an error, try `rustc --explain E0432`.
[INFO] [stdout] 
[INFO] [stderr] error: could not compile `sysinfolinux` (test "process") due to 18 previous errors; 29 warnings emitted
[INFO] running `Command { std: "docker" "inspect" "4ccf362fe4fc7610ddd797c9bc77c898055985537256b8ece6db2c9a0af47892", kill_on_drop: false }`
[INFO] running `Command { std: "docker" "rm" "-f" "4ccf362fe4fc7610ddd797c9bc77c898055985537256b8ece6db2c9a0af47892", kill_on_drop: false }`
[INFO] [stdout] 4ccf362fe4fc7610ddd797c9bc77c898055985537256b8ece6db2c9a0af47892
