[INFO] fetching crate syncbat 0.10.0...
[INFO] testing syncbat-0.10.0 against 1.100.0-beta.1 for beta-1.100-2
[INFO] extracting crate syncbat 0.10.0 into /workspace/builds/worker-2-tc2/source
[INFO] started tweaking crates.io crate syncbat 0.10.0
[INFO] removed 0 missing tests
[INFO] finished tweaking crates.io crate syncbat 0.10.0
[INFO] tweaked toml for crates.io crate syncbat 0.10.0 written to /workspace/builds/worker-2-tc2/source/Cargo.toml
[INFO] validating manifest of crates.io crate syncbat 0.10.0 on toolchain 1.100.0-beta.1
[INFO] running `Command { std: CARGO_HOME="/workspace/cargo-home" RUSTUP_HOME="/workspace/rustup-home" "/workspace/cargo-home/bin/cargo" "+1.100.0-beta.1" "metadata" "--manifest-path" "Cargo.toml" "--no-deps", kill_on_drop: false }`
[INFO] crate crates.io crate syncbat 0.10.0 already has a lockfile, it will not be regenerated
[INFO] running `Command { std: CARGO_HOME="/workspace/cargo-home" RUSTUP_HOME="/workspace/rustup-home" "/workspace/cargo-home/bin/cargo" "+1.100.0-beta.1" "fetch" "--manifest-path" "Cargo.toml", kill_on_drop: false }`
[INFO] [stderr] warning: `package.homepage` is redundant with `package.repository`
[INFO] [stderr]    --> Cargo.toml:96:12
[INFO] [stderr]     |
[INFO] [stderr]  96 | homepage = "https://github.com/freebatteryfactory/batpak"
[INFO] [stderr]     |            ^^^^^^^^^^^^^^^^^^^^^^^^^^^^^^^^^^^^^^^^^^^^^^
[INFO] [stderr] ...
[INFO] [stderr] 101 | repository = "https://github.com/freebatteryfactory/batpak"
[INFO] [stderr]     |              ----------------------------------------------
[INFO] [stderr]     |
[INFO] [stderr]     = note: `cargo::redundant_homepage` is set to `warn` by default
[INFO] [stderr] help: consider removing `package.homepage`
[INFO] [stderr] warning: `syncbat` (manifest) generated 1 warning
[INFO] running `Command { std: "docker" "create" "-v" "/var/lib/crater-agent-workspace/builds/worker-2-tc2/source:/opt/rustwide/workdir:ro,Z" "-v" "/var/lib/crater-agent-workspace/builds/worker-2-tc2/target:/opt/rustwide/target:rw,Z" "-v" "/var/lib/crater-agent-workspace/cargo-home:/opt/rustwide/cargo-home:ro,Z" "-v" "/var/lib/crater-agent-workspace/rustup-home:/opt/rustwide/rustup-home:ro,Z" "-m" "1610612736" "--network" "none" "ghcr.io/rust-lang/crates-build-env/linux@sha256:3111399a4047eeb3a02b7a90e478d715f38a8c6669b5c4b49d30a17385265909" "sleep" "infinity", kill_on_drop: false }`
[INFO] [stdout] 725cd151df7124f2f795cf0d9fc924f9749e0c01ec61ae3d5ce2982cf3eedb52
[INFO] running `Command { std: "docker" "start" "725cd151df7124f2f795cf0d9fc924f9749e0c01ec61ae3d5ce2982cf3eedb52", kill_on_drop: false }`
[INFO] running `Command { std: "docker" "inspect" "725cd151df7124f2f795cf0d9fc924f9749e0c01ec61ae3d5ce2982cf3eedb52", kill_on_drop: false }`
[INFO] running `Command { std: "docker" "exec" "-e" "SOURCE_DIR=/opt/rustwide/workdir" "-e" "CARGO_HOME=/opt/rustwide/cargo-home" "-e" "RUSTUP_HOME=/opt/rustwide/rustup-home" "-e" "CARGO_TARGET_DIR=/opt/rustwide/target" "-w" "/opt/rustwide/workdir" "--user" "0:0" "725cd151df7124f2f795cf0d9fc924f9749e0c01ec61ae3d5ce2982cf3eedb52" "/opt/rustwide/cargo-home/bin/cargo" "+1.100.0-beta.1" "metadata" "--no-deps" "--format-version=1", kill_on_drop: false }`
[INFO] running `Command { std: "docker" "inspect" "725cd151df7124f2f795cf0d9fc924f9749e0c01ec61ae3d5ce2982cf3eedb52", kill_on_drop: false }`
[INFO] running `Command { std: "docker" "exec" "-e" "SOURCE_DIR=/opt/rustwide/workdir" "-e" "CARGO_HOME=/opt/rustwide/cargo-home" "-e" "RUSTUP_HOME=/opt/rustwide/rustup-home" "-e" "CARGO_TARGET_DIR=/opt/rustwide/target" "-e" "CARGO_INCREMENTAL=0" "-e" "RUST_BACKTRACE=full" "-e" "RUSTFLAGS=--cap-lints=warn" "-e" "RUSTDOCFLAGS=--cap-lints=warn" "-w" "/opt/rustwide/workdir" "--user" "0:0" "725cd151df7124f2f795cf0d9fc924f9749e0c01ec61ae3d5ce2982cf3eedb52" "/opt/rustwide/cargo-home/bin/cargo" "+1.100.0-beta.1" "build" "--frozen" "--message-format=json", kill_on_drop: false }`
[INFO] [stderr] warning: `package.homepage` is redundant with `package.repository`
[INFO] [stderr]    --> Cargo.toml:96:12
[INFO] [stderr]     |
[INFO] [stderr]  96 | homepage = "https://github.com/freebatteryfactory/batpak"
[INFO] [stderr]     |            ^^^^^^^^^^^^^^^^^^^^^^^^^^^^^^^^^^^^^^^^^^^^^^
[INFO] [stderr] ...
[INFO] [stderr] 101 | repository = "https://github.com/freebatteryfactory/batpak"
[INFO] [stderr]     |              ----------------------------------------------
[INFO] [stderr]     |
[INFO] [stderr]     = note: `cargo::redundant_homepage` is set to `warn` by default
[INFO] [stderr] help: consider removing `package.homepage`
[INFO] [stderr] warning: `syncbat` (manifest) generated 1 warning
[INFO] [stderr]    Compiling proc-macro2 v1.0.106
[INFO] [stderr]    Compiling serde_core v1.0.228
[INFO] [stderr]    Compiling serde v1.0.228
[INFO] [stderr]    Compiling cc v1.2.59
[INFO] [stderr]    Compiling libyaml-rs v0.3.0
[INFO] [stderr]    Compiling crossbeam-epoch v0.9.20
[INFO] [stderr]    Compiling indexmap v2.14.0
[INFO] [stderr]    Compiling ryu v1.0.23
[INFO] [stderr]    Compiling serde_json v1.0.150
[INFO] [stderr]    Compiling rmp v0.8.15
[INFO] [stderr]    Compiling bitflags v2.11.0
[INFO] [stderr]    Compiling fastrand v2.4.1
[INFO] [stderr]    Compiling spin v0.9.8
[INFO] [stderr]    Compiling hashbrown v0.14.5
[INFO] [stderr]    Compiling either v1.15.0
[INFO] [stderr]    Compiling futures-sink v0.3.32
[INFO] [stderr]    Compiling futures-core v0.3.32
[INFO] [stderr]    Compiling cpufeatures v0.3.0
[INFO] [stderr]    Compiling uuid v1.23.3
[INFO] [stderr]    Compiling memmap2 v0.9.11
[INFO] [stderr]    Compiling zeroize v1.9.0
[INFO] [stderr]    Compiling rustix v1.1.4
[INFO] [stderr]    Compiling flume v0.12.0
[INFO] [stderr]    Compiling crossbeam-deque v0.8.6
[INFO] [stderr]    Compiling rmpv v1.3.1
[INFO] [stderr]    Compiling ed25519-compact v2.2.0
[INFO] [stderr]    Compiling rayon-core v1.13.0
[INFO] [stderr]    Compiling quote v1.0.45
[INFO] [stderr]    Compiling batpak-macros-support v0.10.0
[INFO] [stderr]    Compiling syn v2.0.117
[INFO] [stderr]    Compiling dashmap v6.2.1
[INFO] [stderr]    Compiling rayon v1.12.0
[INFO] [stderr]    Compiling blake3 v1.8.5
[INFO] [stderr]    Compiling tempfile v3.24.0
[INFO] [stderr]    Compiling serde_derive v1.0.228
[INFO] [stderr]    Compiling tracing-attributes v0.1.31
[INFO] [stderr]    Compiling batpak-macros v0.10.0
[INFO] [stderr]    Compiling tracing v0.1.44
[INFO] [stderr]    Compiling rmp-serde v1.3.1
[INFO] [stderr]    Compiling yaml_serde v0.10.4
[INFO] [stderr]    Compiling batpak v0.10.0
[INFO] [stderr]    Compiling syncbat v0.10.0 (/opt/rustwide/workdir)
[INFO] [stderr]     Finished `dev` profile [unoptimized + debuginfo] target(s) in 42.47s
[INFO] running `Command { std: "docker" "inspect" "725cd151df7124f2f795cf0d9fc924f9749e0c01ec61ae3d5ce2982cf3eedb52", kill_on_drop: false }`
[INFO] running `Command { std: "docker" "exec" "-e" "SOURCE_DIR=/opt/rustwide/workdir" "-e" "CARGO_HOME=/opt/rustwide/cargo-home" "-e" "RUSTUP_HOME=/opt/rustwide/rustup-home" "-e" "CARGO_TARGET_DIR=/opt/rustwide/target" "-e" "CARGO_INCREMENTAL=0" "-e" "RUST_BACKTRACE=full" "-e" "RUSTFLAGS=--cap-lints=warn" "-e" "RUSTDOCFLAGS=--cap-lints=warn" "-w" "/opt/rustwide/workdir" "--user" "0:0" "725cd151df7124f2f795cf0d9fc924f9749e0c01ec61ae3d5ce2982cf3eedb52" "/opt/rustwide/cargo-home/bin/cargo" "+1.100.0-beta.1" "test" "--frozen" "--no-run" "--message-format=json", kill_on_drop: false }`
[INFO] [stderr] warning: `package.homepage` is redundant with `package.repository`
[INFO] [stderr]    --> Cargo.toml:96:12
[INFO] [stderr]     |
[INFO] [stderr]  96 | homepage = "https://github.com/freebatteryfactory/batpak"
[INFO] [stderr]     |            ^^^^^^^^^^^^^^^^^^^^^^^^^^^^^^^^^^^^^^^^^^^^^^
[INFO] [stderr] ...
[INFO] [stderr] 101 | repository = "https://github.com/freebatteryfactory/batpak"
[INFO] [stderr]     |              ----------------------------------------------
[INFO] [stderr]     |
[INFO] [stderr]     = note: `cargo::redundant_homepage` is set to `warn` by default
[INFO] [stderr] help: consider removing `package.homepage`
[INFO] [stderr] warning: `syncbat` (manifest) generated 1 warning
[INFO] [stderr]    Compiling serde_core v1.0.228
[INFO] [stderr]    Compiling serde v1.0.228
[INFO] [stderr]    Compiling num-traits v0.2.19
[INFO] [stderr]    Compiling zerocopy v0.8.48
[INFO] [stderr]    Compiling getrandom v0.3.4
[INFO] [stderr]    Compiling zerocopy-derive v0.8.48
[INFO] [stderr]    Compiling regex-syntax v0.8.11
[INFO] [stderr]    Compiling rayon v1.12.0
[INFO] [stderr]    Compiling alloca v0.4.0
[INFO] [stderr]    Compiling target-triple v1.0.0
[INFO] [stderr]    Compiling winnow v1.0.1
[INFO] [stderr]    Compiling clap_builder v4.6.0
[INFO] [stderr]    Compiling wait-timeout v0.2.1
[INFO] [stderr]    Compiling itertools v0.13.0
[INFO] [stderr]    Compiling quick-error v1.2.3
[INFO] [stderr]    Compiling toml_writer v1.1.1+spec-1.1.0
[INFO] [stderr]    Compiling bit-vec v0.8.0
[INFO] [stderr]    Compiling page_size v0.6.0
[INFO] [stderr]    Compiling unarray v0.1.4
[INFO] [stderr]    Compiling glob v0.3.3
[INFO] [stderr]    Compiling rand_core v0.9.5
[INFO] [stderr]    Compiling tempfile v3.24.0
[INFO] [stderr]    Compiling bit-set v0.8.0
[INFO] [stderr]    Compiling rand_xorshift v0.4.0
[INFO] [stderr]    Compiling rand v0.9.3
[INFO] [stderr]    Compiling toml_parser v1.1.2+spec-1.1.0
[INFO] [stderr]    Compiling rusty-fork v0.3.1
[INFO] [stderr]    Compiling rmp v0.8.15
[INFO] [stderr]    Compiling plotters v0.3.7
[INFO] [stderr]    Compiling rmpv v1.3.1
[INFO] [stderr]    Compiling batpak-macros-support v0.10.0
[INFO] [stderr]    Compiling batpak-macros v0.10.0
[INFO] [stderr]    Compiling criterion-plot v0.8.2
[INFO] [stderr]    Compiling regex-automata v0.4.14
[INFO] [stderr]    Compiling clap v4.6.1
[INFO] [stderr]    Compiling serde_json v1.0.150
[INFO] [stderr]    Compiling toml_datetime v1.1.1+spec-1.1.0
[INFO] [stderr]    Compiling serde_spanned v1.1.1
[INFO] [stderr]    Compiling toml v1.1.2+spec-1.1.0
[INFO] [stderr]    Compiling regex v1.12.4
[INFO] [stderr]    Compiling rmp-serde v1.3.1
[INFO] [stderr]    Compiling tinytemplate v1.2.1
[INFO] [stderr]    Compiling batpak v0.10.0
[INFO] [stderr]    Compiling trybuild v1.0.116
[INFO] [stderr]    Compiling half v2.7.1
[INFO] [stderr]    Compiling ppv-lite86 v0.2.21
[INFO] [stderr]    Compiling ciborium-ll v0.2.2
[INFO] [stderr]    Compiling ciborium v0.2.2
[INFO] [stderr]    Compiling rand_chacha v0.9.0
[INFO] [stderr]    Compiling proptest v1.11.0
[INFO] [stderr]    Compiling criterion v0.8.2
[INFO] [stderr]    Compiling syncbat v0.10.0 (/opt/rustwide/workdir)
[INFO] [stdout] error[E0433]: cannot find module or crate `batpak_testkit` in this scope
[INFO] [stdout]   --> tests/mutation_kill_syncbat-registry.rs:11:5
[INFO] [stdout]    |
[INFO] [stdout] 11 | use batpak_testkit::red_counters::AllCounter;
[INFO] [stdout]    |     ^^^^^^^^^^^^^^ use of unresolved module or unlinked crate `batpak_testkit`
[INFO] [stdout]    |
[INFO] [stdout]    = help: if you wanted to use a crate named `batpak_testkit`, use `cargo add batpak_testkit` to add it to your `Cargo.toml`
[INFO] [stdout] 
[INFO] [stdout] 
[INFO] [stdout] For more information about this error, try `rustc --explain E0433`.
[INFO] [stdout] 
[INFO] [stderr] error: could not compile `syncbat` (test "mutation_kill_syncbat-registry") due to 1 previous error
[INFO] [stderr] warning: build failed, waiting for other jobs to finish...
[INFO] [stdout] error[E0433]: cannot find module or crate `batpak_testkit` in this scope
[INFO] [stdout]   --> src/subscription_runtime/projection_stream_tests.rs:11:5
[INFO] [stdout]    |
[INFO] [stdout] 11 | use batpak_testkit::red_counters::AllCounter;
[INFO] [stdout]    |     ^^^^^^^^^^^^^^ use of unresolved module or unlinked crate `batpak_testkit`
[INFO] [stdout]    |
[INFO] [stdout]    = help: if you wanted to use a crate named `batpak_testkit`, use `cargo add batpak_testkit` to add it to your `Cargo.toml`
[INFO] [stdout] 
[INFO] [stdout] 
[INFO] [stdout] error[E0433]: cannot find module or crate `batpak_testkit` in this scope
[INFO] [stdout]   --> src/subscription_runtime/projection_stream_tests.rs:12:5
[INFO] [stdout]    |
[INFO] [stdout] 12 | use batpak_testkit::red_kind_b::kind_b;
[INFO] [stdout]    |     ^^^^^^^^^^^^^^ use of unresolved module or unlinked crate `batpak_testkit`
[INFO] [stdout]    |
[INFO] [stdout]    = help: if you wanted to use a crate named `batpak_testkit`, use `cargo add batpak_testkit` to add it to your `Cargo.toml`
[INFO] [stdout] 
[INFO] [stdout] 
[INFO] [stdout] error[E0433]: cannot find module or crate `batpak_testkit` in this scope
[INFO] [stdout]   --> src/subscription_runtime/projection_stream_tests.rs:13:5
[INFO] [stdout]    |
[INFO] [stdout] 13 | use batpak_testkit::red_kinds::{kind_a, payload};
[INFO] [stdout]    |     ^^^^^^^^^^^^^^ use of unresolved module or unlinked crate `batpak_testkit`
[INFO] [stdout]    |
[INFO] [stdout]    = help: if you wanted to use a crate named `batpak_testkit`, use `cargo add batpak_testkit` to add it to your `Cargo.toml`
[INFO] [stdout] 
[INFO] [stdout] 
[INFO] [stdout] error[E0433]: cannot find module or crate `batpak_testkit` in this scope
[INFO] [stdout]    --> tests/mutation_kill_syncbat-streams.rs:546:9
[INFO] [stdout]     |
[INFO] [stdout] 546 |     use batpak_testkit::red_counters::AllCounter;
[INFO] [stdout]     |         ^^^^^^^^^^^^^^ use of unresolved module or unlinked crate `batpak_testkit`
[INFO] [stdout]     |
[INFO] [stdout]     = help: if you wanted to use a crate named `batpak_testkit`, use `cargo add batpak_testkit` to add it to your `Cargo.toml`
[INFO] [stdout] 
[INFO] [stdout] 
[INFO] [stdout] error[E0433]: cannot find module or crate `batpak_testkit` in this scope
[INFO] [stdout]    --> tests/mutation_kill_syncbat-streams.rs:547:9
[INFO] [stdout]     |
[INFO] [stdout] 547 |     use batpak_testkit::red_kinds::{kind_a, payload};
[INFO] [stdout]     |         ^^^^^^^^^^^^^^ use of unresolved module or unlinked crate `batpak_testkit`
[INFO] [stdout]     |
[INFO] [stdout]     = help: if you wanted to use a crate named `batpak_testkit`, use `cargo add batpak_testkit` to add it to your `Cargo.toml`
[INFO] [stdout] 
[INFO] [stdout] 
[INFO] [stdout] error[E0433]: cannot find module or crate `batpak_testkit` in this scope
[INFO] [stdout]    --> src/subscription_runtime/projection_stream_tests.rs:332:17
[INFO] [stdout]     |
[INFO] [stdout] 332 |                 batpak_testkit::red_counters::KindFilteredCounter,
[INFO] [stdout]     |                 ^^^^^^^^^^^^^^ use of unresolved module or unlinked crate `batpak_testkit`
[INFO] [stdout]     |
[INFO] [stdout]     = help: if you wanted to use a crate named `batpak_testkit`, use `cargo add batpak_testkit` to add it to your `Cargo.toml`
[INFO] [stdout] 
[INFO] [stdout] 
[INFO] [stdout] For more information about this error, try `rustc --explain E0433`.
[INFO] [stdout] 
[INFO] [stderr] error: could not compile `syncbat` (test "mutation_kill_syncbat-streams") due to 2 previous errors
[INFO] [stdout] For more information about this error, try `rustc --explain E0433`.
[INFO] [stdout] 
[INFO] [stderr] error: could not compile `syncbat` (lib test) due to 4 previous errors
[INFO] running `Command { std: "docker" "inspect" "725cd151df7124f2f795cf0d9fc924f9749e0c01ec61ae3d5ce2982cf3eedb52", kill_on_drop: false }`
[INFO] running `Command { std: "docker" "rm" "-f" "725cd151df7124f2f795cf0d9fc924f9749e0c01ec61ae3d5ce2982cf3eedb52", kill_on_drop: false }`
[INFO] [stdout] 725cd151df7124f2f795cf0d9fc924f9749e0c01ec61ae3d5ce2982cf3eedb52
