[INFO] fetching crate synapse-macros 0.0.2...
[INFO] testing synapse-macros-0.0.2 against 1.100.0-beta.1 for beta-1.100-2
[INFO] extracting crate synapse-macros 0.0.2 into /workspace/builds/worker-4-tc2/source
[INFO] started tweaking crates.io crate synapse-macros 0.0.2
[INFO] removed 0 missing tests
[INFO] finished tweaking crates.io crate synapse-macros 0.0.2
[INFO] tweaked toml for crates.io crate synapse-macros 0.0.2 written to /workspace/builds/worker-4-tc2/source/Cargo.toml
[INFO] validating manifest of crates.io crate synapse-macros 0.0.2 on toolchain 1.100.0-beta.1
[INFO] running `Command { std: CARGO_HOME="/workspace/cargo-home" RUSTUP_HOME="/workspace/rustup-home" "/workspace/cargo-home/bin/cargo" "+1.100.0-beta.1" "metadata" "--manifest-path" "Cargo.toml" "--no-deps", kill_on_drop: false }`
[INFO] crate crates.io crate synapse-macros 0.0.2 already has a lockfile, it will not be regenerated
[INFO] running `Command { std: CARGO_HOME="/workspace/cargo-home" RUSTUP_HOME="/workspace/rustup-home" "/workspace/cargo-home/bin/cargo" "+1.100.0-beta.1" "fetch" "--manifest-path" "Cargo.toml", kill_on_drop: false }`
[INFO] [stderr] warning: `package.homepage` is redundant with `package.repository`
[INFO] [stderr]   --> Cargo.toml:29:12
[INFO] [stderr]    |
[INFO] [stderr] 29 | homepage = "https://github.com/mips-underground/synapse"
[INFO] [stderr]    |            ^^^^^^^^^^^^^^^^^^^^^^^^^^^^^^^^^^^^^^^^^^^^^
[INFO] [stderr] ...
[INFO] [stderr] 34 | repository = "https://github.com/mips-underground/synapse"
[INFO] [stderr]    |              ---------------------------------------------
[INFO] [stderr]    |
[INFO] [stderr]    = note: `cargo::redundant_homepage` is set to `warn` by default
[INFO] [stderr] help: consider removing `package.homepage`
[INFO] [stderr] warning: `synapse-macros` (manifest) generated 1 warning
[INFO] running `Command { std: "docker" "create" "-v" "/var/lib/crater-agent-workspace/builds/worker-4-tc2/source:/opt/rustwide/workdir:ro,Z" "-v" "/var/lib/crater-agent-workspace/builds/worker-4-tc2/target:/opt/rustwide/target:rw,Z" "-v" "/var/lib/crater-agent-workspace/cargo-home:/opt/rustwide/cargo-home:ro,Z" "-v" "/var/lib/crater-agent-workspace/rustup-home:/opt/rustwide/rustup-home:ro,Z" "-m" "1610612736" "--network" "none" "ghcr.io/rust-lang/crates-build-env/linux@sha256:3111399a4047eeb3a02b7a90e478d715f38a8c6669b5c4b49d30a17385265909" "sleep" "infinity", kill_on_drop: false }`
[INFO] [stdout] d0d5e3224e7a235d6598c992993eb7ae28b115f540588d6fdfed3088bf7db89f
[INFO] running `Command { std: "docker" "start" "d0d5e3224e7a235d6598c992993eb7ae28b115f540588d6fdfed3088bf7db89f", kill_on_drop: false }`
[INFO] running `Command { std: "docker" "inspect" "d0d5e3224e7a235d6598c992993eb7ae28b115f540588d6fdfed3088bf7db89f", kill_on_drop: false }`
[INFO] running `Command { std: "docker" "exec" "-e" "SOURCE_DIR=/opt/rustwide/workdir" "-e" "CARGO_HOME=/opt/rustwide/cargo-home" "-e" "RUSTUP_HOME=/opt/rustwide/rustup-home" "-e" "CARGO_TARGET_DIR=/opt/rustwide/target" "-w" "/opt/rustwide/workdir" "--user" "0:0" "d0d5e3224e7a235d6598c992993eb7ae28b115f540588d6fdfed3088bf7db89f" "/opt/rustwide/cargo-home/bin/cargo" "+1.100.0-beta.1" "metadata" "--no-deps" "--format-version=1", kill_on_drop: false }`
[INFO] running `Command { std: "docker" "inspect" "d0d5e3224e7a235d6598c992993eb7ae28b115f540588d6fdfed3088bf7db89f", kill_on_drop: false }`
[INFO] running `Command { std: "docker" "exec" "-e" "SOURCE_DIR=/opt/rustwide/workdir" "-e" "CARGO_HOME=/opt/rustwide/cargo-home" "-e" "RUSTUP_HOME=/opt/rustwide/rustup-home" "-e" "CARGO_TARGET_DIR=/opt/rustwide/target" "-e" "CARGO_INCREMENTAL=0" "-e" "RUST_BACKTRACE=full" "-e" "RUSTFLAGS=--cap-lints=warn" "-e" "RUSTDOCFLAGS=--cap-lints=warn" "-w" "/opt/rustwide/workdir" "--user" "0:0" "d0d5e3224e7a235d6598c992993eb7ae28b115f540588d6fdfed3088bf7db89f" "/opt/rustwide/cargo-home/bin/cargo" "+1.100.0-beta.1" "build" "--frozen" "--message-format=json", kill_on_drop: false }`
[INFO] [stderr] warning: `package.homepage` is redundant with `package.repository`
[INFO] [stderr]   --> Cargo.toml:29:12
[INFO] [stderr]    |
[INFO] [stderr] 29 | homepage = "https://github.com/mips-underground/synapse"
[INFO] [stderr]    |            ^^^^^^^^^^^^^^^^^^^^^^^^^^^^^^^^^^^^^^^^^^^^^
[INFO] [stderr] ...
[INFO] [stderr] 34 | repository = "https://github.com/mips-underground/synapse"
[INFO] [stderr]    |              ---------------------------------------------
[INFO] [stderr]    |
[INFO] [stderr]    = note: `cargo::redundant_homepage` is set to `warn` by default
[INFO] [stderr] help: consider removing `package.homepage`
[INFO] [stderr] warning: `synapse-macros` (manifest) generated 1 warning
[INFO] [stderr]    Compiling proc-macro2 v1.0.103
[INFO] [stderr]    Compiling quote v1.0.42
[INFO] [stderr]    Compiling unicode-ident v1.0.22
[INFO] [stderr]    Compiling syn v2.0.110
[INFO] [stderr]    Compiling synapse-macros v0.0.2 (/opt/rustwide/workdir)
[INFO] [stderr]     Finished `dev` profile [unoptimized + debuginfo] target(s) in 5.27s
[INFO] running `Command { std: "docker" "inspect" "d0d5e3224e7a235d6598c992993eb7ae28b115f540588d6fdfed3088bf7db89f", kill_on_drop: false }`
[INFO] running `Command { std: "docker" "exec" "-e" "SOURCE_DIR=/opt/rustwide/workdir" "-e" "CARGO_HOME=/opt/rustwide/cargo-home" "-e" "RUSTUP_HOME=/opt/rustwide/rustup-home" "-e" "CARGO_TARGET_DIR=/opt/rustwide/target" "-e" "CARGO_INCREMENTAL=0" "-e" "RUST_BACKTRACE=full" "-e" "RUSTFLAGS=--cap-lints=warn" "-e" "RUSTDOCFLAGS=--cap-lints=warn" "-w" "/opt/rustwide/workdir" "--user" "0:0" "d0d5e3224e7a235d6598c992993eb7ae28b115f540588d6fdfed3088bf7db89f" "/opt/rustwide/cargo-home/bin/cargo" "+1.100.0-beta.1" "test" "--frozen" "--no-run" "--message-format=json", kill_on_drop: false }`
[INFO] [stderr] warning: `package.homepage` is redundant with `package.repository`
[INFO] [stderr]   --> Cargo.toml:29:12
[INFO] [stderr]    |
[INFO] [stderr] 29 | homepage = "https://github.com/mips-underground/synapse"
[INFO] [stderr]    |            ^^^^^^^^^^^^^^^^^^^^^^^^^^^^^^^^^^^^^^^^^^^^^
[INFO] [stderr] ...
[INFO] [stderr] 34 | repository = "https://github.com/mips-underground/synapse"
[INFO] [stderr]    |              ---------------------------------------------
[INFO] [stderr]    |
[INFO] [stderr]    = note: `cargo::redundant_homepage` is set to `warn` by default
[INFO] [stderr] help: consider removing `package.homepage`
[INFO] [stderr] warning: `synapse-macros` (manifest) generated 1 warning
[INFO] [stderr]    Compiling proc-macro2 v1.0.103
[INFO] [stderr]    Compiling unicode-ident v1.0.22
[INFO] [stderr]    Compiling quote v1.0.42
[INFO] [stderr]    Compiling thiserror v2.0.17
[INFO] [stderr]    Compiling syn v2.0.110
[INFO] [stderr]    Compiling thiserror-impl v2.0.17
[INFO] [stderr]    Compiling synapse-macros v0.0.2 (/opt/rustwide/workdir)
[INFO] [stdout] error[E0432]: unresolved import `synapse_rpc`
[INFO] [stdout]   --> tests/macro_tests.rs:94:9
[INFO] [stdout]    |
[INFO] [stdout] 94 |     use synapse_rpc::IntoServiceError;
[INFO] [stdout]    |         ^^^^^^^^^^^ use of unresolved module or unlinked crate `synapse_rpc`
[INFO] [stdout]    |
[INFO] [stdout]    = help: if you wanted to use a crate named `synapse_rpc`, use `cargo add synapse_rpc` to add it to your `Cargo.toml`
[INFO] [stdout] 
[INFO] [stdout] 
[INFO] [stdout] error[E0433]: cannot find module or crate `synapse_rpc` in this scope
[INFO] [stdout]   --> tests/macro_tests.rs:51:35
[INFO] [stdout]    |
[INFO] [stdout] 51 | #[derive(Debug, thiserror::Error, RpcError)]
[INFO] [stdout]    |                                   ^^^^^^^^ use of unresolved module or unlinked crate `synapse_rpc`
[INFO] [stdout]    |
[INFO] [stdout]    = help: if you wanted to use a crate named `synapse_rpc`, use `cargo add synapse_rpc` to add it to your `Cargo.toml`
[INFO] [stdout]    = note: this error originates in the derive macro `RpcError` (in Nightly builds, run with -Z macro-backtrace for more info)
[INFO] [stdout] 
[INFO] [stdout] 
[INFO] [stdout] error[E0433]: cannot find module or crate `synapse_proto` in this scope
[INFO] [stdout]   --> tests/macro_tests.rs:51:35
[INFO] [stdout]    |
[INFO] [stdout] 51 | #[derive(Debug, thiserror::Error, RpcError)]
[INFO] [stdout]    |                                   ^^^^^^^^ use of unresolved module or unlinked crate `synapse_proto`
[INFO] [stdout]    |
[INFO] [stdout]    = help: if you wanted to use a crate named `synapse_proto`, use `cargo add synapse_proto` to add it to your `Cargo.toml`
[INFO] [stdout]    = note: this error originates in the derive macro `RpcError` (in Nightly builds, run with -Z macro-backtrace for more info)
[INFO] [stdout] 
[INFO] [stdout] 
[INFO] [stdout] error[E0433]: cannot find module or crate `synapse_proto` in this scope
[INFO] [stdout]   --> tests/macro_tests.rs:71:36
[INFO] [stdout]    |
[INFO] [stdout] 71 |     assert_eq!(service_err.status, synapse_proto::RpcStatus::Error);
[INFO] [stdout]    |                                    ^^^^^^^^^^^^^ use of unresolved module or unlinked crate `synapse_proto`
[INFO] [stdout]    |
[INFO] [stdout]    = help: if you wanted to use a crate named `synapse_proto`, use `cargo add synapse_proto` to add it to your `Cargo.toml`
[INFO] [stdout] 
[INFO] [stdout] 
[INFO] [stdout] error[E0433]: cannot find module or crate `synapse_proto` in this scope
[INFO] [stdout]   --> tests/macro_tests.rs:80:36
[INFO] [stdout]    |
[INFO] [stdout] 80 |     assert_eq!(service_err.status, synapse_proto::RpcStatus::InvalidRequest);
[INFO] [stdout]    |                                    ^^^^^^^^^^^^^ use of unresolved module or unlinked crate `synapse_proto`
[INFO] [stdout]    |
[INFO] [stdout]    = help: if you wanted to use a crate named `synapse_proto`, use `cargo add synapse_proto` to add it to your `Cargo.toml`
[INFO] [stdout] 
[INFO] [stdout] 
[INFO] [stdout] error[E0433]: cannot find module or crate `synapse_proto` in this scope
[INFO] [stdout]   --> tests/macro_tests.rs:89:36
[INFO] [stdout]    |
[INFO] [stdout] 89 |     assert_eq!(service_err.status, synapse_proto::RpcStatus::Error);
[INFO] [stdout]    |                                    ^^^^^^^^^^^^^ use of unresolved module or unlinked crate `synapse_proto`
[INFO] [stdout]    |
[INFO] [stdout]    = help: if you wanted to use a crate named `synapse_proto`, use `cargo add synapse_proto` to add it to your `Cargo.toml`
[INFO] [stdout] 
[INFO] [stdout] 
[INFO] [stdout] error[E0433]: cannot find module or crate `synapse_rpc` in this scope
[INFO] [stdout]   --> tests/macro_tests.rs:69:22
[INFO] [stdout]    |
[INFO] [stdout] 69 |     let service_err: synapse_rpc::ServiceError = err.into();
[INFO] [stdout]    |                      ^^^^^^^^^^^ use of unresolved module or unlinked crate `synapse_rpc`
[INFO] [stdout]    |
[INFO] [stdout]    = help: if you wanted to use a crate named `synapse_rpc`, use `cargo add synapse_rpc` to add it to your `Cargo.toml`
[INFO] [stdout] 
[INFO] [stdout] 
[INFO] [stdout] error[E0433]: cannot find module or crate `synapse_rpc` in this scope
[INFO] [stdout]   --> tests/macro_tests.rs:78:22
[INFO] [stdout]    |
[INFO] [stdout] 78 |     let service_err: synapse_rpc::ServiceError = err.into();
[INFO] [stdout]    |                      ^^^^^^^^^^^ use of unresolved module or unlinked crate `synapse_rpc`
[INFO] [stdout]    |
[INFO] [stdout]    = help: if you wanted to use a crate named `synapse_rpc`, use `cargo add synapse_rpc` to add it to your `Cargo.toml`
[INFO] [stdout] 
[INFO] [stdout] 
[INFO] [stdout] error[E0433]: cannot find module or crate `synapse_rpc` in this scope
[INFO] [stdout]   --> tests/macro_tests.rs:86:22
[INFO] [stdout]    |
[INFO] [stdout] 86 |     let service_err: synapse_rpc::ServiceError = err.into();
[INFO] [stdout]    |                      ^^^^^^^^^^^ use of unresolved module or unlinked crate `synapse_rpc`
[INFO] [stdout]    |
[INFO] [stdout]    = help: if you wanted to use a crate named `synapse_rpc`, use `cargo add synapse_rpc` to add it to your `Cargo.toml`
[INFO] [stdout] 
[INFO] [stdout] 
[INFO] [stdout] Some errors have detailed explanations: E0432, E0433.
[INFO] [stdout] 
[INFO] [stdout] For more information about an error, try `rustc --explain E0432`.
[INFO] [stdout] 
[INFO] [stderr] error: could not compile `synapse-macros` (test "macro_tests") due to 9 previous errors
[INFO] running `Command { std: "docker" "inspect" "d0d5e3224e7a235d6598c992993eb7ae28b115f540588d6fdfed3088bf7db89f", kill_on_drop: false }`
[INFO] running `Command { std: "docker" "rm" "-f" "d0d5e3224e7a235d6598c992993eb7ae28b115f540588d6fdfed3088bf7db89f", kill_on_drop: false }`
[INFO] [stdout] d0d5e3224e7a235d6598c992993eb7ae28b115f540588d6fdfed3088bf7db89f
