[INFO] fetching crate synaps-core 0.10.1...
[INFO] testing synaps-core-0.10.1 against 1.99.0-beta.8 for beta-1.100-2
[INFO] extracting crate synaps-core 0.10.1 into /workspace/builds/worker-7-tc1/source
[INFO] started tweaking crates.io crate synaps-core 0.10.1
[INFO] removed 0 missing tests
[INFO] finished tweaking crates.io crate synaps-core 0.10.1
[INFO] tweaked toml for crates.io crate synaps-core 0.10.1 written to /workspace/builds/worker-7-tc1/source/Cargo.toml
[INFO] validating manifest of crates.io crate synaps-core 0.10.1 on toolchain 1.99.0-beta.8
[INFO] running `Command { std: CARGO_HOME="/workspace/cargo-home" RUSTUP_HOME="/workspace/rustup-home" "/workspace/cargo-home/bin/cargo" "+1.99.0-beta.8" "metadata" "--manifest-path" "Cargo.toml" "--no-deps", kill_on_drop: false }`
[INFO] crate crates.io crate synaps-core 0.10.1 already has a lockfile, it will not be regenerated
[INFO] running `Command { std: CARGO_HOME="/workspace/cargo-home" RUSTUP_HOME="/workspace/rustup-home" "/workspace/cargo-home/bin/cargo" "+1.99.0-beta.8" "fetch" "--manifest-path" "Cargo.toml", kill_on_drop: false }`
[INFO] [stderr]     Updating crates.io index
[INFO] [stderr]  Downloading crates ...
[INFO] [stderr]   Downloaded tikv-jemalloc-ctl v0.6.1
[INFO] [stderr]   Downloaded serial_test_derive v3.4.0
[INFO] [stderr]   Downloaded serial_test v3.4.0
[INFO] running `Command { std: "docker" "create" "-v" "/var/lib/crater-agent-workspace/builds/worker-7-tc1/source:/opt/rustwide/workdir:ro,Z" "-v" "/var/lib/crater-agent-workspace/builds/worker-7-tc1/target:/opt/rustwide/target:rw,Z" "-v" "/var/lib/crater-agent-workspace/cargo-home:/opt/rustwide/cargo-home:ro,Z" "-v" "/var/lib/crater-agent-workspace/rustup-home:/opt/rustwide/rustup-home:ro,Z" "-m" "1610612736" "--network" "none" "ghcr.io/rust-lang/crates-build-env/linux@sha256:3111399a4047eeb3a02b7a90e478d715f38a8c6669b5c4b49d30a17385265909" "sleep" "infinity", kill_on_drop: false }`
[INFO] [stdout] bfbbddcfdad938604e059c7d58891d38f554839081e35086e2e9432719d9b90c
[INFO] running `Command { std: "docker" "start" "bfbbddcfdad938604e059c7d58891d38f554839081e35086e2e9432719d9b90c", kill_on_drop: false }`
[INFO] running `Command { std: "docker" "inspect" "bfbbddcfdad938604e059c7d58891d38f554839081e35086e2e9432719d9b90c", kill_on_drop: false }`
[INFO] running `Command { std: "docker" "exec" "-e" "SOURCE_DIR=/opt/rustwide/workdir" "-e" "CARGO_HOME=/opt/rustwide/cargo-home" "-e" "RUSTUP_HOME=/opt/rustwide/rustup-home" "-e" "CARGO_TARGET_DIR=/opt/rustwide/target" "-w" "/opt/rustwide/workdir" "--user" "0:0" "bfbbddcfdad938604e059c7d58891d38f554839081e35086e2e9432719d9b90c" "/opt/rustwide/cargo-home/bin/cargo" "+1.99.0-beta.8" "metadata" "--no-deps" "--format-version=1", kill_on_drop: false }`
[INFO] running `Command { std: "docker" "inspect" "bfbbddcfdad938604e059c7d58891d38f554839081e35086e2e9432719d9b90c", kill_on_drop: false }`
[INFO] running `Command { std: "docker" "exec" "-e" "SOURCE_DIR=/opt/rustwide/workdir" "-e" "CARGO_HOME=/opt/rustwide/cargo-home" "-e" "RUSTUP_HOME=/opt/rustwide/rustup-home" "-e" "CARGO_TARGET_DIR=/opt/rustwide/target" "-e" "CARGO_INCREMENTAL=0" "-e" "RUST_BACKTRACE=full" "-e" "RUSTFLAGS=--cap-lints=warn" "-e" "RUSTDOCFLAGS=--cap-lints=warn" "-w" "/opt/rustwide/workdir" "--user" "0:0" "bfbbddcfdad938604e059c7d58891d38f554839081e35086e2e9432719d9b90c" "/opt/rustwide/cargo-home/bin/cargo" "+1.99.0-beta.8" "build" "--frozen" "--message-format=json", kill_on_drop: false }`
[INFO] [stderr]    Compiling libc v0.2.186
[INFO] [stderr]    Compiling zerofrom-derive v0.1.7
[INFO] [stderr]    Compiling yoke-derive v0.8.2
[INFO] [stderr]    Compiling serde_core v1.0.228
[INFO] [stderr]    Compiling zerovec-derive v0.11.3
[INFO] [stderr]    Compiling tokio-macros v2.7.0
[INFO] [stderr]    Compiling futures-macro v0.3.32
[INFO] [stderr]    Compiling cc v1.2.62
[INFO] [stderr]    Compiling serde v1.0.228
[INFO] [stderr]    Compiling slab v0.4.12
[INFO] [stderr]    Compiling zerocopy v0.8.48
[INFO] [stderr]    Compiling tracing v0.1.44
[INFO] [stderr]    Compiling typenum v1.20.0
[INFO] [stderr]    Compiling writeable v0.6.3
[INFO] [stderr]    Compiling litemap v0.8.2
[INFO] [stderr]    Compiling icu_normalizer_data v2.2.0
[INFO] [stderr]    Compiling icu_properties_data v2.2.0
[INFO] [stderr]    Compiling rustls-pki-types v1.14.1
[INFO] [stderr]    Compiling rustls v0.23.40
[INFO] [stderr]    Compiling thiserror-impl v1.0.69
[INFO] [stderr]    Compiling regex-syntax v0.8.10
[INFO] [stderr]    Compiling bitflags v2.13.0
[INFO] [stderr]    Compiling getrandom v0.4.2
[INFO] [stderr]    Compiling data-encoding v2.11.0
[INFO] [stderr]    Compiling webpki-roots v1.0.7
[INFO] [stderr]    Compiling rustls-native-certs v0.8.4
[INFO] [stderr]    Compiling rustix v1.1.4
[INFO] [stderr]    Compiling deranged v0.5.8
[INFO] [stderr]    Compiling tracing-log v0.2.0
[INFO] [stderr]    Compiling time-core v0.1.8
[INFO] [stderr]    Compiling getrandom v0.2.17
[INFO] [stderr]    Compiling errno v0.3.14
[INFO] [stderr]    Compiling parking_lot_core v0.9.12
[INFO] [stderr]    Compiling socket2 v0.6.3
[INFO] [stderr]    Compiling mio v1.2.0
[INFO] [stderr]    Compiling signal-hook-registry v1.4.8
[INFO] [stderr]    Compiling generic-array v0.14.7
[INFO] [stderr]    Compiling futures-util v0.3.32
[INFO] [stderr]    Compiling parking_lot v0.12.5
[INFO] [stderr]    Compiling rand_core v0.6.4
[INFO] [stderr]    Compiling getrandom v0.3.4
[INFO] [stderr]    Compiling tokio v1.52.3
[INFO] [stderr]    Compiling num-conv v0.2.1
[INFO] [stderr]    Compiling dirs-sys v0.4.1
[INFO] [stderr]    Compiling rand_core v0.9.5
[INFO] [stderr]    Compiling block-buffer v0.10.4
[INFO] [stderr]    Compiling crypto-common v0.1.7
[INFO] [stderr]    Compiling regex-automata v0.4.14
[INFO] [stderr]    Compiling thiserror v1.0.69
[INFO] [stderr]    Compiling digest v0.10.7
[INFO] [stderr]    Compiling zerofrom v0.1.8
[INFO] [stderr]    Compiling matchit v0.7.3
[INFO] [stderr]    Compiling symlink v0.1.0
[INFO] [stderr]    Compiling uuid v1.23.1
[INFO] [stderr]    Compiling dirs v5.0.1
[INFO] [stderr]    Compiling urlencoding v2.1.3
[INFO] [stderr]    Compiling yoke v0.8.2
[INFO] [stderr]    Compiling sha1 v0.10.6
[INFO] [stderr]    Compiling sha2 v0.10.9
[INFO] [stderr]    Compiling time v0.3.47
[INFO] [stderr]    Compiling zerovec v0.11.6
[INFO] [stderr]    Compiling zerotrie v0.2.4
[INFO] [stderr]    Compiling ring v0.17.14
[INFO] [stderr]    Compiling tikv-jemalloc-sys v0.6.1+5.3.0-1-ge13ca993e8ccb9ba9847cc330696e02839f328f7
[INFO] [stderr]    Compiling tinystr v0.8.3
[INFO] [stderr]    Compiling potential_utf v0.1.5
[INFO] [stderr]    Compiling icu_collections v2.2.0
[INFO] [stderr]    Compiling icu_locale_core v2.2.0
[INFO] [stderr]    Compiling serde_json v1.0.149
[INFO] [stderr]    Compiling serde_path_to_error v0.1.20
[INFO] [stderr]    Compiling serde_urlencoded v0.7.1
[INFO] [stderr]    Compiling toml_datetime v0.6.11
[INFO] [stderr]    Compiling serde_spanned v0.6.9
[INFO] [stderr]    Compiling chrono v0.4.44
[INFO] [stderr]    Compiling serde_yaml v0.9.34+deprecated
[INFO] [stderr]    Compiling toml_edit v0.22.27
[INFO] [stderr]    Compiling icu_provider v2.2.0
[INFO] [stderr]    Compiling matchers v0.2.0
[INFO] [stderr]    Compiling tracing-subscriber v0.3.23
[INFO] [stderr]    Compiling icu_properties v2.2.0
[INFO] [stderr]    Compiling icu_normalizer v2.2.0
[INFO] [stderr]    Compiling axum-core v0.4.5
[INFO] [stderr]    Compiling futures-executor v0.3.32
[INFO] [stderr]    Compiling futures v0.3.32
[INFO] [stderr]    Compiling fs4 v0.13.1
[INFO] [stderr]    Compiling tracing-appender v0.2.5
[INFO] [stderr]    Compiling idna_adapter v1.2.2
[INFO] [stderr]    Compiling idna v1.1.0
[INFO] [stderr]    Compiling toml v0.8.23
[INFO] [stderr]    Compiling url v2.5.8
[INFO] [stderr]    Compiling hyper v1.9.0
[INFO] [stderr]    Compiling tower v0.5.3
[INFO] [stderr]    Compiling tokio-util v0.7.18
[INFO] [stderr]    Compiling tower-http v0.6.11
[INFO] [stderr]    Compiling rustls-webpki v0.103.13
[INFO] [stderr]    Compiling ppv-lite86 v0.2.21
[INFO] [stderr]    Compiling hyper-util v0.1.20
[INFO] [stderr]    Compiling rand_chacha v0.3.1
[INFO] [stderr]    Compiling rand_chacha v0.9.0
[INFO] [stderr]    Compiling rand v0.9.4
[INFO] [stderr]    Compiling rand v0.8.6
[INFO] [stderr]    Compiling tungstenite v0.24.0
[INFO] [stderr]    Compiling tokio-tungstenite v0.24.0
[INFO] [stderr]    Compiling axum v0.7.9
[INFO] [stderr]    Compiling tokio-rustls v0.26.4
[INFO] [stderr]    Compiling hyper-rustls v0.27.9
[INFO] [stderr]    Compiling reqwest v0.12.28
[INFO] [stderr]    Compiling tikv-jemalloc-ctl v0.6.1
[INFO] [stderr]    Compiling synaps-core v0.10.1 (/opt/rustwide/workdir)
[INFO] [stderr]     Finished `dev` profile [unoptimized + debuginfo] target(s) in 2m 12s
[INFO] running `Command { std: "docker" "inspect" "bfbbddcfdad938604e059c7d58891d38f554839081e35086e2e9432719d9b90c", kill_on_drop: false }`
[INFO] running `Command { std: "docker" "exec" "-e" "SOURCE_DIR=/opt/rustwide/workdir" "-e" "CARGO_HOME=/opt/rustwide/cargo-home" "-e" "RUSTUP_HOME=/opt/rustwide/rustup-home" "-e" "CARGO_TARGET_DIR=/opt/rustwide/target" "-e" "CARGO_INCREMENTAL=0" "-e" "RUST_BACKTRACE=full" "-e" "RUSTFLAGS=--cap-lints=warn" "-e" "RUSTDOCFLAGS=--cap-lints=warn" "-w" "/opt/rustwide/workdir" "--user" "0:0" "bfbbddcfdad938604e059c7d58891d38f554839081e35086e2e9432719d9b90c" "/opt/rustwide/cargo-home/bin/cargo" "+1.99.0-beta.8" "test" "--frozen" "--no-run" "--message-format=json", kill_on_drop: false }`
[INFO] [stderr]    Compiling sdd v3.0.10
[INFO] [stderr]    Compiling serial_test_derive v3.4.0
[INFO] [stderr]    Compiling fastrand v2.4.1
[INFO] [stderr]    Compiling tempfile v3.27.0
[INFO] [stderr]    Compiling scc v2.4.0
[INFO] [stderr]    Compiling serial_test v3.4.0
[INFO] [stderr]    Compiling synaps-core v0.10.1 (/opt/rustwide/workdir)
[INFO] [stderr] error: could not compile `synaps-core` (test "aws_bedrock_sso_e2e")
[INFO] [stderr] 
[INFO] [stderr] Caused by:
[INFO] [stderr]   process didn't exit successfully: `/opt/rustwide/rustup-home/toolchains/1.99.0-beta.8-x86_64-unknown-linux-gnu/bin/rustc --crate-name aws_bedrock_sso_e2e --edition=2021 tests/aws_bedrock_sso_e2e.rs --error-format=json --json=diagnostic-rendered-ansi,artifacts,future-incompat --emit=dep-info,link -C embed-bitcode=no -C debuginfo=2 --test --check-cfg 'cfg(docsrs,test)' --check-cfg 'cfg(feature, values())' -C metadata=c46635b8df1f24a6 -C extra-filename=-97de37bd1d8c5f7b --out-dir /opt/rustwide/target/debug/deps -L dependency=/opt/rustwide/target/debug/deps --extern async_trait=/opt/rustwide/target/debug/deps/libasync_trait-3453bb6e76f3ba47.so --extern axum=/opt/rustwide/target/debug/deps/libaxum-5398ca13d1b5ca1f.rlib --extern base64=/opt/rustwide/target/debug/deps/libbase64-32787b0325ea6df8.rlib --extern bytes=/opt/rustwide/target/debug/deps/libbytes-2ed9460101f17bbf.rlib --extern chrono=/opt/rustwide/target/debug/deps/libchrono-9b795ca9b39b3053.rlib --extern dirs=/opt/rustwide/target/debug/deps/libdirs-ced9ecdfe96c4de3.rlib --extern fs4=/opt/rustwide/target/debug/deps/libfs4-cdd40ac3666a6f23.rlib --extern futures=/opt/rustwide/target/debug/deps/libfutures-609139ece81e1dff.rlib --extern libc=/opt/rustwide/target/debug/deps/liblibc-612664c2206eec43.rlib --extern rand=/opt/rustwide/target/debug/deps/librand-2ac3027652de4077.rlib --extern reqwest=/opt/rustwide/target/debug/deps/libreqwest-d721ea0e75862f0d.rlib --extern serde=/opt/rustwide/target/debug/deps/libserde-812851b95e4e1b1c.rlib --extern serde_json=/opt/rustwide/target/debug/deps/libserde_json-ac8da3a9c779f800.rlib --extern serde_yaml=/opt/rustwide/target/debug/deps/libserde_yaml-f8b82514bc576dc9.rlib --extern serial_test=/opt/rustwide/target/debug/deps/libserial_test-321ae2c990ba5222.rlib --extern sha2=/opt/rustwide/target/debug/deps/libsha2-4c5cdd8aca8af356.rlib --extern agent_core=/opt/rustwide/target/debug/deps/libagent_core-164fb2628a327e00.rlib --extern tempfile=/opt/rustwide/target/debug/deps/libtempfile-e351f984af4cc949.rlib --extern thiserror=/opt/rustwide/target/debug/deps/libthiserror-305297abc8a52265.rlib --extern tikv_jemalloc_ctl=/opt/rustwide/target/debug/deps/libtikv_jemalloc_ctl-3aa5a5790ac72165.rlib --extern tokio=/opt/rustwide/target/debug/deps/libtokio-1de89bb9e33c3a27.rlib --extern toml=/opt/rustwide/target/debug/deps/libtoml-bb3cdf495f2d05fb.rlib --extern tracing=/opt/rustwide/target/debug/deps/libtracing-4cef0f2badfdb422.rlib --extern tracing_appender=/opt/rustwide/target/debug/deps/libtracing_appender-d44e2eaf8504aada.rlib --extern tracing_subscriber=/opt/rustwide/target/debug/deps/libtracing_subscriber-335d1e993190c20c.rlib --extern url=/opt/rustwide/target/debug/deps/liburl-bc9c7c164a9ff56b.rlib --extern urlencoding=/opt/rustwide/target/debug/deps/liburlencoding-061758bc6028ea3e.rlib --extern uuid=/opt/rustwide/target/debug/deps/libuuid-18a59e9829231b53.rlib --cap-lints=warn -L native=/opt/rustwide/target/debug/build/ring-dde6d2ed2307ef2a/out -L native=/opt/rustwide/target/debug/build/tikv-jemalloc-sys-670809ca43852f45/out/build/lib` (signal: 9, SIGKILL: kill)
[INFO] [stderr] warning: build failed, waiting for other jobs to finish...
[INFO] [stderr] error: could not compile `synaps-core` (lib test)
[INFO] [stderr] 
[INFO] [stderr] Caused by:
[INFO] [stderr]   process didn't exit successfully: `/opt/rustwide/rustup-home/toolchains/1.99.0-beta.8-x86_64-unknown-linux-gnu/bin/rustc --crate-name agent_core --edition=2021 src/lib.rs --error-format=json --json=diagnostic-rendered-ansi,artifacts,future-incompat --emit=dep-info,link -C embed-bitcode=no -C debuginfo=2 --test --check-cfg 'cfg(docsrs,test)' --check-cfg 'cfg(feature, values())' -C metadata=5f7e8145071430fc -C extra-filename=-7e2fa5c108d342d5 --out-dir /opt/rustwide/target/debug/deps -L dependency=/opt/rustwide/target/debug/deps --extern async_trait=/opt/rustwide/target/debug/deps/libasync_trait-3453bb6e76f3ba47.so --extern axum=/opt/rustwide/target/debug/deps/libaxum-5398ca13d1b5ca1f.rlib --extern base64=/opt/rustwide/target/debug/deps/libbase64-32787b0325ea6df8.rlib --extern bytes=/opt/rustwide/target/debug/deps/libbytes-2ed9460101f17bbf.rlib --extern chrono=/opt/rustwide/target/debug/deps/libchrono-9b795ca9b39b3053.rlib --extern dirs=/opt/rustwide/target/debug/deps/libdirs-ced9ecdfe96c4de3.rlib --extern fs4=/opt/rustwide/target/debug/deps/libfs4-cdd40ac3666a6f23.rlib --extern futures=/opt/rustwide/target/debug/deps/libfutures-609139ece81e1dff.rlib --extern libc=/opt/rustwide/target/debug/deps/liblibc-612664c2206eec43.rlib --extern rand=/opt/rustwide/target/debug/deps/librand-2ac3027652de4077.rlib --extern reqwest=/opt/rustwide/target/debug/deps/libreqwest-d721ea0e75862f0d.rlib --extern serde=/opt/rustwide/target/debug/deps/libserde-812851b95e4e1b1c.rlib --extern serde_json=/opt/rustwide/target/debug/deps/libserde_json-ac8da3a9c779f800.rlib --extern serde_yaml=/opt/rustwide/target/debug/deps/libserde_yaml-f8b82514bc576dc9.rlib --extern serial_test=/opt/rustwide/target/debug/deps/libserial_test-321ae2c990ba5222.rlib --extern sha2=/opt/rustwide/target/debug/deps/libsha2-4c5cdd8aca8af356.rlib --extern tempfile=/opt/rustwide/target/debug/deps/libtempfile-e351f984af4cc949.rlib --extern thiserror=/opt/rustwide/target/debug/deps/libthiserror-305297abc8a52265.rlib --extern tikv_jemalloc_ctl=/opt/rustwide/target/debug/deps/libtikv_jemalloc_ctl-3aa5a5790ac72165.rlib --extern tokio=/opt/rustwide/target/debug/deps/libtokio-1de89bb9e33c3a27.rlib --extern toml=/opt/rustwide/target/debug/deps/libtoml-bb3cdf495f2d05fb.rlib --extern tracing=/opt/rustwide/target/debug/deps/libtracing-4cef0f2badfdb422.rlib --extern tracing_appender=/opt/rustwide/target/debug/deps/libtracing_appender-d44e2eaf8504aada.rlib --extern tracing_subscriber=/opt/rustwide/target/debug/deps/libtracing_subscriber-335d1e993190c20c.rlib --extern url=/opt/rustwide/target/debug/deps/liburl-bc9c7c164a9ff56b.rlib --extern urlencoding=/opt/rustwide/target/debug/deps/liburlencoding-061758bc6028ea3e.rlib --extern uuid=/opt/rustwide/target/debug/deps/libuuid-18a59e9829231b53.rlib --cap-lints=warn -L native=/opt/rustwide/target/debug/build/ring-dde6d2ed2307ef2a/out -L native=/opt/rustwide/target/debug/build/tikv-jemalloc-sys-670809ca43852f45/out/build/lib` (signal: 9, SIGKILL: kill)
[INFO] [stderr] error: could not compile `synaps-core` (test "memory_repository_identity")
[INFO] [stderr] 
[INFO] [stderr] Caused by:
[INFO] [stderr]   process didn't exit successfully: `/opt/rustwide/rustup-home/toolchains/1.99.0-beta.8-x86_64-unknown-linux-gnu/bin/rustc --crate-name memory_repository_identity --edition=2021 tests/memory_repository_identity.rs --error-format=json --json=diagnostic-rendered-ansi,artifacts,future-incompat --emit=dep-info,link -C embed-bitcode=no -C debuginfo=2 --test --check-cfg 'cfg(docsrs,test)' --check-cfg 'cfg(feature, values())' -C metadata=0d17d958e0e5acc5 -C extra-filename=-c74f712abc7f4743 --out-dir /opt/rustwide/target/debug/deps -L dependency=/opt/rustwide/target/debug/deps --extern async_trait=/opt/rustwide/target/debug/deps/libasync_trait-3453bb6e76f3ba47.so --extern axum=/opt/rustwide/target/debug/deps/libaxum-5398ca13d1b5ca1f.rlib --extern base64=/opt/rustwide/target/debug/deps/libbase64-32787b0325ea6df8.rlib --extern bytes=/opt/rustwide/target/debug/deps/libbytes-2ed9460101f17bbf.rlib --extern chrono=/opt/rustwide/target/debug/deps/libchrono-9b795ca9b39b3053.rlib --extern dirs=/opt/rustwide/target/debug/deps/libdirs-ced9ecdfe96c4de3.rlib --extern fs4=/opt/rustwide/target/debug/deps/libfs4-cdd40ac3666a6f23.rlib --extern futures=/opt/rustwide/target/debug/deps/libfutures-609139ece81e1dff.rlib --extern libc=/opt/rustwide/target/debug/deps/liblibc-612664c2206eec43.rlib --extern rand=/opt/rustwide/target/debug/deps/librand-2ac3027652de4077.rlib --extern reqwest=/opt/rustwide/target/debug/deps/libreqwest-d721ea0e75862f0d.rlib --extern serde=/opt/rustwide/target/debug/deps/libserde-812851b95e4e1b1c.rlib --extern serde_json=/opt/rustwide/target/debug/deps/libserde_json-ac8da3a9c779f800.rlib --extern serde_yaml=/opt/rustwide/target/debug/deps/libserde_yaml-f8b82514bc576dc9.rlib --extern serial_test=/opt/rustwide/target/debug/deps/libserial_test-321ae2c990ba5222.rlib --extern sha2=/opt/rustwide/target/debug/deps/libsha2-4c5cdd8aca8af356.rlib --extern agent_core=/opt/rustwide/target/debug/deps/libagent_core-164fb2628a327e00.rlib --extern tempfile=/opt/rustwide/target/debug/deps/libtempfile-e351f984af4cc949.rlib --extern thiserror=/opt/rustwide/target/debug/deps/libthiserror-305297abc8a52265.rlib --extern tikv_jemalloc_ctl=/opt/rustwide/target/debug/deps/libtikv_jemalloc_ctl-3aa5a5790ac72165.rlib --extern tokio=/opt/rustwide/target/debug/deps/libtokio-1de89bb9e33c3a27.rlib --extern toml=/opt/rustwide/target/debug/deps/libtoml-bb3cdf495f2d05fb.rlib --extern tracing=/opt/rustwide/target/debug/deps/libtracing-4cef0f2badfdb422.rlib --extern tracing_appender=/opt/rustwide/target/debug/deps/libtracing_appender-d44e2eaf8504aada.rlib --extern tracing_subscriber=/opt/rustwide/target/debug/deps/libtracing_subscriber-335d1e993190c20c.rlib --extern url=/opt/rustwide/target/debug/deps/liburl-bc9c7c164a9ff56b.rlib --extern urlencoding=/opt/rustwide/target/debug/deps/liburlencoding-061758bc6028ea3e.rlib --extern uuid=/opt/rustwide/target/debug/deps/libuuid-18a59e9829231b53.rlib --cap-lints=warn -L native=/opt/rustwide/target/debug/build/ring-dde6d2ed2307ef2a/out -L native=/opt/rustwide/target/debug/build/tikv-jemalloc-sys-670809ca43852f45/out/build/lib` (signal: 9, SIGKILL: kill)
[INFO] [stderr] error: could not compile `synaps-core` (test "aws_bedrock_live")
[INFO] [stderr] 
[INFO] [stderr] Caused by:
[INFO] [stderr]   process didn't exit successfully: `/opt/rustwide/rustup-home/toolchains/1.99.0-beta.8-x86_64-unknown-linux-gnu/bin/rustc --crate-name aws_bedrock_live --edition=2021 tests/aws_bedrock_live.rs --error-format=json --json=diagnostic-rendered-ansi,artifacts,future-incompat --emit=dep-info,link -C embed-bitcode=no -C debuginfo=2 --test --check-cfg 'cfg(docsrs,test)' --check-cfg 'cfg(feature, values())' -C metadata=1431f5e062e6a6e8 -C extra-filename=-2de93580920f8bc7 --out-dir /opt/rustwide/target/debug/deps -L dependency=/opt/rustwide/target/debug/deps --extern async_trait=/opt/rustwide/target/debug/deps/libasync_trait-3453bb6e76f3ba47.so --extern axum=/opt/rustwide/target/debug/deps/libaxum-5398ca13d1b5ca1f.rlib --extern base64=/opt/rustwide/target/debug/deps/libbase64-32787b0325ea6df8.rlib --extern bytes=/opt/rustwide/target/debug/deps/libbytes-2ed9460101f17bbf.rlib --extern chrono=/opt/rustwide/target/debug/deps/libchrono-9b795ca9b39b3053.rlib --extern dirs=/opt/rustwide/target/debug/deps/libdirs-ced9ecdfe96c4de3.rlib --extern fs4=/opt/rustwide/target/debug/deps/libfs4-cdd40ac3666a6f23.rlib --extern futures=/opt/rustwide/target/debug/deps/libfutures-609139ece81e1dff.rlib --extern libc=/opt/rustwide/target/debug/deps/liblibc-612664c2206eec43.rlib --extern rand=/opt/rustwide/target/debug/deps/librand-2ac3027652de4077.rlib --extern reqwest=/opt/rustwide/target/debug/deps/libreqwest-d721ea0e75862f0d.rlib --extern serde=/opt/rustwide/target/debug/deps/libserde-812851b95e4e1b1c.rlib --extern serde_json=/opt/rustwide/target/debug/deps/libserde_json-ac8da3a9c779f800.rlib --extern serde_yaml=/opt/rustwide/target/debug/deps/libserde_yaml-f8b82514bc576dc9.rlib --extern serial_test=/opt/rustwide/target/debug/deps/libserial_test-321ae2c990ba5222.rlib --extern sha2=/opt/rustwide/target/debug/deps/libsha2-4c5cdd8aca8af356.rlib --extern agent_core=/opt/rustwide/target/debug/deps/libagent_core-164fb2628a327e00.rlib --extern tempfile=/opt/rustwide/target/debug/deps/libtempfile-e351f984af4cc949.rlib --extern thiserror=/opt/rustwide/target/debug/deps/libthiserror-305297abc8a52265.rlib --extern tikv_jemalloc_ctl=/opt/rustwide/target/debug/deps/libtikv_jemalloc_ctl-3aa5a5790ac72165.rlib --extern tokio=/opt/rustwide/target/debug/deps/libtokio-1de89bb9e33c3a27.rlib --extern toml=/opt/rustwide/target/debug/deps/libtoml-bb3cdf495f2d05fb.rlib --extern tracing=/opt/rustwide/target/debug/deps/libtracing-4cef0f2badfdb422.rlib --extern tracing_appender=/opt/rustwide/target/debug/deps/libtracing_appender-d44e2eaf8504aada.rlib --extern tracing_subscriber=/opt/rustwide/target/debug/deps/libtracing_subscriber-335d1e993190c20c.rlib --extern url=/opt/rustwide/target/debug/deps/liburl-bc9c7c164a9ff56b.rlib --extern urlencoding=/opt/rustwide/target/debug/deps/liburlencoding-061758bc6028ea3e.rlib --extern uuid=/opt/rustwide/target/debug/deps/libuuid-18a59e9829231b53.rlib --cap-lints=warn -L native=/opt/rustwide/target/debug/build/ring-dde6d2ed2307ef2a/out -L native=/opt/rustwide/target/debug/build/tikv-jemalloc-sys-670809ca43852f45/out/build/lib` (signal: 9, SIGKILL: kill)
[INFO] [stderr] error: could not compile `synaps-core` (test "session_compaction_provenance")
[INFO] [stderr] 
[INFO] [stderr] Caused by:
[INFO] [stderr]   process didn't exit successfully: `/opt/rustwide/rustup-home/toolchains/1.99.0-beta.8-x86_64-unknown-linux-gnu/bin/rustc --crate-name session_compaction_provenance --edition=2021 tests/session_compaction_provenance.rs --error-format=json --json=diagnostic-rendered-ansi,artifacts,future-incompat --emit=dep-info,link -C embed-bitcode=no -C debuginfo=2 --test --check-cfg 'cfg(docsrs,test)' --check-cfg 'cfg(feature, values())' -C metadata=c13df6e48003ddcd -C extra-filename=-eb6ed7ab6008106c --out-dir /opt/rustwide/target/debug/deps -L dependency=/opt/rustwide/target/debug/deps --extern async_trait=/opt/rustwide/target/debug/deps/libasync_trait-3453bb6e76f3ba47.so --extern axum=/opt/rustwide/target/debug/deps/libaxum-5398ca13d1b5ca1f.rlib --extern base64=/opt/rustwide/target/debug/deps/libbase64-32787b0325ea6df8.rlib --extern bytes=/opt/rustwide/target/debug/deps/libbytes-2ed9460101f17bbf.rlib --extern chrono=/opt/rustwide/target/debug/deps/libchrono-9b795ca9b39b3053.rlib --extern dirs=/opt/rustwide/target/debug/deps/libdirs-ced9ecdfe96c4de3.rlib --extern fs4=/opt/rustwide/target/debug/deps/libfs4-cdd40ac3666a6f23.rlib --extern futures=/opt/rustwide/target/debug/deps/libfutures-609139ece81e1dff.rlib --extern libc=/opt/rustwide/target/debug/deps/liblibc-612664c2206eec43.rlib --extern rand=/opt/rustwide/target/debug/deps/librand-2ac3027652de4077.rlib --extern reqwest=/opt/rustwide/target/debug/deps/libreqwest-d721ea0e75862f0d.rlib --extern serde=/opt/rustwide/target/debug/deps/libserde-812851b95e4e1b1c.rlib --extern serde_json=/opt/rustwide/target/debug/deps/libserde_json-ac8da3a9c779f800.rlib --extern serde_yaml=/opt/rustwide/target/debug/deps/libserde_yaml-f8b82514bc576dc9.rlib --extern serial_test=/opt/rustwide/target/debug/deps/libserial_test-321ae2c990ba5222.rlib --extern sha2=/opt/rustwide/target/debug/deps/libsha2-4c5cdd8aca8af356.rlib --extern agent_core=/opt/rustwide/target/debug/deps/libagent_core-164fb2628a327e00.rlib --extern tempfile=/opt/rustwide/target/debug/deps/libtempfile-e351f984af4cc949.rlib --extern thiserror=/opt/rustwide/target/debug/deps/libthiserror-305297abc8a52265.rlib --extern tikv_jemalloc_ctl=/opt/rustwide/target/debug/deps/libtikv_jemalloc_ctl-3aa5a5790ac72165.rlib --extern tokio=/opt/rustwide/target/debug/deps/libtokio-1de89bb9e33c3a27.rlib --extern toml=/opt/rustwide/target/debug/deps/libtoml-bb3cdf495f2d05fb.rlib --extern tracing=/opt/rustwide/target/debug/deps/libtracing-4cef0f2badfdb422.rlib --extern tracing_appender=/opt/rustwide/target/debug/deps/libtracing_appender-d44e2eaf8504aada.rlib --extern tracing_subscriber=/opt/rustwide/target/debug/deps/libtracing_subscriber-335d1e993190c20c.rlib --extern url=/opt/rustwide/target/debug/deps/liburl-bc9c7c164a9ff56b.rlib --extern urlencoding=/opt/rustwide/target/debug/deps/liburlencoding-061758bc6028ea3e.rlib --extern uuid=/opt/rustwide/target/debug/deps/libuuid-18a59e9829231b53.rlib --cap-lints=warn -L native=/opt/rustwide/target/debug/build/ring-dde6d2ed2307ef2a/out -L native=/opt/rustwide/target/debug/build/tikv-jemalloc-sys-670809ca43852f45/out/build/lib` (signal: 9, SIGKILL: kill)
[INFO] [stdout] error: linking with `cc` failed: exit status: 1
[INFO] [stdout]   |
[INFO] [stdout]   = note:  "cc" "-m64" "/opt/rustwide/target/debug/deps/rustcHysPzP/symbols.o" "<2 object files omitted>" "-Wl,--as-needed" "-Wl,-Bstatic" "/opt/rustwide/target/debug/deps/{libtempfile-e351f984af4cc949,libfastrand-8c711c36072d5b5b}.rlib" "<sysroot>/lib/rustlib/x86_64-unknown-linux-gnu/lib/{libtest-*,libgetopts-*,librustc_std_workspace_std-*}.rlib" "/opt/rustwide/target/debug/deps/{libagent_core-164fb2628a327e00,libserde_yaml-f8b82514bc576dc9,libunsafe_libyaml-d3127b66fe569cc5,libtoml-bb3cdf495f2d05fb,libtoml_edit-a1fbaf83cb99dde5,libserde_spanned-9d281e79de67440f,libindexmap-b92bb9c25241b995,libequivalent-6a754676e6af62ae,libhashbrown-d7214d631586fd51,libwinnow-88e6acd6e2987984,libtoml_write-2c704ffd35684d73,libtoml_datetime-7aec6a1dd7d424f7,liburlencoding-061758bc6028ea3e,libuuid-18a59e9829231b53,libgetrandom-fb4c32fda73a41c0,libaxum-5398ca13d1b5ca1f,libserde_path_to_error-27ee74d3083bd57a,libmatchit-616cb01453b9e7d4,libtokio_tungstenite-781e3cf27ffd9c0f,libtungstenite-166df3acd0d17878,libdata_encoding-b17abe9da7ed756a,librand-1f746861c7bbcb8e,librand_chacha-76d6ebc8278a62a6,librand_core-86e43b95b9d88fa9,libutf8-f4341c3c7568480d,libbyteorder-8f59b6d1bfdaa844,libsha1-50ecace378929aca,libaxum_core-f2736a9b8297ca68,libmime-0188e0814ca7ddbf,libtikv_jemalloc_ctl-3aa5a5790ac72165,libtikv_jemalloc_sys-0b28da5dcb5c8adc,libtracing_appender-d44e2eaf8504aada,libsymlink-68ce4ca52d9ce6bf,libthiserror-5e90adc18491a337,libtime-e07d96be53db6481,libtime_core-031b6ab885a7634b,libnum_conv-4e1233169d5eeba7,libderanged-d0114085ae3b02c5,libpowerfmt-f6019a2766e431f7,libtracing_subscriber-335d1e993190c20c,libsharded_slab-bd3e89e1e50b7c87,liblazy_static-3674be3f4245d19b,libmatchers-fcca779a642f4c5f,libregex_automata-d356dfd8f82ba683,libregex_syntax-ed1802775772b5d0,libnu_ansi_term-745c727bb3e87c52,libthread_local-b4f6fe44d641c0b1,libtracing_log-510f2bf8b9768cfe,libcrossbeam_channel-a54b30448774328c,libcrossbeam_utils-076f45bf81d9c2d2,libthiserror-305297abc8a52265,libchrono-9b795ca9b39b3053,libiana_time_zone-bcd81aefedc374a6,libnum_traits-3a2b08a4728dfda7,libfs4-cdd40ac3666a6f23,librustix-02d97837cd9bd231,liblinux_raw_sys-0b6cde911e9a3109,librand-2ac3027652de4077,librand_chacha-d1da16184ebf3983,libppv_lite86-7f5ba35fc3b17562,libzerocopy-ad92ccf16844b543,librand_core-b115fb9b5d781658,libgetrandom-a73f2f085e83d825,libreqwest-d721ea0e75862f0d,libserde_urlencoded-b9995cf3763fde36,libryu-1f4f40e4352371e5,libhyper_rustls-bae3c06e9dfc9fd8,libwebpki_roots-4ac2131d17f69b0d,librustls_native_certs-881882f6cd6b7616,libopenssl_probe-6b1b371432012237,libtokio_rustls-2867dccaf333a274,librustls-4eb91defdb5dd78d,libsubtle-2ae6a7038b9a0630,libwebpki-45e660d9ffdc1779,libring-fafa37576a22d673,libgetrandom-f25a51f78d9871ba,libuntrusted-b2f816886faf2178,librustls_pki_types-fc5637970849fdde,libzeroize-7f213bea776ca5b6,libserde_json-ac8da3a9c779f800,libzmij-ef63f1da73704b4c,libtower_http-d1adfbdadfa80c3a,libbitflags-4d66d68843710487,libtower-b64fdced4cc7567a,libtower_layer-d908dd771b239ecd,libhyper_util-cf110f7f34fbfb01,libipnet-61ca7a5e1c2863d4,libtower_service-3fb88d28c2218805,libtracing-4cef0f2badfdb422,libtracing_core-d26029c784af5925,libonce_cell-b5bdc597ed9676b3,libhyper-12304de55793f652,libwant-7a6260b9c50f1479,libtry_lock-8fa2f6971035be84,libhttparse-8c9b827b8f345444,libatomic_waker-06950c8c08d2b8fa,libhttpdate-331798cefc82cc7e,libtokio_util-395a833498069bac,libhttp_body_util-ed5fbd1db1f6d6fc,libhttp_body-8d8f9f8398f09fa7,liblog-b262261d47bd2eba,liburl-bc9c7c164a9ff56b,libidna-8b5e3e0dc097cd32,libidna_adapter-f8f64cfb19688ecd,libicu_properties-8b9c68197d30b563,libicu_properties_data-e6cf238fc98dd59d,libicu_normalizer-1a3d673d128bd84c,libicu_normalizer_data-8fea05bee0bb4e49,libicu_collections-b31ce9c366cae2eb,libutf8_iter-51566bbad89f3a68,libpotential_utf-0c3d767a9fda37b1,libicu_provider-652b67b6be3d547b,libicu_locale_core-e0060a6bc1a51fa0,libtinystr-6915b4c566b3f487,liblitemap-dc288f07f8f61193,libwriteable-48b3e52227924bb5,libzerovec-64453c2b57e04116,libzerotrie-3f8d6fa26c658b68,libyoke-477b98923d9496a9,libstable_deref_trait-63cbf3f3d3f94e56,libzerofrom-aa2bed5d30bbc07f,libform_urlencoded-58b0f0edb59b40d2,libpercent_encoding-fa055ecaa1e57cfa,libhttp-563f2cb150350555,libitoa-5de11b3b23bfe572,libsync_wrapper-6bdfbc29c4269203,libbase64-32787b0325ea6df8,libsha2-4c5cdd8aca8af356,libcpufeatures-e04321643d03190d,libdigest-cff83e5108af0d01,libblock_buffer-bba24321e7b40706,libcrypto_common-25561c32e2e433f4,libgeneric_array-c2fdd0cc081e51ad,libtypenum-ec75592541d0a339,libfutures-609139ece81e1dff,libfutures_executor-b94da4f21ae6b37f,libfutures_util-572690135cd621c4,libmemchr-5cfa70d22cb32987,libfutures_io-a8805bd12b2ab705,libslab-ed301aba3460fb05,libfutures_channel-04b287164a72dbf0,libfutures_sink-3971bde37bb30e19,libfutures_task-36f327cfab86eddc,libfutures_core-1121ff913ed87f93,libtokio-1de89bb9e33c3a27,libsignal_hook_registry-97fb91977beb15cc,liberrno-40a43d7c8a9b8122,libsocket2-2367bcf2eb96355a,libbytes-2ed9460101f17bbf,libmio-3f5f6fa89ecad527,libparking_lot-080783593a730975,libparking_lot_core-bccd0786fb787739,liblibc-612664c2206eec43,libcfg_if-83060ec5685761ae,libsmallvec-bc3128fdd57228fc,liblock_api-16d46fed645f7bff,libscopeguard-7ec2214574194454,libpin_project_lite-0a15d51c77964692,libserde-812851b95e4e1b1c,libserde_core-49c5f0449f9ff544}.rlib" "<sysroot>/lib/rustlib/x86_64-unknown-linux-gnu/lib/{libstd-*,libpanic_unwind-*,libobject-*,libmemchr-*,libaddr2line-*,libgimli-*,libcfg_if-*,librustc_demangle-*,libstd_detect-*,libhashbrown-*,librustc_std_workspace_alloc-*,libminiz_oxide-*,libadler2-*,libunwind-*,liblibc-*,librustc_std_workspace_core-*,liballoc-*,libcore-*,libcompiler_builtins-*}.rlib" "-Wl,-Bdynamic" "-lgcc_s" "-lutil" "-lrt" "-lpthread" "-lm" "-ldl" "-lc" "-L" "/opt/rustwide/target/debug/deps/rustcHysPzP/raw-dylibs" "-B<sysroot>/lib/rustlib/x86_64-unknown-linux-gnu/bin/gcc-ld" "-fuse-ld=lld" "-Wl,--eh-frame-hdr" "-Wl,-z,noexecstack" "-L" "/opt/rustwide/target/debug/build/ring-dde6d2ed2307ef2a/out" "-L" "/opt/rustwide/target/debug/build/tikv-jemalloc-sys-670809ca43852f45/out/build/lib" "-L" "<sysroot>/lib/rustlib/x86_64-unknown-linux-gnu/lib" "-o" "/opt/rustwide/target/debug/deps/prompt_path_confinement-28c7f83c441f8bc6" "-Wl,--gc-sections" "-pie" "-Wl,-z,relro,-z,now" "-nodefaultlibs"
[INFO] [stdout]   = note: some arguments are omitted. use `--verbose` to show all linker arguments
[INFO] [stdout]   = note: collect2: fatal error: ld terminated with signal 9 [Killed]
[INFO] [stdout]           compilation terminated.
[INFO] [stdout]           
[INFO] [stdout] 
[INFO] [stdout] 
[INFO] [stderr] error: could not compile `synaps-core` (test "prompt_path_confinement") due to 1 previous error
[INFO] [stdout] error: linking with `cc` failed: exit status: 1
[INFO] [stdout]   |
[INFO] [stdout]   = note:  "cc" "-m64" "/opt/rustwide/target/debug/deps/rustcL75nvH/symbols.o" "<3 object files omitted>" "-Wl,--as-needed" "-Wl,-Bstatic" "<sysroot>/lib/rustlib/x86_64-unknown-linux-gnu/lib/{libtest-*,libgetopts-*,librustc_std_workspace_std-*}.rlib" "/opt/rustwide/target/debug/deps/{libtempfile-e351f984af4cc949,libfastrand-8c711c36072d5b5b,libagent_core-164fb2628a327e00,libserde_yaml-f8b82514bc576dc9,libunsafe_libyaml-d3127b66fe569cc5,libtoml-bb3cdf495f2d05fb,libtoml_edit-a1fbaf83cb99dde5,libserde_spanned-9d281e79de67440f,libindexmap-b92bb9c25241b995,libequivalent-6a754676e6af62ae,libhashbrown-d7214d631586fd51,libwinnow-88e6acd6e2987984,libtoml_write-2c704ffd35684d73,libtoml_datetime-7aec6a1dd7d424f7,liburlencoding-061758bc6028ea3e,libuuid-18a59e9829231b53,libgetrandom-fb4c32fda73a41c0,libaxum-5398ca13d1b5ca1f,libserde_path_to_error-27ee74d3083bd57a,libmatchit-616cb01453b9e7d4,libtokio_tungstenite-781e3cf27ffd9c0f,libtungstenite-166df3acd0d17878,libdata_encoding-b17abe9da7ed756a,librand-1f746861c7bbcb8e,librand_chacha-76d6ebc8278a62a6,librand_core-86e43b95b9d88fa9,libutf8-f4341c3c7568480d,libbyteorder-8f59b6d1bfdaa844,libsha1-50ecace378929aca,libaxum_core-f2736a9b8297ca68,libmime-0188e0814ca7ddbf,libtikv_jemalloc_ctl-3aa5a5790ac72165,libtikv_jemalloc_sys-0b28da5dcb5c8adc,libtracing_appender-d44e2eaf8504aada,libsymlink-68ce4ca52d9ce6bf,libthiserror-5e90adc18491a337,libtime-e07d96be53db6481,libtime_core-031b6ab885a7634b,libnum_conv-4e1233169d5eeba7,libderanged-d0114085ae3b02c5,libpowerfmt-f6019a2766e431f7,libtracing_subscriber-335d1e993190c20c,libsharded_slab-bd3e89e1e50b7c87,liblazy_static-3674be3f4245d19b,libmatchers-fcca779a642f4c5f,libregex_automata-d356dfd8f82ba683,libregex_syntax-ed1802775772b5d0,libnu_ansi_term-745c727bb3e87c52,libthread_local-b4f6fe44d641c0b1,libtracing_log-510f2bf8b9768cfe,libcrossbeam_channel-a54b30448774328c,libcrossbeam_utils-076f45bf81d9c2d2,libthiserror-305297abc8a52265,libchrono-9b795ca9b39b3053,libiana_time_zone-bcd81aefedc374a6,libnum_traits-3a2b08a4728dfda7,libfs4-cdd40ac3666a6f23,librustix-02d97837cd9bd231,liblinux_raw_sys-0b6cde911e9a3109,librand-2ac3027652de4077,librand_chacha-d1da16184ebf3983,libppv_lite86-7f5ba35fc3b17562,libzerocopy-ad92ccf16844b543,librand_core-b115fb9b5d781658,libgetrandom-a73f2f085e83d825,libreqwest-d721ea0e75862f0d,libserde_urlencoded-b9995cf3763fde36,libryu-1f4f40e4352371e5,libhyper_rustls-bae3c06e9dfc9fd8,libwebpki_roots-4ac2131d17f69b0d,librustls_native_certs-881882f6cd6b7616,libopenssl_probe-6b1b371432012237,libtokio_rustls-2867dccaf333a274,librustls-4eb91defdb5dd78d,libsubtle-2ae6a7038b9a0630,libwebpki-45e660d9ffdc1779,libring-fafa37576a22d673,libgetrandom-f25a51f78d9871ba,libuntrusted-b2f816886faf2178,librustls_pki_types-fc5637970849fdde,libzeroize-7f213bea776ca5b6,libserde_json-ac8da3a9c779f800,libzmij-ef63f1da73704b4c,libtower_http-d1adfbdadfa80c3a,libbitflags-4d66d68843710487,libtower-b64fdced4cc7567a,libtower_layer-d908dd771b239ecd,libhyper_util-cf110f7f34fbfb01,libipnet-61ca7a5e1c2863d4,libtower_service-3fb88d28c2218805,libtracing-4cef0f2badfdb422,libtracing_core-d26029c784af5925,libonce_cell-b5bdc597ed9676b3,libhyper-12304de55793f652,libwant-7a6260b9c50f1479,libtry_lock-8fa2f6971035be84,libhttparse-8c9b827b8f345444,libatomic_waker-06950c8c08d2b8fa,libhttpdate-331798cefc82cc7e,libtokio_util-395a833498069bac,libhttp_body_util-ed5fbd1db1f6d6fc,libhttp_body-8d8f9f8398f09fa7,liblog-b262261d47bd2eba,liburl-bc9c7c164a9ff56b,libidna-8b5e3e0dc097cd32,libidna_adapter-f8f64cfb19688ecd,libicu_properties-8b9c68197d30b563,libicu_properties_data-e6cf238fc98dd59d,libicu_normalizer-1a3d673d128bd84c,libicu_normalizer_data-8fea05bee0bb4e49,libicu_collections-b31ce9c366cae2eb,libutf8_iter-51566bbad89f3a68,libpotential_utf-0c3d767a9fda37b1,libicu_provider-652b67b6be3d547b,libicu_locale_core-e0060a6bc1a51fa0,libtinystr-6915b4c566b3f487,liblitemap-dc288f07f8f61193,libwriteable-48b3e52227924bb5,libzerovec-64453c2b57e04116,libzerotrie-3f8d6fa26c658b68,libyoke-477b98923d9496a9,libstable_deref_trait-63cbf3f3d3f94e56,libzerofrom-aa2bed5d30bbc07f,libform_urlencoded-58b0f0edb59b40d2,libpercent_encoding-fa055ecaa1e57cfa,libhttp-563f2cb150350555,libitoa-5de11b3b23bfe572,libsync_wrapper-6bdfbc29c4269203,libbase64-32787b0325ea6df8,libsha2-4c5cdd8aca8af356,libcpufeatures-e04321643d03190d,libdigest-cff83e5108af0d01,libblock_buffer-bba24321e7b40706,libcrypto_common-25561c32e2e433f4,libgeneric_array-c2fdd0cc081e51ad,libtypenum-ec75592541d0a339,libfutures-609139ece81e1dff,libfutures_executor-b94da4f21ae6b37f,libfutures_util-572690135cd621c4,libmemchr-5cfa70d22cb32987,libfutures_io-a8805bd12b2ab705,libslab-ed301aba3460fb05,libfutures_channel-04b287164a72dbf0,libfutures_sink-3971bde37bb30e19,libfutures_task-36f327cfab86eddc,libfutures_core-1121ff913ed87f93,libtokio-1de89bb9e33c3a27,libsignal_hook_registry-97fb91977beb15cc,liberrno-40a43d7c8a9b8122,libsocket2-2367bcf2eb96355a,libbytes-2ed9460101f17bbf,libmio-3f5f6fa89ecad527,libparking_lot-080783593a730975,libparking_lot_core-bccd0786fb787739,liblibc-612664c2206eec43,libcfg_if-83060ec5685761ae,libsmallvec-bc3128fdd57228fc,liblock_api-16d46fed645f7bff,libscopeguard-7ec2214574194454,libpin_project_lite-0a15d51c77964692,libserde-812851b95e4e1b1c,libserde_core-49c5f0449f9ff544}.rlib" "<sysroot>/lib/rustlib/x86_64-unknown-linux-gnu/lib/{libstd-*,libpanic_unwind-*,libobject-*,libmemchr-*,libaddr2line-*,libgimli-*,libcfg_if-*,librustc_demangle-*,libstd_detect-*,libhashbrown-*,librustc_std_workspace_alloc-*,libminiz_oxide-*,libadler2-*,libunwind-*,liblibc-*,librustc_std_workspace_core-*,liballoc-*,libcore-*,libcompiler_builtins-*}.rlib" "-Wl,-Bdynamic" "-lgcc_s" "-lutil" "-lrt" "-lpthread" "-lm" "-ldl" "-lc" "-L" "/opt/rustwide/target/debug/deps/rustcL75nvH/raw-dylibs" "-B<sysroot>/lib/rustlib/x86_64-unknown-linux-gnu/bin/gcc-ld" "-fuse-ld=lld" "-Wl,--eh-frame-hdr" "-Wl,-z,noexecstack" "-L" "/opt/rustwide/target/debug/build/ring-dde6d2ed2307ef2a/out" "-L" "/opt/rustwide/target/debug/build/tikv-jemalloc-sys-670809ca43852f45/out/build/lib" "-L" "<sysroot>/lib/rustlib/x86_64-unknown-linux-gnu/lib" "-o" "/opt/rustwide/target/debug/deps/memory_index-0b7d6bcd0e67fa13" "-Wl,--gc-sections" "-pie" "-Wl,-z,relro,-z,now" "-nodefaultlibs"
[INFO] [stdout]   = note: some arguments are omitted. use `--verbose` to show all linker arguments
[INFO] [stdout]   = note: collect2: fatal error: ld terminated with signal 9 [Killed]
[INFO] [stdout]           compilation terminated.
[INFO] [stdout]           
[INFO] [stdout] 
[INFO] [stdout] 
[INFO] [stderr] error: could not compile `synaps-core` (test "memory_index") due to 1 previous error
[INFO] [stdout] error: linking with `cc` failed: exit status: 1
[INFO] [stdout]   |
[INFO] [stdout]   = note:  "cc" "-m64" "/opt/rustwide/target/debug/deps/rustcR9l1yy/symbols.o" "<2 object files omitted>" "-Wl,--as-needed" "-Wl,-Bstatic" "<sysroot>/lib/rustlib/x86_64-unknown-linux-gnu/lib/{libtest-*,libgetopts-*,librustc_std_workspace_std-*}.rlib" "/opt/rustwide/target/debug/deps/{libagent_core-164fb2628a327e00,libserde_yaml-f8b82514bc576dc9,libunsafe_libyaml-d3127b66fe569cc5,libtoml-bb3cdf495f2d05fb,libtoml_edit-a1fbaf83cb99dde5,libserde_spanned-9d281e79de67440f,libindexmap-b92bb9c25241b995,libequivalent-6a754676e6af62ae,libhashbrown-d7214d631586fd51,libwinnow-88e6acd6e2987984,libtoml_write-2c704ffd35684d73,libtoml_datetime-7aec6a1dd7d424f7,liburlencoding-061758bc6028ea3e,libuuid-18a59e9829231b53,libgetrandom-fb4c32fda73a41c0,libaxum-5398ca13d1b5ca1f,libserde_path_to_error-27ee74d3083bd57a,libmatchit-616cb01453b9e7d4,libtokio_tungstenite-781e3cf27ffd9c0f,libtungstenite-166df3acd0d17878,libdata_encoding-b17abe9da7ed756a,librand-1f746861c7bbcb8e,librand_chacha-76d6ebc8278a62a6,librand_core-86e43b95b9d88fa9,libutf8-f4341c3c7568480d,libbyteorder-8f59b6d1bfdaa844,libsha1-50ecace378929aca,libaxum_core-f2736a9b8297ca68,libmime-0188e0814ca7ddbf,libtikv_jemalloc_ctl-3aa5a5790ac72165,libtikv_jemalloc_sys-0b28da5dcb5c8adc,libtracing_appender-d44e2eaf8504aada,libsymlink-68ce4ca52d9ce6bf,libthiserror-5e90adc18491a337,libtime-e07d96be53db6481,libtime_core-031b6ab885a7634b,libnum_conv-4e1233169d5eeba7,libderanged-d0114085ae3b02c5,libpowerfmt-f6019a2766e431f7,libtracing_subscriber-335d1e993190c20c,libsharded_slab-bd3e89e1e50b7c87,liblazy_static-3674be3f4245d19b,libmatchers-fcca779a642f4c5f,libregex_automata-d356dfd8f82ba683,libregex_syntax-ed1802775772b5d0,libnu_ansi_term-745c727bb3e87c52,libthread_local-b4f6fe44d641c0b1,libtracing_log-510f2bf8b9768cfe,libcrossbeam_channel-a54b30448774328c,libcrossbeam_utils-076f45bf81d9c2d2,libthiserror-305297abc8a52265,libchrono-9b795ca9b39b3053,libiana_time_zone-bcd81aefedc374a6,libnum_traits-3a2b08a4728dfda7,libfs4-cdd40ac3666a6f23,librustix-02d97837cd9bd231,liblinux_raw_sys-0b6cde911e9a3109,librand-2ac3027652de4077,librand_chacha-d1da16184ebf3983,libppv_lite86-7f5ba35fc3b17562,libzerocopy-ad92ccf16844b543,librand_core-b115fb9b5d781658,libgetrandom-a73f2f085e83d825,libreqwest-d721ea0e75862f0d,libserde_urlencoded-b9995cf3763fde36,libryu-1f4f40e4352371e5,libhyper_rustls-bae3c06e9dfc9fd8,libwebpki_roots-4ac2131d17f69b0d,librustls_native_certs-881882f6cd6b7616,libopenssl_probe-6b1b371432012237,libtokio_rustls-2867dccaf333a274,librustls-4eb91defdb5dd78d,libsubtle-2ae6a7038b9a0630,libwebpki-45e660d9ffdc1779,libring-fafa37576a22d673,libgetrandom-f25a51f78d9871ba,libuntrusted-b2f816886faf2178,librustls_pki_types-fc5637970849fdde,libzeroize-7f213bea776ca5b6,libserde_json-ac8da3a9c779f800,libzmij-ef63f1da73704b4c,libtower_http-d1adfbdadfa80c3a,libbitflags-4d66d68843710487,libtower-b64fdced4cc7567a,libtower_layer-d908dd771b239ecd,libhyper_util-cf110f7f34fbfb01,libipnet-61ca7a5e1c2863d4,libtower_service-3fb88d28c2218805,libtracing-4cef0f2badfdb422,libtracing_core-d26029c784af5925,libonce_cell-b5bdc597ed9676b3,libhyper-12304de55793f652,libwant-7a6260b9c50f1479,libtry_lock-8fa2f6971035be84,libhttparse-8c9b827b8f345444,libatomic_waker-06950c8c08d2b8fa,libhttpdate-331798cefc82cc7e,libtokio_util-395a833498069bac,libhttp_body_util-ed5fbd1db1f6d6fc,libhttp_body-8d8f9f8398f09fa7,liblog-b262261d47bd2eba,liburl-bc9c7c164a9ff56b,libidna-8b5e3e0dc097cd32,libidna_adapter-f8f64cfb19688ecd,libicu_properties-8b9c68197d30b563,libicu_properties_data-e6cf238fc98dd59d,libicu_normalizer-1a3d673d128bd84c,libicu_normalizer_data-8fea05bee0bb4e49,libicu_collections-b31ce9c366cae2eb,libutf8_iter-51566bbad89f3a68,libpotential_utf-0c3d767a9fda37b1,libicu_provider-652b67b6be3d547b,libicu_locale_core-e0060a6bc1a51fa0,libtinystr-6915b4c566b3f487,liblitemap-dc288f07f8f61193,libwriteable-48b3e52227924bb5,libzerovec-64453c2b57e04116,libzerotrie-3f8d6fa26c658b68,libyoke-477b98923d9496a9,libstable_deref_trait-63cbf3f3d3f94e56,libzerofrom-aa2bed5d30bbc07f,libform_urlencoded-58b0f0edb59b40d2,libpercent_encoding-fa055ecaa1e57cfa,libhttp-563f2cb150350555,libitoa-5de11b3b23bfe572,libsync_wrapper-6bdfbc29c4269203,libbase64-32787b0325ea6df8,libsha2-4c5cdd8aca8af356,libcpufeatures-e04321643d03190d,libdigest-cff83e5108af0d01,libblock_buffer-bba24321e7b40706,libcrypto_common-25561c32e2e433f4,libgeneric_array-c2fdd0cc081e51ad,libtypenum-ec75592541d0a339,libfutures-609139ece81e1dff,libfutures_executor-b94da4f21ae6b37f,libfutures_util-572690135cd621c4,libmemchr-5cfa70d22cb32987,libfutures_io-a8805bd12b2ab705,libslab-ed301aba3460fb05,libfutures_channel-04b287164a72dbf0,libfutures_sink-3971bde37bb30e19,libfutures_task-36f327cfab86eddc,libfutures_core-1121ff913ed87f93,libtokio-1de89bb9e33c3a27,libsignal_hook_registry-97fb91977beb15cc,liberrno-40a43d7c8a9b8122,libsocket2-2367bcf2eb96355a,libbytes-2ed9460101f17bbf,libmio-3f5f6fa89ecad527,libparking_lot-080783593a730975,libparking_lot_core-bccd0786fb787739,liblibc-612664c2206eec43,libcfg_if-83060ec5685761ae,libsmallvec-bc3128fdd57228fc,liblock_api-16d46fed645f7bff,libscopeguard-7ec2214574194454,libpin_project_lite-0a15d51c77964692,libserde-812851b95e4e1b1c,libserde_core-49c5f0449f9ff544}.rlib" "<sysroot>/lib/rustlib/x86_64-unknown-linux-gnu/lib/{libstd-*,libpanic_unwind-*,libobject-*,libmemchr-*,libaddr2line-*,libgimli-*,libcfg_if-*,librustc_demangle-*,libstd_detect-*,libhashbrown-*,librustc_std_workspace_alloc-*,libminiz_oxide-*,libadler2-*,libunwind-*,liblibc-*,librustc_std_workspace_core-*,liballoc-*,libcore-*,libcompiler_builtins-*}.rlib" "-Wl,-Bdynamic" "-lgcc_s" "-lutil" "-lrt" "-lpthread" "-lm" "-ldl" "-lc" "-L" "/opt/rustwide/target/debug/deps/rustcR9l1yy/raw-dylibs" "-B<sysroot>/lib/rustlib/x86_64-unknown-linux-gnu/bin/gcc-ld" "-fuse-ld=lld" "-Wl,--eh-frame-hdr" "-Wl,-z,noexecstack" "-L" "/opt/rustwide/target/debug/build/ring-dde6d2ed2307ef2a/out" "-L" "/opt/rustwide/target/debug/build/tikv-jemalloc-sys-670809ca43852f45/out/build/lib" "-L" "<sysroot>/lib/rustlib/x86_64-unknown-linux-gnu/lib" "-o" "/opt/rustwide/target/debug/deps/capability_identity-f989330f492fd084" "-Wl,--gc-sections" "-pie" "-Wl,-z,relro,-z,now" "-nodefaultlibs"
[INFO] [stdout]   = note: some arguments are omitted. use `--verbose` to show all linker arguments
[INFO] [stdout]   = note: collect2: fatal error: ld terminated with signal 9 [Killed]
[INFO] [stdout]           compilation terminated.
[INFO] [stdout]           
[INFO] [stdout] 
[INFO] [stdout] 
[INFO] [stderr] error: could not compile `synaps-core` (test "capability_identity") due to 1 previous error
[INFO] [stdout] error: linking with `cc` failed: exit status: 1
[INFO] [stdout]   |
[INFO] [stdout]   = note:  "cc" "-m64" "/opt/rustwide/target/debug/deps/rustcW70EnK/symbols.o" "<2 object files omitted>" "-Wl,--as-needed" "-Wl,-Bstatic" "<sysroot>/lib/rustlib/x86_64-unknown-linux-gnu/lib/{libtest-*,libgetopts-*,librustc_std_workspace_std-*}.rlib" "/opt/rustwide/target/debug/deps/{libagent_core-164fb2628a327e00,libserde_yaml-f8b82514bc576dc9,libunsafe_libyaml-d3127b66fe569cc5,libtoml-bb3cdf495f2d05fb,libtoml_edit-a1fbaf83cb99dde5,libserde_spanned-9d281e79de67440f,libindexmap-b92bb9c25241b995,libequivalent-6a754676e6af62ae,libhashbrown-d7214d631586fd51,libwinnow-88e6acd6e2987984,libtoml_write-2c704ffd35684d73,libtoml_datetime-7aec6a1dd7d424f7,liburlencoding-061758bc6028ea3e,libuuid-18a59e9829231b53,libgetrandom-fb4c32fda73a41c0,libaxum-5398ca13d1b5ca1f,libserde_path_to_error-27ee74d3083bd57a,libmatchit-616cb01453b9e7d4,libtokio_tungstenite-781e3cf27ffd9c0f,libtungstenite-166df3acd0d17878,libdata_encoding-b17abe9da7ed756a,librand-1f746861c7bbcb8e,librand_chacha-76d6ebc8278a62a6,librand_core-86e43b95b9d88fa9,libutf8-f4341c3c7568480d,libbyteorder-8f59b6d1bfdaa844,libsha1-50ecace378929aca,libaxum_core-f2736a9b8297ca68,libmime-0188e0814ca7ddbf,libtikv_jemalloc_ctl-3aa5a5790ac72165,libtikv_jemalloc_sys-0b28da5dcb5c8adc,libtracing_appender-d44e2eaf8504aada,libsymlink-68ce4ca52d9ce6bf,libthiserror-5e90adc18491a337,libtime-e07d96be53db6481,libtime_core-031b6ab885a7634b,libnum_conv-4e1233169d5eeba7,libderanged-d0114085ae3b02c5,libpowerfmt-f6019a2766e431f7,libtracing_subscriber-335d1e993190c20c,libsharded_slab-bd3e89e1e50b7c87,liblazy_static-3674be3f4245d19b,libmatchers-fcca779a642f4c5f,libregex_automata-d356dfd8f82ba683,libregex_syntax-ed1802775772b5d0,libnu_ansi_term-745c727bb3e87c52,libthread_local-b4f6fe44d641c0b1,libtracing_log-510f2bf8b9768cfe,libcrossbeam_channel-a54b30448774328c,libcrossbeam_utils-076f45bf81d9c2d2,libthiserror-305297abc8a52265,libchrono-9b795ca9b39b3053,libiana_time_zone-bcd81aefedc374a6,libnum_traits-3a2b08a4728dfda7,libfs4-cdd40ac3666a6f23,librustix-02d97837cd9bd231,liblinux_raw_sys-0b6cde911e9a3109,librand-2ac3027652de4077,librand_chacha-d1da16184ebf3983,libppv_lite86-7f5ba35fc3b17562,libzerocopy-ad92ccf16844b543,librand_core-b115fb9b5d781658,libgetrandom-a73f2f085e83d825,libreqwest-d721ea0e75862f0d,libserde_urlencoded-b9995cf3763fde36,libryu-1f4f40e4352371e5,libhyper_rustls-bae3c06e9dfc9fd8,libwebpki_roots-4ac2131d17f69b0d,librustls_native_certs-881882f6cd6b7616,libopenssl_probe-6b1b371432012237,libtokio_rustls-2867dccaf333a274,librustls-4eb91defdb5dd78d,libsubtle-2ae6a7038b9a0630,libwebpki-45e660d9ffdc1779,libring-fafa37576a22d673,libgetrandom-f25a51f78d9871ba,libuntrusted-b2f816886faf2178,librustls_pki_types-fc5637970849fdde,libzeroize-7f213bea776ca5b6,libserde_json-ac8da3a9c779f800,libzmij-ef63f1da73704b4c,libtower_http-d1adfbdadfa80c3a,libbitflags-4d66d68843710487,libtower-b64fdced4cc7567a,libtower_layer-d908dd771b239ecd,libhyper_util-cf110f7f34fbfb01,libipnet-61ca7a5e1c2863d4,libtower_service-3fb88d28c2218805,libtracing-4cef0f2badfdb422,libtracing_core-d26029c784af5925,libonce_cell-b5bdc597ed9676b3,libhyper-12304de55793f652,libwant-7a6260b9c50f1479,libtry_lock-8fa2f6971035be84,libhttparse-8c9b827b8f345444,libatomic_waker-06950c8c08d2b8fa,libhttpdate-331798cefc82cc7e,libtokio_util-395a833498069bac,libhttp_body_util-ed5fbd1db1f6d6fc,libhttp_body-8d8f9f8398f09fa7,liblog-b262261d47bd2eba,liburl-bc9c7c164a9ff56b,libidna-8b5e3e0dc097cd32,libidna_adapter-f8f64cfb19688ecd,libicu_properties-8b9c68197d30b563,libicu_properties_data-e6cf238fc98dd59d,libicu_normalizer-1a3d673d128bd84c,libicu_normalizer_data-8fea05bee0bb4e49,libicu_collections-b31ce9c366cae2eb,libutf8_iter-51566bbad89f3a68,libpotential_utf-0c3d767a9fda37b1,libicu_provider-652b67b6be3d547b,libicu_locale_core-e0060a6bc1a51fa0,libtinystr-6915b4c566b3f487,liblitemap-dc288f07f8f61193,libwriteable-48b3e52227924bb5,libzerovec-64453c2b57e04116,libzerotrie-3f8d6fa26c658b68,libyoke-477b98923d9496a9,libstable_deref_trait-63cbf3f3d3f94e56,libzerofrom-aa2bed5d30bbc07f,libform_urlencoded-58b0f0edb59b40d2,libpercent_encoding-fa055ecaa1e57cfa,libhttp-563f2cb150350555,libitoa-5de11b3b23bfe572,libsync_wrapper-6bdfbc29c4269203,libbase64-32787b0325ea6df8,libsha2-4c5cdd8aca8af356,libcpufeatures-e04321643d03190d,libdigest-cff83e5108af0d01,libblock_buffer-bba24321e7b40706,libcrypto_common-25561c32e2e433f4,libgeneric_array-c2fdd0cc081e51ad,libtypenum-ec75592541d0a339,libfutures-609139ece81e1dff,libfutures_executor-b94da4f21ae6b37f,libfutures_util-572690135cd621c4,libmemchr-5cfa70d22cb32987,libfutures_io-a8805bd12b2ab705,libslab-ed301aba3460fb05,libfutures_channel-04b287164a72dbf0,libfutures_sink-3971bde37bb30e19,libfutures_task-36f327cfab86eddc,libfutures_core-1121ff913ed87f93,libtokio-1de89bb9e33c3a27,libsignal_hook_registry-97fb91977beb15cc,liberrno-40a43d7c8a9b8122,libsocket2-2367bcf2eb96355a,libbytes-2ed9460101f17bbf,libmio-3f5f6fa89ecad527,libparking_lot-080783593a730975,libparking_lot_core-bccd0786fb787739,liblibc-612664c2206eec43,libcfg_if-83060ec5685761ae,libsmallvec-bc3128fdd57228fc,liblock_api-16d46fed645f7bff,libscopeguard-7ec2214574194454,libpin_project_lite-0a15d51c77964692,libserde-812851b95e4e1b1c,libserde_core-49c5f0449f9ff544}.rlib" "<sysroot>/lib/rustlib/x86_64-unknown-linux-gnu/lib/{libstd-*,libpanic_unwind-*,libobject-*,libmemchr-*,libaddr2line-*,libgimli-*,libcfg_if-*,librustc_demangle-*,libstd_detect-*,libhashbrown-*,librustc_std_workspace_alloc-*,libminiz_oxide-*,libadler2-*,libunwind-*,liblibc-*,librustc_std_workspace_core-*,liballoc-*,libcore-*,libcompiler_builtins-*}.rlib" "-Wl,-Bdynamic" "-lgcc_s" "-lutil" "-lrt" "-lpthread" "-lm" "-ldl" "-lc" "-L" "/opt/rustwide/target/debug/deps/rustcW70EnK/raw-dylibs" "-B<sysroot>/lib/rustlib/x86_64-unknown-linux-gnu/bin/gcc-ld" "-fuse-ld=lld" "-Wl,--eh-frame-hdr" "-Wl,-z,noexecstack" "-L" "/opt/rustwide/target/debug/build/ring-dde6d2ed2307ef2a/out" "-L" "/opt/rustwide/target/debug/build/tikv-jemalloc-sys-670809ca43852f45/out/build/lib" "-L" "<sysroot>/lib/rustlib/x86_64-unknown-linux-gnu/lib" "-o" "/opt/rustwide/target/debug/deps/capability_sources-93178abb0618754e" "-Wl,--gc-sections" "-pie" "-Wl,-z,relro,-z,now" "-nodefaultlibs"
[INFO] [stdout]   = note: some arguments are omitted. use `--verbose` to show all linker arguments
[INFO] [stdout]   = note: collect2: fatal error: ld terminated with signal 9 [Killed]
[INFO] [stdout]           compilation terminated.
[INFO] [stdout]           
[INFO] [stdout] 
[INFO] [stdout] 
[INFO] [stderr] error: could not compile `synaps-core` (test "capability_sources") due to 1 previous error
[INFO] [stdout] error: linking with `cc` failed: exit status: 1
[INFO] [stdout]   |
[INFO] [stdout]   = note:  "cc" "-m64" "/opt/rustwide/target/debug/deps/rustcn7SNxb/symbols.o" "<2 object files omitted>" "-Wl,--as-needed" "-Wl,-Bstatic" "<sysroot>/lib/rustlib/x86_64-unknown-linux-gnu/lib/{libtest-*,libgetopts-*,librustc_std_workspace_std-*}.rlib" "/opt/rustwide/target/debug/deps/{libagent_core-164fb2628a327e00,libserde_yaml-f8b82514bc576dc9,libunsafe_libyaml-d3127b66fe569cc5,libtoml-bb3cdf495f2d05fb,libtoml_edit-a1fbaf83cb99dde5,libserde_spanned-9d281e79de67440f,libindexmap-b92bb9c25241b995,libequivalent-6a754676e6af62ae,libhashbrown-d7214d631586fd51,libwinnow-88e6acd6e2987984,libtoml_write-2c704ffd35684d73,libtoml_datetime-7aec6a1dd7d424f7,liburlencoding-061758bc6028ea3e,libuuid-18a59e9829231b53,libgetrandom-fb4c32fda73a41c0,libaxum-5398ca13d1b5ca1f,libserde_path_to_error-27ee74d3083bd57a,libmatchit-616cb01453b9e7d4,libtokio_tungstenite-781e3cf27ffd9c0f,libtungstenite-166df3acd0d17878,libdata_encoding-b17abe9da7ed756a,librand-1f746861c7bbcb8e,librand_chacha-76d6ebc8278a62a6,librand_core-86e43b95b9d88fa9,libutf8-f4341c3c7568480d,libbyteorder-8f59b6d1bfdaa844,libsha1-50ecace378929aca,libaxum_core-f2736a9b8297ca68,libmime-0188e0814ca7ddbf,libtikv_jemalloc_ctl-3aa5a5790ac72165,libtikv_jemalloc_sys-0b28da5dcb5c8adc,libtracing_appender-d44e2eaf8504aada,libsymlink-68ce4ca52d9ce6bf,libthiserror-5e90adc18491a337,libtime-e07d96be53db6481,libtime_core-031b6ab885a7634b,libnum_conv-4e1233169d5eeba7,libderanged-d0114085ae3b02c5,libpowerfmt-f6019a2766e431f7,libtracing_subscriber-335d1e993190c20c,libsharded_slab-bd3e89e1e50b7c87,liblazy_static-3674be3f4245d19b,libmatchers-fcca779a642f4c5f,libregex_automata-d356dfd8f82ba683,libregex_syntax-ed1802775772b5d0,libnu_ansi_term-745c727bb3e87c52,libthread_local-b4f6fe44d641c0b1,libtracing_log-510f2bf8b9768cfe,libcrossbeam_channel-a54b30448774328c,libcrossbeam_utils-076f45bf81d9c2d2,libthiserror-305297abc8a52265,libchrono-9b795ca9b39b3053,libiana_time_zone-bcd81aefedc374a6,libnum_traits-3a2b08a4728dfda7,libfs4-cdd40ac3666a6f23,librustix-02d97837cd9bd231,liblinux_raw_sys-0b6cde911e9a3109,librand-2ac3027652de4077,librand_chacha-d1da16184ebf3983,libppv_lite86-7f5ba35fc3b17562,libzerocopy-ad92ccf16844b543,librand_core-b115fb9b5d781658,libgetrandom-a73f2f085e83d825,libreqwest-d721ea0e75862f0d,libserde_urlencoded-b9995cf3763fde36,libryu-1f4f40e4352371e5,libhyper_rustls-bae3c06e9dfc9fd8,libwebpki_roots-4ac2131d17f69b0d,librustls_native_certs-881882f6cd6b7616,libopenssl_probe-6b1b371432012237,libtokio_rustls-2867dccaf333a274,librustls-4eb91defdb5dd78d,libsubtle-2ae6a7038b9a0630,libwebpki-45e660d9ffdc1779,libring-fafa37576a22d673,libgetrandom-f25a51f78d9871ba,libuntrusted-b2f816886faf2178,librustls_pki_types-fc5637970849fdde,libzeroize-7f213bea776ca5b6,libserde_json-ac8da3a9c779f800,libzmij-ef63f1da73704b4c,libtower_http-d1adfbdadfa80c3a,libbitflags-4d66d68843710487,libtower-b64fdced4cc7567a,libtower_layer-d908dd771b239ecd,libhyper_util-cf110f7f34fbfb01,libipnet-61ca7a5e1c2863d4,libtower_service-3fb88d28c2218805,libtracing-4cef0f2badfdb422,libtracing_core-d26029c784af5925,libonce_cell-b5bdc597ed9676b3,libhyper-12304de55793f652,libwant-7a6260b9c50f1479,libtry_lock-8fa2f6971035be84,libhttparse-8c9b827b8f345444,libatomic_waker-06950c8c08d2b8fa,libhttpdate-331798cefc82cc7e,libtokio_util-395a833498069bac,libhttp_body_util-ed5fbd1db1f6d6fc,libhttp_body-8d8f9f8398f09fa7,liblog-b262261d47bd2eba,liburl-bc9c7c164a9ff56b,libidna-8b5e3e0dc097cd32,libidna_adapter-f8f64cfb19688ecd,libicu_properties-8b9c68197d30b563,libicu_properties_data-e6cf238fc98dd59d,libicu_normalizer-1a3d673d128bd84c,libicu_normalizer_data-8fea05bee0bb4e49,libicu_collections-b31ce9c366cae2eb,libutf8_iter-51566bbad89f3a68,libpotential_utf-0c3d767a9fda37b1,libicu_provider-652b67b6be3d547b,libicu_locale_core-e0060a6bc1a51fa0,libtinystr-6915b4c566b3f487,liblitemap-dc288f07f8f61193,libwriteable-48b3e52227924bb5,libzerovec-64453c2b57e04116,libzerotrie-3f8d6fa26c658b68,libyoke-477b98923d9496a9,libstable_deref_trait-63cbf3f3d3f94e56,libzerofrom-aa2bed5d30bbc07f,libform_urlencoded-58b0f0edb59b40d2,libpercent_encoding-fa055ecaa1e57cfa,libhttp-563f2cb150350555,libitoa-5de11b3b23bfe572,libsync_wrapper-6bdfbc29c4269203,libbase64-32787b0325ea6df8,libsha2-4c5cdd8aca8af356,libcpufeatures-e04321643d03190d,libdigest-cff83e5108af0d01,libblock_buffer-bba24321e7b40706,libcrypto_common-25561c32e2e433f4,libgeneric_array-c2fdd0cc081e51ad,libtypenum-ec75592541d0a339,libfutures-609139ece81e1dff,libfutures_executor-b94da4f21ae6b37f,libfutures_util-572690135cd621c4,libmemchr-5cfa70d22cb32987,libfutures_io-a8805bd12b2ab705,libslab-ed301aba3460fb05,libfutures_channel-04b287164a72dbf0,libfutures_sink-3971bde37bb30e19,libfutures_task-36f327cfab86eddc,libfutures_core-1121ff913ed87f93,libtokio-1de89bb9e33c3a27,libsignal_hook_registry-97fb91977beb15cc,liberrno-40a43d7c8a9b8122,libsocket2-2367bcf2eb96355a,libbytes-2ed9460101f17bbf,libmio-3f5f6fa89ecad527,libparking_lot-080783593a730975,libparking_lot_core-bccd0786fb787739,liblibc-612664c2206eec43,libcfg_if-83060ec5685761ae,libsmallvec-bc3128fdd57228fc,liblock_api-16d46fed645f7bff,libscopeguard-7ec2214574194454,libpin_project_lite-0a15d51c77964692,libserde-812851b95e4e1b1c,libserde_core-49c5f0449f9ff544}.rlib" "<sysroot>/lib/rustlib/x86_64-unknown-linux-gnu/lib/{libstd-*,libpanic_unwind-*,libobject-*,libmemchr-*,libaddr2line-*,libgimli-*,libcfg_if-*,librustc_demangle-*,libstd_detect-*,libhashbrown-*,librustc_std_workspace_alloc-*,libminiz_oxide-*,libadler2-*,libunwind-*,liblibc-*,librustc_std_workspace_core-*,liballoc-*,libcore-*,libcompiler_builtins-*}.rlib" "-Wl,-Bdynamic" "-lgcc_s" "-lutil" "-lrt" "-lpthread" "-lm" "-ldl" "-lc" "-L" "/opt/rustwide/target/debug/deps/rustcn7SNxb/raw-dylibs" "-B<sysroot>/lib/rustlib/x86_64-unknown-linux-gnu/bin/gcc-ld" "-fuse-ld=lld" "-Wl,--eh-frame-hdr" "-Wl,-z,noexecstack" "-L" "/opt/rustwide/target/debug/build/ring-dde6d2ed2307ef2a/out" "-L" "/opt/rustwide/target/debug/build/tikv-jemalloc-sys-670809ca43852f45/out/build/lib" "-L" "<sysroot>/lib/rustlib/x86_64-unknown-linux-gnu/lib" "-o" "/opt/rustwide/target/debug/deps/cloud_foundation-1219d49c7cf0bf93" "-Wl,--gc-sections" "-pie" "-Wl,-z,relro,-z,now" "-nodefaultlibs"
[INFO] [stdout]   = note: some arguments are omitted. use `--verbose` to show all linker arguments
[INFO] [stdout]   = note: collect2: fatal error: ld terminated with signal 9 [Killed]
[INFO] [stdout]           compilation terminated.
[INFO] [stdout]           
[INFO] [stdout] 
[INFO] [stdout] 
[INFO] [stderr] error: could not compile `synaps-core` (test "cloud_foundation") due to 1 previous error
[INFO] running `Command { std: "docker" "inspect" "bfbbddcfdad938604e059c7d58891d38f554839081e35086e2e9432719d9b90c", kill_on_drop: false }`
[INFO] running `Command { std: "docker" "rm" "-f" "bfbbddcfdad938604e059c7d58891d38f554839081e35086e2e9432719d9b90c", kill_on_drop: false }`
[INFO] [stdout] bfbbddcfdad938604e059c7d58891d38f554839081e35086e2e9432719d9b90c
