[INFO] fetching crate swink-agent-policies 0.14.3...
[INFO] testing swink-agent-policies-0.14.3 against 1.100.0-beta.1 for beta-1.100-2
[INFO] extracting crate swink-agent-policies 0.14.3 into /workspace/builds/worker-2-tc2/source
[INFO] started tweaking crates.io crate swink-agent-policies 0.14.3
[INFO] removed 0 missing examples
[INFO] removed 0 missing tests
[INFO] finished tweaking crates.io crate swink-agent-policies 0.14.3
[INFO] tweaked toml for crates.io crate swink-agent-policies 0.14.3 written to /workspace/builds/worker-2-tc2/source/Cargo.toml
[INFO] validating manifest of crates.io crate swink-agent-policies 0.14.3 on toolchain 1.100.0-beta.1
[INFO] running `Command { std: CARGO_HOME="/workspace/cargo-home" RUSTUP_HOME="/workspace/rustup-home" "/workspace/cargo-home/bin/cargo" "+1.100.0-beta.1" "metadata" "--manifest-path" "Cargo.toml" "--no-deps", kill_on_drop: false }`
[INFO] crate crates.io crate swink-agent-policies 0.14.3 already has a lockfile, it will not be regenerated
[INFO] running `Command { std: CARGO_HOME="/workspace/cargo-home" RUSTUP_HOME="/workspace/rustup-home" "/workspace/cargo-home/bin/cargo" "+1.100.0-beta.1" "fetch" "--manifest-path" "Cargo.toml", kill_on_drop: false }`
[INFO] running `Command { std: "docker" "create" "-v" "/var/lib/crater-agent-workspace/builds/worker-2-tc2/source:/opt/rustwide/workdir:ro,Z" "-v" "/var/lib/crater-agent-workspace/builds/worker-2-tc2/target:/opt/rustwide/target:rw,Z" "-v" "/var/lib/crater-agent-workspace/cargo-home:/opt/rustwide/cargo-home:ro,Z" "-v" "/var/lib/crater-agent-workspace/rustup-home:/opt/rustwide/rustup-home:ro,Z" "-m" "1610612736" "--network" "none" "ghcr.io/rust-lang/crates-build-env/linux@sha256:3111399a4047eeb3a02b7a90e478d715f38a8c6669b5c4b49d30a17385265909" "sleep" "infinity", kill_on_drop: false }`
[INFO] [stdout] 476a38a59f5a10ebc62f69db820a72bc0578dbebf1544680dba3df19679daac0
[INFO] running `Command { std: "docker" "start" "476a38a59f5a10ebc62f69db820a72bc0578dbebf1544680dba3df19679daac0", kill_on_drop: false }`
[INFO] running `Command { std: "docker" "inspect" "476a38a59f5a10ebc62f69db820a72bc0578dbebf1544680dba3df19679daac0", kill_on_drop: false }`
[INFO] running `Command { std: "docker" "exec" "-e" "SOURCE_DIR=/opt/rustwide/workdir" "-e" "CARGO_HOME=/opt/rustwide/cargo-home" "-e" "RUSTUP_HOME=/opt/rustwide/rustup-home" "-e" "CARGO_TARGET_DIR=/opt/rustwide/target" "-w" "/opt/rustwide/workdir" "--user" "0:0" "476a38a59f5a10ebc62f69db820a72bc0578dbebf1544680dba3df19679daac0" "/opt/rustwide/cargo-home/bin/cargo" "+1.100.0-beta.1" "metadata" "--no-deps" "--format-version=1", kill_on_drop: false }`
[INFO] running `Command { std: "docker" "inspect" "476a38a59f5a10ebc62f69db820a72bc0578dbebf1544680dba3df19679daac0", kill_on_drop: false }`
[INFO] running `Command { std: "docker" "exec" "-e" "SOURCE_DIR=/opt/rustwide/workdir" "-e" "CARGO_HOME=/opt/rustwide/cargo-home" "-e" "RUSTUP_HOME=/opt/rustwide/rustup-home" "-e" "CARGO_TARGET_DIR=/opt/rustwide/target" "-e" "CARGO_INCREMENTAL=0" "-e" "RUST_BACKTRACE=full" "-e" "RUSTFLAGS=--cap-lints=warn" "-e" "RUSTDOCFLAGS=--cap-lints=warn" "-w" "/opt/rustwide/workdir" "--user" "0:0" "476a38a59f5a10ebc62f69db820a72bc0578dbebf1544680dba3df19679daac0" "/opt/rustwide/cargo-home/bin/cargo" "+1.100.0-beta.1" "build" "--frozen" "--message-format=json", kill_on_drop: false }`
[INFO] [stderr]    Compiling serde_core v1.0.229
[INFO] [stderr]    Compiling serde_json v1.0.151
[INFO] [stderr]    Compiling ref-cast v1.0.26
[INFO] [stderr]    Compiling ahash v0.8.12
[INFO] [stderr]    Compiling aho-corasick v1.1.5
[INFO] [stderr]    Compiling smallvec v1.15.2
[INFO] [stderr]    Compiling futures-channel v0.3.34
[INFO] [stderr]    Compiling getrandom v0.3.4
[INFO] [stderr]    Compiling syn v2.0.119
[INFO] [stderr]    Compiling errno v0.3.14
[INFO] [stderr]    Compiling serde_derive v1.0.229
[INFO] [stderr]    Compiling num-integer v0.1.46
[INFO] [stderr]    Compiling ref-cast-impl v1.0.26
[INFO] [stderr]    Compiling num-complex v0.4.6
[INFO] [stderr]    Compiling tokio-macros v2.7.2
[INFO] [stderr]    Compiling futures-macro v0.3.34
[INFO] [stderr]    Compiling signal-hook-registry v1.4.8
[INFO] [stderr]    Compiling borrow-or-share v0.2.4
[INFO] [stderr]    Compiling parking_lot_core v0.9.12
[INFO] [stderr]    Compiling unicode-general-category v1.1.0
[INFO] [stderr]    Compiling serde_derive_internals v0.30.0
[INFO] [stderr]    Compiling num-bigint v0.4.8
[INFO] [stderr]    Compiling num-iter v0.1.46
[INFO] [stderr]    Compiling parking_lot v0.12.5
[INFO] [stderr]    Compiling micromap v0.3.0
[INFO] [stderr]    Compiling bitflags v2.13.1
[INFO] [stderr]    Compiling outref v0.5.2
[INFO] [stderr]    Compiling winnow v1.0.4
[INFO] [stderr]    Compiling vsimd v0.8.0
[INFO] [stderr]    Compiling bytecount v0.6.9
[INFO] [stderr]    Compiling num-cmp v0.1.0
[INFO] [stderr]    Compiling rustix v1.1.4
[INFO] [stderr]    Compiling chacha20 v0.10.2
[INFO] [stderr]    Compiling uuid-simd v0.8.0
[INFO] [stderr]    Compiling toml_parser v1.1.3+spec-1.1.0
[INFO] [stderr]    Compiling jsonschema-regex v0.56.0
[INFO] [stderr]    Compiling tokio v1.53.1
[INFO] [stderr]    Compiling futures-util v0.3.34
[INFO] [stderr]    Compiling iana-time-zone v0.1.65
[INFO] [stderr]    Compiling toml_writer v1.1.2+spec-1.1.0
[INFO] [stderr]    Compiling either v1.17.0
[INFO] [stderr]    Compiling rand v0.10.2
[INFO] [stderr]    Compiling uuid v1.26.1
[INFO] [stderr]    Compiling unicode-segmentation v1.13.3
[INFO] [stderr]    Compiling num-rational v0.4.2
[INFO] [stderr]    Compiling itertools v0.15.0
[INFO] [stderr]    Compiling regex-automata v0.4.18
[INFO] [stderr]    Compiling schemars_derive v1.2.2
[INFO] [stderr]    Compiling num v0.4.3
[INFO] [stderr]    Compiling fraction v0.17.0
[INFO] [stderr]    Compiling tempfile v3.27.0
[INFO] [stderr]    Compiling unicode-truncate v3.0.0
[INFO] [stderr]    Compiling serde v1.0.229
[INFO] [stderr]    Compiling toml_datetime v1.1.1+spec-1.1.0
[INFO] [stderr]    Compiling serde_spanned v1.1.1
[INFO] [stderr]    Compiling toml v1.1.6+spec-1.1.0
[INFO] [stderr]    Compiling fluent-uri v0.4.1
[INFO] [stderr]    Compiling email_address v0.2.9
[INFO] [stderr]    Compiling chrono v0.4.45
[INFO] [stderr]    Compiling futures-executor v0.3.34
[INFO] [stderr]    Compiling futures v0.3.34
[INFO] [stderr]    Compiling jsonschema-value v0.56.0
[INFO] [stderr]    Compiling referencing v0.56.0
[INFO] [stderr]    Compiling schemars v1.2.2
[INFO] [stderr]    Compiling regex v1.13.1
[INFO] [stderr]    Compiling fancy-regex v0.19.0
[INFO] [stderr]    Compiling strum_macros v0.28.0
[INFO] [stderr]    Compiling tracing-attributes v0.1.31
[INFO] [stderr]    Compiling tokio-util v0.7.19
[INFO] [stderr]    Compiling tokio-stream v0.1.19
[INFO] [stderr]    Compiling tracing v0.1.44
[INFO] [stderr]    Compiling strum v0.28.0
[INFO] [stderr]    Compiling jsonschema v0.56.0
[INFO] [stderr]    Compiling swink-agent v0.14.3
[INFO] [stderr]    Compiling swink-agent-policies v0.14.3 (/opt/rustwide/workdir)
[INFO] [stderr]     Finished `dev` profile [unoptimized + debuginfo] target(s) in 32.87s
[INFO] running `Command { std: "docker" "inspect" "476a38a59f5a10ebc62f69db820a72bc0578dbebf1544680dba3df19679daac0", kill_on_drop: false }`
[INFO] running `Command { std: "docker" "exec" "-e" "SOURCE_DIR=/opt/rustwide/workdir" "-e" "CARGO_HOME=/opt/rustwide/cargo-home" "-e" "RUSTUP_HOME=/opt/rustwide/rustup-home" "-e" "CARGO_TARGET_DIR=/opt/rustwide/target" "-e" "CARGO_INCREMENTAL=0" "-e" "RUST_BACKTRACE=full" "-e" "RUSTFLAGS=--cap-lints=warn" "-e" "RUSTDOCFLAGS=--cap-lints=warn" "-w" "/opt/rustwide/workdir" "--user" "0:0" "476a38a59f5a10ebc62f69db820a72bc0578dbebf1544680dba3df19679daac0" "/opt/rustwide/cargo-home/bin/cargo" "+1.100.0-beta.1" "test" "--frozen" "--no-run" "--message-format=json", kill_on_drop: false }`
[INFO] [stderr]    Compiling tokio v1.53.1
[INFO] [stderr]    Compiling tokio-util v0.7.19
[INFO] [stderr]    Compiling tokio-stream v0.1.19
[INFO] [stderr]    Compiling swink-agent v0.14.3
[INFO] [stderr]    Compiling swink-agent-policies v0.14.3 (/opt/rustwide/workdir)
[INFO] [stdout] error[E0432]: unresolved import `swink_agent::testing`
[INFO] [stdout]   --> tests/common/mod.rs:7:22
[INFO] [stdout]    |
[INFO] [stdout]  7 | pub use swink_agent::testing::{
[INFO] [stdout]    |                      ^^^^^^^ could not find `testing` in `swink_agent`
[INFO] [stdout]    |
[INFO] [stdout] note: found an item that was configured out
[INFO] [stdout]   --> /opt/rustwide/cargo-home/registry/src/index.crates.io-1949cf8c6b5b557f/swink-agent-0.14.3/src/lib.rs:75:9
[INFO] [stdout]    |
[INFO] [stdout] 74 | #[cfg(feature = "testkit")]
[INFO] [stdout]    |       ------------------- the item is gated behind the `testkit` feature
[INFO] [stdout] 75 | pub mod testing;
[INFO] [stdout]    |         ^^^^^^^
[INFO] [stdout] 
[INFO] [stdout] 
[INFO] [stdout] error[E0432]: unresolved import `swink_agent_memory`
[INFO] [stdout]   --> tests/checkpoint_hardening.rs:14:5
[INFO] [stdout]    |
[INFO] [stdout] 14 | use swink_agent_memory::FileCheckpointStore;
[INFO] [stdout]    |     ^^^^^^^^^^^^^^^^^^ use of unresolved module or unlinked crate `swink_agent_memory`
[INFO] [stdout]    |
[INFO] [stdout]    = help: if you wanted to use a crate named `swink_agent_memory`, use `cargo add swink_agent_memory` to add it to your `Cargo.toml`
[INFO] [stdout] 
[INFO] [stdout] 
[INFO] [stdout] error[E0432]: unresolved import `swink_agent::testing`
[INFO] [stdout]   --> src/recommended_tests.rs:7:18
[INFO] [stdout]    |
[INFO] [stdout]  7 | use swink_agent::testing::{MockStreamFn, default_model};
[INFO] [stdout]    |                  ^^^^^^^ could not find `testing` in `swink_agent`
[INFO] [stdout]    |
[INFO] [stdout] note: found an item that was configured out
[INFO] [stdout]   --> /opt/rustwide/cargo-home/registry/src/index.crates.io-1949cf8c6b5b557f/swink-agent-0.14.3/src/lib.rs:75:9
[INFO] [stdout]    |
[INFO] [stdout] 74 | #[cfg(feature = "testkit")]
[INFO] [stdout]    |       ------------------- the item is gated behind the `testkit` feature
[INFO] [stdout] 75 | pub mod testing;
[INFO] [stdout]    |         ^^^^^^^
[INFO] [stdout] 
[INFO] [stdout] 
[INFO] [stdout] For more information about this error, try `rustc --explain E0432`.
[INFO] [stdout] 
[INFO] [stderr] error: could not compile `swink-agent-policies` (test "integration") due to 2 previous errors
[INFO] [stderr] warning: build failed, waiting for other jobs to finish...
[INFO] [stdout] For more information about this error, try `rustc --explain E0432`.
[INFO] [stdout] 
[INFO] [stderr] error: could not compile `swink-agent-policies` (lib test) due to 1 previous error
[INFO] running `Command { std: "docker" "inspect" "476a38a59f5a10ebc62f69db820a72bc0578dbebf1544680dba3df19679daac0", kill_on_drop: false }`
[INFO] running `Command { std: "docker" "rm" "-f" "476a38a59f5a10ebc62f69db820a72bc0578dbebf1544680dba3df19679daac0", kill_on_drop: false }`
[INFO] [stdout] 476a38a59f5a10ebc62f69db820a72bc0578dbebf1544680dba3df19679daac0
