[INFO] fetching crate swink-agent-macros 0.14.3...
[INFO] testing swink-agent-macros-0.14.3 against 1.100.0-beta.1 for beta-1.100-2
[INFO] extracting crate swink-agent-macros 0.14.3 into /workspace/builds/worker-7-tc2/source
[INFO] started tweaking crates.io crate swink-agent-macros 0.14.3
[INFO] removed 0 missing examples
[INFO] removed 0 missing tests
[INFO] finished tweaking crates.io crate swink-agent-macros 0.14.3
[INFO] tweaked toml for crates.io crate swink-agent-macros 0.14.3 written to /workspace/builds/worker-7-tc2/source/Cargo.toml
[INFO] validating manifest of crates.io crate swink-agent-macros 0.14.3 on toolchain 1.100.0-beta.1
[INFO] running `Command { std: CARGO_HOME="/workspace/cargo-home" RUSTUP_HOME="/workspace/rustup-home" "/workspace/cargo-home/bin/cargo" "+1.100.0-beta.1" "metadata" "--manifest-path" "Cargo.toml" "--no-deps", kill_on_drop: false }`
[INFO] crate crates.io crate swink-agent-macros 0.14.3 already has a lockfile, it will not be regenerated
[INFO] running `Command { std: CARGO_HOME="/workspace/cargo-home" RUSTUP_HOME="/workspace/rustup-home" "/workspace/cargo-home/bin/cargo" "+1.100.0-beta.1" "fetch" "--manifest-path" "Cargo.toml", kill_on_drop: false }`
[INFO] [stderr]     Blocking waiting for file lock on package cache
[INFO] running `Command { std: "docker" "create" "-v" "/var/lib/crater-agent-workspace/builds/worker-7-tc2/source:/opt/rustwide/workdir:ro,Z" "-v" "/var/lib/crater-agent-workspace/builds/worker-7-tc2/target:/opt/rustwide/target:rw,Z" "-v" "/var/lib/crater-agent-workspace/cargo-home:/opt/rustwide/cargo-home:ro,Z" "-v" "/var/lib/crater-agent-workspace/rustup-home:/opt/rustwide/rustup-home:ro,Z" "-m" "1610612736" "--network" "none" "ghcr.io/rust-lang/crates-build-env/linux@sha256:3111399a4047eeb3a02b7a90e478d715f38a8c6669b5c4b49d30a17385265909" "sleep" "infinity", kill_on_drop: false }`
[INFO] [stdout] 8636cff2be870211180b01f05812f66074e850719f85d632de7739f56f9f7871
[INFO] running `Command { std: "docker" "start" "8636cff2be870211180b01f05812f66074e850719f85d632de7739f56f9f7871", kill_on_drop: false }`
[INFO] running `Command { std: "docker" "inspect" "8636cff2be870211180b01f05812f66074e850719f85d632de7739f56f9f7871", kill_on_drop: false }`
[INFO] running `Command { std: "docker" "exec" "-e" "SOURCE_DIR=/opt/rustwide/workdir" "-e" "CARGO_HOME=/opt/rustwide/cargo-home" "-e" "RUSTUP_HOME=/opt/rustwide/rustup-home" "-e" "CARGO_TARGET_DIR=/opt/rustwide/target" "-w" "/opt/rustwide/workdir" "--user" "0:0" "8636cff2be870211180b01f05812f66074e850719f85d632de7739f56f9f7871" "/opt/rustwide/cargo-home/bin/cargo" "+1.100.0-beta.1" "metadata" "--no-deps" "--format-version=1", kill_on_drop: false }`
[INFO] running `Command { std: "docker" "inspect" "8636cff2be870211180b01f05812f66074e850719f85d632de7739f56f9f7871", kill_on_drop: false }`
[INFO] running `Command { std: "docker" "exec" "-e" "SOURCE_DIR=/opt/rustwide/workdir" "-e" "CARGO_HOME=/opt/rustwide/cargo-home" "-e" "RUSTUP_HOME=/opt/rustwide/rustup-home" "-e" "CARGO_TARGET_DIR=/opt/rustwide/target" "-e" "CARGO_INCREMENTAL=0" "-e" "RUST_BACKTRACE=full" "-e" "RUSTFLAGS=--cap-lints=warn" "-e" "RUSTDOCFLAGS=--cap-lints=warn" "-w" "/opt/rustwide/workdir" "--user" "0:0" "8636cff2be870211180b01f05812f66074e850719f85d632de7739f56f9f7871" "/opt/rustwide/cargo-home/bin/cargo" "+1.100.0-beta.1" "build" "--frozen" "--message-format=json", kill_on_drop: false }`
[INFO] [stderr]    Compiling syn v3.0.5
[INFO] [stderr]    Compiling swink-agent-macros v0.14.3 (/opt/rustwide/workdir)
[INFO] [stderr]     Finished `dev` profile [unoptimized + debuginfo] target(s) in 5.15s
[INFO] running `Command { std: "docker" "inspect" "8636cff2be870211180b01f05812f66074e850719f85d632de7739f56f9f7871", kill_on_drop: false }`
[INFO] running `Command { std: "docker" "exec" "-e" "SOURCE_DIR=/opt/rustwide/workdir" "-e" "CARGO_HOME=/opt/rustwide/cargo-home" "-e" "RUSTUP_HOME=/opt/rustwide/rustup-home" "-e" "CARGO_TARGET_DIR=/opt/rustwide/target" "-e" "CARGO_INCREMENTAL=0" "-e" "RUST_BACKTRACE=full" "-e" "RUSTFLAGS=--cap-lints=warn" "-e" "RUSTDOCFLAGS=--cap-lints=warn" "-w" "/opt/rustwide/workdir" "--user" "0:0" "8636cff2be870211180b01f05812f66074e850719f85d632de7739f56f9f7871" "/opt/rustwide/cargo-home/bin/cargo" "+1.100.0-beta.1" "test" "--frozen" "--no-run" "--message-format=json", kill_on_drop: false }`
[INFO] [stderr]    Compiling unicode-ident v1.0.24
[INFO] [stderr]    Compiling quote v1.0.47
[INFO] [stderr]    Compiling serde_core v1.0.229
[INFO] [stderr]    Compiling serde v1.0.229
[INFO] [stderr]    Compiling serde_json v1.0.151
[INFO] [stderr]    Compiling smallvec v1.15.2
[INFO] [stderr]    Compiling target-tuple v1.0.2
[INFO] [stderr]    Compiling ref-cast v1.0.26
[INFO] [stderr]    Compiling winnow v1.0.4
[INFO] [stderr]    Compiling toml_writer v1.1.2+spec-1.1.0
[INFO] [stderr]    Compiling futures-sink v0.3.34
[INFO] [stderr]    Compiling glob v0.3.4
[INFO] [stderr]    Compiling futures-core v0.3.34
[INFO] [stderr]    Compiling errno v0.3.14
[INFO] [stderr]    Compiling mio v1.2.2
[INFO] [stderr]    Compiling socket2 v0.6.5
[INFO] [stderr]    Compiling signal-hook-registry v1.4.8
[INFO] [stderr]    Compiling proc-macro2 v1.0.107
[INFO] [stderr]    Compiling parking_lot_core v0.9.12
[INFO] [stderr]    Compiling toml_parser v1.1.3+spec-1.1.0
[INFO] [stderr]    Compiling parking_lot v0.12.5
[INFO] [stderr]    Compiling syn v3.0.5
[INFO] [stderr]    Compiling toml_datetime v1.1.1+spec-1.1.0
[INFO] [stderr]    Compiling serde_spanned v1.1.1
[INFO] [stderr]    Compiling toml v1.1.6+spec-1.1.0
[INFO] [stderr]    Compiling serde_derive_internals v0.30.0
[INFO] [stderr]    Compiling serde_derive v1.0.229
[INFO] [stderr]    Compiling ref-cast-impl v1.0.26
[INFO] [stderr]    Compiling tokio-macros v2.7.2
[INFO] [stderr]    Compiling schemars_derive v1.2.2
[INFO] [stderr]    Compiling swink-agent-macros v0.14.3 (/opt/rustwide/workdir)
[INFO] [stderr]    Compiling tokio v1.53.1
[INFO] [stderr]    Compiling trybuild v1.0.121
[INFO] [stderr]    Compiling schemars v1.2.2
[INFO] [stderr]    Compiling tokio-util v0.7.19
[INFO] [stdout] error[E0432]: unresolved import `swink_agent`
[INFO] [stdout]   --> tests/tool_attr_tests.rs:12:5
[INFO] [stdout]    |
[INFO] [stdout] 12 | use swink_agent::AgentTool;
[INFO] [stdout]    |     ^^^^^^^^^^^ use of unresolved module or unlinked crate `swink_agent`
[INFO] [stdout]    |
[INFO] [stdout]    = help: if you wanted to use a crate named `swink_agent`, use `cargo add swink_agent` to add it to your `Cargo.toml`
[INFO] [stdout] 
[INFO] [stdout] 
[INFO] [stdout] error[E0432]: unresolved import `swink_agent`
[INFO] [stdout]   --> tests/tool_attr_tests.rs:13:5
[INFO] [stdout]    |
[INFO] [stdout] 13 | use swink_agent::{AgentToolResult, ContentBlock, SessionState};
[INFO] [stdout]    |     ^^^^^^^^^^^ use of unresolved module or unlinked crate `swink_agent`
[INFO] [stdout]    |
[INFO] [stdout]    = help: if you wanted to use a crate named `swink_agent`, use `cargo add swink_agent` to add it to your `Cargo.toml`
[INFO] [stdout] 
[INFO] [stdout] 
[INFO] [stdout] error[E0432]: unresolved import `swink_agent`
[INFO] [stdout]  --> tests/derive_tests.rs:9:5
[INFO] [stdout]   |
[INFO] [stdout] 9 | use swink_agent::JsonSchema;
[INFO] [stdout]   |     ^^^^^^^^^^^ use of unresolved module or unlinked crate `swink_agent`
[INFO] [stdout]   |
[INFO] [stdout]   = help: if you wanted to use a crate named `swink_agent`, use `cargo add swink_agent` to add it to your `Cargo.toml`
[INFO] [stdout] 
[INFO] [stdout] 
[INFO] [stdout] error[E0432]: unresolved import `swink_agent`
[INFO] [stdout]   --> tests/derive_tests.rs:10:5
[INFO] [stdout]    |
[INFO] [stdout] 10 | use swink_agent::ToolParameters;
[INFO] [stdout]    |     ^^^^^^^^^^^ use of unresolved module or unlinked crate `swink_agent`
[INFO] [stdout]    |
[INFO] [stdout]    = help: if you wanted to use a crate named `swink_agent`, use `cargo add swink_agent` to add it to your `Cargo.toml`
[INFO] [stdout] 
[INFO] [stdout] 
[INFO] [stdout] error[E0432]: unresolved import `swink_agent`
[INFO] [stdout]   --> examples/derived_tool.rs:21:5
[INFO] [stdout]    |
[INFO] [stdout] 21 | use swink_agent::{
[INFO] [stdout]    |     ^^^^^^^^^^^ use of unresolved module or unlinked crate `swink_agent`
[INFO] [stdout]    |
[INFO] [stdout]    = help: if you wanted to use a crate named `swink_agent`, use `cargo add swink_agent` to add it to your `Cargo.toml`
[INFO] [stdout] 
[INFO] [stdout] 
[INFO] [stdout] error: cannot find attribute `schemars` in this scope
[INFO] [stdout]   --> tests/derive_tests.rs:91:7
[INFO] [stdout]    |
[INFO] [stdout] 91 |     #[schemars(description = "Overridden description")]
[INFO] [stdout]    |       ^^^^^^^^
[INFO] [stdout]    |
[INFO] [stdout]    = note: `schemars` is an attribute that can be used by the derive macros `JsonSchema` and `JsonSchema_repr`, you might be missing a `derive` attribute
[INFO] [stdout]    = note: `schemars` is in scope, but it is a crate, not an attribute
[INFO] [stdout] 
[INFO] [stdout] 
[INFO] [stdout] error[E0433]: cannot find module or crate `swink_agent` in this scope
[INFO] [stdout]   --> examples/derived_tool.rs:33:1
[INFO] [stdout]    |
[INFO] [stdout] 33 | #[tool(name = "echo", description = "Echo a message, optionally repeated")]
[INFO] [stdout]    | ^^^^^^^^^^^^^^^^^^^^^^^^^^^^^^^^^^^^^^^^^^^^^^^^^^^^^^^^^^^^^^^^^^^^^^^^^^^ use of unresolved module or unlinked crate `swink_agent`
[INFO] [stdout]    |
[INFO] [stdout]    = help: if you wanted to use a crate named `swink_agent`, use `cargo add swink_agent` to add it to your `Cargo.toml`
[INFO] [stdout]    = note: this error originates in the attribute macro `tool` (in Nightly builds, run with -Z macro-backtrace for more info)
[INFO] [stdout] 
[INFO] [stdout] 
[INFO] [stderr] error: could not compile `swink-agent-macros` (example "derived_tool") due to 3 previous errors
[INFO] [stdout] error[E0433]: cannot find module or crate `swink_agent` in this scope
[INFO] [stdout]   --> examples/derived_tool.rs:46:10
[INFO] [stdout]    |
[INFO] [stdout] 46 | #[derive(ToolSchema, JsonSchema)]
[INFO] [stdout]    |          ^^^^^^^^^^ use of unresolved module or unlinked crate `swink_agent`
[INFO] [stdout]    |
[INFO] [stdout]    = help: if you wanted to use a crate named `swink_agent`, use `cargo add swink_agent` to add it to your `Cargo.toml`
[INFO] [stdout]    = note: this error originates in the derive macro `ToolSchema` (in Nightly builds, run with -Z macro-backtrace for more info)
[INFO] [stdout] 
[INFO] [stdout] 
[INFO] [stderr] warning: build failed, waiting for other jobs to finish...
[INFO] [stdout] Some errors have detailed explanations: E0432, E0433.
[INFO] [stdout] 
[INFO] [stdout] For more information about an error, try `rustc --explain E0432`.
[INFO] [stdout] 
[INFO] [stdout] error[E0433]: cannot find module or crate `swink_agent` in this scope
[INFO] [stdout]   --> tests/tool_attr_tests.rs:19:1
[INFO] [stdout]    |
[INFO] [stdout] 19 | #[tool(name = "greet", description = "Greet someone by name")]
[INFO] [stdout]    | ^^^^^^^^^^^^^^^^^^^^^^^^^^^^^^^^^^^^^^^^^^^^^^^^^^^^^^^^^^^^^^ use of unresolved module or unlinked crate `swink_agent`
[INFO] [stdout]    |
[INFO] [stdout]    = help: if you wanted to use a crate named `swink_agent`, use `cargo add swink_agent` to add it to your `Cargo.toml`
[INFO] [stdout]    = note: this error originates in the attribute macro `tool` (in Nightly builds, run with -Z macro-backtrace for more info)
[INFO] [stdout] 
[INFO] [stdout] 
[INFO] [stdout] error[E0433]: cannot find module or crate `swink_agent` in this scope
[INFO] [stdout]   --> tests/tool_attr_tests.rs:21:5
[INFO] [stdout]    |
[INFO] [stdout] 21 |     swink_agent::AgentToolResult::text(format!("{name} x{times}"))
[INFO] [stdout]    |     ^^^^^^^^^^^ use of unresolved module or unlinked crate `swink_agent`
[INFO] [stdout]    |
[INFO] [stdout]    = help: if you wanted to use a crate named `swink_agent`, use `cargo add swink_agent` to add it to your `Cargo.toml`
[INFO] [stdout] 
[INFO] [stdout] 
[INFO] [stdout] error[E0433]: cannot find module or crate `swink_agent` in this scope
[INFO] [stdout]   --> tests/tool_attr_tests.rs:42:1
[INFO] [stdout]    |
[INFO] [stdout] 42 | #[tool(name = "search", description = "Run a search")]
[INFO] [stdout]    | ^^^^^^^^^^^^^^^^^^^^^^^^^^^^^^^^^^^^^^^^^^^^^^^^^^^^^^ use of unresolved module or unlinked crate `swink_agent`
[INFO] [stdout]    |
[INFO] [stdout]    = help: if you wanted to use a crate named `swink_agent`, use `cargo add swink_agent` to add it to your `Cargo.toml`
[INFO] [stdout]    = note: this error originates in the attribute macro `tool` (in Nightly builds, run with -Z macro-backtrace for more info)
[INFO] [stdout] 
[INFO] [stdout] 
[INFO] [stdout] error[E0433]: cannot find module or crate `swink_agent` in this scope
[INFO] [stdout]   --> tests/tool_attr_tests.rs:45:5
[INFO] [stdout]    |
[INFO] [stdout] 45 |     swink_agent::AgentToolResult::text(query)
[INFO] [stdout]    |     ^^^^^^^^^^^ use of unresolved module or unlinked crate `swink_agent`
[INFO] [stdout]    |
[INFO] [stdout]    = help: if you wanted to use a crate named `swink_agent`, use `cargo add swink_agent` to add it to your `Cargo.toml`
[INFO] [stdout] 
[INFO] [stdout] 
[INFO] [stdout] error[E0433]: cannot find module or crate `swink_agent` in this scope
[INFO] [stdout]   --> tests/tool_attr_tests.rs:60:1
[INFO] [stdout]    |
[INFO] [stdout] 60 | #[tool(name = "ping", description = "Ping with no params")]
[INFO] [stdout]    | ^^^^^^^^^^^^^^^^^^^^^^^^^^^^^^^^^^^^^^^^^^^^^^^^^^^^^^^^^^^ use of unresolved module or unlinked crate `swink_agent`
[INFO] [stdout]    |
[INFO] [stdout]    = help: if you wanted to use a crate named `swink_agent`, use `cargo add swink_agent` to add it to your `Cargo.toml`
[INFO] [stdout]    = note: this error originates in the attribute macro `tool` (in Nightly builds, run with -Z macro-backtrace for more info)
[INFO] [stdout] 
[INFO] [stdout] 
[INFO] [stdout] error[E0433]: cannot find module or crate `swink_agent` in this scope
[INFO] [stdout]   --> tests/tool_attr_tests.rs:62:5
[INFO] [stdout]    |
[INFO] [stdout] 62 |     swink_agent::AgentToolResult::text("pong")
[INFO] [stdout]    |     ^^^^^^^^^^^ use of unresolved module or unlinked crate `swink_agent`
[INFO] [stdout]    |
[INFO] [stdout]    = help: if you wanted to use a crate named `swink_agent`, use `cargo add swink_agent` to add it to your `Cargo.toml`
[INFO] [stdout] 
[INFO] [stdout] 
[INFO] [stdout] error[E0433]: cannot find module or crate `swink_agent` in this scope
[INFO] [stdout]    --> tests/tool_attr_tests.rs:101:1
[INFO] [stdout]     |
[INFO] [stdout] 101 | / #[tool(
[INFO] [stdout] 102 | |     name = "cancel_aware",
[INFO] [stdout] 103 | |     description = "Tool that receives a cancellation token"
[INFO] [stdout] 104 | | )]
[INFO] [stdout]     | |__^ use of unresolved module or unlinked crate `swink_agent`
[INFO] [stdout]     |
[INFO] [stdout]     = help: if you wanted to use a crate named `swink_agent`, use `cargo add swink_agent` to add it to your `Cargo.toml`
[INFO] [stdout]     = note: this error originates in the attribute macro `tool` (in Nightly builds, run with -Z macro-backtrace for more info)
[INFO] [stdout] 
[INFO] [stdout] 
[INFO] [stdout] error[E0433]: cannot find module or crate `swink_agent` in this scope
[INFO] [stdout]    --> tests/tool_attr_tests.rs:110:5
[INFO] [stdout]     |
[INFO] [stdout] 110 |     swink_agent::AgentToolResult::text(message)
[INFO] [stdout]     |     ^^^^^^^^^^^ use of unresolved module or unlinked crate `swink_agent`
[INFO] [stdout]     |
[INFO] [stdout]     = help: if you wanted to use a crate named `swink_agent`, use `cargo add swink_agent` to add it to your `Cargo.toml`
[INFO] [stdout] 
[INFO] [stdout] 
[INFO] [stdout] error[E0433]: cannot find module or crate `swink_agent` in this scope
[INFO] [stdout]    --> tests/tool_attr_tests.rs:133:56
[INFO] [stdout]     |
[INFO] [stdout] 133 |             std::sync::Arc::new(std::sync::RwLock::new(swink_agent::SessionState::default())),
[INFO] [stdout]     |                                                        ^^^^^^^^^^^ use of unresolved module or unlinked crate `swink_agent`
[INFO] [stdout]     |
[INFO] [stdout]     = help: if you wanted to use a crate named `swink_agent`, use `cargo add swink_agent` to add it to your `Cargo.toml`
[INFO] [stdout] 
[INFO] [stdout] 
[INFO] [stdout] error[E0433]: cannot find module or crate `swink_agent` in this scope
[INFO] [stdout]    --> tests/tool_attr_tests.rs:172:1
[INFO] [stdout]     |
[INFO] [stdout] 172 | #[tool(name = "configure", description = "Configure an optional setting")]
[INFO] [stdout]     | ^^^^^^^^^^^^^^^^^^^^^^^^^^^^^^^^^^^^^^^^^^^^^^^^^^^^^^^^^^^^^^^^^^^^^^^^^^ use of unresolved module or unlinked crate `swink_agent`
[INFO] [stdout]     |
[INFO] [stdout]     = help: if you wanted to use a crate named `swink_agent`, use `cargo add swink_agent` to add it to your `Cargo.toml`
[INFO] [stdout]     = note: this error originates in the attribute macro `tool` (in Nightly builds, run with -Z macro-backtrace for more info)
[INFO] [stdout] 
[INFO] [stdout] 
[INFO] [stdout] error[E0433]: cannot find module or crate `swink_agent` in this scope
[INFO] [stdout]    --> tests/tool_attr_tests.rs:174:5
[INFO] [stdout]     |
[INFO] [stdout] 174 |     swink_agent::AgentToolResult::text(format!("{level:?}"))
[INFO] [stdout]     |     ^^^^^^^^^^^ use of unresolved module or unlinked crate `swink_agent`
[INFO] [stdout]     |
[INFO] [stdout]     = help: if you wanted to use a crate named `swink_agent`, use `cargo add swink_agent` to add it to your `Cargo.toml`
[INFO] [stdout] 
[INFO] [stdout] 
[INFO] [stdout] error[E0433]: cannot find module or crate `swink_agent` in this scope
[INFO] [stdout]   --> tests/derive_tests.rs:13:10
[INFO] [stdout]    |
[INFO] [stdout] 13 | #[derive(ToolSchema, JsonSchema)]
[INFO] [stdout]    |          ^^^^^^^^^^ use of unresolved module or unlinked crate `swink_agent`
[INFO] [stdout]    |
[INFO] [stdout]    = help: if you wanted to use a crate named `swink_agent`, use `cargo add swink_agent` to add it to your `Cargo.toml`
[INFO] [stdout]    = note: this error originates in the derive macro `ToolSchema` (in Nightly builds, run with -Z macro-backtrace for more info)
[INFO] [stdout] 
[INFO] [stdout] 
[INFO] [stdout] error[E0433]: cannot find module or crate `swink_agent` in this scope
[INFO] [stdout]   --> tests/derive_tests.rs:37:10
[INFO] [stdout]    |
[INFO] [stdout] 37 | #[derive(ToolSchema, JsonSchema)]
[INFO] [stdout]    |          ^^^^^^^^^^ use of unresolved module or unlinked crate `swink_agent`
[INFO] [stdout]    |
[INFO] [stdout]    = help: if you wanted to use a crate named `swink_agent`, use `cargo add swink_agent` to add it to your `Cargo.toml`
[INFO] [stdout]    = note: this error originates in the derive macro `ToolSchema` (in Nightly builds, run with -Z macro-backtrace for more info)
[INFO] [stdout] 
[INFO] [stdout] 
[INFO] [stdout] error[E0433]: cannot find module or crate `swink_agent` in this scope
[INFO] [stdout]   --> tests/derive_tests.rs:56:10
[INFO] [stdout]    |
[INFO] [stdout] 56 | #[derive(ToolSchema, JsonSchema)]
[INFO] [stdout]    |          ^^^^^^^^^^ use of unresolved module or unlinked crate `swink_agent`
[INFO] [stdout]    |
[INFO] [stdout]    = help: if you wanted to use a crate named `swink_agent`, use `cargo add swink_agent` to add it to your `Cargo.toml`
[INFO] [stdout]    = note: this error originates in the derive macro `ToolSchema` (in Nightly builds, run with -Z macro-backtrace for more info)
[INFO] [stdout] 
[INFO] [stdout] 
[INFO] [stdout] error[E0433]: cannot find module or crate `swink_agent` in this scope
[INFO] [stdout]   --> tests/derive_tests.rs:69:10
[INFO] [stdout]    |
[INFO] [stdout] 69 | #[derive(ToolSchema, JsonSchema)]
[INFO] [stdout]    |          ^^^^^^^^^^ use of unresolved module or unlinked crate `swink_agent`
[INFO] [stdout]    |
[INFO] [stdout]    = help: if you wanted to use a crate named `swink_agent`, use `cargo add swink_agent` to add it to your `Cargo.toml`
[INFO] [stdout]    = note: this error originates in the derive macro `ToolSchema` (in Nightly builds, run with -Z macro-backtrace for more info)
[INFO] [stdout] 
[INFO] [stdout] 
[INFO] [stdout] error[E0433]: cannot find module or crate `swink_agent` in this scope
[INFO] [stdout]   --> tests/derive_tests.rs:88:10
[INFO] [stdout]    |
[INFO] [stdout] 88 | #[derive(ToolSchema, JsonSchema)]
[INFO] [stdout]    |          ^^^^^^^^^^ use of unresolved module or unlinked crate `swink_agent`
[INFO] [stdout]    |
[INFO] [stdout]    = help: if you wanted to use a crate named `swink_agent`, use `cargo add swink_agent` to add it to your `Cargo.toml`
[INFO] [stdout]    = note: this error originates in the derive macro `ToolSchema` (in Nightly builds, run with -Z macro-backtrace for more info)
[INFO] [stdout] 
[INFO] [stdout] 
[INFO] [stdout] error[E0433]: cannot find module or crate `swink_agent` in this scope
[INFO] [stdout]    --> tests/derive_tests.rs:104:10
[INFO] [stdout]     |
[INFO] [stdout] 104 | #[derive(ToolSchema, JsonSchema)]
[INFO] [stdout]     |          ^^^^^^^^^^ use of unresolved module or unlinked crate `swink_agent`
[INFO] [stdout]     |
[INFO] [stdout]     = help: if you wanted to use a crate named `swink_agent`, use `cargo add swink_agent` to add it to your `Cargo.toml`
[INFO] [stdout]     = note: this error originates in the derive macro `ToolSchema` (in Nightly builds, run with -Z macro-backtrace for more info)
[INFO] [stdout] 
[INFO] [stdout] 
[INFO] [stdout] error[E0433]: cannot find module or crate `swink_agent` in this scope
[INFO] [stdout]    --> tests/derive_tests.rs:121:10
[INFO] [stdout]     |
[INFO] [stdout] 121 | #[derive(ToolSchema, JsonSchema)]
[INFO] [stdout]     |          ^^^^^^^^^^ use of unresolved module or unlinked crate `swink_agent`
[INFO] [stdout]     |
[INFO] [stdout]     = help: if you wanted to use a crate named `swink_agent`, use `cargo add swink_agent` to add it to your `Cargo.toml`
[INFO] [stdout]     = note: this error originates in the derive macro `ToolSchema` (in Nightly builds, run with -Z macro-backtrace for more info)
[INFO] [stdout] 
[INFO] [stdout] 
[INFO] [stdout] Some errors have detailed explanations: E0432, E0433.
[INFO] [stdout] 
[INFO] [stdout] For more information about an error, try `rustc --explain E0432`.
[INFO] [stdout] 
[INFO] [stderr] error: could not compile `swink-agent-macros` (test "integration") due to 23 previous errors
[INFO] running `Command { std: "docker" "inspect" "8636cff2be870211180b01f05812f66074e850719f85d632de7739f56f9f7871", kill_on_drop: false }`
[INFO] running `Command { std: "docker" "rm" "-f" "8636cff2be870211180b01f05812f66074e850719f85d632de7739f56f9f7871", kill_on_drop: false }`
[INFO] [stdout] 8636cff2be870211180b01f05812f66074e850719f85d632de7739f56f9f7871
