[INFO] fetching crate swc_formatjs_transform 42.0.0...
[INFO] testing swc_formatjs_transform-42.0.0 against 1.99.0-beta.8 for beta-1.100-2
[INFO] extracting crate swc_formatjs_transform 42.0.0 into /workspace/builds/worker-4-tc1/source
[INFO] started tweaking crates.io crate swc_formatjs_transform 42.0.0
[INFO] finished tweaking crates.io crate swc_formatjs_transform 42.0.0
[INFO] tweaked toml for crates.io crate swc_formatjs_transform 42.0.0 written to /workspace/builds/worker-4-tc1/source/Cargo.toml
[INFO] validating manifest of crates.io crate swc_formatjs_transform 42.0.0 on toolchain 1.99.0-beta.8
[INFO] running `Command { std: CARGO_HOME="/workspace/cargo-home" RUSTUP_HOME="/workspace/rustup-home" "/workspace/cargo-home/bin/cargo" "+1.99.0-beta.8" "metadata" "--manifest-path" "Cargo.toml" "--no-deps", kill_on_drop: false }`
[INFO] crate crates.io crate swc_formatjs_transform 42.0.0 already has a lockfile, it will not be regenerated
[INFO] running `Command { std: CARGO_HOME="/workspace/cargo-home" RUSTUP_HOME="/workspace/rustup-home" "/workspace/cargo-home/bin/cargo" "+1.99.0-beta.8" "fetch" "--manifest-path" "Cargo.toml", kill_on_drop: false }`
[INFO] [stderr]     Blocking waiting for file lock on package cache
[INFO] [stderr]     Updating crates.io index
[INFO] [stderr]     Blocking waiting for file lock on package cache
[INFO] [stderr]  Downloading crates ...
[INFO] [stderr]   Downloaded langtag v0.3.4
[INFO] [stderr]   Downloaded swc_icu_messageformat_parser v38.0.0
[INFO] [stderr]   Downloaded swc_config v6.0.0
[INFO] [stderr]   Downloaded swc_config_macro v1.0.1
[INFO] [stderr]   Downloaded radix_fmt v1.0.0
[INFO] [stderr]   Downloaded swc_ecma_transforms_optimization v52.0.2
[INFO] [stderr]   Downloaded swc_core v81.0.0
[INFO] [stderr]   Downloaded swc_ecma_hooks v1.0.0
[INFO] [stderr]   Downloaded swc_ecma_minifier v62.0.0
[INFO] [stderr]   Downloaded par-iter v2.0.0
[INFO] [stderr]   Downloaded regress v0.11.1
[INFO] running `Command { std: "docker" "create" "-v" "/var/lib/crater-agent-workspace/builds/worker-4-tc1/source:/opt/rustwide/workdir:ro,Z" "-v" "/var/lib/crater-agent-workspace/builds/worker-4-tc1/target:/opt/rustwide/target:rw,Z" "-v" "/var/lib/crater-agent-workspace/cargo-home:/opt/rustwide/cargo-home:ro,Z" "-v" "/var/lib/crater-agent-workspace/rustup-home:/opt/rustwide/rustup-home:ro,Z" "-m" "1610612736" "--network" "none" "ghcr.io/rust-lang/crates-build-env/linux@sha256:3111399a4047eeb3a02b7a90e478d715f38a8c6669b5c4b49d30a17385265909" "sleep" "infinity", kill_on_drop: false }`
[INFO] [stdout] f3821339b6c9b755e07336f290e0e5cb1a70a317203df1c51249d8765c68bb23
[INFO] running `Command { std: "docker" "start" "f3821339b6c9b755e07336f290e0e5cb1a70a317203df1c51249d8765c68bb23", kill_on_drop: false }`
[INFO] running `Command { std: "docker" "inspect" "f3821339b6c9b755e07336f290e0e5cb1a70a317203df1c51249d8765c68bb23", kill_on_drop: false }`
[INFO] running `Command { std: "docker" "exec" "-e" "SOURCE_DIR=/opt/rustwide/workdir" "-e" "CARGO_HOME=/opt/rustwide/cargo-home" "-e" "RUSTUP_HOME=/opt/rustwide/rustup-home" "-e" "CARGO_TARGET_DIR=/opt/rustwide/target" "-w" "/opt/rustwide/workdir" "--user" "0:0" "f3821339b6c9b755e07336f290e0e5cb1a70a317203df1c51249d8765c68bb23" "/opt/rustwide/cargo-home/bin/cargo" "+1.99.0-beta.8" "metadata" "--no-deps" "--format-version=1", kill_on_drop: false }`
[INFO] running `Command { std: "docker" "inspect" "f3821339b6c9b755e07336f290e0e5cb1a70a317203df1c51249d8765c68bb23", kill_on_drop: false }`
[INFO] running `Command { std: "docker" "exec" "-e" "SOURCE_DIR=/opt/rustwide/workdir" "-e" "CARGO_HOME=/opt/rustwide/cargo-home" "-e" "RUSTUP_HOME=/opt/rustwide/rustup-home" "-e" "CARGO_TARGET_DIR=/opt/rustwide/target" "-e" "CARGO_INCREMENTAL=0" "-e" "RUST_BACKTRACE=full" "-e" "RUSTFLAGS=--cap-lints=warn" "-e" "RUSTDOCFLAGS=--cap-lints=warn" "-w" "/opt/rustwide/workdir" "--user" "0:0" "f3821339b6c9b755e07336f290e0e5cb1a70a317203df1c51249d8765c68bb23" "/opt/rustwide/cargo-home/bin/cargo" "+1.99.0-beta.8" "build" "--frozen" "--message-format=json", kill_on_drop: false }`
[INFO] [stderr]    Compiling yoke-derive v0.8.3
[INFO] [stderr]    Compiling syn v2.0.119
[INFO] [stderr]    Compiling serde_core v1.0.229
[INFO] [stderr]    Compiling serde v1.0.229
[INFO] [stderr]    Compiling allocator-api2 v0.2.21
[INFO] [stderr]    Compiling smallvec v1.16.2
[INFO] [stderr]    Compiling zerocopy v0.8.59
[INFO] [stderr]    Compiling ahash v0.8.12
[INFO] [stderr]    Compiling percent-encoding v2.3.2
[INFO] [stderr]    Compiling num-traits v0.2.19
[INFO] [stderr]    Compiling phf_shared v0.11.3
[INFO] [stderr]    Compiling new_debug_unreachable v1.0.6
[INFO] [stderr]    Compiling either v1.18.0
[INFO] [stderr]    Compiling unicode-id-start v1.5.0
[INFO] [stderr]    Compiling scoped-tls v1.0.1
[INFO] [stderr]    Compiling unicode-width v0.2.2
[INFO] [stderr]    Compiling better_scoped_tls v1.0.1
[INFO] [stderr]    Compiling dragonbox_ecma v0.1.12
[INFO] [stderr]    Compiling castaway v0.2.4
[INFO] [stderr]    Compiling form_urlencoded v1.2.2
[INFO] [stderr]    Compiling phf_generator v0.11.3
[INFO] [stderr]    Compiling aho-corasick v1.1.5
[INFO] [stderr]    Compiling par-core v2.0.0
[INFO] [stderr]    Compiling typenum v1.20.1
[INFO] [stderr]    Compiling compact_str v0.7.1
[INFO] [stderr]    Compiling num_cpus v1.17.0
[INFO] [stderr]    Compiling serde_json v1.0.151
[INFO] [stderr]    Compiling parking_lot_core v0.9.12
[INFO] [stderr]    Compiling seq-macro v0.3.6
[INFO] [stderr]    Compiling swc_visit v2.0.2
[INFO] [stderr]    Compiling bumpalo v3.20.3
[INFO] [stderr]    Compiling uuid v1.26.1
[INFO] [stderr]    Compiling foldhash v0.2.0
[INFO] [stderr]    Compiling bitvec v1.1.1
[INFO] [stderr]    Compiling hashbrown v0.16.1
[INFO] [stderr]    Compiling bstr v1.13.1
[INFO] [stderr]    Compiling yoke v0.8.3
[INFO] [stderr]    Compiling if_chain v1.0.3
[INFO] [stderr]    Compiling fixedbitset v0.5.7
[INFO] [stderr]    Compiling swc_core v81.0.0
[INFO] [stderr]    Compiling ascii v1.1.0
[INFO] [stderr]    Compiling zerovec v0.11.8
[INFO] [stderr]    Compiling zerotrie v0.2.5
[INFO] [stderr]    Compiling parking_lot v0.12.5
[INFO] [stderr]    Compiling par-iter v2.0.0
[INFO] [stderr]    Compiling generic-array v0.14.7
[INFO] [stderr]    Compiling num-integer v0.1.47
[INFO] [stderr]    Compiling petgraph v0.7.1
[INFO] [stderr]    Compiling serde_repr v0.1.21
[INFO] [stderr]    Compiling widestring v1.2.1
[INFO] [stderr]    Compiling radix_fmt v1.0.0
[INFO] [stderr]    Compiling ryu-js v1.0.3
[INFO] [stderr]    Compiling arrayvec v0.7.8
[INFO] [stderr]    Compiling regex-automata v0.4.18
[INFO] [stderr]    Compiling langtag v0.3.4
[INFO] [stderr]    Compiling block-buffer v0.10.4
[INFO] [stderr]    Compiling crypto-common v0.1.7
[INFO] [stderr]    Compiling regress v0.11.1
[INFO] [stderr]    Compiling tinystr v0.8.4
[INFO] [stderr]    Compiling potential_utf v0.1.6
[INFO] [stderr]    Compiling digest v0.10.7
[INFO] [stderr]    Compiling icu_collections v2.3.0
[INFO] [stderr]    Compiling sha1 v0.10.7
[INFO] [stderr]    Compiling md-5 v0.10.6
[INFO] [stderr]    Compiling sha2 v0.10.9
[INFO] [stderr]    Compiling icu_locale_core v2.3.0
[INFO] [stderr]    Compiling icu_provider v2.3.1
[INFO] [stderr]    Compiling bytes-str v0.2.9
[INFO] [stderr]    Compiling triomphe v0.1.16
[INFO] [stderr]    Compiling num-bigint v0.4.8
[INFO] [stderr]    Compiling debugid v0.8.0
[INFO] [stderr]    Compiling icu_normalizer v2.3.0
[INFO] [stderr]    Compiling icu_properties v2.3.0
[INFO] [stderr]    Compiling regex v1.13.1
[INFO] [stderr]    Compiling globset v0.4.20
[INFO] [stderr]    Compiling swc_icu_messageformat_parser v38.0.0
[INFO] [stderr]    Compiling swc_macros_common v1.0.1
[INFO] [stderr]    Compiling hashbrown v0.14.5
[INFO] [stderr]    Compiling idna_adapter v1.2.2
[INFO] [stderr]    Compiling idna v1.1.0
[INFO] [stderr]    Compiling tracing-attributes v0.1.31
[INFO] [stderr]    Compiling swc_eq_ignore_macros v1.0.1
[INFO] [stderr]    Compiling phf_macros v0.11.3
[INFO] [stderr]    Compiling from_variant v3.0.0
[INFO] [stderr]    Compiling ast_node v7.0.0
[INFO] [stderr]    Compiling is-macro v0.3.8
[INFO] [stderr]    Compiling string_enum v1.0.2
[INFO] [stderr]    Compiling swc_config_macro v1.0.1
[INFO] [stderr]    Compiling swc_ecma_codegen_macros v2.0.2
[INFO] [stderr]    Compiling hstr v4.0.2
[INFO] [stderr]    Compiling swc_allocator v5.0.0
[INFO] [stderr]    Compiling dashmap v6.2.1
[INFO] [stderr]    Compiling url v2.5.8
[INFO] [stderr]    Compiling swc_atoms v10.0.0
[INFO] [stderr]    Compiling phf v0.11.3
[INFO] [stderr]    Compiling tracing v0.1.44
[INFO] [stderr]    Compiling swc_common v26.0.0
[INFO] [stderr]    Compiling swc_sourcemap v10.0.2
[INFO] [stderr]    Compiling swc_config v6.0.0
[INFO] [stderr]    Compiling swc_ecma_ast v29.0.2
[INFO] [stderr]    Compiling swc_ecma_visit v29.0.0
[INFO] [stderr]    Compiling swc_ecma_parser v45.1.6
[INFO] [stderr]    Compiling swc_ecma_utils v35.0.2
[INFO] [stderr]    Compiling swc_ecma_hooks v1.0.0
[INFO] [stderr]    Compiling swc_ecma_transforms_base v49.0.1
[INFO] [stderr]    Compiling swc_ecma_codegen v32.0.3
[INFO] [stderr]    Compiling swc_ecma_transforms_optimization v52.0.2
[INFO] [stderr]    Compiling swc_ecma_minifier v62.0.0
[INFO] [stderr]    Compiling swc_formatjs_transform v42.0.0 (/opt/rustwide/workdir)
[INFO] [stdout] error[E0433]: cannot find `plugin` in `swc_core`
[INFO] [stdout]    --> src/lib.rs:453:31
[INFO] [stdout]     |
[INFO] [stdout] 453 |                     swc_core::plugin::errors::HANDLER.with(|handler| {
[INFO] [stdout]     |                               ^^^^^^ could not find `plugin` in `swc_core`
[INFO] [stdout]     |
[INFO] [stdout] note: found an item that was configured out
[INFO] [stdout]    --> /opt/rustwide/cargo-home/registry/src/index.crates.io-1949cf8c6b5b557f/swc_core-81.0.0/src/lib.rs:39:9
[INFO] [stdout]     |
[INFO] [stdout]  21 |   #[cfg(any(
[INFO] [stdout]     |  __________-
[INFO] [stdout]  22 | |     all(
[INFO] [stdout]  23 | |         docsrs,
[INFO] [stdout]  24 | |         any(
[INFO] [stdout] ...   |
[INFO] [stdout]  30 | |     feature = "__plugin_transform_host"
[INFO] [stdout]  31 | | ))]
[INFO] [stdout]     | |_- the item is gated here
[INFO] [stdout] ...
[INFO] [stdout]  39 |   pub mod plugin;
[INFO] [stdout]     |           ^^^^^^
[INFO] [stdout] 
[INFO] [stdout] 
[INFO] [stdout] error[E0433]: cannot find `plugin` in `swc_core`
[INFO] [stdout]    --> src/lib.rs:507:34
[INFO] [stdout]     |
[INFO] [stdout] 507 |         let handler = &swc_core::plugin::errors::HANDLER;
[INFO] [stdout]     |                                  ^^^^^^ could not find `plugin` in `swc_core`
[INFO] [stdout]     |
[INFO] [stdout] note: found an item that was configured out
[INFO] [stdout]    --> /opt/rustwide/cargo-home/registry/src/index.crates.io-1949cf8c6b5b557f/swc_core-81.0.0/src/lib.rs:39:9
[INFO] [stdout]     |
[INFO] [stdout]  21 |   #[cfg(any(
[INFO] [stdout]     |  __________-
[INFO] [stdout]  22 | |     all(
[INFO] [stdout]  23 | |         docsrs,
[INFO] [stdout]  24 | |         any(
[INFO] [stdout] ...   |
[INFO] [stdout]  30 | |     feature = "__plugin_transform_host"
[INFO] [stdout]  31 | | ))]
[INFO] [stdout]     | |_- the item is gated here
[INFO] [stdout] ...
[INFO] [stdout]  39 |   pub mod plugin;
[INFO] [stdout]     |           ^^^^^^
[INFO] [stdout] 
[INFO] [stdout] 
[INFO] [stdout] error[E0433]: cannot find `plugin` in `swc_core`
[INFO] [stdout]    --> src/lib.rs:577:34
[INFO] [stdout]     |
[INFO] [stdout] 577 |         let handler = &swc_core::plugin::errors::HANDLER;
[INFO] [stdout]     |                                  ^^^^^^ could not find `plugin` in `swc_core`
[INFO] [stdout]     |
[INFO] [stdout] note: found an item that was configured out
[INFO] [stdout]    --> /opt/rustwide/cargo-home/registry/src/index.crates.io-1949cf8c6b5b557f/swc_core-81.0.0/src/lib.rs:39:9
[INFO] [stdout]     |
[INFO] [stdout]  21 |   #[cfg(any(
[INFO] [stdout]     |  __________-
[INFO] [stdout]  22 | |     all(
[INFO] [stdout]  23 | |         docsrs,
[INFO] [stdout]  24 | |         any(
[INFO] [stdout] ...   |
[INFO] [stdout]  30 | |     feature = "__plugin_transform_host"
[INFO] [stdout]  31 | | ))]
[INFO] [stdout]     | |_- the item is gated here
[INFO] [stdout] ...
[INFO] [stdout]  39 |   pub mod plugin;
[INFO] [stdout]     |           ^^^^^^
[INFO] [stdout] 
[INFO] [stdout] 
[INFO] [stdout] error[E0433]: cannot find `plugin` in `swc_core`
[INFO] [stdout]     --> src/lib.rs:1354:30
[INFO] [stdout]      |
[INFO] [stdout] 1354 |     let handler = &swc_core::plugin::errors::HANDLER;
[INFO] [stdout]      |                              ^^^^^^ could not find `plugin` in `swc_core`
[INFO] [stdout]      |
[INFO] [stdout] note: found an item that was configured out
[INFO] [stdout]     --> /opt/rustwide/cargo-home/registry/src/index.crates.io-1949cf8c6b5b557f/swc_core-81.0.0/src/lib.rs:39:9
[INFO] [stdout]      |
[INFO] [stdout]   21 |   #[cfg(any(
[INFO] [stdout]      |  __________-
[INFO] [stdout]   22 | |     all(
[INFO] [stdout]   23 | |         docsrs,
[INFO] [stdout]   24 | |         any(
[INFO] [stdout] ...    |
[INFO] [stdout]   30 | |     feature = "__plugin_transform_host"
[INFO] [stdout]   31 | | ))]
[INFO] [stdout]      | |_- the item is gated here
[INFO] [stdout] ...
[INFO] [stdout]   39 |   pub mod plugin;
[INFO] [stdout]      |           ^^^^^^
[INFO] [stdout] 
[INFO] [stdout] 
[INFO] [stdout] error[E0433]: cannot find `plugin` in `swc_core`
[INFO] [stdout]     --> src/lib.rs:1367:30
[INFO] [stdout]      |
[INFO] [stdout] 1367 |     let handler = &swc_core::plugin::errors::HANDLER;
[INFO] [stdout]      |                              ^^^^^^ could not find `plugin` in `swc_core`
[INFO] [stdout]      |
[INFO] [stdout] note: found an item that was configured out
[INFO] [stdout]     --> /opt/rustwide/cargo-home/registry/src/index.crates.io-1949cf8c6b5b557f/swc_core-81.0.0/src/lib.rs:39:9
[INFO] [stdout]      |
[INFO] [stdout]   21 |   #[cfg(any(
[INFO] [stdout]      |  __________-
[INFO] [stdout]   22 | |     all(
[INFO] [stdout]   23 | |         docsrs,
[INFO] [stdout]   24 | |         any(
[INFO] [stdout] ...    |
[INFO] [stdout]   30 | |     feature = "__plugin_transform_host"
[INFO] [stdout]   31 | | ))]
[INFO] [stdout]      | |_- the item is gated here
[INFO] [stdout] ...
[INFO] [stdout]   39 |   pub mod plugin;
[INFO] [stdout]      |           ^^^^^^
[INFO] [stdout] 
[INFO] [stdout] 
[INFO] [stdout] error[E0277]: the trait bound `swc_core::ecma::ast::ObjectLit: serde::Deserialize<'de>` is not satisfied
[INFO] [stdout]     --> src/lib.rs:341:9
[INFO] [stdout]      |
[INFO] [stdout]  341 |     Obj(ObjectLit),
[INFO] [stdout]      |         ^^^^^^^^^ the trait `Deserialize<'_>` is not implemented for `swc_core::ecma::ast::ObjectLit`
[INFO] [stdout]      |
[INFO] [stdout]      = note: for local types consider adding `#[derive(serde::Deserialize)]` to your `swc_core::ecma::ast::ObjectLit` type
[INFO] [stdout]      = note: for types from other crates check whether the crate offers a `serde` feature flag
[INFO] [stdout]      = help: the following other types implement trait `Deserialize<'de>`:
[INFO] [stdout]                &'a Path
[INFO] [stdout]                &'a RawValue
[INFO] [stdout]                &'a [u8]
[INFO] [stdout]                &'a str
[INFO] [stdout]                ()
[INFO] [stdout]                (T,)
[INFO] [stdout]                (T0, T1)
[INFO] [stdout]                (T0, T1, T2)
[INFO] [stdout]              and 221 others
[INFO] [stdout] note: required by a bound in `newtype_variant`
[INFO] [stdout]     --> /opt/rustwide/cargo-home/registry/src/index.crates.io-1949cf8c6b5b557f/serde_core-1.0.229/src/de/mod.rs:2182:12
[INFO] [stdout]      |
[INFO] [stdout] 2180 |     fn newtype_variant<T>(self) -> Result<T, Self::Error>
[INFO] [stdout]      |        --------------- required by a bound in this associated function
[INFO] [stdout] 2181 |     where
[INFO] [stdout] 2182 |         T: Deserialize<'de>,
[INFO] [stdout]      |            ^^^^^^^^^^^^^^^^ required by this bound in `VariantAccess::newtype_variant`
[INFO] [stdout] 
[INFO] [stdout] 
[INFO] [stdout] Some errors have detailed explanations: E0277, E0433.
[INFO] [stdout] 
[INFO] [stdout] For more information about an error, try `rustc --explain E0277`.
[INFO] [stdout] 
[INFO] [stderr] error: could not compile `swc_formatjs_transform` (lib) due to 6 previous errors
[INFO] [stderr] warning: build failed, waiting for other jobs to finish...
[INFO] running `Command { std: "docker" "inspect" "f3821339b6c9b755e07336f290e0e5cb1a70a317203df1c51249d8765c68bb23", kill_on_drop: false }`
[INFO] running `Command { std: "docker" "rm" "-f" "f3821339b6c9b755e07336f290e0e5cb1a70a317203df1c51249d8765c68bb23", kill_on_drop: false }`
[INFO] [stdout] f3821339b6c9b755e07336f290e0e5cb1a70a317203df1c51249d8765c68bb23
