[INFO] fetching crate svg-nd 0.1.1...
[INFO] testing svg-nd-0.1.1 against 1.100.0-beta.1 for beta-1.100-2
[INFO] extracting crate svg-nd 0.1.1 into /workspace/builds/worker-6-tc2/source
[INFO] started tweaking crates.io crate svg-nd 0.1.1
[INFO] finished tweaking crates.io crate svg-nd 0.1.1
[INFO] tweaked toml for crates.io crate svg-nd 0.1.1 written to /workspace/builds/worker-6-tc2/source/Cargo.toml
[INFO] validating manifest of crates.io crate svg-nd 0.1.1 on toolchain 1.100.0-beta.1
[INFO] running `Command { std: CARGO_HOME="/workspace/cargo-home" RUSTUP_HOME="/workspace/rustup-home" "/workspace/cargo-home/bin/cargo" "+1.100.0-beta.1" "metadata" "--manifest-path" "Cargo.toml" "--no-deps", kill_on_drop: false }`
[INFO] running `Command { std: CARGO_HOME="/workspace/cargo-home" RUSTUP_HOME="/workspace/rustup-home" "/workspace/cargo-home/bin/cargo" "+1.100.0-beta.1" "generate-lockfile" "--manifest-path" "Cargo.toml", kill_on_drop: false }`
[INFO] [stderr]     Updating crates.io index
[INFO] [stderr]      Locking 17 packages to highest compatible versions
[INFO] [stderr]       Adding bezier-nd v0.5.1 (available: v0.6.4)
[INFO] [stderr]       Adding geo-nd v0.5.2 (available: v0.8.1)
[INFO] [stderr]       Adding thiserror v1.0.69 (available: v2.0.21)
[INFO] running `Command { std: CARGO_HOME="/workspace/cargo-home" RUSTUP_HOME="/workspace/rustup-home" "/workspace/cargo-home/bin/cargo" "+1.100.0-beta.1" "fetch" "--manifest-path" "Cargo.toml", kill_on_drop: false }`
[INFO] [stderr] warning: `package.homepage` is redundant with `package.repository`
[INFO] [stderr]   --> Cargo.toml:21:12
[INFO] [stderr]    |
[INFO] [stderr] 21 | homepage = "https://github.com/atthecodeface/svg-rs"
[INFO] [stderr]    |            ^^^^^^^^^^^^^^^^^^^^^^^^^^^^^^^^^^^^^^^^^
[INFO] [stderr] ...
[INFO] [stderr] 26 | repository = "https://github.com/atthecodeface/svg-rs"
[INFO] [stderr]    |              -----------------------------------------
[INFO] [stderr]    |
[INFO] [stderr]    = note: `cargo::redundant_homepage` is set to `warn` by default
[INFO] [stderr] help: consider removing `package.homepage`
[INFO] [stderr] warning: `svg-nd` (manifest) generated 1 warning
[INFO] running `Command { std: "docker" "create" "-v" "/var/lib/crater-agent-workspace/builds/worker-6-tc2/source:/opt/rustwide/workdir:ro,Z" "-v" "/var/lib/crater-agent-workspace/builds/worker-6-tc2/target:/opt/rustwide/target:rw,Z" "-v" "/var/lib/crater-agent-workspace/cargo-home:/opt/rustwide/cargo-home:ro,Z" "-v" "/var/lib/crater-agent-workspace/rustup-home:/opt/rustwide/rustup-home:ro,Z" "-m" "1610612736" "--network" "none" "ghcr.io/rust-lang/crates-build-env/linux@sha256:3111399a4047eeb3a02b7a90e478d715f38a8c6669b5c4b49d30a17385265909" "sleep" "infinity", kill_on_drop: false }`
[INFO] [stdout] a0aed78063f6a05df3bc3571eb138dde6ad92b897e350b1b6c6968831cc73551
[INFO] running `Command { std: "docker" "start" "a0aed78063f6a05df3bc3571eb138dde6ad92b897e350b1b6c6968831cc73551", kill_on_drop: false }`
[INFO] running `Command { std: "docker" "inspect" "a0aed78063f6a05df3bc3571eb138dde6ad92b897e350b1b6c6968831cc73551", kill_on_drop: false }`
[INFO] running `Command { std: "docker" "exec" "-e" "SOURCE_DIR=/opt/rustwide/workdir" "-e" "CARGO_HOME=/opt/rustwide/cargo-home" "-e" "RUSTUP_HOME=/opt/rustwide/rustup-home" "-e" "CARGO_TARGET_DIR=/opt/rustwide/target" "-w" "/opt/rustwide/workdir" "--user" "0:0" "a0aed78063f6a05df3bc3571eb138dde6ad92b897e350b1b6c6968831cc73551" "/opt/rustwide/cargo-home/bin/cargo" "+1.100.0-beta.1" "metadata" "--no-deps" "--format-version=1", kill_on_drop: false }`
[INFO] running `Command { std: "docker" "inspect" "a0aed78063f6a05df3bc3571eb138dde6ad92b897e350b1b6c6968831cc73551", kill_on_drop: false }`
[INFO] running `Command { std: "docker" "exec" "-e" "SOURCE_DIR=/opt/rustwide/workdir" "-e" "CARGO_HOME=/opt/rustwide/cargo-home" "-e" "RUSTUP_HOME=/opt/rustwide/rustup-home" "-e" "CARGO_TARGET_DIR=/opt/rustwide/target" "-e" "CARGO_INCREMENTAL=0" "-e" "RUST_BACKTRACE=full" "-e" "RUSTFLAGS=--cap-lints=warn" "-e" "RUSTDOCFLAGS=--cap-lints=warn" "-w" "/opt/rustwide/workdir" "--user" "0:0" "a0aed78063f6a05df3bc3571eb138dde6ad92b897e350b1b6c6968831cc73551" "/opt/rustwide/cargo-home/bin/cargo" "+1.100.0-beta.1" "build" "--frozen" "--message-format=json", kill_on_drop: false }`
[INFO] [stderr] warning: `package.homepage` is redundant with `package.repository`
[INFO] [stderr]   --> Cargo.toml:21:12
[INFO] [stderr]    |
[INFO] [stderr] 21 | homepage = "https://github.com/atthecodeface/svg-rs"
[INFO] [stderr]    |            ^^^^^^^^^^^^^^^^^^^^^^^^^^^^^^^^^^^^^^^^^
[INFO] [stderr] ...
[INFO] [stderr] 26 | repository = "https://github.com/atthecodeface/svg-rs"
[INFO] [stderr]    |              -----------------------------------------
[INFO] [stderr]    |
[INFO] [stderr]    = note: `cargo::redundant_homepage` is set to `warn` by default
[INFO] [stderr] help: consider removing `package.homepage`
[INFO] [stderr] warning: `svg-nd` (manifest) generated 1 warning
[INFO] [stderr]    Compiling serde_core v1.0.229
[INFO] [stderr]    Compiling serde v1.0.229
[INFO] [stderr]    Compiling indent-display v0.1.1
[INFO] [stderr]    Compiling num-traits v0.2.19
[INFO] [stderr]    Compiling syn v3.0.6
[INFO] [stderr]    Compiling syn v2.0.119
[INFO] [stderr]    Compiling serde_derive v1.0.229
[INFO] [stderr]    Compiling thiserror-impl v1.0.69
[INFO] [stderr]    Compiling thiserror v1.0.69
[INFO] [stderr]    Compiling serde_test v1.0.177
[INFO] [stderr]    Compiling geo-nd v0.5.2
[INFO] [stderr]    Compiling geo-nd v0.6.4
[INFO] [stderr]    Compiling bezier-nd v0.5.1
[INFO] [stdout] error[E0277]: the trait bound `F: From<f32>` is not satisfied
[INFO] [stdout]   --> /opt/rustwide/cargo-home/registry/src/index.crates.io-1949cf8c6b5b557f/bezier-nd-0.5.1/src/curve.rs:22:48
[INFO] [stdout]    |
[INFO] [stdout] 22 |     let delta_t = (t1 - t0) / ((n - 1) as f32).into();
[INFO] [stdout]    |                                                ^^^^ the trait `From<f32>` is not implemented for `F`
[INFO] [stdout]    |
[INFO] [stdout]    = note: required for `f32` to implement `Into<F>`
[INFO] [stdout] help: consider further restricting type parameter `F` with trait `From`
[INFO] [stdout]    |
[INFO] [stdout] 19 |     F: Float + std::convert::From<f32>,
[INFO] [stdout]    |              +++++++++++++++++++++++++
[INFO] [stdout] 
[INFO] [stdout] 
[INFO] [stdout] error[E0277]: the trait bound `F: From<f32>` is not satisfied
[INFO] [stdout]   --> /opt/rustwide/cargo-home/registry/src/index.crates.io-1949cf8c6b5b557f/bezier-nd-0.5.1/src/curve.rs:26:44
[INFO] [stdout]    |
[INFO] [stdout] 26 |             .point_at(delta_t * (i as f32).into() + t0)
[INFO] [stdout]    |                                            ^^^^ the trait `From<f32>` is not implemented for `F`
[INFO] [stdout]    |
[INFO] [stdout]    = note: required for `f32` to implement `Into<F>`
[INFO] [stdout] help: consider further restricting type parameter `F` with trait `From`
[INFO] [stdout]    |
[INFO] [stdout] 19 |     F: Float + std::convert::From<f32>,
[INFO] [stdout]    |              +++++++++++++++++++++++++
[INFO] [stdout] 
[INFO] [stdout] 
[INFO] [stdout] error[E0368]: binary assignment operation `+=` cannot be applied to type `F`
[INFO] [stdout]   --> /opt/rustwide/cargo-home/registry/src/index.crates.io-1949cf8c6b5b557f/bezier-nd-0.5.1/src/curve.rs:29:9
[INFO] [stdout]    |
[INFO] [stdout] 29 |         error2 += e * e;
[INFO] [stdout]    |         ------^^^^^^^^^
[INFO] [stdout]    |         |
[INFO] [stdout]    |         cannot use `+=` on type `F`
[INFO] [stdout]    |
[INFO] [stdout] help: consider further restricting type parameter `F` with trait `AddAssign`
[INFO] [stdout]    |
[INFO] [stdout] 19 |     F: Float + std::ops::AddAssign,
[INFO] [stdout]    |              +++++++++++++++++++++
[INFO] [stdout] 
[INFO] [stdout] 
[INFO] [stdout] error[E0277]: the trait bound `F: From<f32>` is not satisfied
[INFO] [stdout]   --> /opt/rustwide/cargo-home/registry/src/index.crates.io-1949cf8c6b5b557f/bezier-nd-0.5.1/src/curve.rs:31:25
[INFO] [stdout]    |
[INFO] [stdout] 31 |     error2 / (n as f32).into()
[INFO] [stdout]    |                         ^^^^ the trait `From<f32>` is not implemented for `F`
[INFO] [stdout]    |
[INFO] [stdout]    = note: required for `f32` to implement `Into<F>`
[INFO] [stdout] help: consider further restricting type parameter `F` with trait `From`
[INFO] [stdout]    |
[INFO] [stdout] 19 |     F: Float + std::convert::From<f32>,
[INFO] [stdout]    |              +++++++++++++++++++++++++
[INFO] [stdout] 
[INFO] [stdout] 
[INFO] [stdout] error[E0277]: the trait bound `F: From<f32>` is not satisfied
[INFO] [stdout]    --> /opt/rustwide/cargo-home/registry/src/index.crates.io-1949cf8c6b5b557f/bezier-nd-0.5.1/src/curve.rs:225:32
[INFO] [stdout]     |
[INFO] [stdout] 225 |         let two: F = (2.0_f32).into();
[INFO] [stdout]     |                                ^^^^ the trait `From<f32>` is not implemented for `F`
[INFO] [stdout]     |
[INFO] [stdout]     = note: required for `f32` to implement `Into<F>`
[INFO] [stdout] help: consider further restricting type parameter `F` with trait `From`
[INFO] [stdout]     |
[INFO] [stdout] 123 |     F: Float + std::convert::From<f32>,
[INFO] [stdout]     |              +++++++++++++++++++++++++
[INFO] [stdout] 
[INFO] [stdout] 
[INFO] [stdout] error[E0277]: the trait bound `F: From<f32>` is not satisfied
[INFO] [stdout]    --> /opt/rustwide/cargo-home/registry/src/index.crates.io-1949cf8c6b5b557f/bezier-nd-0.5.1/src/curve.rs:226:34
[INFO] [stdout]     |
[INFO] [stdout] 226 |         let three: F = (3.0_f32).into();
[INFO] [stdout]     |                                  ^^^^ the trait `From<f32>` is not implemented for `F`
[INFO] [stdout]     |
[INFO] [stdout]     = note: required for `f32` to implement `Into<F>`
[INFO] [stdout] help: consider further restricting type parameter `F` with trait `From`
[INFO] [stdout]     |
[INFO] [stdout] 123 |     F: Float + std::convert::From<f32>,
[INFO] [stdout]     |              +++++++++++++++++++++++++
[INFO] [stdout] 
[INFO] [stdout] 
[INFO] [stdout] error[E0277]: the trait bound `F: From<f32>` is not satisfied
[INFO] [stdout]    --> /opt/rustwide/cargo-home/registry/src/index.crates.io-1949cf8c6b5b557f/bezier-nd-0.5.1/src/curve.rs:252:32
[INFO] [stdout]     |
[INFO] [stdout] 252 |         let two: F = (2.0_f32).into();
[INFO] [stdout]     |                                ^^^^ the trait `From<f32>` is not implemented for `F`
[INFO] [stdout]     |
[INFO] [stdout]     = note: required for `f32` to implement `Into<F>`
[INFO] [stdout] help: consider further restricting type parameter `F` with trait `From`
[INFO] [stdout]     |
[INFO] [stdout] 123 |     F: Float + std::convert::From<f32>,
[INFO] [stdout]     |              +++++++++++++++++++++++++
[INFO] [stdout] 
[INFO] [stdout] 
[INFO] [stdout] error[E0277]: the trait bound `F: From<f32>` is not satisfied
[INFO] [stdout]    --> /opt/rustwide/cargo-home/registry/src/index.crates.io-1949cf8c6b5b557f/bezier-nd-0.5.1/src/curve.rs:253:34
[INFO] [stdout]     |
[INFO] [stdout] 253 |         let three: F = (3.0_f32).into();
[INFO] [stdout]     |                                  ^^^^ the trait `From<f32>` is not implemented for `F`
[INFO] [stdout]     |
[INFO] [stdout]     = note: required for `f32` to implement `Into<F>`
[INFO] [stdout] help: consider further restricting type parameter `F` with trait `From`
[INFO] [stdout]     |
[INFO] [stdout] 123 |     F: Float + std::convert::From<f32>,
[INFO] [stdout]     |              +++++++++++++++++++++++++
[INFO] [stdout] 
[INFO] [stdout] 
[INFO] [stdout] error[E0277]: the trait bound `F: From<f32>` is not satisfied
[INFO] [stdout]    --> /opt/rustwide/cargo-home/registry/src/index.crates.io-1949cf8c6b5b557f/bezier-nd-0.5.1/src/curve.rs:254:33
[INFO] [stdout]     |
[INFO] [stdout] 254 |         let four: F = (4.0_f32).into();
[INFO] [stdout]     |                                 ^^^^ the trait `From<f32>` is not implemented for `F`
[INFO] [stdout]     |
[INFO] [stdout]     = note: required for `f32` to implement `Into<F>`
[INFO] [stdout] help: consider further restricting type parameter `F` with trait `From`
[INFO] [stdout]     |
[INFO] [stdout] 123 |     F: Float + std::convert::From<f32>,
[INFO] [stdout]     |              +++++++++++++++++++++++++
[INFO] [stdout] 
[INFO] [stdout] 
[INFO] [stdout] error[E0277]: the trait bound `F: From<f32>` is not satisfied
[INFO] [stdout]    --> /opt/rustwide/cargo-home/registry/src/index.crates.io-1949cf8c6b5b557f/bezier-nd-0.5.1/src/curve.rs:281:34
[INFO] [stdout]     |
[INFO] [stdout] 281 |         let three: F = (3.0_f32).into();
[INFO] [stdout]     |                                  ^^^^ the trait `From<f32>` is not implemented for `F`
[INFO] [stdout]     |
[INFO] [stdout]     = note: required for `f32` to implement `Into<F>`
[INFO] [stdout] help: consider further restricting type parameter `F` with trait `From`
[INFO] [stdout]     |
[INFO] [stdout] 123 |     F: Float + std::convert::From<f32>,
[INFO] [stdout]     |              +++++++++++++++++++++++++
[INFO] [stdout] 
[INFO] [stdout] 
[INFO] [stdout] error[E0277]: the trait bound `F: From<f32>` is not satisfied
[INFO] [stdout]    --> /opt/rustwide/cargo-home/registry/src/index.crates.io-1949cf8c6b5b557f/bezier-nd-0.5.1/src/curve.rs:282:33
[INFO] [stdout]     |
[INFO] [stdout] 282 |         let four: F = (4.0_f32).into();
[INFO] [stdout]     |                                 ^^^^ the trait `From<f32>` is not implemented for `F`
[INFO] [stdout]     |
[INFO] [stdout]     = note: required for `f32` to implement `Into<F>`
[INFO] [stdout] help: consider further restricting type parameter `F` with trait `From`
[INFO] [stdout]     |
[INFO] [stdout] 123 |     F: Float + std::convert::From<f32>,
[INFO] [stdout]     |              +++++++++++++++++++++++++
[INFO] [stdout] 
[INFO] [stdout] 
[INFO] [stdout] error[E0277]: the trait bound `F: From<f32>` is not satisfied
[INFO] [stdout]    --> /opt/rustwide/cargo-home/registry/src/index.crates.io-1949cf8c6b5b557f/bezier-nd-0.5.1/src/curve.rs:283:34
[INFO] [stdout]     |
[INFO] [stdout] 283 |         let eight: F = (8.0_f32).into();
[INFO] [stdout]     |                                  ^^^^ the trait `From<f32>` is not implemented for `F`
[INFO] [stdout]     |
[INFO] [stdout]     = note: required for `f32` to implement `Into<F>`
[INFO] [stdout] help: consider further restricting type parameter `F` with trait `From`
[INFO] [stdout]     |
[INFO] [stdout] 123 |     F: Float + std::convert::From<f32>,
[INFO] [stdout]     |              +++++++++++++++++++++++++
[INFO] [stdout] 
[INFO] [stdout] 
[INFO] [stdout] error[E0277]: the trait bound `F: From<f32>` is not satisfied
[INFO] [stdout]    --> /opt/rustwide/cargo-home/registry/src/index.crates.io-1949cf8c6b5b557f/bezier-nd-0.5.1/src/curve.rs:280:29
[INFO] [stdout]     |
[INFO] [stdout] 280 |         let two = (2.0_f32).into();
[INFO] [stdout]     |                             ^^^^ the trait `From<f32>` is not implemented for `F`
[INFO] [stdout]     |
[INFO] [stdout]     = note: required for `f32` to implement `Into<F>`
[INFO] [stdout] help: consider further restricting type parameter `F` with trait `From`
[INFO] [stdout]     |
[INFO] [stdout] 123 |     F: Float + std::convert::From<f32>,
[INFO] [stdout]     |              +++++++++++++++++++++++++
[INFO] [stdout] 
[INFO] [stdout] 
[INFO] [stdout] error[E0277]: the trait bound `F: From<f32>` is not satisfied
[INFO] [stdout]    --> /opt/rustwide/cargo-home/registry/src/index.crates.io-1949cf8c6b5b557f/bezier-nd-0.5.1/src/curve.rs:315:32
[INFO] [stdout]     |
[INFO] [stdout] 315 |         let two: F = (2.0_f32).into();
[INFO] [stdout]     |                                ^^^^ the trait `From<f32>` is not implemented for `F`
[INFO] [stdout]     |
[INFO] [stdout]     = note: required for `f32` to implement `Into<F>`
[INFO] [stdout] help: consider further restricting type parameter `F` with trait `From`
[INFO] [stdout]     |
[INFO] [stdout] 123 |     F: Float + std::convert::From<f32>,
[INFO] [stdout]     |              +++++++++++++++++++++++++
[INFO] [stdout] 
[INFO] [stdout] 
[INFO] [stdout] error[E0277]: the trait bound `F: From<f32>` is not satisfied
[INFO] [stdout]    --> /opt/rustwide/cargo-home/registry/src/index.crates.io-1949cf8c6b5b557f/bezier-nd-0.5.1/src/curve.rs:457:29
[INFO] [stdout]     |
[INFO] [stdout] 457 |         let two = (2.0_f32).into();
[INFO] [stdout]     |                             ^^^^ the trait `From<f32>` is not implemented for `F`
[INFO] [stdout]     |
[INFO] [stdout]     = note: required for `f32` to implement `Into<F>`
[INFO] [stdout] help: consider further restricting type parameter `F` with trait `From`
[INFO] [stdout]     |
[INFO] [stdout] 123 |     F: Float + std::convert::From<f32>,
[INFO] [stdout]     |              +++++++++++++++++++++++++
[INFO] [stdout] 
[INFO] [stdout] 
[INFO] [stdout] error[E0277]: the trait bound `F: From<f32>` is not satisfied
[INFO] [stdout]    --> /opt/rustwide/cargo-home/registry/src/index.crates.io-1949cf8c6b5b557f/bezier-nd-0.5.1/src/curve.rs:593:40
[INFO] [stdout]     |
[INFO] [stdout] 593 |         let a0: F = 3.160_323_6e-2_f32.into();
[INFO] [stdout]     |                                        ^^^^ the trait `From<f32>` is not implemented for `F`
[INFO] [stdout]     |
[INFO] [stdout]     = note: required for `f32` to implement `Into<F>`
[INFO] [stdout] help: consider further restricting type parameter `F` with trait `From`
[INFO] [stdout]     |
[INFO] [stdout] 123 |     F: Float + std::convert::From<f32>,
[INFO] [stdout]     |              +++++++++++++++++++++++++
[INFO] [stdout] 
[INFO] [stdout] 
[INFO] [stdout] error[E0277]: the trait bound `F: From<f32>` is not satisfied
[INFO] [stdout]    --> /opt/rustwide/cargo-home/registry/src/index.crates.io-1949cf8c6b5b557f/bezier-nd-0.5.1/src/curve.rs:594:37
[INFO] [stdout]     |
[INFO] [stdout] 594 |         let a1: F = 2.795_054_2_f32.into();
[INFO] [stdout]     |                                     ^^^^ the trait `From<f32>` is not implemented for `F`
[INFO] [stdout]     |
[INFO] [stdout]     = note: required for `f32` to implement `Into<F>`
[INFO] [stdout] help: consider further restricting type parameter `F` with trait `From`
[INFO] [stdout]     |
[INFO] [stdout] 123 |     F: Float + std::convert::From<f32>,
[INFO] [stdout]     |              +++++++++++++++++++++++++
[INFO] [stdout] 
[INFO] [stdout] 
[INFO] [stdout] error[E0277]: the trait bound `F: From<f32>` is not satisfied
[INFO] [stdout]    --> /opt/rustwide/cargo-home/registry/src/index.crates.io-1949cf8c6b5b557f/bezier-nd-0.5.1/src/curve.rs:595:42
[INFO] [stdout]     |
[INFO] [stdout] 595 |         let a2: F = (-1.148_674_3e1_f32).into();
[INFO] [stdout]     |                                          ^^^^ the trait `From<f32>` is not implemented for `F`
[INFO] [stdout]     |
[INFO] [stdout]     = note: required for `f32` to implement `Into<F>`
[INFO] [stdout] help: consider further restricting type parameter `F` with trait `From`
[INFO] [stdout]     |
[INFO] [stdout] 123 |     F: Float + std::convert::From<f32>,
[INFO] [stdout]     |              +++++++++++++++++++++++++
[INFO] [stdout] 
[INFO] [stdout] 
[INFO] [stdout] error[E0277]: the trait bound `F: From<f32>` is not satisfied
[INFO] [stdout]    --> /opt/rustwide/cargo-home/registry/src/index.crates.io-1949cf8c6b5b557f/bezier-nd-0.5.1/src/curve.rs:596:39
[INFO] [stdout]     |
[INFO] [stdout] 596 |         let a3: F = 2.897_536_8e1_f32.into();
[INFO] [stdout]     |                                       ^^^^ the trait `From<f32>` is not implemented for `F`
[INFO] [stdout]     |
[INFO] [stdout]     = note: required for `f32` to implement `Into<F>`
[INFO] [stdout] help: consider further restricting type parameter `F` with trait `From`
[INFO] [stdout]     |
[INFO] [stdout] 123 |     F: Float + std::convert::From<f32>,
[INFO] [stdout]     |              +++++++++++++++++++++++++
[INFO] [stdout] 
[INFO] [stdout] 
[INFO] [stdout] error[E0277]: the trait bound `F: From<f32>` is not satisfied
[INFO] [stdout]    --> /opt/rustwide/cargo-home/registry/src/index.crates.io-1949cf8c6b5b557f/bezier-nd-0.5.1/src/curve.rs:597:42
[INFO] [stdout]     |
[INFO] [stdout] 597 |         let a4: F = (-3.284_522_2e1_f32).into();
[INFO] [stdout]     |                                          ^^^^ the trait `From<f32>` is not implemented for `F`
[INFO] [stdout]     |
[INFO] [stdout]     = note: required for `f32` to implement `Into<F>`
[INFO] [stdout] help: consider further restricting type parameter `F` with trait `From`
[INFO] [stdout]     |
[INFO] [stdout] 123 |     F: Float + std::convert::From<f32>,
[INFO] [stdout]     |              +++++++++++++++++++++++++
[INFO] [stdout] 
[INFO] [stdout] 
[INFO] [stdout] error[E0277]: the trait bound `F: From<f32>` is not satisfied
[INFO] [stdout]    --> /opt/rustwide/cargo-home/registry/src/index.crates.io-1949cf8c6b5b557f/bezier-nd-0.5.1/src/curve.rs:598:39
[INFO] [stdout]     |
[INFO] [stdout] 598 |         let a5: F = 1.377_942_9e1_f32.into();
[INFO] [stdout]     |                                       ^^^^ the trait `From<f32>` is not implemented for `F`
[INFO] [stdout]     |
[INFO] [stdout]     = note: required for `f32` to implement `Into<F>`
[INFO] [stdout] help: consider further restricting type parameter `F` with trait `From`
[INFO] [stdout]     |
[INFO] [stdout] 123 |     F: Float + std::convert::From<f32>,
[INFO] [stdout]     |              +++++++++++++++++++++++++
[INFO] [stdout] 
[INFO] [stdout] 
[INFO] [stdout] error[E0277]: the trait bound `F: From<f32>` is not satisfied
[INFO] [stdout]    --> /opt/rustwide/cargo-home/registry/src/index.crates.io-1949cf8c6b5b557f/bezier-nd-0.5.1/src/curve.rs:618:29
[INFO] [stdout]     |
[INFO] [stdout] 618 |         let two = (2.0_f32).into();
[INFO] [stdout]     |                             ^^^^ the trait `From<f32>` is not implemented for `F`
[INFO] [stdout]     |
[INFO] [stdout]     = note: required for `f32` to implement `Into<F>`
[INFO] [stdout] help: consider further restricting type parameter `F` with trait `From`
[INFO] [stdout]     |
[INFO] [stdout] 123 |     F: Float + std::convert::From<f32>,
[INFO] [stdout]     |              +++++++++++++++++++++++++
[INFO] [stdout] 
[INFO] [stdout] 
[INFO] [stdout] error[E0277]: the trait bound `F: From<f32>` is not satisfied
[INFO] [stdout]    --> /opt/rustwide/cargo-home/registry/src/index.crates.io-1949cf8c6b5b557f/bezier-nd-0.5.1/src/curve.rs:677:32
[INFO] [stdout]     |
[INFO] [stdout] 677 |         let two: F = (2.0_f32).into();
[INFO] [stdout]     |                                ^^^^ the trait `From<f32>` is not implemented for `F`
[INFO] [stdout]     |
[INFO] [stdout]     = note: required for `f32` to implement `Into<F>`
[INFO] [stdout] help: consider further restricting type parameter `F` with trait `From`
[INFO] [stdout]     |
[INFO] [stdout] 123 |     F: Float + std::convert::From<f32>,
[INFO] [stdout]     |              +++++++++++++++++++++++++
[INFO] [stdout] 
[INFO] [stdout] 
[INFO] [stdout] error[E0277]: the trait bound `F: From<f32>` is not satisfied
[INFO] [stdout]    --> /opt/rustwide/cargo-home/registry/src/index.crates.io-1949cf8c6b5b557f/bezier-nd-0.5.1/src/curve.rs:675:42
[INFO] [stdout]     |
[INFO] [stdout] 675 |         let nearly_one = (0.999_999_f32).into();
[INFO] [stdout]     |                                          ^^^^ the trait `From<f32>` is not implemented for `F`
[INFO] [stdout]     |
[INFO] [stdout]     = note: required for `f32` to implement `Into<F>`
[INFO] [stdout] help: consider further restricting type parameter `F` with trait `From`
[INFO] [stdout]     |
[INFO] [stdout] 123 |     F: Float + std::convert::From<f32>,
[INFO] [stdout]     |              +++++++++++++++++++++++++
[INFO] [stdout] 
[INFO] [stdout] 
[INFO] [stdout] error[E0277]: the trait bound `F: From<f32>` is not satisfied
[INFO] [stdout]    --> /opt/rustwide/cargo-home/registry/src/index.crates.io-1949cf8c6b5b557f/bezier-nd-0.5.1/src/curve.rs:806:65
[INFO] [stdout]     |
[INFO] [stdout] 806 |         let r = (c.distance(&p0) + c.distance(&p1)) / (2.0_f32).into();
[INFO] [stdout]     |                                                                 ^^^^ the trait `From<f32>` is not implemented for `F`
[INFO] [stdout]     |
[INFO] [stdout]     = note: required for `f32` to implement `Into<F>`
[INFO] [stdout] help: consider further restricting type parameter `F` with trait `From`
[INFO] [stdout]     |
[INFO] [stdout] 123 |     F: Float + std::convert::From<f32>,
[INFO] [stdout]     |              +++++++++++++++++++++++++
[INFO] [stdout] 
[INFO] [stdout] 
[INFO] [stdout] Some errors have detailed explanations: E0277, E0368.
[INFO] [stdout] 
[INFO] [stdout] For more information about an error, try `rustc --explain E0277`.
[INFO] [stdout] 
[INFO] [stderr] error: could not compile `bezier-nd` (lib) due to 25 previous errors
[INFO] [stderr] warning: build failed, waiting for other jobs to finish...
[INFO] running `Command { std: "docker" "inspect" "a0aed78063f6a05df3bc3571eb138dde6ad92b897e350b1b6c6968831cc73551", kill_on_drop: false }`
[INFO] running `Command { std: "docker" "rm" "-f" "a0aed78063f6a05df3bc3571eb138dde6ad92b897e350b1b6c6968831cc73551", kill_on_drop: false }`
[INFO] [stdout] a0aed78063f6a05df3bc3571eb138dde6ad92b897e350b1b6c6968831cc73551
