[INFO] fetching crate subxt-metadata 0.51.1...
[INFO] testing subxt-metadata-0.51.1 against 1.100.0-beta.1 for beta-1.100-2
[INFO] extracting crate subxt-metadata 0.51.1 into /workspace/builds/worker-1-tc2/source
[INFO] started tweaking crates.io crate subxt-metadata 0.51.1
[INFO] finished tweaking crates.io crate subxt-metadata 0.51.1
[INFO] tweaked toml for crates.io crate subxt-metadata 0.51.1 written to /workspace/builds/worker-1-tc2/source/Cargo.toml
[INFO] validating manifest of crates.io crate subxt-metadata 0.51.1 on toolchain 1.100.0-beta.1
[INFO] running `Command { std: CARGO_HOME="/workspace/cargo-home" RUSTUP_HOME="/workspace/rustup-home" "/workspace/cargo-home/bin/cargo" "+1.100.0-beta.1" "metadata" "--manifest-path" "Cargo.toml" "--no-deps", kill_on_drop: false }`
[INFO] crate crates.io crate subxt-metadata 0.51.1 already has a lockfile, it will not be regenerated
[INFO] running `Command { std: CARGO_HOME="/workspace/cargo-home" RUSTUP_HOME="/workspace/rustup-home" "/workspace/cargo-home/bin/cargo" "+1.100.0-beta.1" "fetch" "--manifest-path" "Cargo.toml", kill_on_drop: false }`
[INFO] running `Command { std: "docker" "create" "-v" "/var/lib/crater-agent-workspace/builds/worker-1-tc2/source:/opt/rustwide/workdir:ro,Z" "-v" "/var/lib/crater-agent-workspace/builds/worker-1-tc2/target:/opt/rustwide/target:rw,Z" "-v" "/var/lib/crater-agent-workspace/cargo-home:/opt/rustwide/cargo-home:ro,Z" "-v" "/var/lib/crater-agent-workspace/rustup-home:/opt/rustwide/rustup-home:ro,Z" "-m" "1610612736" "--network" "none" "ghcr.io/rust-lang/crates-build-env/linux@sha256:3111399a4047eeb3a02b7a90e478d715f38a8c6669b5c4b49d30a17385265909" "sleep" "infinity", kill_on_drop: false }`
[INFO] [stdout] 439cc682243e881c0b6d33ee5798e2c2140f3c981983a7c9868574d30c5d4067
[INFO] running `Command { std: "docker" "start" "439cc682243e881c0b6d33ee5798e2c2140f3c981983a7c9868574d30c5d4067", kill_on_drop: false }`
[INFO] running `Command { std: "docker" "inspect" "439cc682243e881c0b6d33ee5798e2c2140f3c981983a7c9868574d30c5d4067", kill_on_drop: false }`
[INFO] running `Command { std: "docker" "exec" "-e" "SOURCE_DIR=/opt/rustwide/workdir" "-e" "CARGO_HOME=/opt/rustwide/cargo-home" "-e" "RUSTUP_HOME=/opt/rustwide/rustup-home" "-e" "CARGO_TARGET_DIR=/opt/rustwide/target" "-w" "/opt/rustwide/workdir" "--user" "0:0" "439cc682243e881c0b6d33ee5798e2c2140f3c981983a7c9868574d30c5d4067" "/opt/rustwide/cargo-home/bin/cargo" "+1.100.0-beta.1" "metadata" "--no-deps" "--format-version=1", kill_on_drop: false }`
[INFO] running `Command { std: "docker" "inspect" "439cc682243e881c0b6d33ee5798e2c2140f3c981983a7c9868574d30c5d4067", kill_on_drop: false }`
[INFO] running `Command { std: "docker" "exec" "-e" "SOURCE_DIR=/opt/rustwide/workdir" "-e" "CARGO_HOME=/opt/rustwide/cargo-home" "-e" "RUSTUP_HOME=/opt/rustwide/rustup-home" "-e" "CARGO_TARGET_DIR=/opt/rustwide/target" "-e" "CARGO_INCREMENTAL=0" "-e" "RUST_BACKTRACE=full" "-e" "RUSTFLAGS=--cap-lints=warn" "-e" "RUSTDOCFLAGS=--cap-lints=warn" "-w" "/opt/rustwide/workdir" "--user" "0:0" "439cc682243e881c0b6d33ee5798e2c2140f3c981983a7c9868574d30c5d4067" "/opt/rustwide/cargo-home/bin/cargo" "+1.100.0-beta.1" "build" "--frozen" "--message-format=json", kill_on_drop: false }`
[INFO] [stderr]    Compiling proc-macro2 v1.0.95
[INFO] [stderr]    Compiling unicode-ident v1.0.18
[INFO] [stderr]    Compiling hashbrown v0.15.3
[INFO] [stderr]    Compiling winnow v0.7.10
[INFO] [stderr]    Compiling toml_datetime v0.6.9
[INFO] [stderr]    Compiling rustversion v1.0.20
[INFO] [stderr]    Compiling serde v1.0.228
[INFO] [stderr]    Compiling arrayvec v0.7.6
[INFO] [stderr]    Compiling unicode-xid v0.2.6
[INFO] [stderr]    Compiling typenum v1.18.0
[INFO] [stderr]    Compiling byte-slice-cast v1.2.3
[INFO] [stderr]    Compiling smallvec v1.15.0
[INFO] [stderr]    Compiling thiserror v2.0.12
[INFO] [stderr]    Compiling zerocopy v0.8.25
[INFO] [stderr]    Compiling allocator-api2 v0.2.21
[INFO] [stderr]    Compiling ahash v0.8.12
[INFO] [stderr]    Compiling static_assertions v1.1.0
[INFO] [stderr]    Compiling keccak v0.1.5
[INFO] [stderr]    Compiling byteorder v1.5.0
[INFO] [stderr]    Compiling smallstr v0.3.0
[INFO] [stderr]    Compiling once_cell v1.21.3
[INFO] [stderr]    Compiling yap v0.12.0
[INFO] [stderr]    Compiling blake2b_simd v1.0.3
[INFO] [stderr]    Compiling parity-scale-codec v3.7.4
[INFO] [stderr]    Compiling hashbrown v0.16.1
[INFO] [stderr]    Compiling indexmap v2.9.0
[INFO] [stderr]    Compiling quote v1.0.40
[INFO] [stderr]    Compiling syn v2.0.101
[INFO] [stderr]    Compiling const_format_proc_macros v0.2.34
[INFO] [stderr]    Compiling generic-array v0.14.7
[INFO] [stderr]    Compiling crypto-common v0.1.6
[INFO] [stderr]    Compiling block-buffer v0.10.4
[INFO] [stderr]    Compiling digest v0.10.7
[INFO] [stderr]    Compiling const_format v0.2.34
[INFO] [stderr]    Compiling twox-hash v1.6.3
[INFO] [stderr]    Compiling sha3 v0.10.8
[INFO] [stderr]    Compiling sha2 v0.10.9
[INFO] [stderr]    Compiling sp-crypto-hashing v0.1.0
[INFO] [stderr]    Compiling hashbrown v0.14.5
[INFO] [stderr]    Compiling toml_edit v0.22.26
[INFO] [stderr]    Compiling proc-macro-crate v3.3.0
[INFO] [stderr]    Compiling serde_derive v1.0.228
[INFO] [stderr]    Compiling impl-trait-for-tuples v0.2.3
[INFO] [stderr]    Compiling parity-scale-codec-derive v3.7.4
[INFO] [stderr]    Compiling derive_more-impl v1.0.0
[INFO] [stderr]    Compiling scale-info-derive v2.11.6
[INFO] [stderr]    Compiling thiserror-impl v2.0.12
[INFO] [stderr]    Compiling derive_more v1.0.0
[INFO] [stderr]    Compiling scale-info v2.11.6
[INFO] [stderr]    Compiling scale-type-resolver v0.2.0
[INFO] [stderr]    Compiling frame-metadata v23.0.0
[INFO] [stderr]    Compiling scale-bits v0.7.0
[INFO] [stderr]    Compiling scale-info-legacy v0.4.2
[INFO] [stderr]    Compiling scale-encode v0.10.1
[INFO] [stderr]    Compiling scale-decode v0.16.2
[INFO] [stderr]    Compiling frame-decode v0.18.1
[INFO] [stderr]    Compiling subxt-metadata v0.51.1 (/opt/rustwide/workdir)
[INFO] [stdout] warning: lint `no_mangle_generic_items` has been removed: converted into hard error, generic items must always be mangled
[INFO] [stdout]   |
[INFO] [stdout]   = note: requested on the command line with `-D no_mangle_generic_items`
[INFO] [stdout]   = note: `#[warn(renamed_and_removed_lints)]` on by default
[INFO] [stdout] 
[INFO] [stdout] 
[INFO] [stderr]     Finished `dev` profile [unoptimized + debuginfo] target(s) in 33.25s
[INFO] running `Command { std: "docker" "inspect" "439cc682243e881c0b6d33ee5798e2c2140f3c981983a7c9868574d30c5d4067", kill_on_drop: false }`
[INFO] running `Command { std: "docker" "exec" "-e" "SOURCE_DIR=/opt/rustwide/workdir" "-e" "CARGO_HOME=/opt/rustwide/cargo-home" "-e" "RUSTUP_HOME=/opt/rustwide/rustup-home" "-e" "CARGO_TARGET_DIR=/opt/rustwide/target" "-e" "CARGO_INCREMENTAL=0" "-e" "RUST_BACKTRACE=full" "-e" "RUSTFLAGS=--cap-lints=warn" "-e" "RUSTDOCFLAGS=--cap-lints=warn" "-w" "/opt/rustwide/workdir" "--user" "0:0" "439cc682243e881c0b6d33ee5798e2c2140f3c981983a7c9868574d30c5d4067" "/opt/rustwide/cargo-home/bin/cargo" "+1.100.0-beta.1" "test" "--frozen" "--no-run" "--message-format=json", kill_on_drop: false }`
[INFO] [stderr]    Compiling hashbrown v0.15.3
[INFO] [stderr]    Compiling radium v0.7.0
[INFO] [stderr]    Compiling tap v1.0.1
[INFO] [stderr]    Compiling funty v2.0.0
[INFO] [stderr]    Compiling itoa v1.0.15
[INFO] [stderr]    Compiling serde v1.0.228
[INFO] [stderr]    Compiling crossbeam-epoch v0.9.18
[INFO] [stderr]    Compiling num-traits v0.2.19
[INFO] [stderr]    Compiling either v1.15.0
[INFO] [stderr]    Compiling libc v0.2.172
[INFO] [stderr]    Compiling once_cell v1.21.3
[INFO] [stderr]    Compiling rayon-core v1.12.1
[INFO] [stderr]    Compiling half v2.6.0
[INFO] [stderr]    Compiling regex-syntax v0.8.5
[INFO] [stderr]    Compiling ryu v1.0.20
[INFO] [stderr]    Compiling anstyle v1.0.10
[INFO] [stderr]    Compiling clap_lex v0.7.4
[INFO] [stderr]    Compiling wyz v0.5.1
[INFO] [stderr]    Compiling serde_json v1.0.151
[INFO] [stderr]    Compiling itertools v0.10.5
[INFO] [stderr]    Compiling ahash v0.8.12
[INFO] [stderr]    Compiling clap_builder v4.5.37
[INFO] [stderr]    Compiling hashbrown v0.14.5
[INFO] [stderr]    Compiling crossbeam-deque v0.8.6
[INFO] [stderr]    Compiling indexmap v2.9.0
[INFO] [stderr]    Compiling ciborium-ll v0.2.2
[INFO] [stderr]    Compiling ciborium v0.2.2
[INFO] [stderr]    Compiling bitvec v1.0.1
[INFO] [stderr]    Compiling plotters v0.3.7
[INFO] [stderr]    Compiling rayon v1.10.0
[INFO] [stderr]    Compiling is-terminal v0.4.16
[INFO] [stderr]    Compiling tinytemplate v1.2.1
[INFO] [stderr]    Compiling regex-automata v0.4.9
[INFO] [stderr]    Compiling criterion-plot v0.5.0
[INFO] [stderr]    Compiling toml_edit v0.22.26
[INFO] [stderr]    Compiling serde_yaml v0.9.34+deprecated
[INFO] [stderr]    Compiling regex v1.11.1
[INFO] [stderr]    Compiling clap v4.5.37
[INFO] [stderr]    Compiling proc-macro-crate v3.3.0
[INFO] [stderr]    Compiling criterion v0.5.1
[INFO] [stderr]    Compiling parity-scale-codec-derive v3.7.4
[INFO] [stderr]    Compiling scale-info-derive v2.11.6
[INFO] [stderr]    Compiling parity-scale-codec v3.7.4
[INFO] [stderr]    Compiling scale-info v2.11.6
[INFO] [stderr]    Compiling scale-type-resolver v0.2.0
[INFO] [stderr]    Compiling frame-metadata v23.0.0
[INFO] [stderr]    Compiling scale-bits v0.7.0
[INFO] [stderr]    Compiling scale-encode v0.10.1
[INFO] [stderr]    Compiling scale-info-legacy v0.4.2
[INFO] [stderr]    Compiling scale-decode v0.16.2
[INFO] [stderr]    Compiling frame-decode v0.18.1
[INFO] [stderr]    Compiling subxt-metadata v0.51.1 (/opt/rustwide/workdir)
[INFO] [stdout] warning: lint `no_mangle_generic_items` has been removed: converted into hard error, generic items must always be mangled
[INFO] [stdout]   |
[INFO] [stdout]   = note: requested on the command line with `-D no_mangle_generic_items`
[INFO] [stdout]   = note: `#[warn(renamed_and_removed_lints)]` on by default
[INFO] [stdout] 
[INFO] [stdout] 
[INFO] [stdout] warning: lint `no_mangle_generic_items` has been removed: converted into hard error, generic items must always be mangled
[INFO] [stdout]   |
[INFO] [stdout]   = note: requested on the command line with `-D no_mangle_generic_items`
[INFO] [stdout]   = note: `#[warn(renamed_and_removed_lints)]` on by default
[INFO] [stdout] 
[INFO] [stdout] 
[INFO] [stdout] error[E0432]: unresolved import `subxt_utils_stripmetadata`
[INFO] [stdout]     --> src/utils/validation.rs:1172:13
[INFO] [stdout]      |
[INFO] [stdout] 1172 |         use subxt_utils_stripmetadata::StripMetadata;
[INFO] [stdout]      |             ^^^^^^^^^^^^^^^^^^^^^^^^^ use of unresolved module or unlinked crate `subxt_utils_stripmetadata`
[INFO] [stdout]      |
[INFO] [stdout]      = help: if you wanted to use a crate named `subxt_utils_stripmetadata`, use `cargo add subxt_utils_stripmetadata` to add it to your `Cargo.toml`
[INFO] [stdout] 
[INFO] [stdout] 
[INFO] [stdout] error[E0433]: cannot find module or crate `subxt_codegen` in this scope
[INFO] [stdout]    --> src/from/legacy/tests.rs:471:23
[INFO] [stdout]     |
[INFO] [stdout] 471 |         let codegen = subxt_codegen::CodegenBuilder::new();
[INFO] [stdout]     |                       ^^^^^^^^^^^^^ use of unresolved module or unlinked crate `subxt_codegen`
[INFO] [stdout]     |
[INFO] [stdout]     = help: if you wanted to use a crate named `subxt_codegen`, use `cargo add subxt_codegen` to add it to your `Cargo.toml`
[INFO] [stdout] 
[INFO] [stdout] 
[INFO] [stdout] error[E0433]: cannot find module or crate `subxt_codegen` in this scope
[INFO] [stdout]    --> src/from/legacy/tests.rs:460:43
[INFO] [stdout]     |
[INFO] [stdout] 460 |                 RuntimeMetadata::V9(m) => subxt_codegen::Metadata::from_v9(m, &types_for_spec),
[INFO] [stdout]     |                                           ^^^^^^^^^^^^^ use of unresolved module or unlinked crate `subxt_codegen`
[INFO] [stdout]     |
[INFO] [stdout]     = help: if you wanted to use a crate named `subxt_codegen`, use `cargo add subxt_codegen` to add it to your `Cargo.toml`
[INFO] [stdout] help: consider importing one of these structs
[INFO] [stdout]     |
[INFO] [stdout]   1 + use crate::Metadata;
[INFO] [stdout]     |
[INFO] [stdout]   1 + use std::fs::Metadata;
[INFO] [stdout]     |
[INFO] [stdout] help: if you import `Metadata`, refer to it directly
[INFO] [stdout]     |
[INFO] [stdout] 460 -                 RuntimeMetadata::V9(m) => subxt_codegen::Metadata::from_v9(m, &types_for_spec),
[INFO] [stdout] 460 +                 RuntimeMetadata::V9(m) => Metadata::from_v9(m, &types_for_spec),
[INFO] [stdout]     |
[INFO] [stdout] 
[INFO] [stdout] 
[INFO] [stdout] error[E0433]: cannot find module or crate `subxt_codegen` in this scope
[INFO] [stdout]    --> src/from/legacy/tests.rs:461:44
[INFO] [stdout]     |
[INFO] [stdout] 461 |                 RuntimeMetadata::V10(m) => subxt_codegen::Metadata::from_v10(m, &types_for_spec),
[INFO] [stdout]     |                                            ^^^^^^^^^^^^^ use of unresolved module or unlinked crate `subxt_codegen`
[INFO] [stdout]     |
[INFO] [stdout]     = help: if you wanted to use a crate named `subxt_codegen`, use `cargo add subxt_codegen` to add it to your `Cargo.toml`
[INFO] [stdout] help: consider importing one of these structs
[INFO] [stdout]     |
[INFO] [stdout]   1 + use crate::Metadata;
[INFO] [stdout]     |
[INFO] [stdout]   1 + use std::fs::Metadata;
[INFO] [stdout]     |
[INFO] [stdout] help: if you import `Metadata`, refer to it directly
[INFO] [stdout]     |
[INFO] [stdout] 461 -                 RuntimeMetadata::V10(m) => subxt_codegen::Metadata::from_v10(m, &types_for_spec),
[INFO] [stdout] 461 +                 RuntimeMetadata::V10(m) => Metadata::from_v10(m, &types_for_spec),
[INFO] [stdout]     |
[INFO] [stdout] 
[INFO] [stdout] 
[INFO] [stdout] error[E0433]: cannot find module or crate `subxt_codegen` in this scope
[INFO] [stdout]    --> src/from/legacy/tests.rs:462:44
[INFO] [stdout]     |
[INFO] [stdout] 462 |                 RuntimeMetadata::V11(m) => subxt_codegen::Metadata::from_v11(m, &types_for_spec),
[INFO] [stdout]     |                                            ^^^^^^^^^^^^^ use of unresolved module or unlinked crate `subxt_codegen`
[INFO] [stdout]     |
[INFO] [stdout]     = help: if you wanted to use a crate named `subxt_codegen`, use `cargo add subxt_codegen` to add it to your `Cargo.toml`
[INFO] [stdout] help: consider importing one of these structs
[INFO] [stdout]     |
[INFO] [stdout]   1 + use crate::Metadata;
[INFO] [stdout]     |
[INFO] [stdout]   1 + use std::fs::Metadata;
[INFO] [stdout]     |
[INFO] [stdout] help: if you import `Metadata`, refer to it directly
[INFO] [stdout]     |
[INFO] [stdout] 462 -                 RuntimeMetadata::V11(m) => subxt_codegen::Metadata::from_v11(m, &types_for_spec),
[INFO] [stdout] 462 +                 RuntimeMetadata::V11(m) => Metadata::from_v11(m, &types_for_spec),
[INFO] [stdout]     |
[INFO] [stdout] 
[INFO] [stdout] 
[INFO] [stdout] error[E0433]: cannot find module or crate `subxt_codegen` in this scope
[INFO] [stdout]    --> src/from/legacy/tests.rs:463:44
[INFO] [stdout]     |
[INFO] [stdout] 463 |                 RuntimeMetadata::V12(m) => subxt_codegen::Metadata::from_v12(m, &types_for_spec),
[INFO] [stdout]     |                                            ^^^^^^^^^^^^^ use of unresolved module or unlinked crate `subxt_codegen`
[INFO] [stdout]     |
[INFO] [stdout]     = help: if you wanted to use a crate named `subxt_codegen`, use `cargo add subxt_codegen` to add it to your `Cargo.toml`
[INFO] [stdout] help: consider importing one of these structs
[INFO] [stdout]     |
[INFO] [stdout]   1 + use crate::Metadata;
[INFO] [stdout]     |
[INFO] [stdout]   1 + use std::fs::Metadata;
[INFO] [stdout]     |
[INFO] [stdout] help: if you import `Metadata`, refer to it directly
[INFO] [stdout]     |
[INFO] [stdout] 463 -                 RuntimeMetadata::V12(m) => subxt_codegen::Metadata::from_v12(m, &types_for_spec),
[INFO] [stdout] 463 +                 RuntimeMetadata::V12(m) => Metadata::from_v12(m, &types_for_spec),
[INFO] [stdout]     |
[INFO] [stdout] 
[INFO] [stdout] 
[INFO] [stdout] error[E0433]: cannot find module or crate `subxt_codegen` in this scope
[INFO] [stdout]    --> src/from/legacy/tests.rs:464:44
[INFO] [stdout]     |
[INFO] [stdout] 464 |                 RuntimeMetadata::V13(m) => subxt_codegen::Metadata::from_v13(m, &types_for_spec),
[INFO] [stdout]     |                                            ^^^^^^^^^^^^^ use of unresolved module or unlinked crate `subxt_codegen`
[INFO] [stdout]     |
[INFO] [stdout]     = help: if you wanted to use a crate named `subxt_codegen`, use `cargo add subxt_codegen` to add it to your `Cargo.toml`
[INFO] [stdout] help: consider importing one of these structs
[INFO] [stdout]     |
[INFO] [stdout]   1 + use crate::Metadata;
[INFO] [stdout]     |
[INFO] [stdout]   1 + use std::fs::Metadata;
[INFO] [stdout]     |
[INFO] [stdout] help: if you import `Metadata`, refer to it directly
[INFO] [stdout]     |
[INFO] [stdout] 464 -                 RuntimeMetadata::V13(m) => subxt_codegen::Metadata::from_v13(m, &types_for_spec),
[INFO] [stdout] 464 +                 RuntimeMetadata::V13(m) => Metadata::from_v13(m, &types_for_spec),
[INFO] [stdout]     |
[INFO] [stdout] 
[INFO] [stdout] 
[INFO] [stdout] error[E0599]: no method named `strip_metadata` found for struct `RuntimeMetadataV15` in the current scope
[INFO] [stdout]     --> src/utils/validation.rs:1178:15
[INFO] [stdout]      |
[INFO] [stdout] 1178 |             m.strip_metadata(|e| e == "First", |_| true);
[INFO] [stdout]      |               ^^^^^^^^^^^^^^ method not found in `RuntimeMetadataV15`
[INFO] [stdout] 
[INFO] [stdout] 
[INFO] [stdout] Some errors have detailed explanations: E0432, E0433, E0599.
[INFO] [stdout] 
[INFO] [stdout] For more information about an error, try `rustc --explain E0432`.
[INFO] [stdout] 
[INFO] [stderr] error: could not compile `subxt-metadata` (lib test) due to 8 previous errors; 1 warning emitted
[INFO] running `Command { std: "docker" "inspect" "439cc682243e881c0b6d33ee5798e2c2140f3c981983a7c9868574d30c5d4067", kill_on_drop: false }`
[INFO] running `Command { std: "docker" "rm" "-f" "439cc682243e881c0b6d33ee5798e2c2140f3c981983a7c9868574d30c5d4067", kill_on_drop: false }`
[INFO] [stdout] 439cc682243e881c0b6d33ee5798e2c2140f3c981983a7c9868574d30c5d4067
