[INFO] fetching crate subms-icehouse-data-plane 0.2.0...
[INFO] testing subms-icehouse-data-plane-0.2.0 against 1.100.0-beta.1 for beta-1.100-2
[INFO] extracting crate subms-icehouse-data-plane 0.2.0 into /workspace/builds/worker-2-tc2/source
[INFO] started tweaking crates.io crate subms-icehouse-data-plane 0.2.0
[INFO] removed 0 missing tests
[INFO] finished tweaking crates.io crate subms-icehouse-data-plane 0.2.0
[INFO] tweaked toml for crates.io crate subms-icehouse-data-plane 0.2.0 written to /workspace/builds/worker-2-tc2/source/Cargo.toml
[INFO] validating manifest of crates.io crate subms-icehouse-data-plane 0.2.0 on toolchain 1.100.0-beta.1
[INFO] running `Command { std: CARGO_HOME="/workspace/cargo-home" RUSTUP_HOME="/workspace/rustup-home" "/workspace/cargo-home/bin/cargo" "+1.100.0-beta.1" "metadata" "--manifest-path" "Cargo.toml" "--no-deps", kill_on_drop: false }`
[INFO] crate crates.io crate subms-icehouse-data-plane 0.2.0 already has a lockfile, it will not be regenerated
[INFO] running `Command { std: CARGO_HOME="/workspace/cargo-home" RUSTUP_HOME="/workspace/rustup-home" "/workspace/cargo-home/bin/cargo" "+1.100.0-beta.1" "fetch" "--manifest-path" "Cargo.toml", kill_on_drop: false }`
[INFO] running `Command { std: "docker" "create" "-v" "/var/lib/crater-agent-workspace/builds/worker-2-tc2/source:/opt/rustwide/workdir:ro,Z" "-v" "/var/lib/crater-agent-workspace/builds/worker-2-tc2/target:/opt/rustwide/target:rw,Z" "-v" "/var/lib/crater-agent-workspace/cargo-home:/opt/rustwide/cargo-home:ro,Z" "-v" "/var/lib/crater-agent-workspace/rustup-home:/opt/rustwide/rustup-home:ro,Z" "-m" "1610612736" "--network" "none" "ghcr.io/rust-lang/crates-build-env/linux@sha256:3111399a4047eeb3a02b7a90e478d715f38a8c6669b5c4b49d30a17385265909" "sleep" "infinity", kill_on_drop: false }`
[INFO] [stdout] 2eeb2ac08a5130c74aa9410266787622179d5b52a03b61e2f78b7b6ce9a0642d
[INFO] running `Command { std: "docker" "start" "2eeb2ac08a5130c74aa9410266787622179d5b52a03b61e2f78b7b6ce9a0642d", kill_on_drop: false }`
[INFO] running `Command { std: "docker" "inspect" "2eeb2ac08a5130c74aa9410266787622179d5b52a03b61e2f78b7b6ce9a0642d", kill_on_drop: false }`
[INFO] running `Command { std: "docker" "exec" "-e" "SOURCE_DIR=/opt/rustwide/workdir" "-e" "CARGO_HOME=/opt/rustwide/cargo-home" "-e" "RUSTUP_HOME=/opt/rustwide/rustup-home" "-e" "CARGO_TARGET_DIR=/opt/rustwide/target" "-w" "/opt/rustwide/workdir" "--user" "0:0" "2eeb2ac08a5130c74aa9410266787622179d5b52a03b61e2f78b7b6ce9a0642d" "/opt/rustwide/cargo-home/bin/cargo" "+1.100.0-beta.1" "metadata" "--no-deps" "--format-version=1", kill_on_drop: false }`
[INFO] running `Command { std: "docker" "inspect" "2eeb2ac08a5130c74aa9410266787622179d5b52a03b61e2f78b7b6ce9a0642d", kill_on_drop: false }`
[INFO] running `Command { std: "docker" "exec" "-e" "SOURCE_DIR=/opt/rustwide/workdir" "-e" "CARGO_HOME=/opt/rustwide/cargo-home" "-e" "RUSTUP_HOME=/opt/rustwide/rustup-home" "-e" "CARGO_TARGET_DIR=/opt/rustwide/target" "-e" "CARGO_INCREMENTAL=0" "-e" "RUST_BACKTRACE=full" "-e" "RUSTFLAGS=--cap-lints=warn" "-e" "RUSTDOCFLAGS=--cap-lints=warn" "-w" "/opt/rustwide/workdir" "--user" "0:0" "2eeb2ac08a5130c74aa9410266787622179d5b52a03b61e2f78b7b6ce9a0642d" "/opt/rustwide/cargo-home/bin/cargo" "+1.100.0-beta.1" "build" "--frozen" "--message-format=json", kill_on_drop: false }`
[INFO] [stderr]    Compiling libc v0.2.189
[INFO] [stderr]    Compiling proc-macro2 v1.0.107
[INFO] [stderr]    Compiling quote v1.0.47
[INFO] [stderr]    Compiling zeroize v1.9.0
[INFO] [stderr]    Compiling bytes v1.12.1
[INFO] [stderr]    Compiling futures-core v0.3.33
[INFO] [stderr]    Compiling generic-array v0.14.7
[INFO] [stderr]    Compiling memchr v2.8.3
[INFO] [stderr]    Compiling serde_core v1.0.229
[INFO] [stderr]    Compiling futures-sink v0.3.33
[INFO] [stderr]    Compiling futures-channel v0.3.33
[INFO] [stderr]    Compiling futures-task v0.3.33
[INFO] [stderr]    Compiling futures-io v0.3.33
[INFO] [stderr]    Compiling hybrid-array v0.4.13
[INFO] [stderr]    Compiling zmij v1.0.23
[INFO] [stderr]    Compiling zerocopy v0.8.55
[INFO] [stderr]    Compiling crypto-common v0.1.7
[INFO] [stderr]    Compiling block-buffer v0.10.4
[INFO] [stderr]    Compiling block-padding v0.3.3
[INFO] [stderr]    Compiling digest v0.10.7
[INFO] [stderr]    Compiling http v1.4.2
[INFO] [stderr]    Compiling syn v2.0.119
[INFO] [stderr]    Compiling inout v0.1.4
[INFO] [stderr]    Compiling syn v3.0.3
[INFO] [stderr]    Compiling num-traits v0.2.19
[INFO] [stderr]    Compiling cipher v0.4.4
[INFO] [stderr]    Compiling hmac v0.12.1
[INFO] [stderr]    Compiling serde_json v1.0.151
[INFO] [stderr]    Compiling ctutils v0.4.2
[INFO] [stderr]    Compiling pbkdf2 v0.12.2
[INFO] [stderr]    Compiling der v0.7.10
[INFO] [stderr]    Compiling salsa20 v0.10.2
[INFO] [stderr]    Compiling sha2 v0.10.9
[INFO] [stderr]    Compiling errno v0.3.14
[INFO] [stderr]    Compiling jobserver v0.1.35
[INFO] [stderr]    Compiling socket2 v0.6.5
[INFO] [stderr]    Compiling signal-hook-registry v1.4.8
[INFO] [stderr]    Compiling cc v1.4.0
[INFO] [stderr]    Compiling mio v1.2.2
[INFO] [stderr]    Compiling getrandom v0.2.17
[INFO] [stderr]    Compiling libm v0.2.16
[INFO] [stderr]    Compiling rand_core v0.6.4
[INFO] [stderr]    Compiling crypto-common v0.2.2
[INFO] [stderr]    Compiling block-buffer v0.12.1
[INFO] [stderr]    Compiling spki v0.7.3
[INFO] [stderr]    Compiling scrypt v0.11.0
[INFO] [stderr]    Compiling cmake v0.1.58
[INFO] [stderr]    Compiling digest v0.11.3
[INFO] [stderr]    Compiling cbc v0.1.2
[INFO] [stderr]    Compiling aws-lc-sys v0.40.0
[INFO] [stderr]    Compiling aes v0.8.4
[INFO] [stderr]    Compiling aws-lc-rs v1.16.3
[INFO] [stderr]    Compiling http-body v1.1.0
[INFO] [stderr]    Compiling num-integer v0.1.46
[INFO] [stderr]    Compiling num-bigint-dig v0.8.6
[INFO] [stderr]    Compiling spin v0.9.9
[INFO] [stderr]    Compiling lazy_static v1.5.0
[INFO] [stderr]    Compiling tracing v0.1.44
[INFO] [stderr]    Compiling pkcs5 v0.7.1
[INFO] [stderr]    Compiling num-iter v0.1.46
[INFO] [stderr]    Compiling rustls-pki-types v1.15.1
[INFO] [stderr]    Compiling signature v2.2.0
[INFO] [stderr]    Compiling jiff-core v0.1.0
[INFO] [stderr]    Compiling synstructure v0.13.2
[INFO] [stderr]    Compiling pkcs8 v0.10.2
[INFO] [stderr]    Compiling rustls v0.23.43
[INFO] [stderr]    Compiling pkcs1 v0.7.5
[INFO] [stderr]    Compiling crunchy v0.2.4
[INFO] [stderr]    Compiling sha1 v0.11.0
[INFO] [stderr]    Compiling serde_derive v1.0.229
[INFO] [stderr]    Compiling sha2 v0.11.0
[INFO] [stderr]    Compiling hmac v0.13.0
[INFO] [stderr]    Compiling sync_wrapper v1.0.2
[INFO] [stderr]    Compiling tiny-keccak v2.0.2
[INFO] [stderr]    Compiling http-body-util v0.1.4
[INFO] [stderr]    Compiling getrandom v0.4.3
[INFO] [stderr]    Compiling once_cell v1.21.4
[INFO] [stderr]    Compiling rustls-native-certs v0.8.3
[INFO] [stderr]    Compiling const-random-macro v0.1.16
[INFO] [stderr]    Compiling jiff v0.2.34
[INFO] [stderr]    Compiling bitflags v2.13.1
[INFO] [stderr]    Compiling const-random v0.1.18
[INFO] [stderr]    Compiling dlv-list v0.5.2
[INFO] [stderr]    Compiling uuid v1.24.0
[INFO] [stderr]    Compiling md-5 v0.11.0
[INFO] [stderr]    Compiling zerofrom-derive v0.1.7
[INFO] [stderr]    Compiling yoke-derive v0.8.2
[INFO] [stderr]    Compiling futures-macro v0.3.33
[INFO] [stderr]    Compiling tokio-macros v2.7.1
[INFO] [stderr]    Compiling futures-util v0.3.33
[INFO] [stderr]    Compiling zerovec-derive v0.11.3
[INFO] [stderr]    Compiling tokio v1.53.1
[INFO] [stderr]    Compiling displaydoc v0.2.6
[INFO] [stderr]    Compiling zerofrom v0.1.8
[INFO] [stderr]    Compiling yoke v0.8.3
[INFO] [stderr]    Compiling ppv-lite86 v0.2.21
[INFO] [stderr]    Compiling rand_chacha v0.3.1
[INFO] [stderr]    Compiling zerotrie v0.2.4
[INFO] [stderr]    Compiling rand v0.8.7
[INFO] [stderr]    Compiling zerovec v0.11.6
[INFO] [stderr]    Compiling mea v0.6.4
[INFO] [stderr]    Compiling serde v1.0.229
[INFO] [stderr]    Compiling tinystr v0.8.3
[INFO] [stderr]    Compiling potential_utf v0.1.5
[INFO] [stderr]    Compiling icu_locale_core v2.2.0
[INFO] [stderr]    Compiling quick-xml v0.39.4
[INFO] [stderr]    Compiling icu_collections v2.2.0
[INFO] [stderr]    Compiling hashbrown v0.14.5
[INFO] [stderr]    Compiling icu_provider v2.2.0
[INFO] [stderr]    Compiling futures-executor v0.3.33
[INFO] [stderr]    Compiling rsa v0.9.10
[INFO] [stderr]    Compiling serde_urlencoded v0.7.1
[INFO] [stderr]    Compiling futures v0.3.33
[INFO] [stderr]    Compiling ordered-multimap v0.7.3
[INFO] [stderr]    Compiling quick-xml v0.41.0
[INFO] [stderr]    Compiling icu_properties v2.2.0
[INFO] [stderr]    Compiling icu_normalizer v2.2.0
[INFO] [stderr]    Compiling reqsign-core v3.1.0
[INFO] [stderr]    Compiling rust-ini v0.21.3
[INFO] [stderr]    Compiling crc32c v0.6.8
[INFO] [stderr]    Compiling pem v3.0.6
[INFO] [stderr]    Compiling redb v2.6.3
[INFO] [stderr]    Compiling fastrand v2.4.1
[INFO] [stderr]    Compiling reqsign-azure-storage v3.1.0
[INFO] [stderr]    Compiling async-trait v0.1.91
[INFO] [stderr]    Compiling idna_adapter v1.2.2
[INFO] [stderr]    Compiling reqsign-aws-v4 v3.0.2
[INFO] [stderr]    Compiling idna v1.1.0
[INFO] [stderr]    Compiling axum-core v0.5.6
[INFO] [stderr]    Compiling hyper v1.11.0
[INFO] [stderr]    Compiling tower v0.5.3
[INFO] [stderr]    Compiling url v2.5.8
[INFO] [stderr]    Compiling hyper-util v0.1.20
[INFO] [stderr]    Compiling tower-http v0.6.11
[INFO] [stderr]    Compiling tokio-util v0.7.19
[INFO] [stderr]    Compiling reqsign-file-read-tokio v3.0.2
[INFO] [stderr]    Compiling reqsign-google v3.0.2
[INFO] [stderr]    Compiling backon v1.6.0
[INFO] [stderr]    Compiling serde_path_to_error v0.1.20
[INFO] [stderr]    Compiling subms-icehouse-metadata v0.2.0
[INFO] [stderr]    Compiling subms-icehouse-manifest v0.2.0
[INFO] [stderr]    Compiling axum v0.8.9
[INFO] [stderr]    Compiling subms-icehouse-store v0.2.0
[INFO] [stderr]    Compiling subms-icehouse-identity v0.2.0
[INFO] [stderr]    Compiling rustls-webpki v0.103.13
[INFO] [stderr]    Compiling tokio-rustls v0.26.4
[INFO] [stderr]    Compiling rustls-platform-verifier v0.7.0
[INFO] [stderr]    Compiling hyper-rustls v0.27.9
[INFO] [stderr]    Compiling reqwest v0.13.4
[INFO] [stderr]    Compiling opendal-core v0.57.0
[INFO] [stderr]    Compiling opendal-service-azure-common v0.57.0
[INFO] [stderr]    Compiling opendal-layer-retry v0.57.0
[INFO] [stderr]    Compiling opendal-service-gcs v0.57.0
[INFO] [stderr]    Compiling opendal-service-s3 v0.57.0
[INFO] [stderr]    Compiling opendal-service-azblob v0.57.0
[INFO] [stderr]    Compiling opendal v0.57.0
[INFO] [stderr]    Compiling subms-icehouse-fileio v0.2.0
[INFO] [stderr]    Compiling subms-icehouse-data-plane v0.2.0 (/opt/rustwide/workdir)
[INFO] [stderr]     Finished `dev` profile [unoptimized + debuginfo] target(s) in 3m 24s
[INFO] running `Command { std: "docker" "inspect" "2eeb2ac08a5130c74aa9410266787622179d5b52a03b61e2f78b7b6ce9a0642d", kill_on_drop: false }`
[INFO] running `Command { std: "docker" "exec" "-e" "SOURCE_DIR=/opt/rustwide/workdir" "-e" "CARGO_HOME=/opt/rustwide/cargo-home" "-e" "RUSTUP_HOME=/opt/rustwide/rustup-home" "-e" "CARGO_TARGET_DIR=/opt/rustwide/target" "-e" "CARGO_INCREMENTAL=0" "-e" "RUST_BACKTRACE=full" "-e" "RUSTFLAGS=--cap-lints=warn" "-e" "RUSTDOCFLAGS=--cap-lints=warn" "-w" "/opt/rustwide/workdir" "--user" "0:0" "2eeb2ac08a5130c74aa9410266787622179d5b52a03b61e2f78b7b6ce9a0642d" "/opt/rustwide/cargo-home/bin/cargo" "+1.100.0-beta.1" "test" "--frozen" "--no-run" "--message-format=json", kill_on_drop: false }`
[INFO] [stderr]    Compiling subms v0.7.1
[INFO] [stderr]    Compiling subms-icehouse-data-plane v0.2.0 (/opt/rustwide/workdir)
[INFO] [stdout] error[E0433]: cannot find module or crate `subms_icehouse_s3` in this scope
[INFO] [stdout]   --> tests/wgc_object_tests.rs:24:5
[INFO] [stdout]    |
[INFO] [stdout] 24 | use subms_icehouse_s3::store::S3Store;
[INFO] [stdout]    |     ^^^^^^^^^^^^^^^^^ use of unresolved module or unlinked crate `subms_icehouse_s3`
[INFO] [stdout]    |
[INFO] [stdout] help: there is a crate or module with a similar name
[INFO] [stdout]    |
[INFO] [stdout] 24 - use subms_icehouse_s3::store::S3Store;
[INFO] [stdout] 24 + use subms_icehouse_store::store::S3Store;
[INFO] [stdout]    |
[INFO] [stdout] 
[INFO] [stdout] 
[INFO] [stdout] error[E0433]: cannot find module or crate `subms_icehouse_s3` in this scope
[INFO] [stdout]    --> tests/wgc_object_tests.rs:162:14
[INFO] [stdout]     |
[INFO] [stdout] 162 |             &subms_icehouse_s3::store::ListRequest {
[INFO] [stdout]     |              ^^^^^^^^^^^^^^^^^ use of unresolved module or unlinked crate `subms_icehouse_s3`
[INFO] [stdout]     |
[INFO] [stdout] help: there is a crate or module with a similar name
[INFO] [stdout]     |
[INFO] [stdout] 162 -             &subms_icehouse_s3::store::ListRequest {
[INFO] [stdout] 162 +             &subms_icehouse_store::store::ListRequest {
[INFO] [stdout]     |
[INFO] [stdout] 
[INFO] [stdout] 
[INFO] [stdout] error[E0433]: cannot find module or crate `subms_icehouse_s3` in this scope
[INFO] [stdout]   --> tests/wgc_object_tests.rs:33:15
[INFO] [stdout]    |
[INFO] [stdout] 33 |     let app = subms_icehouse_s3::app(store.clone());
[INFO] [stdout]    |               ^^^^^^^^^^^^^^^^^ use of unresolved module or unlinked crate `subms_icehouse_s3`
[INFO] [stdout]    |
[INFO] [stdout] help: there is a crate or module with a similar name
[INFO] [stdout]    |
[INFO] [stdout] 33 -     let app = subms_icehouse_s3::app(store.clone());
[INFO] [stdout] 33 +     let app = subms_icehouse_store::app(store.clone());
[INFO] [stdout]    |
[INFO] [stdout] 
[INFO] [stdout] 
[INFO] [stdout] For more information about this error, try `rustc --explain E0433`.
[INFO] [stdout] 
[INFO] [stderr] error: could not compile `subms-icehouse-data-plane` (test "wgc_object_tests") due to 3 previous errors
[INFO] [stderr] warning: build failed, waiting for other jobs to finish...
[INFO] running `Command { std: "docker" "inspect" "2eeb2ac08a5130c74aa9410266787622179d5b52a03b61e2f78b7b6ce9a0642d", kill_on_drop: false }`
[INFO] running `Command { std: "docker" "rm" "-f" "2eeb2ac08a5130c74aa9410266787622179d5b52a03b61e2f78b7b6ce9a0642d", kill_on_drop: false }`
[INFO] [stdout] 2eeb2ac08a5130c74aa9410266787622179d5b52a03b61e2f78b7b6ce9a0642d
