[INFO] fetching crate sublime_cli_tools 0.0.36...
[INFO] testing sublime_cli_tools-0.0.36 against 1.99.0-beta.8 for beta-1.100-2
[INFO] extracting crate sublime_cli_tools 0.0.36 into /workspace/builds/worker-4-tc1/source
[INFO] started tweaking crates.io crate sublime_cli_tools 0.0.36
[INFO] removed 0 missing examples
[INFO] removed 0 missing tests
[INFO] finished tweaking crates.io crate sublime_cli_tools 0.0.36
[INFO] tweaked toml for crates.io crate sublime_cli_tools 0.0.36 written to /workspace/builds/worker-4-tc1/source/Cargo.toml
[INFO] validating manifest of crates.io crate sublime_cli_tools 0.0.36 on toolchain 1.99.0-beta.8
[INFO] running `Command { std: CARGO_HOME="/workspace/cargo-home" RUSTUP_HOME="/workspace/rustup-home" "/workspace/cargo-home/bin/cargo" "+1.99.0-beta.8" "metadata" "--manifest-path" "Cargo.toml" "--no-deps", kill_on_drop: false }`
[INFO] crate crates.io crate sublime_cli_tools 0.0.36 already has a lockfile, it will not be regenerated
[INFO] running `Command { std: CARGO_HOME="/workspace/cargo-home" RUSTUP_HOME="/workspace/rustup-home" "/workspace/cargo-home/bin/cargo" "+1.99.0-beta.8" "fetch" "--manifest-path" "Cargo.toml", kill_on_drop: false }`
[INFO] [stderr]     Updating crates.io index
[INFO] [stderr]  Downloading crates ...
[INFO] [stderr]   Downloaded terminal_size v0.4.3
[INFO] [stderr]   Downloaded sysexits v0.10.0
[INFO] [stderr]   Downloaded toml v0.7.8
[INFO] [stderr]   Downloaded retry-policies v0.4.0
[INFO] [stderr]   Downloaded libredox v0.1.12
[INFO] [stderr]   Downloaded reqwest-retry v0.6.1
[INFO] [stderr]   Downloaded wasm-bindgen-futures v0.4.56
[INFO] [stderr]   Downloaded reqwest-middleware v0.3.3
[INFO] [stderr]   Downloaded path-clean v1.0.1
[INFO] [stderr]   Downloaded package-json v0.5.0
[INFO] [stderr]   Downloaded humantime-serde v1.1.1
[INFO] [stderr]   Downloaded wasm-timer v0.2.5
[INFO] [stderr]   Downloaded native-tls v0.2.14
[INFO] [stderr]   Downloaded rustls-pki-types v1.13.2
[INFO] [stderr]   Downloaded humantime v2.3.0
[INFO] [stderr]   Downloaded find-msvc-tools v0.1.7
[INFO] [stderr]   Downloaded system-configuration v0.6.1
[INFO] [stderr]   Downloaded fuzzy-matcher v0.3.7
[INFO] [stderr]   Downloaded clap_lex v0.7.7
[INFO] [stderr]   Downloaded toml_edit v0.19.15
[INFO] [stderr]   Downloaded uuid v1.19.0
[INFO] [stderr]   Downloaded console v0.16.2
[INFO] [stderr]   Downloaded clap_derive v4.5.49
[INFO] [stderr]   Downloaded sublime_git_tools v0.0.18
[INFO] [stderr]   Downloaded openssl-sys v0.9.111
[INFO] [stderr]   Downloaded indicatif v0.18.3
[INFO] [stderr]   Downloaded clap_complete v4.5.65
[INFO] [stderr]   Downloaded clap v4.5.54
[INFO] [stderr]   Downloaded sublime_standard_tools v0.0.15
[INFO] [stderr]   Downloaded zerocopy-derive v0.8.33
[INFO] [stderr]   Downloaded hyper-util v0.1.19
[INFO] [stderr]   Downloaded cc v1.2.52
[INFO] [stderr]   Downloaded winnow v0.5.40
[INFO] [stderr]   Downloaded portable-atomic v1.13.0
[INFO] [stderr]   Downloaded clap_builder v4.5.54
[INFO] [stderr]   Downloaded git2 v0.20.3
[INFO] [stderr]   Downloaded zerocopy v0.8.33
[INFO] [stderr]   Downloaded openssl v0.10.75
[INFO] [stderr]   Downloaded libssh2-sys v0.3.1
[INFO] [stderr]   Downloaded web-sys v0.3.83
[INFO] [stderr]   Downloaded sublime_pkg_tools v0.0.27
[INFO] [stderr]   Downloaded libz-sys v1.1.23
[INFO] [stderr]   Downloaded libgit2-sys v0.18.3+1.9.2
[INFO] [stderr]   Downloaded openssl-src v300.5.4+3.5.4
[INFO] running `Command { std: "docker" "create" "-v" "/var/lib/crater-agent-workspace/builds/worker-4-tc1/source:/opt/rustwide/workdir:ro,Z" "-v" "/var/lib/crater-agent-workspace/builds/worker-4-tc1/target:/opt/rustwide/target:rw,Z" "-v" "/var/lib/crater-agent-workspace/cargo-home:/opt/rustwide/cargo-home:ro,Z" "-v" "/var/lib/crater-agent-workspace/rustup-home:/opt/rustwide/rustup-home:ro,Z" "-m" "1610612736" "--network" "none" "ghcr.io/rust-lang/crates-build-env/linux@sha256:3111399a4047eeb3a02b7a90e478d715f38a8c6669b5c4b49d30a17385265909" "sleep" "infinity", kill_on_drop: false }`
[INFO] [stdout] fa2d241f796c1350fe0a471d9ea9861ce2804e955419c9ddb0301a258abe0d04
[INFO] running `Command { std: "docker" "start" "fa2d241f796c1350fe0a471d9ea9861ce2804e955419c9ddb0301a258abe0d04", kill_on_drop: false }`
[INFO] running `Command { std: "docker" "inspect" "fa2d241f796c1350fe0a471d9ea9861ce2804e955419c9ddb0301a258abe0d04", kill_on_drop: false }`
[INFO] running `Command { std: "docker" "exec" "-e" "SOURCE_DIR=/opt/rustwide/workdir" "-e" "CARGO_HOME=/opt/rustwide/cargo-home" "-e" "RUSTUP_HOME=/opt/rustwide/rustup-home" "-e" "CARGO_TARGET_DIR=/opt/rustwide/target" "-w" "/opt/rustwide/workdir" "--user" "0:0" "fa2d241f796c1350fe0a471d9ea9861ce2804e955419c9ddb0301a258abe0d04" "/opt/rustwide/cargo-home/bin/cargo" "+1.99.0-beta.8" "metadata" "--no-deps" "--format-version=1", kill_on_drop: false }`
[INFO] running `Command { std: "docker" "inspect" "fa2d241f796c1350fe0a471d9ea9861ce2804e955419c9ddb0301a258abe0d04", kill_on_drop: false }`
[INFO] running `Command { std: "docker" "exec" "-e" "SOURCE_DIR=/opt/rustwide/workdir" "-e" "CARGO_HOME=/opt/rustwide/cargo-home" "-e" "RUSTUP_HOME=/opt/rustwide/rustup-home" "-e" "CARGO_TARGET_DIR=/opt/rustwide/target" "-e" "CARGO_INCREMENTAL=0" "-e" "RUST_BACKTRACE=full" "-e" "RUSTFLAGS=--cap-lints=warn" "-e" "RUSTDOCFLAGS=--cap-lints=warn" "-w" "/opt/rustwide/workdir" "--user" "0:0" "fa2d241f796c1350fe0a471d9ea9861ce2804e955419c9ddb0301a258abe0d04" "/opt/rustwide/cargo-home/bin/cargo" "+1.99.0-beta.8" "build" "--frozen" "--message-format=json", kill_on_drop: false }`
[INFO] [stderr]    Compiling proc-macro2 v1.0.105
[INFO] [stderr]    Compiling quote v1.0.43
[INFO] [stderr]    Compiling libc v0.2.180
[INFO] [stderr]    Compiling find-msvc-tools v0.1.7
[INFO] [stderr]    Compiling pkg-config v0.3.32
[INFO] [stderr]    Compiling log v0.4.29
[INFO] [stderr]    Compiling vcpkg v0.2.15
[INFO] [stderr]    Compiling once_cell v1.21.3
[INFO] [stderr]    Compiling memchr v2.7.6
[INFO] [stderr]    Compiling futures-core v0.3.31
[INFO] [stderr]    Compiling hashbrown v0.16.1
[INFO] [stderr]    Compiling futures-sink v0.3.31
[INFO] [stderr]    Compiling slab v0.4.11
[INFO] [stderr]    Compiling strsim v0.11.1
[INFO] [stderr]    Compiling http v1.4.0
[INFO] [stderr]    Compiling futures-io v0.3.31
[INFO] [stderr]    Compiling futures-channel v0.3.31
[INFO] [stderr]    Compiling futures-task v0.3.31
[INFO] [stderr]    Compiling tracing-core v0.1.36
[INFO] [stderr]    Compiling rustix v1.1.3
[INFO] [stderr]    Compiling zmij v1.0.14
[INFO] [stderr]    Compiling openssl-probe v0.1.6
[INFO] [stderr]    Compiling foreign-types-shared v0.1.1
[INFO] [stderr]    Compiling openssl v0.10.75
[INFO] [stderr]    Compiling foreign-types v0.3.2
[INFO] [stderr]    Compiling zerocopy v0.8.33
[INFO] [stderr]    Compiling native-tls v0.2.14
[INFO] [stderr]    Compiling serde_json v1.0.149
[INFO] [stderr]    Compiling ryu v1.0.22
[INFO] [stderr]    Compiling anyhow v1.0.100
[INFO] [stderr]    Compiling sync_wrapper v1.0.2
[INFO] [stderr]    Compiling zeroize v1.8.2
[INFO] [stderr]    Compiling regex-syntax v0.8.8
[INFO] [stderr]    Compiling ipnet v2.11.0
[INFO] [stderr]    Compiling signal-hook v0.3.18
[INFO] [stderr]    Compiling convert_case v0.10.0
[INFO] [stderr]    Compiling anstyle-parse v0.2.7
[INFO] [stderr]    Compiling rustls-pki-types v1.13.2
[INFO] [stderr]    Compiling indexmap v2.13.0
[INFO] [stderr]    Compiling aho-corasick v1.1.4
[INFO] [stderr]    Compiling anstyle-query v1.1.5
[INFO] [stderr]    Compiling winnow v0.5.40
[INFO] [stderr]    Compiling is_terminal_polyfill v1.70.2
[INFO] [stderr]    Compiling colorchoice v1.0.4
[INFO] [stderr]    Compiling anstyle v1.0.13
[INFO] [stderr]    Compiling litrs v1.0.0
[INFO] [stderr]    Compiling anstream v0.6.21
[INFO] [stderr]    Compiling portable-atomic v1.13.0
[INFO] [stderr]    Compiling unsafe-libyaml v0.2.11
[INFO] [stderr]    Compiling syn v2.0.114
[INFO] [stderr]    Compiling http-body v1.0.1
[INFO] [stderr]    Compiling humantime v2.3.0
[INFO] [stderr]    Compiling http-body-util v0.1.3
[INFO] [stderr]    Compiling clap_lex v0.7.7
[INFO] [stderr]    Compiling glob v0.3.3
[INFO] [stderr]    Compiling jobserver v0.1.34
[INFO] [stderr]    Compiling errno v0.3.14
[INFO] [stderr]    Compiling parking_lot_core v0.9.12
[INFO] [stderr]    Compiling signal-hook-registry v1.4.8
[INFO] [stderr]    Compiling mio v1.1.1
[INFO] [stderr]    Compiling socket2 v0.6.1
[INFO] [stderr]    Compiling getrandom v0.2.17
[INFO] [stderr]    Compiling parking_lot v0.12.5
[INFO] [stderr]    Compiling cc v1.2.52
[INFO] [stderr]    Compiling rand_core v0.6.4
[INFO] [stderr]    Compiling getrandom v0.3.4
[INFO] [stderr]    Compiling dirs-sys v0.5.0
[INFO] [stderr]    Compiling document-features v0.2.12
[INFO] [stderr]    Compiling dirs-sys v0.4.1
[INFO] [stderr]    Compiling dirs v6.0.0
[INFO] [stderr]    Compiling console v0.16.2
[INFO] [stderr]    Compiling signal-hook-mio v0.2.5
[INFO] [stderr]    Compiling winnow v0.7.14
[INFO] [stderr]    Compiling fixedbitset v0.4.2
[INFO] [stderr]    Compiling toml_write v0.1.2
[INFO] [stderr]    Compiling dirs v5.0.1
[INFO] [stderr]    Compiling uuid v1.19.0
[INFO] [stderr]    Compiling petgraph v0.6.5
[INFO] [stderr]    Compiling fuzzy-matcher v0.3.7
[INFO] [stderr]    Compiling tracing-log v0.2.0
[INFO] [stderr]    Compiling ppv-lite86 v0.2.21
[INFO] [stderr]    Compiling semver v1.0.27
[INFO] [stderr]    Compiling sublime_cli_tools v0.0.36 (/opt/rustwide/workdir)
[INFO] [stderr]    Compiling regex-automata v0.4.13
[INFO] [stderr]    Compiling unit-prefix v0.5.2
[INFO] [stderr]    Compiling openssl-src v300.5.4+3.5.4
[INFO] [stderr]    Compiling terminal_size v0.4.3
[INFO] [stderr]    Compiling tempfile v3.24.0
[INFO] [stderr]    Compiling clap_builder v4.5.54
[INFO] [stderr]    Compiling path-clean v1.0.1
[INFO] [stderr]    Compiling shell-words v1.1.1
[INFO] [stderr]    Compiling base64 v0.21.7
[INFO] [stderr]    Compiling indicatif v0.18.3
[INFO] [stderr]    Compiling sysexits v0.10.0
[INFO] [stderr] warning: sublime_cli_tools@0.0.36: Shell completions will be generated in OUT_DIR: /opt/rustwide/target/debug/build/sublime_cli_tools-8938f61f48bce1cb/out
[INFO] [stderr]    Compiling rand_chacha v0.3.1
[INFO] [stderr]    Compiling rand v0.8.5
[INFO] [stderr]    Compiling openssl-sys v0.9.111
[INFO] [stderr]    Compiling libz-sys v1.1.23
[INFO] [stderr]    Compiling libssh2-sys v0.3.1
[INFO] [stderr]    Compiling libgit2-sys v0.18.3+1.9.2
[INFO] [stderr]    Compiling dialoguer v0.12.0
[INFO] [stderr]    Compiling retry-policies v0.4.0
[INFO] [stderr]    Compiling regex v1.12.2
[INFO] [stderr]    Compiling matchers v0.2.0
[INFO] [stderr]    Compiling synstructure v0.13.2
[INFO] [stderr]    Compiling darling_core v0.20.11
[INFO] [stderr]    Compiling zerofrom-derive v0.1.6
[INFO] [stderr]    Compiling yoke-derive v0.8.1
[INFO] [stderr]    Compiling serde_derive v1.0.228
[INFO] [stderr]    Compiling zerovec-derive v0.11.2
[INFO] [stderr]    Compiling displaydoc v0.2.5
[INFO] [stderr]    Compiling tokio-macros v2.6.0
[INFO] [stderr]    Compiling futures-macro v0.3.31
[INFO] [stderr]    Compiling tracing-attributes v0.1.31
[INFO] [stderr]    Compiling openssl-macros v0.1.1
[INFO] [stderr]    Compiling thiserror-impl v1.0.69
[INFO] [stderr]    Compiling async-trait v0.1.89
[INFO] [stderr]    Compiling derive_more-impl v2.1.1
[INFO] [stderr]    Compiling clap_derive v4.5.49
[INFO] [stderr]    Compiling tokio v1.49.0
[INFO] [stderr]    Compiling futures-util v0.3.31
[INFO] [stderr]    Compiling derive_more v2.1.1
[INFO] [stderr]    Compiling crossterm v0.29.0
[INFO] [stderr]    Compiling zerofrom v0.1.6
[INFO] [stderr]    Compiling yoke v0.8.1
[INFO] [stderr]    Compiling tracing v0.1.44
[INFO] [stderr]    Compiling thiserror v1.0.69
[INFO] [stderr]    Compiling zerovec v0.11.5
[INFO] [stderr]    Compiling zerotrie v0.2.3
[INFO] [stderr]    Compiling tracing-subscriber v0.3.22
[INFO] [stderr]    Compiling comfy-table v7.2.2
[INFO] [stderr]    Compiling darling_macro v0.20.11
[INFO] [stderr]    Compiling tinystr v0.8.2
[INFO] [stderr]    Compiling potential_utf v0.1.4
[INFO] [stderr]    Compiling icu_collections v2.1.1
[INFO] [stderr]    Compiling icu_locale_core v2.1.1
[INFO] [stderr]    Compiling darling v0.20.11
[INFO] [stderr]    Compiling derive_builder_core v0.20.2
[INFO] [stderr]    Compiling clap v4.5.54
[INFO] [stderr]    Compiling clap_complete v4.5.65
[INFO] [stderr]    Compiling serde v1.0.228
[INFO] [stderr]    Compiling derive_builder_macro v0.20.2
[INFO] [stderr]    Compiling derive_builder v0.20.2
[INFO] [stderr]    Compiling futures-executor v0.3.31
[INFO] [stderr]    Compiling futures v0.3.31
[INFO] [stderr]    Compiling icu_provider v2.1.1
[INFO] [stderr]    Compiling toml_datetime v0.6.11
[INFO] [stderr]    Compiling serde_spanned v0.6.9
[INFO] [stderr]    Compiling serde_urlencoded v0.7.1
[INFO] [stderr]    Compiling package-json v0.5.0
[INFO] [stderr]    Compiling humantime-serde v1.1.1
[INFO] [stderr]    Compiling serde_yaml v0.9.34+deprecated
[INFO] [stderr]    Compiling chrono v0.4.42
[INFO] [stderr]    Compiling toml v0.5.11
[INFO] [stderr]    Compiling icu_properties v2.1.2
[INFO] [stderr]    Compiling icu_normalizer v2.1.1
[INFO] [stderr]    Compiling toml_edit v0.19.15
[INFO] [stderr]    Compiling toml_edit v0.22.27
[INFO] [stderr]    Compiling idna_adapter v1.2.1
[INFO] [stderr]    Compiling idna v1.1.0
[INFO] [stderr]    Compiling url v2.5.8
[INFO] [stderr]    Compiling toml v0.7.8
[INFO] [stderr]    Compiling toml v0.8.23
[INFO] [stderr]    Compiling tokio-util v0.7.18
[INFO] [stderr]    Compiling tower v0.5.3
[INFO] [stderr]    Compiling sublime_standard_tools v0.0.15
[INFO] [stderr]    Compiling tower-http v0.6.8
[INFO] [stderr]    Compiling h2 v0.4.13
[INFO] [stderr]    Compiling hyper v1.8.1
[INFO] [stderr]    Compiling hyper-util v0.1.19
[INFO] [stderr]    Compiling git2 v0.20.3
[INFO] [stderr]    Compiling tokio-native-tls v0.3.1
[INFO] [stderr]    Compiling hyper-tls v0.6.0
[INFO] [stderr]    Compiling reqwest v0.12.28
[INFO] [stderr]    Compiling reqwest-middleware v0.3.3
[INFO] [stderr]    Compiling reqwest-retry v0.6.1
[INFO] [stderr]    Compiling sublime_git_tools v0.0.18
[INFO] [stderr]    Compiling sublime_pkg_tools v0.0.27
[INFO] [stderr]     Finished `dev` profile [unoptimized + debuginfo] target(s) in 4m 15s
[INFO] running `Command { std: "docker" "inspect" "fa2d241f796c1350fe0a471d9ea9861ce2804e955419c9ddb0301a258abe0d04", kill_on_drop: false }`
[INFO] running `Command { std: "docker" "exec" "-e" "SOURCE_DIR=/opt/rustwide/workdir" "-e" "CARGO_HOME=/opt/rustwide/cargo-home" "-e" "RUSTUP_HOME=/opt/rustwide/rustup-home" "-e" "CARGO_TARGET_DIR=/opt/rustwide/target" "-e" "CARGO_INCREMENTAL=0" "-e" "RUST_BACKTRACE=full" "-e" "RUSTFLAGS=--cap-lints=warn" "-e" "RUSTDOCFLAGS=--cap-lints=warn" "-w" "/opt/rustwide/workdir" "--user" "0:0" "fa2d241f796c1350fe0a471d9ea9861ce2804e955419c9ddb0301a258abe0d04" "/opt/rustwide/cargo-home/bin/cargo" "+1.99.0-beta.8" "test" "--frozen" "--no-run" "--message-format=json", kill_on_drop: false }`
[INFO] [stderr] warning: sublime_cli_tools@0.0.36: Shell completions will be generated in OUT_DIR: /opt/rustwide/target/debug/build/sublime_cli_tools-8938f61f48bce1cb/out
[INFO] [stderr]    Compiling sublime_cli_tools v0.0.36 (/opt/rustwide/workdir)
[INFO] [stderr] warning: sublime_cli_tools@0.0.36: Shell completions will be generated in OUT_DIR: /opt/rustwide/target/debug/build/sublime_cli_tools-8938f61f48bce1cb/out
[INFO] [stderr] error: could not compile `sublime_cli_tools` (lib test)
[INFO] [stderr] 
[INFO] [stderr] Caused by:
[INFO] [stderr]   process didn't exit successfully: `/opt/rustwide/rustup-home/toolchains/1.99.0-beta.8-x86_64-unknown-linux-gnu/bin/rustc --crate-name sublime_cli_tools --edition=2024 src/lib.rs --error-format=json --json=diagnostic-rendered-ansi,artifacts,future-incompat --emit=dep-info,link -C embed-bitcode=no -C debuginfo=2 '--deny=clippy::pedantic' '--deny=clippy::unnecessary_safety_comment' '--allow=clippy::single_match_else' '--allow=clippy::single_match' '--allow=clippy::similar_names' '--deny=clippy::rest_pat_in_fully_bound_structs' '--deny=clippy::rc_mutex' '--deny=clippy::rc_buffer' '--deny=clippy::print_stdout' '--allow=clippy::new_without_default' '--allow=clippy::needless_for_each' '--allow=clippy::must_use_candidate' '--allow=clippy::module_name_repetitions' '--allow=clippy::module_inception' '--allow=clippy::missing_panics_doc' '--allow=clippy::missing_errors_doc' '--allow=clippy::missing_const_for_fn' '--allow=clippy::inconsistent_struct_constructor' '--deny=clippy::get_unwrap' '--deny=clippy::filetype_is_file' '--deny=clippy::exit' '--deny=clippy::empty_drop' '--allow=clippy::doc_markdown' '--deny=clippy::dbg_macro' '--deny=clippy::clone_on_ref_ptr' --test --check-cfg 'cfg(docsrs,test)' --check-cfg 'cfg(feature, values())' -C metadata=655ccce7e5567ac3 -C extra-filename=-2934e1534e2ae5ea --out-dir /opt/rustwide/target/debug/deps -L dependency=/opt/rustwide/target/debug/deps --extern anyhow=/opt/rustwide/target/debug/deps/libanyhow-4342eda19ce54c8e.rlib --extern chrono=/opt/rustwide/target/debug/deps/libchrono-25bf7473b1f6f2eb.rlib --extern clap=/opt/rustwide/target/debug/deps/libclap-0a48a95ca76e4eff.rlib --extern clap_complete=/opt/rustwide/target/debug/deps/libclap_complete-6e2d17d4a92acaac.rlib --extern comfy_table=/opt/rustwide/target/debug/deps/libcomfy_table-e72c129c213b146e.rlib --extern console=/opt/rustwide/target/debug/deps/libconsole-3845c7f018ed2ac0.rlib --extern crossterm=/opt/rustwide/target/debug/deps/libcrossterm-7f3b5c908cee8ffe.rlib --extern dialoguer=/opt/rustwide/target/debug/deps/libdialoguer-bead4e45af503716.rlib --extern fuzzy_matcher=/opt/rustwide/target/debug/deps/libfuzzy_matcher-c111cb650fd96a1d.rlib --extern indicatif=/opt/rustwide/target/debug/deps/libindicatif-d5e724238a221a83.rlib --extern regex=/opt/rustwide/target/debug/deps/libregex-e1efcc34bb1ecb85.rlib --extern serde=/opt/rustwide/target/debug/deps/libserde-4abd4ae09e143a1a.rlib --extern serde_json=/opt/rustwide/target/debug/deps/libserde_json-607b6f30e522f095.rlib --extern serde_yaml=/opt/rustwide/target/debug/deps/libserde_yaml-0f8c2a4add333dde.rlib --extern sublime_git_tools=/opt/rustwide/target/debug/deps/libsublime_git_tools-35d42fa6bf76f7c5.rlib --extern sublime_pkg_tools=/opt/rustwide/target/debug/deps/libsublime_pkg_tools-0b33dd12f952d501.rlib --extern sublime_standard_tools=/opt/rustwide/target/debug/deps/libsublime_standard_tools-dde0c608e0837658.rlib --extern sysexits=/opt/rustwide/target/debug/deps/libsysexits-24750c218a293e4b.rlib --extern tempfile=/opt/rustwide/target/debug/deps/libtempfile-481313996cf07d06.rlib --extern terminal_size=/opt/rustwide/target/debug/deps/libterminal_size-af441d697283722f.rlib --extern thiserror=/opt/rustwide/target/debug/deps/libthiserror-6c9ac4f713da2e8b.rlib --extern tokio=/opt/rustwide/target/debug/deps/libtokio-a1a22415e7fecdab.rlib --extern toml=/opt/rustwide/target/debug/deps/libtoml-fbabf5733e51d7c2.rlib --extern tracing=/opt/rustwide/target/debug/deps/libtracing-13e427eb3d886a23.rlib --extern tracing_subscriber=/opt/rustwide/target/debug/deps/libtracing_subscriber-cf95517ba2c6967b.rlib --extern url=/opt/rustwide/target/debug/deps/liburl-50b2e0260c7c2385.rlib --cap-lints=warn -L native=/opt/rustwide/target/debug/build/libgit2-sys-58c411bb4421a6c9/out/build -L native=/opt/rustwide/target/debug/build/libssh2-sys-0605fb041638d8c5/out/build -L native=/opt/rustwide/target/debug/build/libz-sys-d0f864a2013cd4d5/out/lib -L native=/opt/rustwide/target/debug/build/libz-sys-d0f864a2013cd4d5/out/lib -L native=/opt/rustwide/target/debug/build/openssl-sys-a8757f70a5645957/out/openssl-build/install/lib` (signal: 9, SIGKILL: kill)
[INFO] [stderr] warning: build failed, waiting for other jobs to finish...
[INFO] [stdout] error: linking with `cc` failed: exit status: 1
[INFO] [stdout]   |
[INFO] [stdout]   = note:  "cc" "-m64" "/opt/rustwide/target/debug/examples/rustcnLzfH3/symbols.o" "<2 object files omitted>" "-Wl,--as-needed" "-Wl,-Bstatic" "/opt/rustwide/target/debug/deps/{libsublime_cli_tools-f2841c4c90432993,libtoml-fbabf5733e51d7c2,libtoml_edit-13d4f544ad75ae82,libwinnow-ff325613e0e6d4a9,libtoml_write-2c704ffd35684d73,libindicatif-d5e724238a221a83,libportable_atomic-d25af252f88da36c,libunit_prefix-1f322e2873265049,libtracing_subscriber-cf95517ba2c6967b,libsharded_slab-bd3e89e1e50b7c87,liblazy_static-3674be3f4245d19b,libmatchers-1c08fa90f799cd5f,libnu_ansi_term-745c727bb3e87c52,libtracing_log-ec4da570862f46db,libdialoguer-bead4e45af503716,libshell_words-d186b621774bbdb4,libtempfile-481313996cf07d06,libgetrandom-0baa87726cbcc5d3,libfastrand-751bcde24b8aa073,libfuzzy_matcher-c111cb650fd96a1d,libthread_local-b4f6fe44d641c0b1,libconsole-3845c7f018ed2ac0,libsublime_pkg_tools-0b33dd12f952d501,libdirs-c155e9e59ba64789,libdirs_sys-46fb4fa430eb4a55,libtoml-d44b443e0da721f2,libpetgraph-bd5abd79e9163b58,libfixedbitset-9fb76a17080ec2ce,libfutures-5d148f0a82fca260,libfutures_executor-f93a1eae03c3913b,libsemver-4d6610e6c0ce2a19,libreqwest_retry-56beef2824d3f3d4,libretry_policies-e105b675b5b95baa,librand-88f6c3f8e323eb4d,librand_chacha-36b3f5a7428c3bec,libppv_lite86-e61ae08ff3e0f333,libzerocopy-a897f899067c4c31,librand_core-947ca62718ea8b54,libgetrandom-e6656e2f703a06c2,libreqwest_middleware-3431d5dc0e87a7e2,libreqwest-fa6389be4757b34e,libserde_urlencoded-6e0da4a3a6166652,librustls_pki_types-41a1b679b3e0ee26,libzeroize-7f213bea776ca5b6,libhyper_tls-351e3de9544f9c15,libtokio_native_tls-badcd9099d6c31b8,libmime-0188e0814ca7ddbf,libencoding_rs-c7a67ac351c2b19f,libtower_http-ab5ca4b3b2985e89,libiri_string-7980c6545d934b56,libtower-969d93b4a126dcce,libtower_layer-d908dd771b239ecd,libnative_tls-59135a96e20ebc29,libopenssl-54343023f12cef91,libforeign_types-4fe1886d5d9265b9,libforeign_types_shared-47b443a4583fd949,libhyper_util-8ee83b6018109e54,libbase64-32787b0325ea6df8,libipnet-a38805d99c19843f,libtower_service-3fb88d28c2218805,libhyper-11b4ed071c6bc236,libwant-7a6260b9c50f1479,libtry_lock-8fa2f6971035be84,libhttparse-8c9b827b8f345444,libh2-d800f50f36c852ff,libtracing-13e427eb3d886a23,libtracing_core-4cc82aeb094c2c39,libonce_cell-e9252a7b5119f3eb,libfnv-79e2cbfbe03dcd16,libtokio_util-f0c2da6c3770c856,libatomic_waker-06950c8c08d2b8fa,libfutures_util-2c8f33a077e8aad9,libfutures_io-59d0071c9258d69f,libslab-5629529544b2a983,libfutures_channel-3bb2db6cecc5bacb,libfutures_sink-ae1eb2d060de53a2,libfutures_task-e09ab7898221cb97,libpin_utils-3860774ad9b215b5,libhttp_body_util-19838e9fe8fe6196,libhttp_body-475394a7f396512d,libhttp-a4484436616bd9d7,libsync_wrapper-a254cb6192850e87,libfutures_core-3b920243fce8fec0,libregex-e1efcc34bb1ecb85,libregex_automata-5f6c4e4a9d8b7ff1,libaho_corasick-61cf93dc53dd0bf8,libregex_syntax-21c69862a9074e56,libsublime_standard_tools-dde0c608e0837658,libhumantime_serde-163c3e1cf1c9e1c4,libhumantime-645db651aace3b61,libserde_yaml-0f8c2a4add333dde,libryu-25f59e4cd0d23219,libunsafe_libyaml-d3127b66fe569cc5,libtoml-a856b8d93c9b7771,libtoml_edit-070cc791ce014551,libserde_spanned-48014759813a30ef,libindexmap-f006485b143d2676,libequivalent-6a754676e6af62ae,libhashbrown-25abce2d85979e8d,libwinnow-0e488022daf69231,libtoml_datetime-b0398556408ed4a2,libpackage_json-83e5c27eaea4bcee,libderive_builder-f09402e417b432f3,libanyhow-4342eda19ce54c8e,libglob-7748687a416caec7,libtokio-a1a22415e7fecdab,libsocket2-a4b0ae9174258309,libbytes-3529dc27cc7678fe,libpin_project_lite-72bf04572caa1c84,libsublime_git_tools-35d42fa6bf76f7c5,libdirs-a8dc34680692bcfd,libdirs_sys-9da36c4f72b15709,liboption_ext-61303ef911796993,libchrono-25bf7473b1f6f2eb,libiana_time_zone-bab5d12b40894ac1,libnum_traits-3a2b08a4728dfda7,libthiserror-6c9ac4f713da2e8b,libgit2-c5ca61f70c265ec8,libopenssl_probe-2c6d21a9709cae46,liburl-50b2e0260c7c2385,libidna-556837694c0bfc3a,libutf8_iter-51566bbad89f3a68,libidna_adapter-64c94d70769f1725,libicu_properties-5ed8e3c73d750e1c,libicu_properties_data-b217809bf575558a,libicu_normalizer-613ad378e4fd71b8,libicu_normalizer_data-ab8997d7cbbb3306,libicu_collections-0426e4d22735d296,libpotential_utf-8764daf1db9496c7,libicu_provider-e8bc0dca11f105af,libicu_locale_core-92afd92556312690,libtinystr-b89a0e2f5257d771,liblitemap-cd9b5b2aa04e2018,libwriteable-4f74a67d38fff78e,libzerovec-12ad8b6a577885e6,libzerotrie-53afc25171f13cdf,libyoke-a91d9a9eac2c9048,libstable_deref_trait-63cbf3f3d3f94e56,libzerofrom-99dc56781f36c693,libform_urlencoded-58b0f0edb59b40d2,libpercent_encoding-fa055ecaa1e57cfa,liblibgit2_sys-0c426e04717217a7,liblibssh2_sys-3d7407db63f5fd7c,libopenssl_sys-e356b209bb014f41,liblibz_sys-dc312d10cb06f7b7,libserde-4abd4ae09e143a1a,libserde_json-607b6f30e522f095,libmemchr-9be7e24c0cc6f173,libitoa-f3a70a1441f7f89b,libzmij-4c326dfa9ae54cc0,libserde_core-2c928ee17a7447a4,libclap_complete-6e2d17d4a92acaac,libclap-0a48a95ca76e4eff,libclap_builder-82fdb4546036ad54,libterminal_size-af441d697283722f,libstrsim-4d1ed08a123238dc,libanstream-8abea42649d55d0c,libanstyle_query-635080b1d6343734,libis_terminal_polyfill-3ca4268cb2568267,libcolorchoice-8e2615b3451b028d,libanstyle_parse-2b179629a907e4e4,libutf8parse-92d0158219063202,libclap_lex-3d90c62a36aac03c,libanstyle-fe219cdab7346aa5,libcomfy_table-e72c129c213b146e,libunicode_segmentation-421de088ab714999,libcrossterm-7f3b5c908cee8ffe,librustix-be97f5fe6027e0f0,liblinux_raw_sys-7c0af75954695899,libbitflags-9362e66b8880981a,libparking_lot-cea9453f541cd250,libparking_lot_core-a78574451ddf5c1d,libcfg_if-83060ec5685761ae,libsmallvec-bc3128fdd57228fc,liblock_api-16d46fed645f7bff,libscopeguard-7ec2214574194454,libderive_more-227cc1102ed489e6,libsignal_hook_mio-e6fd21a596e741ac,libsignal_hook-54d464312c977dd9,libsignal_hook_registry-cddd50aee5c69024,liberrno-c497d64a4571af83,libmio-4ac877e091287ab5,liblibc-11f5a30dc24875fb,liblog-b262261d47bd2eba,libunicode_width-c0be3735b741df1b}.rlib" "<sysroot>/lib/rustlib/x86_64-unknown-linux-gnu/lib/{libstd-*,libpanic_unwind-*,libobject-*,libmemchr-*,libaddr2line-*,libgimli-*,libcfg_if-*,librustc_demangle-*,libstd_detect-*,libhashbrown-*,librustc_std_workspace_alloc-*,libminiz_oxide-*,libadler2-*,libunwind-*,liblibc-*,librustc_std_workspace_core-*,liballoc-*,libcore-*,libcompiler_builtins-*}.rlib" "-Wl,-Bdynamic" "-lgcc_s" "-lutil" "-lrt" "-lpthread" "-lm" "-ldl" "-lc" "-L" "/opt/rustwide/target/debug/examples/rustcnLzfH3/raw-dylibs" "-B<sysroot>/lib/rustlib/x86_64-unknown-linux-gnu/bin/gcc-ld" "-fuse-ld=lld" "-Wl,--eh-frame-hdr" "-Wl,-z,noexecstack" "-L" "/opt/rustwide/target/debug/build/libgit2-sys-58c411bb4421a6c9/out/build" "-L" "/opt/rustwide/target/debug/build/libssh2-sys-0605fb041638d8c5/out/build" "-L" "/opt/rustwide/target/debug/build/libz-sys-d0f864a2013cd4d5/out/lib" "-L" "/opt/rustwide/target/debug/build/openssl-sys-a8757f70a5645957/out/openssl-build/install/lib" "-L" "<sysroot>/lib/rustlib/x86_64-unknown-linux-gnu/lib" "-o" "/opt/rustwide/target/debug/examples/table_example-bb98a1ede04a8e6d" "-Wl,--gc-sections" "-pie" "-Wl,-z,relro,-z,now" "-nodefaultlibs"
[INFO] [stdout]   = note: some arguments are omitted. use `--verbose` to show all linker arguments
[INFO] [stdout]   = note: collect2: fatal error: ld terminated with signal 9 [Killed]
[INFO] [stdout]           compilation terminated.
[INFO] [stdout]           
[INFO] [stdout] 
[INFO] [stdout] 
[INFO] [stderr] warning: sublime_cli_tools@0.0.36: Shell completions will be generated in OUT_DIR: /opt/rustwide/target/debug/build/sublime_cli_tools-8938f61f48bce1cb/out
[INFO] [stderr] error: could not compile `sublime_cli_tools` (example "table_example") due to 1 previous error
[INFO] [stdout] error: linking with `cc` failed: exit status: 1
[INFO] [stdout]   |
[INFO] [stdout]   = note:  "cc" "-m64" "/opt/rustwide/target/debug/examples/rustchmudXm/symbols.o" "<2 object files omitted>" "-Wl,--as-needed" "-Wl,-Bstatic" "/opt/rustwide/target/debug/deps/{libsublime_cli_tools-f2841c4c90432993,libtoml-fbabf5733e51d7c2,libtoml_edit-13d4f544ad75ae82,libwinnow-ff325613e0e6d4a9,libtoml_write-2c704ffd35684d73,libcomfy_table-e72c129c213b146e,libunicode_segmentation-421de088ab714999,libcrossterm-7f3b5c908cee8ffe,libderive_more-227cc1102ed489e6,libsignal_hook_mio-e6fd21a596e741ac,libsignal_hook-54d464312c977dd9,libindicatif-d5e724238a221a83,libportable_atomic-d25af252f88da36c,libunit_prefix-1f322e2873265049,libtracing_subscriber-cf95517ba2c6967b,libsharded_slab-bd3e89e1e50b7c87,liblazy_static-3674be3f4245d19b,libmatchers-1c08fa90f799cd5f,libnu_ansi_term-745c727bb3e87c52,libtracing_log-ec4da570862f46db,libdialoguer-bead4e45af503716,libshell_words-d186b621774bbdb4,libtempfile-481313996cf07d06,libgetrandom-0baa87726cbcc5d3,libfastrand-751bcde24b8aa073,libfuzzy_matcher-c111cb650fd96a1d,libthread_local-b4f6fe44d641c0b1,libconsole-3845c7f018ed2ac0,libunicode_width-c0be3735b741df1b,libsublime_pkg_tools-0b33dd12f952d501,libdirs-c155e9e59ba64789,libdirs_sys-46fb4fa430eb4a55,libtoml-d44b443e0da721f2,libpetgraph-bd5abd79e9163b58,libfixedbitset-9fb76a17080ec2ce,libfutures-5d148f0a82fca260,libfutures_executor-f93a1eae03c3913b,libsemver-4d6610e6c0ce2a19,libreqwest_retry-56beef2824d3f3d4,libretry_policies-e105b675b5b95baa,librand-88f6c3f8e323eb4d,librand_chacha-36b3f5a7428c3bec,libppv_lite86-e61ae08ff3e0f333,libzerocopy-a897f899067c4c31,librand_core-947ca62718ea8b54,libgetrandom-e6656e2f703a06c2,libreqwest_middleware-3431d5dc0e87a7e2,libreqwest-fa6389be4757b34e,libserde_urlencoded-6e0da4a3a6166652,librustls_pki_types-41a1b679b3e0ee26,libzeroize-7f213bea776ca5b6,libhyper_tls-351e3de9544f9c15,libtokio_native_tls-badcd9099d6c31b8,libmime-0188e0814ca7ddbf,libencoding_rs-c7a67ac351c2b19f,libtower_http-ab5ca4b3b2985e89,libiri_string-7980c6545d934b56,libtower-969d93b4a126dcce,libtower_layer-d908dd771b239ecd,libnative_tls-59135a96e20ebc29,libopenssl-54343023f12cef91,libforeign_types-4fe1886d5d9265b9,libforeign_types_shared-47b443a4583fd949,libhyper_util-8ee83b6018109e54,libbase64-32787b0325ea6df8,libipnet-a38805d99c19843f,libtower_service-3fb88d28c2218805,libhyper-11b4ed071c6bc236,libwant-7a6260b9c50f1479,libtry_lock-8fa2f6971035be84,libhttparse-8c9b827b8f345444,libh2-d800f50f36c852ff,libtracing-13e427eb3d886a23,libtracing_core-4cc82aeb094c2c39,libonce_cell-e9252a7b5119f3eb,libfnv-79e2cbfbe03dcd16,libtokio_util-f0c2da6c3770c856,libatomic_waker-06950c8c08d2b8fa,libfutures_util-2c8f33a077e8aad9,libfutures_io-59d0071c9258d69f,libslab-5629529544b2a983,libfutures_channel-3bb2db6cecc5bacb,libfutures_sink-ae1eb2d060de53a2,libfutures_task-e09ab7898221cb97,libpin_utils-3860774ad9b215b5,libhttp_body_util-19838e9fe8fe6196,libhttp_body-475394a7f396512d,libhttp-a4484436616bd9d7,libsync_wrapper-a254cb6192850e87,libfutures_core-3b920243fce8fec0,libregex-e1efcc34bb1ecb85,libregex_automata-5f6c4e4a9d8b7ff1,libaho_corasick-61cf93dc53dd0bf8,libregex_syntax-21c69862a9074e56,libsublime_standard_tools-dde0c608e0837658,libhumantime_serde-163c3e1cf1c9e1c4,libhumantime-645db651aace3b61,libserde_yaml-0f8c2a4add333dde,libryu-25f59e4cd0d23219,libunsafe_libyaml-d3127b66fe569cc5,libtoml-a856b8d93c9b7771,libtoml_edit-070cc791ce014551,libserde_spanned-48014759813a30ef,libindexmap-f006485b143d2676,libequivalent-6a754676e6af62ae,libhashbrown-25abce2d85979e8d,libwinnow-0e488022daf69231,libtoml_datetime-b0398556408ed4a2,libpackage_json-83e5c27eaea4bcee,libderive_builder-f09402e417b432f3,libanyhow-4342eda19ce54c8e,libglob-7748687a416caec7,libtokio-a1a22415e7fecdab,libsignal_hook_registry-cddd50aee5c69024,liberrno-c497d64a4571af83,libsocket2-a4b0ae9174258309,libbytes-3529dc27cc7678fe,libmio-4ac877e091287ab5,libparking_lot-cea9453f541cd250,libparking_lot_core-a78574451ddf5c1d,libcfg_if-83060ec5685761ae,liblock_api-16d46fed645f7bff,libscopeguard-7ec2214574194454,libpin_project_lite-72bf04572caa1c84,libsublime_git_tools-35d42fa6bf76f7c5,libdirs-a8dc34680692bcfd,libdirs_sys-9da36c4f72b15709,liboption_ext-61303ef911796993,libchrono-25bf7473b1f6f2eb,libiana_time_zone-bab5d12b40894ac1,libnum_traits-3a2b08a4728dfda7,libthiserror-6c9ac4f713da2e8b,libgit2-c5ca61f70c265ec8,libopenssl_probe-2c6d21a9709cae46,liburl-50b2e0260c7c2385,libidna-556837694c0bfc3a,libutf8_iter-51566bbad89f3a68,libidna_adapter-64c94d70769f1725,libicu_properties-5ed8e3c73d750e1c,libicu_properties_data-b217809bf575558a,libicu_normalizer-613ad378e4fd71b8,libsmallvec-bc3128fdd57228fc,libicu_normalizer_data-ab8997d7cbbb3306,libicu_collections-0426e4d22735d296,libpotential_utf-8764daf1db9496c7,libicu_provider-e8bc0dca11f105af,libicu_locale_core-92afd92556312690,libtinystr-b89a0e2f5257d771,liblitemap-cd9b5b2aa04e2018,libwriteable-4f74a67d38fff78e,libzerovec-12ad8b6a577885e6,libzerotrie-53afc25171f13cdf,libyoke-a91d9a9eac2c9048,libstable_deref_trait-63cbf3f3d3f94e56,libzerofrom-99dc56781f36c693,libform_urlencoded-58b0f0edb59b40d2,libpercent_encoding-fa055ecaa1e57cfa,liblog-b262261d47bd2eba,liblibgit2_sys-0c426e04717217a7,liblibssh2_sys-3d7407db63f5fd7c,libopenssl_sys-e356b209bb014f41,liblibz_sys-dc312d10cb06f7b7,liblibc-11f5a30dc24875fb,libserde-4abd4ae09e143a1a,libserde_json-607b6f30e522f095,libmemchr-9be7e24c0cc6f173,libitoa-f3a70a1441f7f89b,libzmij-4c326dfa9ae54cc0,libserde_core-2c928ee17a7447a4,libclap_complete-6e2d17d4a92acaac,libclap-0a48a95ca76e4eff,libclap_builder-82fdb4546036ad54,libterminal_size-af441d697283722f,librustix-be97f5fe6027e0f0,libbitflags-9362e66b8880981a,liblinux_raw_sys-7c0af75954695899,libstrsim-4d1ed08a123238dc,libanstream-8abea42649d55d0c,libanstyle_query-635080b1d6343734,libis_terminal_polyfill-3ca4268cb2568267,libcolorchoice-8e2615b3451b028d,libanstyle_parse-2b179629a907e4e4,libutf8parse-92d0158219063202,libclap_lex-3d90c62a36aac03c,libanstyle-fe219cdab7346aa5}.rlib" "<sysroot>/lib/rustlib/x86_64-unknown-linux-gnu/lib/{libstd-*,libpanic_unwind-*,libobject-*,libmemchr-*,libaddr2line-*,libgimli-*,libcfg_if-*,librustc_demangle-*,libstd_detect-*,libhashbrown-*,librustc_std_workspace_alloc-*,libminiz_oxide-*,libadler2-*,libunwind-*,liblibc-*,librustc_std_workspace_core-*,liballoc-*,libcore-*,libcompiler_builtins-*}.rlib" "-Wl,-Bdynamic" "-lgcc_s" "-lutil" "-lrt" "-lpthread" "-lm" "-ldl" "-lc" "-L" "/opt/rustwide/target/debug/examples/rustchmudXm/raw-dylibs" "-B<sysroot>/lib/rustlib/x86_64-unknown-linux-gnu/bin/gcc-ld" "-fuse-ld=lld" "-Wl,--eh-frame-hdr" "-Wl,-z,noexecstack" "-L" "/opt/rustwide/target/debug/build/libgit2-sys-58c411bb4421a6c9/out/build" "-L" "/opt/rustwide/target/debug/build/libssh2-sys-0605fb041638d8c5/out/build" "-L" "/opt/rustwide/target/debug/build/libz-sys-d0f864a2013cd4d5/out/lib" "-L" "/opt/rustwide/target/debug/build/openssl-sys-a8757f70a5645957/out/openssl-build/install/lib" "-L" "<sysroot>/lib/rustlib/x86_64-unknown-linux-gnu/lib" "-o" "/opt/rustwide/target/debug/examples/logging_example-f54bc64d7c627420" "-Wl,--gc-sections" "-pie" "-Wl,-z,relro,-z,now" "-nodefaultlibs"
[INFO] [stdout]   = note: some arguments are omitted. use `--verbose` to show all linker arguments
[INFO] [stdout]   = note: collect2: fatal error: ld terminated with signal 9 [Killed]
[INFO] [stdout]           compilation terminated.
[INFO] [stdout]           
[INFO] [stdout] 
[INFO] [stdout] 
[INFO] [stderr] warning: sublime_cli_tools@0.0.36: Shell completions will be generated in OUT_DIR: /opt/rustwide/target/debug/build/sublime_cli_tools-8938f61f48bce1cb/out
[INFO] [stderr] error: could not compile `sublime_cli_tools` (example "logging_example") due to 1 previous error
[INFO] [stderr] warning: sublime_cli_tools@0.0.36: Shell completions will be generated in OUT_DIR: /opt/rustwide/target/debug/build/sublime_cli_tools-8938f61f48bce1cb/out
[INFO] [stderr] error: could not compile `sublime_cli_tools` (test "e2e_changeset")
[INFO] [stderr] 
[INFO] [stderr] Caused by:
[INFO] [stderr]   process didn't exit successfully: `/opt/rustwide/rustup-home/toolchains/1.99.0-beta.8-x86_64-unknown-linux-gnu/bin/rustc --crate-name e2e_changeset --edition=2024 tests/e2e_changeset.rs --error-format=json --json=diagnostic-rendered-ansi,artifacts,future-incompat --emit=dep-info,link -C embed-bitcode=no -C debuginfo=2 '--deny=clippy::pedantic' '--deny=clippy::unnecessary_safety_comment' '--allow=clippy::single_match_else' '--allow=clippy::single_match' '--allow=clippy::similar_names' '--deny=clippy::rest_pat_in_fully_bound_structs' '--deny=clippy::rc_mutex' '--deny=clippy::rc_buffer' '--deny=clippy::print_stdout' '--allow=clippy::new_without_default' '--allow=clippy::needless_for_each' '--allow=clippy::must_use_candidate' '--allow=clippy::module_name_repetitions' '--allow=clippy::module_inception' '--allow=clippy::missing_panics_doc' '--allow=clippy::missing_errors_doc' '--allow=clippy::missing_const_for_fn' '--allow=clippy::inconsistent_struct_constructor' '--deny=clippy::get_unwrap' '--deny=clippy::filetype_is_file' '--deny=clippy::exit' '--deny=clippy::empty_drop' '--allow=clippy::doc_markdown' '--deny=clippy::dbg_macro' '--deny=clippy::clone_on_ref_ptr' --test --check-cfg 'cfg(docsrs,test)' --check-cfg 'cfg(feature, values())' -C metadata=ce6dac99ac989274 -C extra-filename=-65dd0134af329673 --out-dir /opt/rustwide/target/debug/deps -L dependency=/opt/rustwide/target/debug/deps --extern anyhow=/opt/rustwide/target/debug/deps/libanyhow-4342eda19ce54c8e.rlib --extern chrono=/opt/rustwide/target/debug/deps/libchrono-25bf7473b1f6f2eb.rlib --extern clap=/opt/rustwide/target/debug/deps/libclap-0a48a95ca76e4eff.rlib --extern clap_complete=/opt/rustwide/target/debug/deps/libclap_complete-6e2d17d4a92acaac.rlib --extern comfy_table=/opt/rustwide/target/debug/deps/libcomfy_table-e72c129c213b146e.rlib --extern console=/opt/rustwide/target/debug/deps/libconsole-3845c7f018ed2ac0.rlib --extern crossterm=/opt/rustwide/target/debug/deps/libcrossterm-7f3b5c908cee8ffe.rlib --extern dialoguer=/opt/rustwide/target/debug/deps/libdialoguer-bead4e45af503716.rlib --extern fuzzy_matcher=/opt/rustwide/target/debug/deps/libfuzzy_matcher-c111cb650fd96a1d.rlib --extern indicatif=/opt/rustwide/target/debug/deps/libindicatif-d5e724238a221a83.rlib --extern regex=/opt/rustwide/target/debug/deps/libregex-e1efcc34bb1ecb85.rlib --extern serde=/opt/rustwide/target/debug/deps/libserde-4abd4ae09e143a1a.rlib --extern serde_json=/opt/rustwide/target/debug/deps/libserde_json-607b6f30e522f095.rlib --extern serde_yaml=/opt/rustwide/target/debug/deps/libserde_yaml-0f8c2a4add333dde.rlib --extern sublime_cli_tools=/opt/rustwide/target/debug/deps/libsublime_cli_tools-f2841c4c90432993.rlib --extern sublime_git_tools=/opt/rustwide/target/debug/deps/libsublime_git_tools-35d42fa6bf76f7c5.rlib --extern sublime_pkg_tools=/opt/rustwide/target/debug/deps/libsublime_pkg_tools-0b33dd12f952d501.rlib --extern sublime_standard_tools=/opt/rustwide/target/debug/deps/libsublime_standard_tools-dde0c608e0837658.rlib --extern sysexits=/opt/rustwide/target/debug/deps/libsysexits-24750c218a293e4b.rlib --extern tempfile=/opt/rustwide/target/debug/deps/libtempfile-481313996cf07d06.rlib --extern terminal_size=/opt/rustwide/target/debug/deps/libterminal_size-af441d697283722f.rlib --extern thiserror=/opt/rustwide/target/debug/deps/libthiserror-6c9ac4f713da2e8b.rlib --extern tokio=/opt/rustwide/target/debug/deps/libtokio-a1a22415e7fecdab.rlib --extern toml=/opt/rustwide/target/debug/deps/libtoml-fbabf5733e51d7c2.rlib --extern tracing=/opt/rustwide/target/debug/deps/libtracing-13e427eb3d886a23.rlib --extern tracing_subscriber=/opt/rustwide/target/debug/deps/libtracing_subscriber-cf95517ba2c6967b.rlib --extern url=/opt/rustwide/target/debug/deps/liburl-50b2e0260c7c2385.rlib --cap-lints=warn -L native=/opt/rustwide/target/debug/build/libgit2-sys-58c411bb4421a6c9/out/build -L native=/opt/rustwide/target/debug/build/libssh2-sys-0605fb041638d8c5/out/build -L native=/opt/rustwide/target/debug/build/libz-sys-d0f864a2013cd4d5/out/lib -L native=/opt/rustwide/target/debug/build/libz-sys-d0f864a2013cd4d5/out/lib -L native=/opt/rustwide/target/debug/build/openssl-sys-a8757f70a5645957/out/openssl-build/install/lib` (signal: 9, SIGKILL: kill)
[INFO] [stderr] warning: sublime_cli_tools@0.0.36: Shell completions will be generated in OUT_DIR: /opt/rustwide/target/debug/build/sublime_cli_tools-8938f61f48bce1cb/out
[INFO] [stderr] error: could not compile `sublime_cli_tools` (test "e2e_bump")
[INFO] [stderr] 
[INFO] [stderr] Caused by:
[INFO] [stderr]   process didn't exit successfully: `/opt/rustwide/rustup-home/toolchains/1.99.0-beta.8-x86_64-unknown-linux-gnu/bin/rustc --crate-name e2e_bump --edition=2024 tests/e2e_bump.rs --error-format=json --json=diagnostic-rendered-ansi,artifacts,future-incompat --emit=dep-info,link -C embed-bitcode=no -C debuginfo=2 '--deny=clippy::pedantic' '--deny=clippy::unnecessary_safety_comment' '--allow=clippy::single_match_else' '--allow=clippy::single_match' '--allow=clippy::similar_names' '--deny=clippy::rest_pat_in_fully_bound_structs' '--deny=clippy::rc_mutex' '--deny=clippy::rc_buffer' '--deny=clippy::print_stdout' '--allow=clippy::new_without_default' '--allow=clippy::needless_for_each' '--allow=clippy::must_use_candidate' '--allow=clippy::module_name_repetitions' '--allow=clippy::module_inception' '--allow=clippy::missing_panics_doc' '--allow=clippy::missing_errors_doc' '--allow=clippy::missing_const_for_fn' '--allow=clippy::inconsistent_struct_constructor' '--deny=clippy::get_unwrap' '--deny=clippy::filetype_is_file' '--deny=clippy::exit' '--deny=clippy::empty_drop' '--allow=clippy::doc_markdown' '--deny=clippy::dbg_macro' '--deny=clippy::clone_on_ref_ptr' --test --check-cfg 'cfg(docsrs,test)' --check-cfg 'cfg(feature, values())' -C metadata=542273d2b8b9c09a -C extra-filename=-2946607f5c076053 --out-dir /opt/rustwide/target/debug/deps -L dependency=/opt/rustwide/target/debug/deps --extern anyhow=/opt/rustwide/target/debug/deps/libanyhow-4342eda19ce54c8e.rlib --extern chrono=/opt/rustwide/target/debug/deps/libchrono-25bf7473b1f6f2eb.rlib --extern clap=/opt/rustwide/target/debug/deps/libclap-0a48a95ca76e4eff.rlib --extern clap_complete=/opt/rustwide/target/debug/deps/libclap_complete-6e2d17d4a92acaac.rlib --extern comfy_table=/opt/rustwide/target/debug/deps/libcomfy_table-e72c129c213b146e.rlib --extern console=/opt/rustwide/target/debug/deps/libconsole-3845c7f018ed2ac0.rlib --extern crossterm=/opt/rustwide/target/debug/deps/libcrossterm-7f3b5c908cee8ffe.rlib --extern dialoguer=/opt/rustwide/target/debug/deps/libdialoguer-bead4e45af503716.rlib --extern fuzzy_matcher=/opt/rustwide/target/debug/deps/libfuzzy_matcher-c111cb650fd96a1d.rlib --extern indicatif=/opt/rustwide/target/debug/deps/libindicatif-d5e724238a221a83.rlib --extern regex=/opt/rustwide/target/debug/deps/libregex-e1efcc34bb1ecb85.rlib --extern serde=/opt/rustwide/target/debug/deps/libserde-4abd4ae09e143a1a.rlib --extern serde_json=/opt/rustwide/target/debug/deps/libserde_json-607b6f30e522f095.rlib --extern serde_yaml=/opt/rustwide/target/debug/deps/libserde_yaml-0f8c2a4add333dde.rlib --extern sublime_cli_tools=/opt/rustwide/target/debug/deps/libsublime_cli_tools-f2841c4c90432993.rlib --extern sublime_git_tools=/opt/rustwide/target/debug/deps/libsublime_git_tools-35d42fa6bf76f7c5.rlib --extern sublime_pkg_tools=/opt/rustwide/target/debug/deps/libsublime_pkg_tools-0b33dd12f952d501.rlib --extern sublime_standard_tools=/opt/rustwide/target/debug/deps/libsublime_standard_tools-dde0c608e0837658.rlib --extern sysexits=/opt/rustwide/target/debug/deps/libsysexits-24750c218a293e4b.rlib --extern tempfile=/opt/rustwide/target/debug/deps/libtempfile-481313996cf07d06.rlib --extern terminal_size=/opt/rustwide/target/debug/deps/libterminal_size-af441d697283722f.rlib --extern thiserror=/opt/rustwide/target/debug/deps/libthiserror-6c9ac4f713da2e8b.rlib --extern tokio=/opt/rustwide/target/debug/deps/libtokio-a1a22415e7fecdab.rlib --extern toml=/opt/rustwide/target/debug/deps/libtoml-fbabf5733e51d7c2.rlib --extern tracing=/opt/rustwide/target/debug/deps/libtracing-13e427eb3d886a23.rlib --extern tracing_subscriber=/opt/rustwide/target/debug/deps/libtracing_subscriber-cf95517ba2c6967b.rlib --extern url=/opt/rustwide/target/debug/deps/liburl-50b2e0260c7c2385.rlib --cap-lints=warn -L native=/opt/rustwide/target/debug/build/libgit2-sys-58c411bb4421a6c9/out/build -L native=/opt/rustwide/target/debug/build/libssh2-sys-0605fb041638d8c5/out/build -L native=/opt/rustwide/target/debug/build/libz-sys-d0f864a2013cd4d5/out/lib -L native=/opt/rustwide/target/debug/build/libz-sys-d0f864a2013cd4d5/out/lib -L native=/opt/rustwide/target/debug/build/openssl-sys-a8757f70a5645957/out/openssl-build/install/lib` (signal: 9, SIGKILL: kill)
[INFO] [stderr] warning: sublime_cli_tools@0.0.36: Shell completions will be generated in OUT_DIR: /opt/rustwide/target/debug/build/sublime_cli_tools-8938f61f48bce1cb/out
[INFO] [stderr] error: could not compile `sublime_cli_tools` (test "e2e_audit")
[INFO] [stderr] 
[INFO] [stderr] Caused by:
[INFO] [stderr]   process didn't exit successfully: `/opt/rustwide/rustup-home/toolchains/1.99.0-beta.8-x86_64-unknown-linux-gnu/bin/rustc --crate-name e2e_audit --edition=2024 tests/e2e_audit.rs --error-format=json --json=diagnostic-rendered-ansi,artifacts,future-incompat --emit=dep-info,link -C embed-bitcode=no -C debuginfo=2 '--deny=clippy::pedantic' '--deny=clippy::unnecessary_safety_comment' '--allow=clippy::single_match_else' '--allow=clippy::single_match' '--allow=clippy::similar_names' '--deny=clippy::rest_pat_in_fully_bound_structs' '--deny=clippy::rc_mutex' '--deny=clippy::rc_buffer' '--deny=clippy::print_stdout' '--allow=clippy::new_without_default' '--allow=clippy::needless_for_each' '--allow=clippy::must_use_candidate' '--allow=clippy::module_name_repetitions' '--allow=clippy::module_inception' '--allow=clippy::missing_panics_doc' '--allow=clippy::missing_errors_doc' '--allow=clippy::missing_const_for_fn' '--allow=clippy::inconsistent_struct_constructor' '--deny=clippy::get_unwrap' '--deny=clippy::filetype_is_file' '--deny=clippy::exit' '--deny=clippy::empty_drop' '--allow=clippy::doc_markdown' '--deny=clippy::dbg_macro' '--deny=clippy::clone_on_ref_ptr' --test --check-cfg 'cfg(docsrs,test)' --check-cfg 'cfg(feature, values())' -C metadata=2ef98e8a33bae697 -C extra-filename=-acd83766f9685a6d --out-dir /opt/rustwide/target/debug/deps -L dependency=/opt/rustwide/target/debug/deps --extern anyhow=/opt/rustwide/target/debug/deps/libanyhow-4342eda19ce54c8e.rlib --extern chrono=/opt/rustwide/target/debug/deps/libchrono-25bf7473b1f6f2eb.rlib --extern clap=/opt/rustwide/target/debug/deps/libclap-0a48a95ca76e4eff.rlib --extern clap_complete=/opt/rustwide/target/debug/deps/libclap_complete-6e2d17d4a92acaac.rlib --extern comfy_table=/opt/rustwide/target/debug/deps/libcomfy_table-e72c129c213b146e.rlib --extern console=/opt/rustwide/target/debug/deps/libconsole-3845c7f018ed2ac0.rlib --extern crossterm=/opt/rustwide/target/debug/deps/libcrossterm-7f3b5c908cee8ffe.rlib --extern dialoguer=/opt/rustwide/target/debug/deps/libdialoguer-bead4e45af503716.rlib --extern fuzzy_matcher=/opt/rustwide/target/debug/deps/libfuzzy_matcher-c111cb650fd96a1d.rlib --extern indicatif=/opt/rustwide/target/debug/deps/libindicatif-d5e724238a221a83.rlib --extern regex=/opt/rustwide/target/debug/deps/libregex-e1efcc34bb1ecb85.rlib --extern serde=/opt/rustwide/target/debug/deps/libserde-4abd4ae09e143a1a.rlib --extern serde_json=/opt/rustwide/target/debug/deps/libserde_json-607b6f30e522f095.rlib --extern serde_yaml=/opt/rustwide/target/debug/deps/libserde_yaml-0f8c2a4add333dde.rlib --extern sublime_cli_tools=/opt/rustwide/target/debug/deps/libsublime_cli_tools-f2841c4c90432993.rlib --extern sublime_git_tools=/opt/rustwide/target/debug/deps/libsublime_git_tools-35d42fa6bf76f7c5.rlib --extern sublime_pkg_tools=/opt/rustwide/target/debug/deps/libsublime_pkg_tools-0b33dd12f952d501.rlib --extern sublime_standard_tools=/opt/rustwide/target/debug/deps/libsublime_standard_tools-dde0c608e0837658.rlib --extern sysexits=/opt/rustwide/target/debug/deps/libsysexits-24750c218a293e4b.rlib --extern tempfile=/opt/rustwide/target/debug/deps/libtempfile-481313996cf07d06.rlib --extern terminal_size=/opt/rustwide/target/debug/deps/libterminal_size-af441d697283722f.rlib --extern thiserror=/opt/rustwide/target/debug/deps/libthiserror-6c9ac4f713da2e8b.rlib --extern tokio=/opt/rustwide/target/debug/deps/libtokio-a1a22415e7fecdab.rlib --extern toml=/opt/rustwide/target/debug/deps/libtoml-fbabf5733e51d7c2.rlib --extern tracing=/opt/rustwide/target/debug/deps/libtracing-13e427eb3d886a23.rlib --extern tracing_subscriber=/opt/rustwide/target/debug/deps/libtracing_subscriber-cf95517ba2c6967b.rlib --extern url=/opt/rustwide/target/debug/deps/liburl-50b2e0260c7c2385.rlib --cap-lints=warn -L native=/opt/rustwide/target/debug/build/libgit2-sys-58c411bb4421a6c9/out/build -L native=/opt/rustwide/target/debug/build/libssh2-sys-0605fb041638d8c5/out/build -L native=/opt/rustwide/target/debug/build/libz-sys-d0f864a2013cd4d5/out/lib -L native=/opt/rustwide/target/debug/build/libz-sys-d0f864a2013cd4d5/out/lib -L native=/opt/rustwide/target/debug/build/openssl-sys-a8757f70a5645957/out/openssl-build/install/lib` (signal: 9, SIGKILL: kill)
[INFO] [stdout] error: linking with `cc` failed: exit status: 1
[INFO] [stdout]   |
[INFO] [stdout]   = note:  "cc" "-m64" "/opt/rustwide/target/debug/deps/rustcHJUYmg/symbols.o" "<6 object files omitted>" "-Wl,--as-needed" "-Wl,-Bstatic" "<sysroot>/lib/rustlib/x86_64-unknown-linux-gnu/lib/{libtest-*,libgetopts-*,librustc_std_workspace_std-*}.rlib" "/opt/rustwide/target/debug/deps/{libsublime_cli_tools-f2841c4c90432993,libtoml-fbabf5733e51d7c2,libtoml_edit-13d4f544ad75ae82,libwinnow-ff325613e0e6d4a9,libtoml_write-2c704ffd35684d73,libcomfy_table-e72c129c213b146e,libunicode_segmentation-421de088ab714999,libcrossterm-7f3b5c908cee8ffe,libderive_more-227cc1102ed489e6,libsignal_hook_mio-e6fd21a596e741ac,libsignal_hook-54d464312c977dd9,libindicatif-d5e724238a221a83,libportable_atomic-d25af252f88da36c,libunit_prefix-1f322e2873265049,libtracing_subscriber-cf95517ba2c6967b,libsharded_slab-bd3e89e1e50b7c87,liblazy_static-3674be3f4245d19b,libmatchers-1c08fa90f799cd5f,libnu_ansi_term-745c727bb3e87c52,libtracing_log-ec4da570862f46db,libdialoguer-bead4e45af503716,libshell_words-d186b621774bbdb4,libfuzzy_matcher-c111cb650fd96a1d,libthread_local-b4f6fe44d641c0b1,libconsole-3845c7f018ed2ac0,libunicode_width-c0be3735b741df1b,libsublime_pkg_tools-0b33dd12f952d501,libdirs-c155e9e59ba64789,libdirs_sys-46fb4fa430eb4a55,libtoml-d44b443e0da721f2,libpetgraph-bd5abd79e9163b58,libfixedbitset-9fb76a17080ec2ce,libfutures-5d148f0a82fca260,libfutures_executor-f93a1eae03c3913b,libsemver-4d6610e6c0ce2a19,libreqwest_retry-56beef2824d3f3d4,libretry_policies-e105b675b5b95baa,librand-88f6c3f8e323eb4d,librand_chacha-36b3f5a7428c3bec,libppv_lite86-e61ae08ff3e0f333,libzerocopy-a897f899067c4c31,librand_core-947ca62718ea8b54,libgetrandom-e6656e2f703a06c2,libreqwest_middleware-3431d5dc0e87a7e2,libreqwest-fa6389be4757b34e,libserde_urlencoded-6e0da4a3a6166652,librustls_pki_types-41a1b679b3e0ee26,libzeroize-7f213bea776ca5b6,libhyper_tls-351e3de9544f9c15,libtokio_native_tls-badcd9099d6c31b8,libmime-0188e0814ca7ddbf,libencoding_rs-c7a67ac351c2b19f,libtower_http-ab5ca4b3b2985e89,libiri_string-7980c6545d934b56,libtower-969d93b4a126dcce,libtower_layer-d908dd771b239ecd,libnative_tls-59135a96e20ebc29,libopenssl-54343023f12cef91,libforeign_types-4fe1886d5d9265b9,libforeign_types_shared-47b443a4583fd949,libhyper_util-8ee83b6018109e54,libbase64-32787b0325ea6df8,libipnet-a38805d99c19843f,libtower_service-3fb88d28c2218805,libhyper-11b4ed071c6bc236,libwant-7a6260b9c50f1479,libtry_lock-8fa2f6971035be84,libhttparse-8c9b827b8f345444,libh2-d800f50f36c852ff,libtracing-13e427eb3d886a23,libtracing_core-4cc82aeb094c2c39,libfnv-79e2cbfbe03dcd16,libtokio_util-f0c2da6c3770c856,libatomic_waker-06950c8c08d2b8fa,libfutures_util-2c8f33a077e8aad9,libfutures_io-59d0071c9258d69f,libslab-5629529544b2a983,libfutures_channel-3bb2db6cecc5bacb,libfutures_sink-ae1eb2d060de53a2,libfutures_task-e09ab7898221cb97,libpin_utils-3860774ad9b215b5,libhttp_body_util-19838e9fe8fe6196,libhttp_body-475394a7f396512d,libhttp-a4484436616bd9d7,libsync_wrapper-a254cb6192850e87,libfutures_core-3b920243fce8fec0,libregex-e1efcc34bb1ecb85,libregex_automata-5f6c4e4a9d8b7ff1,libaho_corasick-61cf93dc53dd0bf8,libregex_syntax-21c69862a9074e56,libsublime_standard_tools-dde0c608e0837658,libhumantime_serde-163c3e1cf1c9e1c4,libhumantime-645db651aace3b61,libserde_yaml-0f8c2a4add333dde,libryu-25f59e4cd0d23219,libunsafe_libyaml-d3127b66fe569cc5,libtoml-a856b8d93c9b7771,libtoml_edit-070cc791ce014551,libserde_spanned-48014759813a30ef,libindexmap-f006485b143d2676,libequivalent-6a754676e6af62ae,libhashbrown-25abce2d85979e8d,libwinnow-0e488022daf69231,libtoml_datetime-b0398556408ed4a2,libpackage_json-83e5c27eaea4bcee,libderive_builder-f09402e417b432f3,libanyhow-4342eda19ce54c8e,libglob-7748687a416caec7,libtokio-a1a22415e7fecdab,libsignal_hook_registry-cddd50aee5c69024,liberrno-c497d64a4571af83,libsocket2-a4b0ae9174258309,libbytes-3529dc27cc7678fe,libmio-4ac877e091287ab5,libparking_lot-cea9453f541cd250,libparking_lot_core-a78574451ddf5c1d,liblock_api-16d46fed645f7bff,libscopeguard-7ec2214574194454,libpin_project_lite-72bf04572caa1c84,libsublime_git_tools-35d42fa6bf76f7c5,libdirs-a8dc34680692bcfd,libdirs_sys-9da36c4f72b15709,liboption_ext-61303ef911796993,libchrono-25bf7473b1f6f2eb,libiana_time_zone-bab5d12b40894ac1,libnum_traits-3a2b08a4728dfda7,libthiserror-6c9ac4f713da2e8b,libgit2-c5ca61f70c265ec8,libopenssl_probe-2c6d21a9709cae46,liburl-50b2e0260c7c2385,libidna-556837694c0bfc3a,libutf8_iter-51566bbad89f3a68,libidna_adapter-64c94d70769f1725,libicu_properties-5ed8e3c73d750e1c,libicu_properties_data-b217809bf575558a,libicu_normalizer-613ad378e4fd71b8,libsmallvec-bc3128fdd57228fc,libicu_normalizer_data-ab8997d7cbbb3306,libicu_collections-0426e4d22735d296,libpotential_utf-8764daf1db9496c7,libicu_provider-e8bc0dca11f105af,libicu_locale_core-92afd92556312690,libtinystr-b89a0e2f5257d771,liblitemap-cd9b5b2aa04e2018,libwriteable-4f74a67d38fff78e,libzerovec-12ad8b6a577885e6,libzerotrie-53afc25171f13cdf,libyoke-a91d9a9eac2c9048,libstable_deref_trait-63cbf3f3d3f94e56,libzerofrom-99dc56781f36c693,libform_urlencoded-58b0f0edb59b40d2,libpercent_encoding-fa055ecaa1e57cfa,liblog-b262261d47bd2eba,liblibgit2_sys-0c426e04717217a7,liblibssh2_sys-3d7407db63f5fd7c,libopenssl_sys-e356b209bb014f41,liblibz_sys-dc312d10cb06f7b7,libclap_complete-6e2d17d4a92acaac,libclap-0a48a95ca76e4eff,libclap_builder-82fdb4546036ad54,libterminal_size-af441d697283722f,libstrsim-4d1ed08a123238dc,libanstream-8abea42649d55d0c,libanstyle_query-635080b1d6343734,libis_terminal_polyfill-3ca4268cb2568267,libcolorchoice-8e2615b3451b028d,libanstyle_parse-2b179629a907e4e4,libutf8parse-92d0158219063202,libclap_lex-3d90c62a36aac03c,libanstyle-fe219cdab7346aa5,libtempfile-481313996cf07d06,libgetrandom-0baa87726cbcc5d3,liblibc-11f5a30dc24875fb,libcfg_if-83060ec5685761ae,libfastrand-751bcde24b8aa073,libonce_cell-e9252a7b5119f3eb,librustix-be97f5fe6027e0f0,libbitflags-9362e66b8880981a,liblinux_raw_sys-7c0af75954695899,libserde_json-607b6f30e522f095,libmemchr-9be7e24c0cc6f173,libitoa-f3a70a1441f7f89b,libzmij-4c326dfa9ae54cc0,libserde-4abd4ae09e143a1a,libserde_core-2c928ee17a7447a4}.rlib" "<sysroot>/lib/rustlib/x86_64-unknown-linux-gnu/lib/{libstd-*,libpanic_unwind-*,libobject-*,libmemchr-*,libaddr2line-*,libgimli-*,libcfg_if-*,librustc_demangle-*,libstd_detect-*,libhashbrown-*,librustc_std_workspace_alloc-*,libminiz_oxide-*,libadler2-*,libunwind-*,liblibc-*,librustc_std_workspace_core-*,liballoc-*,libcore-*,libcompiler_builtins-*}.rlib" "-Wl,-Bdynamic" "-lgcc_s" "-lutil" "-lrt" "-lpthread" "-lm" "-ldl" "-lc" "-L" "/opt/rustwide/target/debug/deps/rustcHJUYmg/raw-dylibs" "-B<sysroot>/lib/rustlib/x86_64-unknown-linux-gnu/bin/gcc-ld" "-fuse-ld=lld" "-Wl,--eh-frame-hdr" "-Wl,-z,noexecstack" "-L" "/opt/rustwide/target/debug/build/libgit2-sys-58c411bb4421a6c9/out/build" "-L" "/opt/rustwide/target/debug/build/libssh2-sys-0605fb041638d8c5/out/build" "-L" "/opt/rustwide/target/debug/build/libz-sys-d0f864a2013cd4d5/out/lib" "-L" "/opt/rustwide/target/debug/build/openssl-sys-a8757f70a5645957/out/openssl-build/install/lib" "-L" "<sysroot>/lib/rustlib/x86_64-unknown-linux-gnu/lib" "-o" "/opt/rustwide/target/debug/deps/e2e_execute-c499cd49c62493f8" "-Wl,--gc-sections" "-pie" "-Wl,-z,relro,-z,now" "-nodefaultlibs"
[INFO] [stdout]   = note: some arguments are omitted. use `--verbose` to show all linker arguments
[INFO] [stdout]   = note: collect2: fatal error: ld terminated with signal 9 [Killed]
[INFO] [stdout]           compilation terminated.
[INFO] [stdout]           
[INFO] [stdout] 
[INFO] [stdout] 
[INFO] [stdout] error: linking with `cc` failed: exit status: 1
[INFO] [stdout]   |
[INFO] [stdout]   = note:  "cc" "-m64" "/opt/rustwide/target/debug/deps/rustcimuErW/symbols.o" "<6 object files omitted>" "-Wl,--as-needed" "-Wl,-Bstatic" "<sysroot>/lib/rustlib/x86_64-unknown-linux-gnu/lib/{libtest-*,libgetopts-*,librustc_std_workspace_std-*}.rlib" "/opt/rustwide/target/debug/deps/{libsublime_cli_tools-f2841c4c90432993,libtoml-fbabf5733e51d7c2,libtoml_edit-13d4f544ad75ae82,libwinnow-ff325613e0e6d4a9,libtoml_write-2c704ffd35684d73,libcomfy_table-e72c129c213b146e,libunicode_segmentation-421de088ab714999,libcrossterm-7f3b5c908cee8ffe,libderive_more-227cc1102ed489e6,libsignal_hook_mio-e6fd21a596e741ac,libsignal_hook-54d464312c977dd9,libindicatif-d5e724238a221a83,libportable_atomic-d25af252f88da36c,libunit_prefix-1f322e2873265049,libtracing_subscriber-cf95517ba2c6967b,libsharded_slab-bd3e89e1e50b7c87,liblazy_static-3674be3f4245d19b,libmatchers-1c08fa90f799cd5f,libnu_ansi_term-745c727bb3e87c52,libtracing_log-ec4da570862f46db,libdialoguer-bead4e45af503716,libshell_words-d186b621774bbdb4,libfuzzy_matcher-c111cb650fd96a1d,libthread_local-b4f6fe44d641c0b1,libconsole-3845c7f018ed2ac0,libunicode_width-c0be3735b741df1b,libsublime_pkg_tools-0b33dd12f952d501,libdirs-c155e9e59ba64789,libdirs_sys-46fb4fa430eb4a55,libtoml-d44b443e0da721f2,libpetgraph-bd5abd79e9163b58,libfixedbitset-9fb76a17080ec2ce,libfutures-5d148f0a82fca260,libfutures_executor-f93a1eae03c3913b,libsemver-4d6610e6c0ce2a19,libreqwest_retry-56beef2824d3f3d4,libretry_policies-e105b675b5b95baa,librand-88f6c3f8e323eb4d,librand_chacha-36b3f5a7428c3bec,libppv_lite86-e61ae08ff3e0f333,libzerocopy-a897f899067c4c31,librand_core-947ca62718ea8b54,libgetrandom-e6656e2f703a06c2,libreqwest_middleware-3431d5dc0e87a7e2,libreqwest-fa6389be4757b34e,libserde_urlencoded-6e0da4a3a6166652,librustls_pki_types-41a1b679b3e0ee26,libzeroize-7f213bea776ca5b6,libhyper_tls-351e3de9544f9c15,libtokio_native_tls-badcd9099d6c31b8,libmime-0188e0814ca7ddbf,libencoding_rs-c7a67ac351c2b19f,libtower_http-ab5ca4b3b2985e89,libiri_string-7980c6545d934b56,libtower-969d93b4a126dcce,libtower_layer-d908dd771b239ecd,libnative_tls-59135a96e20ebc29,libopenssl-54343023f12cef91,libforeign_types-4fe1886d5d9265b9,libforeign_types_shared-47b443a4583fd949,libhyper_util-8ee83b6018109e54,libbase64-32787b0325ea6df8,libipnet-a38805d99c19843f,libtower_service-3fb88d28c2218805,libhyper-11b4ed071c6bc236,libwant-7a6260b9c50f1479,libtry_lock-8fa2f6971035be84,libhttparse-8c9b827b8f345444,libh2-d800f50f36c852ff,libtracing-13e427eb3d886a23,libtracing_core-4cc82aeb094c2c39,libfnv-79e2cbfbe03dcd16,libtokio_util-f0c2da6c3770c856,libatomic_waker-06950c8c08d2b8fa,libfutures_util-2c8f33a077e8aad9,libfutures_io-59d0071c9258d69f,libslab-5629529544b2a983,libfutures_channel-3bb2db6cecc5bacb,libfutures_sink-ae1eb2d060de53a2,libfutures_task-e09ab7898221cb97,libpin_utils-3860774ad9b215b5,libhttp_body_util-19838e9fe8fe6196,libhttp_body-475394a7f396512d,libhttp-a4484436616bd9d7,libsync_wrapper-a254cb6192850e87,libfutures_core-3b920243fce8fec0,libregex-e1efcc34bb1ecb85,libregex_automata-5f6c4e4a9d8b7ff1,libaho_corasick-61cf93dc53dd0bf8,libregex_syntax-21c69862a9074e56,libsublime_standard_tools-dde0c608e0837658,libhumantime_serde-163c3e1cf1c9e1c4,libhumantime-645db651aace3b61,libserde_yaml-0f8c2a4add333dde,libryu-25f59e4cd0d23219,libunsafe_libyaml-d3127b66fe569cc5,libtoml-a856b8d93c9b7771,libtoml_edit-070cc791ce014551,libserde_spanned-48014759813a30ef,libindexmap-f006485b143d2676,libequivalent-6a754676e6af62ae,libhashbrown-25abce2d85979e8d,libwinnow-0e488022daf69231,libtoml_datetime-b0398556408ed4a2,libpackage_json-83e5c27eaea4bcee,libderive_builder-f09402e417b432f3,libanyhow-4342eda19ce54c8e,libglob-7748687a416caec7,libtokio-a1a22415e7fecdab,libsignal_hook_registry-cddd50aee5c69024,liberrno-c497d64a4571af83,libsocket2-a4b0ae9174258309,libbytes-3529dc27cc7678fe,libmio-4ac877e091287ab5,libparking_lot-cea9453f541cd250,libparking_lot_core-a78574451ddf5c1d,liblock_api-16d46fed645f7bff,libscopeguard-7ec2214574194454,libpin_project_lite-72bf04572caa1c84,libsublime_git_tools-35d42fa6bf76f7c5,libdirs-a8dc34680692bcfd,libdirs_sys-9da36c4f72b15709,liboption_ext-61303ef911796993,libchrono-25bf7473b1f6f2eb,libiana_time_zone-bab5d12b40894ac1,libnum_traits-3a2b08a4728dfda7,libthiserror-6c9ac4f713da2e8b,libgit2-c5ca61f70c265ec8,libopenssl_probe-2c6d21a9709cae46,liburl-50b2e0260c7c2385,libidna-556837694c0bfc3a,libutf8_iter-51566bbad89f3a68,libidna_adapter-64c94d70769f1725,libicu_properties-5ed8e3c73d750e1c,libicu_properties_data-b217809bf575558a,libicu_normalizer-613ad378e4fd71b8,libsmallvec-bc3128fdd57228fc,libicu_normalizer_data-ab8997d7cbbb3306,libicu_collections-0426e4d22735d296,libpotential_utf-8764daf1db9496c7,libicu_provider-e8bc0dca11f105af,libicu_locale_core-92afd92556312690,libtinystr-b89a0e2f5257d771,liblitemap-cd9b5b2aa04e2018,libwriteable-4f74a67d38fff78e,libzerovec-12ad8b6a577885e6,libzerotrie-53afc25171f13cdf,libyoke-a91d9a9eac2c9048,libstable_deref_trait-63cbf3f3d3f94e56,libzerofrom-99dc56781f36c693,libform_urlencoded-58b0f0edb59b40d2,libpercent_encoding-fa055ecaa1e57cfa,liblog-b262261d47bd2eba,liblibgit2_sys-0c426e04717217a7,liblibssh2_sys-3d7407db63f5fd7c,libopenssl_sys-e356b209bb014f41,liblibz_sys-dc312d10cb06f7b7,libclap_complete-6e2d17d4a92acaac,libclap-0a48a95ca76e4eff,libclap_builder-82fdb4546036ad54,libterminal_size-af441d697283722f,libstrsim-4d1ed08a123238dc,libanstream-8abea42649d55d0c,libanstyle_query-635080b1d6343734,libis_terminal_polyfill-3ca4268cb2568267,libcolorchoice-8e2615b3451b028d,libanstyle_parse-2b179629a907e4e4,libutf8parse-92d0158219063202,libclap_lex-3d90c62a36aac03c,libanstyle-fe219cdab7346aa5,libtempfile-481313996cf07d06,libgetrandom-0baa87726cbcc5d3,liblibc-11f5a30dc24875fb,libcfg_if-83060ec5685761ae,libfastrand-751bcde24b8aa073,libonce_cell-e9252a7b5119f3eb,librustix-be97f5fe6027e0f0,libbitflags-9362e66b8880981a,liblinux_raw_sys-7c0af75954695899,libserde_json-607b6f30e522f095,libmemchr-9be7e24c0cc6f173,libitoa-f3a70a1441f7f89b,libzmij-4c326dfa9ae54cc0,libserde-4abd4ae09e143a1a,libserde_core-2c928ee17a7447a4}.rlib" "<sysroot>/lib/rustlib/x86_64-unknown-linux-gnu/lib/{libstd-*,libpanic_unwind-*,libobject-*,libmemchr-*,libaddr2line-*,libgimli-*,libcfg_if-*,librustc_demangle-*,libstd_detect-*,libhashbrown-*,librustc_std_workspace_alloc-*,libminiz_oxide-*,libadler2-*,libunwind-*,liblibc-*,librustc_std_workspace_core-*,liballoc-*,libcore-*,libcompiler_builtins-*}.rlib" "-Wl,-Bdynamic" "-lgcc_s" "-lutil" "-lrt" "-lpthread" "-lm" "-ldl" "-lc" "-L" "/opt/rustwide/target/debug/deps/rustcimuErW/raw-dylibs" "-B<sysroot>/lib/rustlib/x86_64-unknown-linux-gnu/bin/gcc-ld" "-fuse-ld=lld" "-Wl,--eh-frame-hdr" "-Wl,-z,noexecstack" "-L" "/opt/rustwide/target/debug/build/libgit2-sys-58c411bb4421a6c9/out/build" "-L" "/opt/rustwide/target/debug/build/libssh2-sys-0605fb041638d8c5/out/build" "-L" "/opt/rustwide/target/debug/build/libz-sys-d0f864a2013cd4d5/out/lib" "-L" "/opt/rustwide/target/debug/build/openssl-sys-a8757f70a5645957/out/openssl-build/install/lib" "-L" "<sysroot>/lib/rustlib/x86_64-unknown-linux-gnu/lib" "-o" "/opt/rustwide/target/debug/deps/e2e_changes-54ccb1b438cfdb61" "-Wl,--gc-sections" "-pie" "-Wl,-z,relro,-z,now" "-nodefaultlibs"
[INFO] [stdout]   = note: some arguments are omitted. use `--verbose` to show all linker arguments
[INFO] [stdout]   = note: collect2: fatal error: ld terminated with signal 9 [Killed]
[INFO] [stdout]           compilation terminated.
[INFO] [stdout]           
[INFO] [stdout] 
[INFO] [stdout] 
[INFO] [stderr] warning: sublime_cli_tools@0.0.36: Shell completions will be generated in OUT_DIR: /opt/rustwide/target/debug/build/sublime_cli_tools-8938f61f48bce1cb/out
[INFO] [stderr] error: could not compile `sublime_cli_tools` (test "e2e_execute") due to 1 previous error
[INFO] [stderr] warning: sublime_cli_tools@0.0.36: Shell completions will be generated in OUT_DIR: /opt/rustwide/target/debug/build/sublime_cli_tools-8938f61f48bce1cb/out
[INFO] [stderr] error: could not compile `sublime_cli_tools` (test "e2e_changes") due to 1 previous error
[INFO] [stdout] error: linking with `cc` failed: exit status: 1
[INFO] [stdout]   |
[INFO] [stdout]   = note:  "cc" "-m64" "/opt/rustwide/target/debug/deps/rustczerIj7/symbols.o" "<5 object files omitted>" "-Wl,--as-needed" "-Wl,-Bstatic" "<sysroot>/lib/rustlib/x86_64-unknown-linux-gnu/lib/{libtest-*,libgetopts-*,librustc_std_workspace_std-*}.rlib" "/opt/rustwide/target/debug/deps/{libsublime_cli_tools-f2841c4c90432993,libtoml-fbabf5733e51d7c2,libtoml_edit-13d4f544ad75ae82,libwinnow-ff325613e0e6d4a9,libtoml_write-2c704ffd35684d73,libcomfy_table-e72c129c213b146e,libunicode_segmentation-421de088ab714999,libcrossterm-7f3b5c908cee8ffe,libderive_more-227cc1102ed489e6,libsignal_hook_mio-e6fd21a596e741ac,libsignal_hook-54d464312c977dd9,libindicatif-d5e724238a221a83,libportable_atomic-d25af252f88da36c,libunit_prefix-1f322e2873265049,libtracing_subscriber-cf95517ba2c6967b,libsharded_slab-bd3e89e1e50b7c87,liblazy_static-3674be3f4245d19b,libmatchers-1c08fa90f799cd5f,libnu_ansi_term-745c727bb3e87c52,libtracing_log-ec4da570862f46db,libdialoguer-bead4e45af503716,libshell_words-d186b621774bbdb4,libfuzzy_matcher-c111cb650fd96a1d,libthread_local-b4f6fe44d641c0b1,libconsole-3845c7f018ed2ac0,libunicode_width-c0be3735b741df1b,libsublime_pkg_tools-0b33dd12f952d501,libdirs-c155e9e59ba64789,libdirs_sys-46fb4fa430eb4a55,libtoml-d44b443e0da721f2,libpetgraph-bd5abd79e9163b58,libfixedbitset-9fb76a17080ec2ce,libfutures-5d148f0a82fca260,libfutures_executor-f93a1eae03c3913b,libsemver-4d6610e6c0ce2a19,libreqwest_retry-56beef2824d3f3d4,libretry_policies-e105b675b5b95baa,librand-88f6c3f8e323eb4d,librand_chacha-36b3f5a7428c3bec,libppv_lite86-e61ae08ff3e0f333,libzerocopy-a897f899067c4c31,librand_core-947ca62718ea8b54,libgetrandom-e6656e2f703a06c2,libreqwest_middleware-3431d5dc0e87a7e2,libreqwest-fa6389be4757b34e,libserde_urlencoded-6e0da4a3a6166652,librustls_pki_types-41a1b679b3e0ee26,libzeroize-7f213bea776ca5b6,libhyper_tls-351e3de9544f9c15,libtokio_native_tls-badcd9099d6c31b8,libmime-0188e0814ca7ddbf,libencoding_rs-c7a67ac351c2b19f,libtower_http-ab5ca4b3b2985e89,libiri_string-7980c6545d934b56,libtower-969d93b4a126dcce,libtower_layer-d908dd771b239ecd,libnative_tls-59135a96e20ebc29,libopenssl-54343023f12cef91,libforeign_types-4fe1886d5d9265b9,libforeign_types_shared-47b443a4583fd949,libhyper_util-8ee83b6018109e54,libbase64-32787b0325ea6df8,libipnet-a38805d99c19843f,libtower_service-3fb88d28c2218805,libhyper-11b4ed071c6bc236,libwant-7a6260b9c50f1479,libtry_lock-8fa2f6971035be84,libhttparse-8c9b827b8f345444,libh2-d800f50f36c852ff,libtracing-13e427eb3d886a23,libtracing_core-4cc82aeb094c2c39,libfnv-79e2cbfbe03dcd16,libtokio_util-f0c2da6c3770c856,libatomic_waker-06950c8c08d2b8fa,libfutures_util-2c8f33a077e8aad9,libfutures_io-59d0071c9258d69f,libslab-5629529544b2a983,libfutures_channel-3bb2db6cecc5bacb,libfutures_sink-ae1eb2d060de53a2,libfutures_task-e09ab7898221cb97,libpin_utils-3860774ad9b215b5,libhttp_body_util-19838e9fe8fe6196,libhttp_body-475394a7f396512d,libhttp-a4484436616bd9d7,libsync_wrapper-a254cb6192850e87,libfutures_core-3b920243fce8fec0,libregex-e1efcc34bb1ecb85,libregex_automata-5f6c4e4a9d8b7ff1,libaho_corasick-61cf93dc53dd0bf8,libregex_syntax-21c69862a9074e56,libsublime_standard_tools-dde0c608e0837658,libhumantime_serde-163c3e1cf1c9e1c4,libhumantime-645db651aace3b61,libserde_yaml-0f8c2a4add333dde,libryu-25f59e4cd0d23219,libunsafe_libyaml-d3127b66fe569cc5,libtoml-a856b8d93c9b7771,libtoml_edit-070cc791ce014551,libserde_spanned-48014759813a30ef,libindexmap-f006485b143d2676,libequivalent-6a754676e6af62ae,libhashbrown-25abce2d85979e8d,libwinnow-0e488022daf69231,libtoml_datetime-b0398556408ed4a2,libpackage_json-83e5c27eaea4bcee,libderive_builder-f09402e417b432f3,libanyhow-4342eda19ce54c8e,libglob-7748687a416caec7,libtokio-a1a22415e7fecdab,libsignal_hook_registry-cddd50aee5c69024,liberrno-c497d64a4571af83,libsocket2-a4b0ae9174258309,libbytes-3529dc27cc7678fe,libmio-4ac877e091287ab5,libparking_lot-cea9453f541cd250,libparking_lot_core-a78574451ddf5c1d,liblock_api-16d46fed645f7bff,libscopeguard-7ec2214574194454,libpin_project_lite-72bf04572caa1c84,libsublime_git_tools-35d42fa6bf76f7c5,libdirs-a8dc34680692bcfd,libdirs_sys-9da36c4f72b15709,liboption_ext-61303ef911796993,libchrono-25bf7473b1f6f2eb,libiana_time_zone-bab5d12b40894ac1,libnum_traits-3a2b08a4728dfda7,libthiserror-6c9ac4f713da2e8b,libgit2-c5ca61f70c265ec8,libopenssl_probe-2c6d21a9709cae46,liburl-50b2e0260c7c2385,libidna-556837694c0bfc3a,libutf8_iter-51566bbad89f3a68,libidna_adapter-64c94d70769f1725,libicu_properties-5ed8e3c73d750e1c,libicu_properties_data-b217809bf575558a,libicu_normalizer-613ad378e4fd71b8,libsmallvec-bc3128fdd57228fc,libicu_normalizer_data-ab8997d7cbbb3306,libicu_collections-0426e4d22735d296,libpotential_utf-8764daf1db9496c7,libicu_provider-e8bc0dca11f105af,libicu_locale_core-92afd92556312690,libtinystr-b89a0e2f5257d771,liblitemap-cd9b5b2aa04e2018,libwriteable-4f74a67d38fff78e,libzerovec-12ad8b6a577885e6,libzerotrie-53afc25171f13cdf,libyoke-a91d9a9eac2c9048,libstable_deref_trait-63cbf3f3d3f94e56,libzerofrom-99dc56781f36c693,libform_urlencoded-58b0f0edb59b40d2,libpercent_encoding-fa055ecaa1e57cfa,liblog-b262261d47bd2eba,liblibgit2_sys-0c426e04717217a7,liblibssh2_sys-3d7407db63f5fd7c,libopenssl_sys-e356b209bb014f41,liblibz_sys-dc312d10cb06f7b7,libclap_complete-6e2d17d4a92acaac,libclap-0a48a95ca76e4eff,libclap_builder-82fdb4546036ad54,libterminal_size-af441d697283722f,libstrsim-4d1ed08a123238dc,libanstream-8abea42649d55d0c,libanstyle_query-635080b1d6343734,libis_terminal_polyfill-3ca4268cb2568267,libcolorchoice-8e2615b3451b028d,libanstyle_parse-2b179629a907e4e4,libutf8parse-92d0158219063202,libclap_lex-3d90c62a36aac03c,libanstyle-fe219cdab7346aa5,libtempfile-481313996cf07d06,libgetrandom-0baa87726cbcc5d3,liblibc-11f5a30dc24875fb,libcfg_if-83060ec5685761ae,libfastrand-751bcde24b8aa073,libonce_cell-e9252a7b5119f3eb,librustix-be97f5fe6027e0f0,libbitflags-9362e66b8880981a,liblinux_raw_sys-7c0af75954695899,libserde_json-607b6f30e522f095,libmemchr-9be7e24c0cc6f173,libitoa-f3a70a1441f7f89b,libzmij-4c326dfa9ae54cc0,libserde-4abd4ae09e143a1a,libserde_core-2c928ee17a7447a4}.rlib" "<sysroot>/lib/rustlib/x86_64-unknown-linux-gnu/lib/{libstd-*,libpanic_unwind-*,libobject-*,libmemchr-*,libaddr2line-*,libgimli-*,libcfg_if-*,librustc_demangle-*,libstd_detect-*,libhashbrown-*,librustc_std_workspace_alloc-*,libminiz_oxide-*,libadler2-*,libunwind-*,liblibc-*,librustc_std_workspace_core-*,liballoc-*,libcore-*,libcompiler_builtins-*}.rlib" "-Wl,-Bdynamic" "-lgcc_s" "-lutil" "-lrt" "-lpthread" "-lm" "-ldl" "-lc" "-L" "/opt/rustwide/target/debug/deps/rustczerIj7/raw-dylibs" "-B<sysroot>/lib/rustlib/x86_64-unknown-linux-gnu/bin/gcc-ld" "-fuse-ld=lld" "-Wl,--eh-frame-hdr" "-Wl,-z,noexecstack" "-L" "/opt/rustwide/target/debug/build/libgit2-sys-58c411bb4421a6c9/out/build" "-L" "/opt/rustwide/target/debug/build/libssh2-sys-0605fb041638d8c5/out/build" "-L" "/opt/rustwide/target/debug/build/libz-sys-d0f864a2013cd4d5/out/lib" "-L" "/opt/rustwide/target/debug/build/openssl-sys-a8757f70a5645957/out/openssl-build/install/lib" "-L" "<sysroot>/lib/rustlib/x86_64-unknown-linux-gnu/lib" "-o" "/opt/rustwide/target/debug/deps/e2e_version-3a89a66ed6990a9e" "-Wl,--gc-sections" "-pie" "-Wl,-z,relro,-z,now" "-nodefaultlibs"
[INFO] [stdout]   = note: some arguments are omitted. use `--verbose` to show all linker arguments
[INFO] [stdout]   = note: collect2: fatal error: ld terminated with signal 9 [Killed]
[INFO] [stdout]           compilation terminated.
[INFO] [stdout]           
[INFO] [stdout] 
[INFO] [stdout] 
[INFO] [stderr] warning: sublime_cli_tools@0.0.36: Shell completions will be generated in OUT_DIR: /opt/rustwide/target/debug/build/sublime_cli_tools-8938f61f48bce1cb/out
[INFO] [stderr] error: could not compile `sublime_cli_tools` (test "e2e_version") due to 1 previous error
[INFO] [stdout] error: linking with `cc` failed: exit status: 1
[INFO] [stdout]   |
[INFO] [stdout]   = note:  "cc" "-m64" "/opt/rustwide/target/debug/deps/rustcKs1lRF/symbols.o" "<6 object files omitted>" "-Wl,--as-needed" "-Wl,-Bstatic" "<sysroot>/lib/rustlib/x86_64-unknown-linux-gnu/lib/{libtest-*,libgetopts-*,librustc_std_workspace_std-*}.rlib" "/opt/rustwide/target/debug/deps/{libsublime_cli_tools-f2841c4c90432993,libtoml-fbabf5733e51d7c2,libtoml_edit-13d4f544ad75ae82,libwinnow-ff325613e0e6d4a9,libtoml_write-2c704ffd35684d73,libcomfy_table-e72c129c213b146e,libunicode_segmentation-421de088ab714999,libcrossterm-7f3b5c908cee8ffe,libderive_more-227cc1102ed489e6,libsignal_hook_mio-e6fd21a596e741ac,libsignal_hook-54d464312c977dd9,libindicatif-d5e724238a221a83,libportable_atomic-d25af252f88da36c,libunit_prefix-1f322e2873265049,libtracing_subscriber-cf95517ba2c6967b,libsharded_slab-bd3e89e1e50b7c87,liblazy_static-3674be3f4245d19b,libmatchers-1c08fa90f799cd5f,libnu_ansi_term-745c727bb3e87c52,libtracing_log-ec4da570862f46db,libdialoguer-bead4e45af503716,libshell_words-d186b621774bbdb4,libfuzzy_matcher-c111cb650fd96a1d,libthread_local-b4f6fe44d641c0b1,libconsole-3845c7f018ed2ac0,libunicode_width-c0be3735b741df1b,libsublime_pkg_tools-0b33dd12f952d501,libdirs-c155e9e59ba64789,libdirs_sys-46fb4fa430eb4a55,libtoml-d44b443e0da721f2,libpetgraph-bd5abd79e9163b58,libfixedbitset-9fb76a17080ec2ce,libfutures-5d148f0a82fca260,libfutures_executor-f93a1eae03c3913b,libsemver-4d6610e6c0ce2a19,libreqwest_retry-56beef2824d3f3d4,libretry_policies-e105b675b5b95baa,librand-88f6c3f8e323eb4d,librand_chacha-36b3f5a7428c3bec,libppv_lite86-e61ae08ff3e0f333,libzerocopy-a897f899067c4c31,librand_core-947ca62718ea8b54,libgetrandom-e6656e2f703a06c2,libreqwest_middleware-3431d5dc0e87a7e2,libreqwest-fa6389be4757b34e,libserde_urlencoded-6e0da4a3a6166652,librustls_pki_types-41a1b679b3e0ee26,libzeroize-7f213bea776ca5b6,libhyper_tls-351e3de9544f9c15,libtokio_native_tls-badcd9099d6c31b8,libmime-0188e0814ca7ddbf,libencoding_rs-c7a67ac351c2b19f,libtower_http-ab5ca4b3b2985e89,libiri_string-7980c6545d934b56,libtower-969d93b4a126dcce,libtower_layer-d908dd771b239ecd,libnative_tls-59135a96e20ebc29,libopenssl-54343023f12cef91,libforeign_types-4fe1886d5d9265b9,libforeign_types_shared-47b443a4583fd949,libhyper_util-8ee83b6018109e54,libbase64-32787b0325ea6df8,libipnet-a38805d99c19843f,libtower_service-3fb88d28c2218805,libhyper-11b4ed071c6bc236,libwant-7a6260b9c50f1479,libtry_lock-8fa2f6971035be84,libhttparse-8c9b827b8f345444,libh2-d800f50f36c852ff,libtracing-13e427eb3d886a23,libtracing_core-4cc82aeb094c2c39,libfnv-79e2cbfbe03dcd16,libtokio_util-f0c2da6c3770c856,libatomic_waker-06950c8c08d2b8fa,libfutures_util-2c8f33a077e8aad9,libfutures_io-59d0071c9258d69f,libslab-5629529544b2a983,libfutures_channel-3bb2db6cecc5bacb,libfutures_sink-ae1eb2d060de53a2,libfutures_task-e09ab7898221cb97,libpin_utils-3860774ad9b215b5,libhttp_body_util-19838e9fe8fe6196,libhttp_body-475394a7f396512d,libhttp-a4484436616bd9d7,libsync_wrapper-a254cb6192850e87,libfutures_core-3b920243fce8fec0,libregex-e1efcc34bb1ecb85,libregex_automata-5f6c4e4a9d8b7ff1,libaho_corasick-61cf93dc53dd0bf8,libregex_syntax-21c69862a9074e56,libsublime_standard_tools-dde0c608e0837658,libhumantime_serde-163c3e1cf1c9e1c4,libhumantime-645db651aace3b61,libserde_yaml-0f8c2a4add333dde,libryu-25f59e4cd0d23219,libunsafe_libyaml-d3127b66fe569cc5,libtoml-a856b8d93c9b7771,libtoml_edit-070cc791ce014551,libserde_spanned-48014759813a30ef,libindexmap-f006485b143d2676,libequivalent-6a754676e6af62ae,libhashbrown-25abce2d85979e8d,libwinnow-0e488022daf69231,libtoml_datetime-b0398556408ed4a2,libpackage_json-83e5c27eaea4bcee,libderive_builder-f09402e417b432f3,libanyhow-4342eda19ce54c8e,libglob-7748687a416caec7,libtokio-a1a22415e7fecdab,libsignal_hook_registry-cddd50aee5c69024,liberrno-c497d64a4571af83,libsocket2-a4b0ae9174258309,libbytes-3529dc27cc7678fe,libmio-4ac877e091287ab5,libparking_lot-cea9453f541cd250,libparking_lot_core-a78574451ddf5c1d,liblock_api-16d46fed645f7bff,libscopeguard-7ec2214574194454,libpin_project_lite-72bf04572caa1c84,libsublime_git_tools-35d42fa6bf76f7c5,libdirs-a8dc34680692bcfd,libdirs_sys-9da36c4f72b15709,liboption_ext-61303ef911796993,libchrono-25bf7473b1f6f2eb,libiana_time_zone-bab5d12b40894ac1,libnum_traits-3a2b08a4728dfda7,libthiserror-6c9ac4f713da2e8b,libgit2-c5ca61f70c265ec8,libopenssl_probe-2c6d21a9709cae46,liburl-50b2e0260c7c2385,libidna-556837694c0bfc3a,libutf8_iter-51566bbad89f3a68,libidna_adapter-64c94d70769f1725,libicu_properties-5ed8e3c73d750e1c,libicu_properties_data-b217809bf575558a,libicu_normalizer-613ad378e4fd71b8,libsmallvec-bc3128fdd57228fc,libicu_normalizer_data-ab8997d7cbbb3306,libicu_collections-0426e4d22735d296,libpotential_utf-8764daf1db9496c7,libicu_provider-e8bc0dca11f105af,libicu_locale_core-92afd92556312690,libtinystr-b89a0e2f5257d771,liblitemap-cd9b5b2aa04e2018,libwriteable-4f74a67d38fff78e,libzerovec-12ad8b6a577885e6,libzerotrie-53afc25171f13cdf,libyoke-a91d9a9eac2c9048,libstable_deref_trait-63cbf3f3d3f94e56,libzerofrom-99dc56781f36c693,libform_urlencoded-58b0f0edb59b40d2,libpercent_encoding-fa055ecaa1e57cfa,liblog-b262261d47bd2eba,liblibgit2_sys-0c426e04717217a7,liblibssh2_sys-3d7407db63f5fd7c,libopenssl_sys-e356b209bb014f41,liblibz_sys-dc312d10cb06f7b7,libclap_complete-6e2d17d4a92acaac,libclap-0a48a95ca76e4eff,libclap_builder-82fdb4546036ad54,libterminal_size-af441d697283722f,libstrsim-4d1ed08a123238dc,libanstream-8abea42649d55d0c,libanstyle_query-635080b1d6343734,libis_terminal_polyfill-3ca4268cb2568267,libcolorchoice-8e2615b3451b028d,libanstyle_parse-2b179629a907e4e4,libutf8parse-92d0158219063202,libclap_lex-3d90c62a36aac03c,libanstyle-fe219cdab7346aa5,libtempfile-481313996cf07d06,libgetrandom-0baa87726cbcc5d3,liblibc-11f5a30dc24875fb,libcfg_if-83060ec5685761ae,libfastrand-751bcde24b8aa073,libonce_cell-e9252a7b5119f3eb,librustix-be97f5fe6027e0f0,libbitflags-9362e66b8880981a,liblinux_raw_sys-7c0af75954695899,libserde_json-607b6f30e522f095,libmemchr-9be7e24c0cc6f173,libitoa-f3a70a1441f7f89b,libzmij-4c326dfa9ae54cc0,libserde-4abd4ae09e143a1a,libserde_core-2c928ee17a7447a4}.rlib" "<sysroot>/lib/rustlib/x86_64-unknown-linux-gnu/lib/{libstd-*,libpanic_unwind-*,libobject-*,libmemchr-*,libaddr2line-*,libgimli-*,libcfg_if-*,librustc_demangle-*,libstd_detect-*,libhashbrown-*,librustc_std_workspace_alloc-*,libminiz_oxide-*,libadler2-*,libunwind-*,liblibc-*,librustc_std_workspace_core-*,liballoc-*,libcore-*,libcompiler_builtins-*}.rlib" "-Wl,-Bdynamic" "-lgcc_s" "-lutil" "-lrt" "-lpthread" "-lm" "-ldl" "-lc" "-L" "/opt/rustwide/target/debug/deps/rustcKs1lRF/raw-dylibs" "-B<sysroot>/lib/rustlib/x86_64-unknown-linux-gnu/bin/gcc-ld" "-fuse-ld=lld" "-Wl,--eh-frame-hdr" "-Wl,-z,noexecstack" "-L" "/opt/rustwide/target/debug/build/libgit2-sys-58c411bb4421a6c9/out/build" "-L" "/opt/rustwide/target/debug/build/libssh2-sys-0605fb041638d8c5/out/build" "-L" "/opt/rustwide/target/debug/build/libz-sys-d0f864a2013cd4d5/out/lib" "-L" "/opt/rustwide/target/debug/build/openssl-sys-a8757f70a5645957/out/openssl-build/install/lib" "-L" "<sysroot>/lib/rustlib/x86_64-unknown-linux-gnu/lib" "-o" "/opt/rustwide/target/debug/deps/e2e_status-ded51795a3cabf6e" "-Wl,--gc-sections" "-pie" "-Wl,-z,relro,-z,now" "-nodefaultlibs"
[INFO] [stdout]   = note: some arguments are omitted. use `--verbose` to show all linker arguments
[INFO] [stdout]   = note: collect2: fatal error: ld terminated with signal 9 [Killed]
[INFO] [stdout]           compilation terminated.
[INFO] [stdout]           
[INFO] [stdout] 
[INFO] [stdout] 
[INFO] [stderr] warning: sublime_cli_tools@0.0.36: Shell completions will be generated in OUT_DIR: /opt/rustwide/target/debug/build/sublime_cli_tools-8938f61f48bce1cb/out
[INFO] [stderr] error: could not compile `sublime_cli_tools` (test "e2e_status") due to 1 previous error
[INFO] running `Command { std: "docker" "inspect" "fa2d241f796c1350fe0a471d9ea9861ce2804e955419c9ddb0301a258abe0d04", kill_on_drop: false }`
[INFO] running `Command { std: "docker" "rm" "-f" "fa2d241f796c1350fe0a471d9ea9861ce2804e955419c9ddb0301a258abe0d04", kill_on_drop: false }`
[INFO] [stdout] fa2d241f796c1350fe0a471d9ea9861ce2804e955419c9ddb0301a258abe0d04
