[INFO] fetching crate subduction_crypto 0.9.2...
[INFO] testing subduction_crypto-0.9.2 against 1.100.0-beta.1 for beta-1.100-2
[INFO] extracting crate subduction_crypto 0.9.2 into /workspace/builds/worker-4-tc2/source
[INFO] started tweaking crates.io crate subduction_crypto 0.9.2
[INFO] removed 0 missing tests
[INFO] finished tweaking crates.io crate subduction_crypto 0.9.2
[INFO] tweaked toml for crates.io crate subduction_crypto 0.9.2 written to /workspace/builds/worker-4-tc2/source/Cargo.toml
[INFO] validating manifest of crates.io crate subduction_crypto 0.9.2 on toolchain 1.100.0-beta.1
[INFO] running `Command { std: CARGO_HOME="/workspace/cargo-home" RUSTUP_HOME="/workspace/rustup-home" "/workspace/cargo-home/bin/cargo" "+1.100.0-beta.1" "metadata" "--manifest-path" "Cargo.toml" "--no-deps", kill_on_drop: false }`
[INFO] crate crates.io crate subduction_crypto 0.9.2 already has a lockfile, it will not be regenerated
[INFO] running `Command { std: CARGO_HOME="/workspace/cargo-home" RUSTUP_HOME="/workspace/rustup-home" "/workspace/cargo-home/bin/cargo" "+1.100.0-beta.1" "fetch" "--manifest-path" "Cargo.toml", kill_on_drop: false }`
[INFO] running `Command { std: "docker" "create" "-v" "/var/lib/crater-agent-workspace/builds/worker-4-tc2/source:/opt/rustwide/workdir:ro,Z" "-v" "/var/lib/crater-agent-workspace/builds/worker-4-tc2/target:/opt/rustwide/target:rw,Z" "-v" "/var/lib/crater-agent-workspace/cargo-home:/opt/rustwide/cargo-home:ro,Z" "-v" "/var/lib/crater-agent-workspace/rustup-home:/opt/rustwide/rustup-home:ro,Z" "-m" "1610612736" "--network" "none" "ghcr.io/rust-lang/crates-build-env/linux@sha256:3111399a4047eeb3a02b7a90e478d715f38a8c6669b5c4b49d30a17385265909" "sleep" "infinity", kill_on_drop: false }`
[INFO] [stdout] 56c0be5cec8e62a1f9a96e461488aedc019cd9ad393fa0a5e1f79af537c8f149
[INFO] running `Command { std: "docker" "start" "56c0be5cec8e62a1f9a96e461488aedc019cd9ad393fa0a5e1f79af537c8f149", kill_on_drop: false }`
[INFO] running `Command { std: "docker" "inspect" "56c0be5cec8e62a1f9a96e461488aedc019cd9ad393fa0a5e1f79af537c8f149", kill_on_drop: false }`
[INFO] running `Command { std: "docker" "exec" "-e" "SOURCE_DIR=/opt/rustwide/workdir" "-e" "CARGO_HOME=/opt/rustwide/cargo-home" "-e" "RUSTUP_HOME=/opt/rustwide/rustup-home" "-e" "CARGO_TARGET_DIR=/opt/rustwide/target" "-w" "/opt/rustwide/workdir" "--user" "0:0" "56c0be5cec8e62a1f9a96e461488aedc019cd9ad393fa0a5e1f79af537c8f149" "/opt/rustwide/cargo-home/bin/cargo" "+1.100.0-beta.1" "metadata" "--no-deps" "--format-version=1", kill_on_drop: false }`
[INFO] running `Command { std: "docker" "inspect" "56c0be5cec8e62a1f9a96e461488aedc019cd9ad393fa0a5e1f79af537c8f149", kill_on_drop: false }`
[INFO] running `Command { std: "docker" "exec" "-e" "SOURCE_DIR=/opt/rustwide/workdir" "-e" "CARGO_HOME=/opt/rustwide/cargo-home" "-e" "RUSTUP_HOME=/opt/rustwide/rustup-home" "-e" "CARGO_TARGET_DIR=/opt/rustwide/target" "-e" "CARGO_INCREMENTAL=0" "-e" "RUST_BACKTRACE=full" "-e" "RUSTFLAGS=--cap-lints=warn" "-e" "RUSTDOCFLAGS=--cap-lints=warn" "-w" "/opt/rustwide/workdir" "--user" "0:0" "56c0be5cec8e62a1f9a96e461488aedc019cd9ad393fa0a5e1f79af537c8f149" "/opt/rustwide/cargo-home/bin/cargo" "+1.100.0-beta.1" "build" "--frozen" "--message-format=json", kill_on_drop: false }`
[INFO] [stderr]    Compiling num-traits v0.2.19
[INFO] [stderr]    Compiling find-msvc-tools v0.1.11
[INFO] [stderr]    Compiling futures-sink v0.3.34
[INFO] [stderr]    Compiling futures-core v0.3.34
[INFO] [stderr]    Compiling futures-task v0.3.34
[INFO] [stderr]    Compiling syn v3.0.4
[INFO] [stderr]    Compiling syn v2.0.119
[INFO] [stderr]    Compiling crypto-common v0.1.7
[INFO] [stderr]    Compiling thiserror v2.0.20
[INFO] [stderr]    Compiling futures-channel v0.3.34
[INFO] [stderr]    Compiling digest v0.10.7
[INFO] [stderr]    Compiling cc v1.4.4
[INFO] [stderr]    Compiling curve25519-dalek v4.1.3
[INFO] [stderr]    Compiling event-listener v5.4.2
[INFO] [stderr]    Compiling futures-io v0.3.34
[INFO] [stderr]    Compiling signature v2.2.0
[INFO] [stderr]    Compiling constant_time_eq v0.4.2
[INFO] [stderr]    Compiling zeroize v1.9.0
[INFO] [stderr]    Compiling tracing v0.1.44
[INFO] [stderr]    Compiling event-listener-strategy v0.5.4
[INFO] [stderr]    Compiling ed25519 v2.2.3
[INFO] [stderr]    Compiling async-lock v3.4.2
[INFO] [stderr]    Compiling sha2 v0.10.9
[INFO] [stderr]    Compiling nonempty v0.12.0
[INFO] [stderr]    Compiling siphasher v1.0.3
[INFO] [stderr]    Compiling getrandom v0.2.17
[INFO] [stderr]    Compiling num-integer v0.1.47
[INFO] [stderr]    Compiling num-bigint v0.4.8
[INFO] [stderr]    Compiling blake3 v1.8.7
[INFO] [stderr]    Compiling curve25519-dalek-derive v0.1.1
[INFO] [stderr]    Compiling future_form_macros v0.3.1
[INFO] [stderr]    Compiling ed25519-dalek v2.2.0
[INFO] [stderr]    Compiling futures-macro v0.3.34
[INFO] [stderr]    Compiling thiserror-impl v2.0.20
[INFO] [stderr]    Compiling futures-util v0.3.34
[INFO] [stderr]    Compiling bijoux v0.3.2
[INFO] [stderr]    Compiling futures v0.3.34
[INFO] [stderr]    Compiling future_form v0.3.1
[INFO] [stderr]    Compiling sedimentree_core v0.14.2
[INFO] [stderr]    Compiling subduction_crypto v0.9.2 (/opt/rustwide/workdir)
[INFO] [stderr]     Finished `dev` profile [unoptimized + debuginfo] target(s) in 26.14s
[INFO] running `Command { std: "docker" "inspect" "56c0be5cec8e62a1f9a96e461488aedc019cd9ad393fa0a5e1f79af537c8f149", kill_on_drop: false }`
[INFO] running `Command { std: "docker" "exec" "-e" "SOURCE_DIR=/opt/rustwide/workdir" "-e" "CARGO_HOME=/opt/rustwide/cargo-home" "-e" "RUSTUP_HOME=/opt/rustwide/rustup-home" "-e" "CARGO_TARGET_DIR=/opt/rustwide/target" "-e" "CARGO_INCREMENTAL=0" "-e" "RUST_BACKTRACE=full" "-e" "RUSTFLAGS=--cap-lints=warn" "-e" "RUSTDOCFLAGS=--cap-lints=warn" "-w" "/opt/rustwide/workdir" "--user" "0:0" "56c0be5cec8e62a1f9a96e461488aedc019cd9ad393fa0a5e1f79af537c8f149" "/opt/rustwide/cargo-home/bin/cargo" "+1.100.0-beta.1" "test" "--frozen" "--no-run" "--message-format=json", kill_on_drop: false }`
[INFO] [stderr]    Compiling hashbrown v0.17.1
[INFO] [stderr]    Compiling toml_datetime v0.6.3
[INFO] [stderr]    Compiling syn v2.0.119
[INFO] [stderr]    Compiling getrandom v0.3.4
[INFO] [stderr]    Compiling winnow v0.5.40
[INFO] [stderr]    Compiling ppv-lite86 v0.2.21
[INFO] [stderr]    Compiling anyhow v1.0.104
[INFO] [stderr]    Compiling either v1.18.0
[INFO] [stderr]    Compiling pretty-hex v0.4.2
[INFO] [stderr]    Compiling tokio-macros v2.7.2
[INFO] [stderr]    Compiling rand_core v0.9.5
[INFO] [stderr]    Compiling mio v1.2.2
[INFO] [stderr]    Compiling socket2 v0.6.5
[INFO] [stderr]    Compiling rand_xoshiro v0.7.0
[INFO] [stderr]    Compiling rand_chacha v0.9.0
[INFO] [stderr]    Compiling getrandom v0.2.17
[INFO] [stderr]    Compiling testresult v0.4.1
[INFO] [stderr]    Compiling rand v0.9.5
[INFO] [stderr]    Compiling tokio v1.53.1
[INFO] [stderr]    Compiling indexmap v2.14.1
[INFO] [stderr]    Compiling toml_edit v0.20.2
[INFO] [stderr]    Compiling derive_arbitrary v1.4.2
[INFO] [stderr]    Compiling future_form_macros v0.3.1
[INFO] [stderr]    Compiling curve25519-dalek-derive v0.1.1
[INFO] [stderr]    Compiling proc-macro-crate v2.0.2
[INFO] [stderr]    Compiling curve25519-dalek v4.1.3
[INFO] [stderr]    Compiling arbitrary v1.4.2
[INFO] [stderr]    Compiling future_form v0.3.1
[INFO] [stderr]    Compiling sedimentree_core v0.14.2
[INFO] [stderr]    Compiling bolero-generator-derive v0.13.4
[INFO] [stderr]    Compiling ed25519-dalek v2.2.0
[INFO] [stderr]    Compiling bolero-generator v0.13.5
[INFO] [stderr]    Compiling subduction_crypto v0.9.2 (/opt/rustwide/workdir)
[INFO] [stderr]    Compiling bolero-engine v0.13.4
[INFO] [stderr]    Compiling bolero v0.13.4
[INFO] [stdout] error[E0433]: cannot find module or crate `std` in this scope
[INFO] [stdout]     --> src/signed.rs:1018:13
[INFO] [stdout]      |
[INFO] [stdout] 1018 |         use std::collections::hash_map::RandomState;
[INFO] [stdout]      |             ^^^ use of unresolved module or unlinked crate `std`
[INFO] [stdout]      |
[INFO] [stdout]      = help: if you wanted to use a crate named `std`, use `cargo add std` to add it to your `Cargo.toml`
[INFO] [stdout] 
[INFO] [stdout] 
[INFO] [stdout] error[E0433]: cannot find module or crate `std` in this scope
[INFO] [stdout]    --> src/verified_signature.rs:284:13
[INFO] [stdout]     |
[INFO] [stdout] 284 |         use std::collections::hash_map::RandomState;
[INFO] [stdout]     |             ^^^ use of unresolved module or unlinked crate `std`
[INFO] [stdout]     |
[INFO] [stdout]     = help: if you wanted to use a crate named `std`, use `cargo add std` to add it to your `Cargo.toml`
[INFO] [stdout] 
[INFO] [stdout] 
[INFO] [stdout] error[E0433]: cannot find `std` in the list of imported crates
[INFO] [stdout]    --> src/signed.rs:518:49
[INFO] [stdout]     |
[INFO] [stdout] 518 |     #[derive(Debug, Clone, Copy, PartialEq, Eq, arbitrary::Arbitrary)]
[INFO] [stdout]     |                                                 ^^^^^^^^^^^^^^^^^^^^ could not find `std` in the list of imported crates
[INFO] [stdout]     |
[INFO] [stdout]     = note: this error originates in the derive macro `arbitrary::Arbitrary` (in Nightly builds, run with -Z macro-backtrace for more info)
[INFO] [stdout] 
[INFO] [stdout] 
[INFO] [stdout] error[E0425]: cannot find value `RECURSIVE_COUNT_TestPayload` in this scope
[INFO] [stdout]    --> src/signed.rs:518:49
[INFO] [stdout]     |
[INFO] [stdout] 518 |     #[derive(Debug, Clone, Copy, PartialEq, Eq, arbitrary::Arbitrary)]
[INFO] [stdout]     |                                                 ^^^^^^^^^^^^^^^^^^^^ not found in this scope
[INFO] [stdout]     |
[INFO] [stdout]     = note: this error originates in the derive macro `arbitrary::Arbitrary` (in Nightly builds, run with -Z macro-backtrace for more info)
[INFO] [stdout] 
[INFO] [stdout] 
[INFO] [stdout] Some errors have detailed explanations: E0425, E0433.
[INFO] [stdout] 
[INFO] [stdout] For more information about an error, try `rustc --explain E0425`.
[INFO] [stdout] 
[INFO] [stderr] error: could not compile `subduction_crypto` (lib test) due to 4 previous errors
[INFO] running `Command { std: "docker" "inspect" "56c0be5cec8e62a1f9a96e461488aedc019cd9ad393fa0a5e1f79af537c8f149", kill_on_drop: false }`
[INFO] running `Command { std: "docker" "rm" "-f" "56c0be5cec8e62a1f9a96e461488aedc019cd9ad393fa0a5e1f79af537c8f149", kill_on_drop: false }`
[INFO] [stdout] 56c0be5cec8e62a1f9a96e461488aedc019cd9ad393fa0a5e1f79af537c8f149
