[INFO] fetching crate subc-daemon 0.29.2...
[INFO] testing subc-daemon-0.29.2 against 1.99.0-beta.8 for beta-1.100-2
[INFO] extracting crate subc-daemon 0.29.2 into /workspace/builds/worker-2-tc1/source
[INFO] started tweaking crates.io crate subc-daemon 0.29.2
[INFO] finished tweaking crates.io crate subc-daemon 0.29.2
[INFO] tweaked toml for crates.io crate subc-daemon 0.29.2 written to /workspace/builds/worker-2-tc1/source/Cargo.toml
[INFO] validating manifest of crates.io crate subc-daemon 0.29.2 on toolchain 1.99.0-beta.8
[INFO] running `Command { std: CARGO_HOME="/workspace/cargo-home" RUSTUP_HOME="/workspace/rustup-home" "/workspace/cargo-home/bin/cargo" "+1.99.0-beta.8" "metadata" "--manifest-path" "Cargo.toml" "--no-deps", kill_on_drop: false }`
[INFO] crate crates.io crate subc-daemon 0.29.2 already has a lockfile, it will not be regenerated
[INFO] running `Command { std: CARGO_HOME="/workspace/cargo-home" RUSTUP_HOME="/workspace/rustup-home" "/workspace/cargo-home/bin/cargo" "+1.99.0-beta.8" "fetch" "--manifest-path" "Cargo.toml", kill_on_drop: false }`
[INFO] [stderr]     Updating crates.io index
[INFO] [stderr]  Downloading crates ...
[INFO] [stderr]   Downloaded subc-protocol v0.28.0
[INFO] [stderr]   Downloaded subc-uptime v0.1.1
[INFO] [stderr]   Downloaded subc-os v0.1.4
[INFO] [stderr]   Downloaded subc-jsonc v0.1.1
[INFO] [stderr]   Downloaded generator v0.8.9
[INFO] [stderr]   Downloaded cortexkit-paths v0.1.1
[INFO] [stderr]   Downloaded cortexkit-log v0.3.3
[INFO] [stderr]   Downloaded subc-transport v0.9.0
[INFO] [stderr]   Downloaded subc-cgroup v0.1.4
[INFO] [stderr]   Downloaded cortexkit-store-types v0.2.2
[INFO] [stderr]   Downloaded subc-jobobject v0.1.1
[INFO] [stderr]   Downloaded rlimit v0.11.0
[INFO] [stderr]   Downloaded fs4 v1.1.0
[INFO] [stderr]   Downloaded subc-control v0.27.0
[INFO] running `Command { std: "docker" "create" "-v" "/var/lib/crater-agent-workspace/builds/worker-2-tc1/source:/opt/rustwide/workdir:ro,Z" "-v" "/var/lib/crater-agent-workspace/builds/worker-2-tc1/target:/opt/rustwide/target:rw,Z" "-v" "/var/lib/crater-agent-workspace/cargo-home:/opt/rustwide/cargo-home:ro,Z" "-v" "/var/lib/crater-agent-workspace/rustup-home:/opt/rustwide/rustup-home:ro,Z" "-m" "1610612736" "--network" "none" "ghcr.io/rust-lang/crates-build-env/linux@sha256:3111399a4047eeb3a02b7a90e478d715f38a8c6669b5c4b49d30a17385265909" "sleep" "infinity", kill_on_drop: false }`
[INFO] [stdout] 3c97d3a6ea5090c11508d0d11bae5fad6e9762ff96740c992ae4f19d9274ab56
[INFO] running `Command { std: "docker" "start" "3c97d3a6ea5090c11508d0d11bae5fad6e9762ff96740c992ae4f19d9274ab56", kill_on_drop: false }`
[INFO] running `Command { std: "docker" "inspect" "3c97d3a6ea5090c11508d0d11bae5fad6e9762ff96740c992ae4f19d9274ab56", kill_on_drop: false }`
[INFO] running `Command { std: "docker" "exec" "-e" "SOURCE_DIR=/opt/rustwide/workdir" "-e" "CARGO_HOME=/opt/rustwide/cargo-home" "-e" "RUSTUP_HOME=/opt/rustwide/rustup-home" "-e" "CARGO_TARGET_DIR=/opt/rustwide/target" "-w" "/opt/rustwide/workdir" "--user" "0:0" "3c97d3a6ea5090c11508d0d11bae5fad6e9762ff96740c992ae4f19d9274ab56" "/opt/rustwide/cargo-home/bin/cargo" "+1.99.0-beta.8" "metadata" "--no-deps" "--format-version=1", kill_on_drop: false }`
[INFO] running `Command { std: "docker" "inspect" "3c97d3a6ea5090c11508d0d11bae5fad6e9762ff96740c992ae4f19d9274ab56", kill_on_drop: false }`
[INFO] running `Command { std: "docker" "exec" "-e" "SOURCE_DIR=/opt/rustwide/workdir" "-e" "CARGO_HOME=/opt/rustwide/cargo-home" "-e" "RUSTUP_HOME=/opt/rustwide/rustup-home" "-e" "CARGO_TARGET_DIR=/opt/rustwide/target" "-e" "CARGO_INCREMENTAL=0" "-e" "RUST_BACKTRACE=full" "-e" "RUSTFLAGS=--cap-lints=warn" "-e" "RUSTDOCFLAGS=--cap-lints=warn" "-w" "/opt/rustwide/workdir" "--user" "0:0" "3c97d3a6ea5090c11508d0d11bae5fad6e9762ff96740c992ae4f19d9274ab56" "/opt/rustwide/cargo-home/bin/cargo" "+1.99.0-beta.8" "build" "--frozen" "--message-format=json", kill_on_drop: false }`
[INFO] [stderr]    Compiling syn v2.0.118
[INFO] [stderr]    Compiling memchr v2.8.2
[INFO] [stderr]    Compiling rustix v1.1.4
[INFO] [stderr]    Compiling linux-raw-sys v0.12.1
[INFO] [stderr]    Compiling tracing-core v0.1.36
[INFO] [stderr]    Compiling subtle v2.6.1
[INFO] [stderr]    Compiling log v0.4.32
[INFO] [stderr]    Compiling bytes v1.12.0
[INFO] [stderr]    Compiling sharded-slab v0.1.7
[INFO] [stderr]    Compiling thread_local v1.1.9
[INFO] [stderr]    Compiling nu-ansi-term v0.50.3
[INFO] [stderr]    Compiling rlimit v0.11.0
[INFO] [stderr]    Compiling chrono v0.4.45
[INFO] [stderr]    Compiling subc-daemon v0.29.2 (/opt/rustwide/workdir)
[INFO] [stderr]    Compiling cortexkit-paths v0.1.1
[INFO] [stderr]    Compiling digest v0.10.7
[INFO] [stderr]    Compiling sha2 v0.10.9
[INFO] [stderr]    Compiling hmac v0.12.1
[INFO] [stderr]    Compiling aho-corasick v1.1.4
[INFO] [stderr]    Compiling serde_json v1.0.150
[INFO] [stderr]    Compiling tracing-log v0.2.0
[INFO] [stderr]    Compiling subc-jsonc v0.1.1
[INFO] [stderr]    Compiling regex-automata v0.4.15
[INFO] [stderr]    Compiling subc-uptime v0.1.1
[INFO] [stderr]    Compiling subc-os v0.1.4
[INFO] [stderr]    Compiling fs4 v1.1.0
[INFO] [stderr]    Compiling serde_derive v1.0.228
[INFO] [stderr]    Compiling tracing-attributes v0.1.31
[INFO] [stderr]    Compiling tokio-macros v2.7.0
[INFO] [stderr]    Compiling tokio v1.52.3
[INFO] [stderr]    Compiling tracing v0.1.44
[INFO] [stderr]    Compiling matchers v0.2.0
[INFO] [stderr]    Compiling regex v1.13.0
[INFO] [stderr]    Compiling tracing-subscriber v0.3.23
[INFO] [stderr]    Compiling serde v1.0.228
[INFO] [stderr]    Compiling subc-protocol v0.28.0
[INFO] [stderr]    Compiling cortexkit-store-types v0.2.2
[INFO] [stderr]    Compiling cortexkit-log v0.3.3
[INFO] [stderr]    Compiling subc-cgroup v0.1.4
[INFO] [stderr]    Compiling subc-transport v0.9.0
[INFO] [stderr]    Compiling subc-control v0.27.0
[INFO] [stderr]     Finished `dev` profile [unoptimized + debuginfo] target(s) in 47.21s
[INFO] running `Command { std: "docker" "inspect" "3c97d3a6ea5090c11508d0d11bae5fad6e9762ff96740c992ae4f19d9274ab56", kill_on_drop: false }`
[INFO] running `Command { std: "docker" "exec" "-e" "SOURCE_DIR=/opt/rustwide/workdir" "-e" "CARGO_HOME=/opt/rustwide/cargo-home" "-e" "RUSTUP_HOME=/opt/rustwide/rustup-home" "-e" "CARGO_TARGET_DIR=/opt/rustwide/target" "-e" "CARGO_INCREMENTAL=0" "-e" "RUST_BACKTRACE=full" "-e" "RUSTFLAGS=--cap-lints=warn" "-e" "RUSTDOCFLAGS=--cap-lints=warn" "-w" "/opt/rustwide/workdir" "--user" "0:0" "3c97d3a6ea5090c11508d0d11bae5fad6e9762ff96740c992ae4f19d9274ab56" "/opt/rustwide/cargo-home/bin/cargo" "+1.99.0-beta.8" "test" "--frozen" "--no-run" "--message-format=json", kill_on_drop: false }`
[INFO] [stderr]    Compiling cc v1.2.65
[INFO] [stderr]    Compiling tokio v1.52.3
[INFO] [stderr]    Compiling subc-daemon v0.29.2 (/opt/rustwide/workdir)
[INFO] [stderr]    Compiling generator v0.8.9
[INFO] [stderr]    Compiling loom v0.7.2
[INFO] [stderr]    Compiling subc-transport v0.9.0
[INFO] [stderr]    Compiling subc-cgroup v0.1.4
[INFO] [stdout] error[E0432]: unresolved import `subc_test_support`
[INFO] [stdout]     --> src/bootstrap.rs:1440:9
[INFO] [stdout]      |
[INFO] [stdout] 1440 |     use subc_test_support::TestTempDir;
[INFO] [stdout]      |         ^^^^^^^^^^^^^^^^^ use of unresolved module or unlinked crate `subc_test_support`
[INFO] [stdout]      |
[INFO] [stdout]      = help: if you wanted to use a crate named `subc_test_support`, use `cargo add subc_test_support` to add it to your `Cargo.toml`
[INFO] [stdout] 
[INFO] [stdout] 
[INFO] [stdout] error[E0432]: unresolved import `subc_test_support`
[INFO] [stdout]     --> src/control.rs:6075:9
[INFO] [stdout]      |
[INFO] [stdout] 6075 |     use subc_test_support::TestTempDir;
[INFO] [stdout]      |         ^^^^^^^^^^^^^^^^^ use of unresolved module or unlinked crate `subc_test_support`
[INFO] [stdout]      |
[INFO] [stdout]      = help: if you wanted to use a crate named `subc_test_support`, use `cargo add subc_test_support` to add it to your `Cargo.toml`
[INFO] [stdout] 
[INFO] [stdout] 
[INFO] [stdout] error[E0432]: unresolved import `subc_test_support`
[INFO] [stdout]     --> src/daemon_config.rs:1411:9
[INFO] [stdout]      |
[INFO] [stdout] 1411 |     use subc_test_support::TestTempDir;
[INFO] [stdout]      |         ^^^^^^^^^^^^^^^^^ use of unresolved module or unlinked crate `subc_test_support`
[INFO] [stdout]      |
[INFO] [stdout]      = help: if you wanted to use a crate named `subc_test_support`, use `cargo add subc_test_support` to add it to your `Cargo.toml`
[INFO] [stdout] 
[INFO] [stdout] 
[INFO] [stdout] error[E0432]: unresolved import `subc_test_support`
[INFO] [stdout]    --> src/fleet_lint.rs:514:9
[INFO] [stdout]     |
[INFO] [stdout] 514 |     use subc_test_support::TestTempDir as TempDir;
[INFO] [stdout]     |         ^^^^^^^^^^^^^^^^^ use of unresolved module or unlinked crate `subc_test_support`
[INFO] [stdout]     |
[INFO] [stdout]     = help: if you wanted to use a crate named `subc_test_support`, use `cargo add subc_test_support` to add it to your `Cargo.toml`
[INFO] [stdout] 
[INFO] [stdout] 
[INFO] [stdout] error[E0432]: unresolved import `subc_test_support`
[INFO] [stdout]   --> src/identity.rs:93:9
[INFO] [stdout]    |
[INFO] [stdout] 93 |     use subc_test_support::TestTempDir as TestDir;
[INFO] [stdout]    |         ^^^^^^^^^^^^^^^^^ use of unresolved module or unlinked crate `subc_test_support`
[INFO] [stdout]    |
[INFO] [stdout]    = help: if you wanted to use a crate named `subc_test_support`, use `cargo add subc_test_support` to add it to your `Cargo.toml`
[INFO] [stdout] 
[INFO] [stdout] 
[INFO] [stdout] error[E0432]: unresolved import `subc_test_support`
[INFO] [stdout]    --> src/live_children.rs:543:9
[INFO] [stdout]     |
[INFO] [stdout] 543 |     use subc_test_support::TestTempDir;
[INFO] [stdout]     |         ^^^^^^^^^^^^^^^^^ use of unresolved module or unlinked crate `subc_test_support`
[INFO] [stdout]     |
[INFO] [stdout]     = help: if you wanted to use a crate named `subc_test_support`, use `cargo add subc_test_support` to add it to your `Cargo.toml`
[INFO] [stdout] 
[INFO] [stdout] 
[INFO] [stdout] error[E0432]: unresolved import `subc_test_support`
[INFO] [stdout]    --> src/provenance.rs:317:9
[INFO] [stdout]     |
[INFO] [stdout] 317 |     use subc_test_support::TestTempDir;
[INFO] [stdout]     |         ^^^^^^^^^^^^^^^^^ use of unresolved module or unlinked crate `subc_test_support`
[INFO] [stdout]     |
[INFO] [stdout]     = help: if you wanted to use a crate named `subc_test_support`, use `cargo add subc_test_support` to add it to your `Cargo.toml`
[INFO] [stdout] 
[INFO] [stdout] 
[INFO] [stdout] error[E0432]: unresolved import `subc_test_support`
[INFO] [stdout]    --> src/run_dir_lock.rs:107:9
[INFO] [stdout]     |
[INFO] [stdout] 107 |     use subc_test_support::TestTempDir;
[INFO] [stdout]     |         ^^^^^^^^^^^^^^^^^ use of unresolved module or unlinked crate `subc_test_support`
[INFO] [stdout]     |
[INFO] [stdout]     = help: if you wanted to use a crate named `subc_test_support`, use `cargo add subc_test_support` to add it to your `Cargo.toml`
[INFO] [stdout] 
[INFO] [stdout] 
[INFO] [stdout] error[E0432]: unresolved import `subc_test_support`
[INFO] [stdout]      --> src/supervise.rs:10176:9
[INFO] [stdout]       |
[INFO] [stdout] 10176 |     use subc_test_support::TestTempDir;
[INFO] [stdout]       |         ^^^^^^^^^^^^^^^^^ use of unresolved module or unlinked crate `subc_test_support`
[INFO] [stdout]       |
[INFO] [stdout]       = help: if you wanted to use a crate named `subc_test_support`, use `cargo add subc_test_support` to add it to your `Cargo.toml`
[INFO] [stdout] 
[INFO] [stdout] 
[INFO] [stdout] error[E0432]: unresolved import `subc_test_support`
[INFO] [stdout]      --> src/supervise.rs:10372:9
[INFO] [stdout]       |
[INFO] [stdout] 10372 |     use subc_test_support::TestTempDir;
[INFO] [stdout]       |         ^^^^^^^^^^^^^^^^^ use of unresolved module or unlinked crate `subc_test_support`
[INFO] [stdout]       |
[INFO] [stdout]       = help: if you wanted to use a crate named `subc_test_support`, use `cargo add subc_test_support` to add it to your `Cargo.toml`
[INFO] [stdout] 
[INFO] [stdout] 
[INFO] [stdout] error[E0432]: unresolved import `subc_test_support`
[INFO] [stdout]      --> src/supervise.rs:10937:9
[INFO] [stdout]       |
[INFO] [stdout] 10937 |     use subc_test_support::TestTempDir;
[INFO] [stdout]       |         ^^^^^^^^^^^^^^^^^ use of unresolved module or unlinked crate `subc_test_support`
[INFO] [stdout]       |
[INFO] [stdout]       = help: if you wanted to use a crate named `subc_test_support`, use `cargo add subc_test_support` to add it to your `Cargo.toml`
[INFO] [stdout] 
[INFO] [stdout] 
[INFO] [stdout] error[E0432]: unresolved import `subc_test_support`
[INFO] [stdout]      --> src/supervise.rs:11020:9
[INFO] [stdout]       |
[INFO] [stdout] 11020 |     use subc_test_support::TestTempDir;
[INFO] [stdout]       |         ^^^^^^^^^^^^^^^^^ use of unresolved module or unlinked crate `subc_test_support`
[INFO] [stdout]       |
[INFO] [stdout]       = help: if you wanted to use a crate named `subc_test_support`, use `cargo add subc_test_support` to add it to your `Cargo.toml`
[INFO] [stdout] 
[INFO] [stdout] 
[INFO] [stdout] error[E0432]: unresolved import `subc_test_support`
[INFO] [stdout]    --> src/terminal_journal.rs:373:9
[INFO] [stdout]     |
[INFO] [stdout] 373 |     use subc_test_support::TestTempDir;
[INFO] [stdout]     |         ^^^^^^^^^^^^^^^^^ use of unresolved module or unlinked crate `subc_test_support`
[INFO] [stdout]     |
[INFO] [stdout]     = help: if you wanted to use a crate named `subc_test_support`, use `cargo add subc_test_support` to add it to your `Cargo.toml`
[INFO] [stdout] 
[INFO] [stdout] 
[INFO] [stdout] error[E0433]: cannot find module or crate `subc_test_support` in this scope
[INFO] [stdout]    --> src/machine_id.rs:205:9
[INFO] [stdout]     |
[INFO] [stdout] 205 |         subc_test_support::TestTempDir::new(&format!("subc-machine-id-{name}"))
[INFO] [stdout]     |         ^^^^^^^^^^^^^^^^^ use of unresolved module or unlinked crate `subc_test_support`
[INFO] [stdout]     |
[INFO] [stdout]     = help: if you wanted to use a crate named `subc_test_support`, use `cargo add subc_test_support` to add it to your `Cargo.toml`
[INFO] [stdout] 
[INFO] [stdout] 
[INFO] [stdout] error[E0433]: cannot find module or crate `subc_test_support` in this scope
[INFO] [stdout]     --> src/stderr_tail.rs:1729:20
[INFO] [stdout]      |
[INFO] [stdout] 1729 |         let temp = subc_test_support::TestTempDir::new("stderr-capture-stamp");
[INFO] [stdout]      |                    ^^^^^^^^^^^^^^^^^ use of unresolved module or unlinked crate `subc_test_support`
[INFO] [stdout]      |
[INFO] [stdout]      = help: if you wanted to use a crate named `subc_test_support`, use `cargo add subc_test_support` to add it to your `Cargo.toml`
[INFO] [stdout] 
[INFO] [stdout] 
[INFO] [stdout] error[E0433]: cannot find module or crate `subc_test_support` in this scope
[INFO] [stdout]     --> src/supervise.rs:8630:19
[INFO] [stdout]      |
[INFO] [stdout] 8630 |         let dir = subc_test_support::TestTempDir::new("none-unrequested-clean-exit");
[INFO] [stdout]      |                   ^^^^^^^^^^^^^^^^^ use of unresolved module or unlinked crate `subc_test_support`
[INFO] [stdout]      |
[INFO] [stdout]      = help: if you wanted to use a crate named `subc_test_support`, use `cargo add subc_test_support` to add it to your `Cargo.toml`
[INFO] [stdout] 
[INFO] [stdout] 
[INFO] [stdout] error[E0433]: cannot find module or crate `subc_test_support` in this scope
[INFO] [stdout]     --> src/supervise.rs:8747:23
[INFO] [stdout]      |
[INFO] [stdout] 8747 |             let dir = subc_test_support::TestTempDir::new(label);
[INFO] [stdout]      |                       ^^^^^^^^^^^^^^^^^ use of unresolved module or unlinked crate `subc_test_support`
[INFO] [stdout]      |
[INFO] [stdout]      = help: if you wanted to use a crate named `subc_test_support`, use `cargo add subc_test_support` to add it to your `Cargo.toml`
[INFO] [stdout] 
[INFO] [stdout] 
[INFO] [stdout] error[E0433]: cannot find module or crate `subc_test_support` in this scope
[INFO] [stdout]     --> src/supervise.rs:8831:19
[INFO] [stdout]      |
[INFO] [stdout] 8831 |         let dir = subc_test_support::TestTempDir::new("reload-roster-terminal-order");
[INFO] [stdout]      |                   ^^^^^^^^^^^^^^^^^ use of unresolved module or unlinked crate `subc_test_support`
[INFO] [stdout]      |
[INFO] [stdout]      = help: if you wanted to use a crate named `subc_test_support`, use `cargo add subc_test_support` to add it to your `Cargo.toml`
[INFO] [stdout] 
[INFO] [stdout] 
[INFO] [stdout] error[E0433]: cannot find module or crate `subc_test_support` in this scope
[INFO] [stdout]    --> src/machine_id.rs:204:32
[INFO] [stdout]     |
[INFO] [stdout] 204 |     fn temp_dir(name: &str) -> subc_test_support::TestTempDir {
[INFO] [stdout]     |                                ^^^^^^^^^^^^^^^^^ use of unresolved module or unlinked crate `subc_test_support`
[INFO] [stdout]     |
[INFO] [stdout]     = help: if you wanted to use a crate named `subc_test_support`, use `cargo add subc_test_support` to add it to your `Cargo.toml`
[INFO] [stdout] 
[INFO] [stdout] 
[INFO] [stdout] Some errors have detailed explanations: E0432, E0433.
[INFO] [stdout] 
[INFO] [stdout] For more information about an error, try `rustc --explain E0432`.
[INFO] [stdout] 
[INFO] [stderr] error: could not compile `subc-daemon` (lib test) due to 19 previous errors
[INFO] [stderr] warning: build failed, waiting for other jobs to finish...
[INFO] running `Command { std: "docker" "inspect" "3c97d3a6ea5090c11508d0d11bae5fad6e9762ff96740c992ae4f19d9274ab56", kill_on_drop: false }`
[INFO] running `Command { std: "docker" "rm" "-f" "3c97d3a6ea5090c11508d0d11bae5fad6e9762ff96740c992ae4f19d9274ab56", kill_on_drop: false }`
[INFO] [stdout] 3c97d3a6ea5090c11508d0d11bae5fad6e9762ff96740c992ae4f19d9274ab56
