[INFO] fetching crate strike48-connector 0.6.3...
[INFO] testing strike48-connector-0.6.3 against 1.99.0-beta.8 for beta-1.100-2
[INFO] extracting crate strike48-connector 0.6.3 into /workspace/builds/worker-6-tc1/source
[INFO] started tweaking crates.io crate strike48-connector 0.6.3
[INFO] removed 0 missing examples
[INFO] removed 0 missing tests
[INFO] finished tweaking crates.io crate strike48-connector 0.6.3
[INFO] tweaked toml for crates.io crate strike48-connector 0.6.3 written to /workspace/builds/worker-6-tc1/source/Cargo.toml
[INFO] validating manifest of crates.io crate strike48-connector 0.6.3 on toolchain 1.99.0-beta.8
[INFO] running `Command { std: CARGO_HOME="/workspace/cargo-home" RUSTUP_HOME="/workspace/rustup-home" "/workspace/cargo-home/bin/cargo" "+1.99.0-beta.8" "metadata" "--manifest-path" "Cargo.toml" "--no-deps", kill_on_drop: false }`
[INFO] crate crates.io crate strike48-connector 0.6.3 already has a lockfile, it will not be regenerated
[INFO] running `Command { std: CARGO_HOME="/workspace/cargo-home" RUSTUP_HOME="/workspace/rustup-home" "/workspace/cargo-home/bin/cargo" "+1.99.0-beta.8" "fetch" "--manifest-path" "Cargo.toml", kill_on_drop: false }`
[INFO] [stderr]     Blocking waiting for file lock on package cache
[INFO] [stderr]     Updating crates.io index
[INFO] [stderr]     Blocking waiting for file lock on package cache
[INFO] [stderr]  Downloading crates ...
[INFO] [stderr]   Downloaded wasm-bindgen-macro v0.2.127
[INFO] [stderr]   Downloaded wasm-bindgen-shared v0.2.127
[INFO] [stderr]   Downloaded windows-threading v0.2.1
[INFO] [stderr]   Downloaded is-docker v0.2.0
[INFO] [stderr]   Downloaded windows-numerics v0.3.1
[INFO] [stderr]   Downloaded wasm-bindgen v0.2.127
[INFO] [stderr]   Downloaded rand_pcg v0.10.2
[INFO] [stderr]   Downloaded hostname v0.3.1
[INFO] [stderr]   Downloaded tokio-test v0.4.5
[INFO] [stderr]   Downloaded is-wsl v0.4.0
[INFO] [stderr]   Downloaded windows-collections v0.3.2
[INFO] [stderr]   Downloaded wasm-bindgen-futures v0.4.77
[INFO] [stderr]   Downloaded strike48-proto v0.6.3
[INFO] [stderr]   Downloaded js-sys v0.3.104
[INFO] [stderr]   Downloaded match_cfg v0.1.0
[INFO] [stderr]   Downloaded windows-future v0.3.2
[INFO] [stderr]   Downloaded schemars_derive v0.8.22
[INFO] [stderr]   Downloaded android_system_properties v0.1.6
[INFO] [stderr]   Downloaded tonic-build v0.12.3
[INFO] [stderr]   Downloaded quinn-udp v0.5.15
[INFO] [stderr]   Downloaded ipnet v2.12.1
[INFO] [stderr]   Downloaded http-body-util v0.1.5
[INFO] [stderr]   Downloaded simple_asn1 v0.6.4
[INFO] [stderr]   Downloaded time-macros v0.2.32
[INFO] [stderr]   Downloaded tokio-stream v0.1.19
[INFO] [stderr]   Downloaded find-msvc-tools v0.1.11
[INFO] [stderr]   Downloaded schemars v0.8.22
[INFO] [stderr]   Downloaded open v5.4.1
[INFO] [stderr]   Downloaded metrics v0.24.6
[INFO] [stderr]   Downloaded rand v0.8.7
[INFO] [stderr]   Downloaded openssl-sys v0.9.117
[INFO] [stderr]   Downloaded wasm-bindgen-macro-support v0.2.127
[INFO] [stderr]   Downloaded uuid v1.25.0
[INFO] [stderr]   Downloaded tonic v0.12.3
[INFO] [stderr]   Downloaded cc v1.4.4
[INFO] [stderr]   Downloaded jsonwebtoken v10.4.0
[INFO] [stderr]   Downloaded h2 v0.4.18
[INFO] [stderr]   Downloaded hyper v1.11.0
[INFO] [stderr]   Downloaded sysinfo v0.38.4
[INFO] [stderr]   Downloaded aws-lc-rs v1.18.0
[INFO] [stderr]   Downloaded quinn-proto v0.11.17
[INFO] [stderr]   Downloaded objc2-io-kit v0.3.2
[INFO] [stderr]   Downloaded openssl v0.10.81
[INFO] [stderr]   Downloaded rustls v0.23.43
[INFO] [stderr]   Downloaded web-sys v0.3.104
[INFO] [stderr]   Downloaded windows v0.62.2
[INFO] [stderr]   Downloaded aws-lc-sys v0.44.0
[INFO] running `Command { std: "docker" "create" "-v" "/var/lib/crater-agent-workspace/builds/worker-6-tc1/source:/opt/rustwide/workdir:ro,Z" "-v" "/var/lib/crater-agent-workspace/builds/worker-6-tc1/target:/opt/rustwide/target:rw,Z" "-v" "/var/lib/crater-agent-workspace/cargo-home:/opt/rustwide/cargo-home:ro,Z" "-v" "/var/lib/crater-agent-workspace/rustup-home:/opt/rustwide/rustup-home:ro,Z" "-m" "1610612736" "--network" "none" "ghcr.io/rust-lang/crates-build-env/linux@sha256:3111399a4047eeb3a02b7a90e478d715f38a8c6669b5c4b49d30a17385265909" "sleep" "infinity", kill_on_drop: false }`
[INFO] [stdout] c5e500fbcf96dce1f9bf882d3a0cc2c2f726f7bcfbed3c1c583197a5041189f7
[INFO] running `Command { std: "docker" "start" "c5e500fbcf96dce1f9bf882d3a0cc2c2f726f7bcfbed3c1c583197a5041189f7", kill_on_drop: false }`
[INFO] running `Command { std: "docker" "inspect" "c5e500fbcf96dce1f9bf882d3a0cc2c2f726f7bcfbed3c1c583197a5041189f7", kill_on_drop: false }`
[INFO] running `Command { std: "docker" "exec" "-e" "SOURCE_DIR=/opt/rustwide/workdir" "-e" "CARGO_HOME=/opt/rustwide/cargo-home" "-e" "RUSTUP_HOME=/opt/rustwide/rustup-home" "-e" "CARGO_TARGET_DIR=/opt/rustwide/target" "-w" "/opt/rustwide/workdir" "--user" "0:0" "c5e500fbcf96dce1f9bf882d3a0cc2c2f726f7bcfbed3c1c583197a5041189f7" "/opt/rustwide/cargo-home/bin/cargo" "+1.99.0-beta.8" "metadata" "--no-deps" "--format-version=1", kill_on_drop: false }`
[INFO] running `Command { std: "docker" "inspect" "c5e500fbcf96dce1f9bf882d3a0cc2c2f726f7bcfbed3c1c583197a5041189f7", kill_on_drop: false }`
[INFO] running `Command { std: "docker" "exec" "-e" "SOURCE_DIR=/opt/rustwide/workdir" "-e" "CARGO_HOME=/opt/rustwide/cargo-home" "-e" "RUSTUP_HOME=/opt/rustwide/rustup-home" "-e" "CARGO_TARGET_DIR=/opt/rustwide/target" "-e" "CARGO_INCREMENTAL=0" "-e" "RUST_BACKTRACE=full" "-e" "RUSTFLAGS=--cap-lints=warn" "-e" "RUSTDOCFLAGS=--cap-lints=warn" "-w" "/opt/rustwide/workdir" "--user" "0:0" "c5e500fbcf96dce1f9bf882d3a0cc2c2f726f7bcfbed3c1c583197a5041189f7" "/opt/rustwide/cargo-home/bin/cargo" "+1.99.0-beta.8" "build" "--frozen" "--message-format=json", kill_on_drop: false }`
[INFO] [stderr]    Compiling syn v2.0.119
[INFO] [stderr]    Compiling syn v3.0.3
[INFO] [stderr]    Compiling jobserver v0.1.35
[INFO] [stderr]    Compiling find-msvc-tools v0.1.11
[INFO] [stderr]    Compiling pin-project-lite v0.2.17
[INFO] [stderr]    Compiling pkg-config v0.3.34
[INFO] [stderr]    Compiling once_cell v1.21.4
[INFO] [stderr]    Compiling smallvec v1.15.2
[INFO] [stderr]    Compiling bytes v1.12.1
[INFO] [stderr]    Compiling memchr v2.8.3
[INFO] [stderr]    Compiling futures-core v0.3.34
[INFO] [stderr]    Compiling errno v0.3.14
[INFO] [stderr]    Compiling futures-sink v0.3.34
[INFO] [stderr]    Compiling socket2 v0.6.5
[INFO] [stderr]    Compiling mio v1.2.2
[INFO] [stderr]    Compiling slab v0.4.12
[INFO] [stderr]    Compiling hashbrown v0.17.1
[INFO] [stderr]    Compiling signal-hook-registry v1.4.8
[INFO] [stderr]    Compiling equivalent v1.0.2
[INFO] [stderr]    Compiling futures-channel v0.3.34
[INFO] [stderr]    Compiling dunce v1.0.5
[INFO] [stderr]    Compiling futures-task v0.3.34
[INFO] [stderr]    Compiling parking_lot_core v0.9.12
[INFO] [stderr]    Compiling anyhow v1.0.104
[INFO] [stderr]    Compiling fs_extra v1.3.0
[INFO] [stderr]    Compiling stable_deref_trait v1.2.1
[INFO] [stderr]    Compiling cc v1.4.4
[INFO] [stderr]    Compiling futures-io v0.3.34
[INFO] [stderr]    Compiling parking_lot v0.12.5
[INFO] [stderr]    Compiling either v1.18.0
[INFO] [stderr]    Compiling tracing-core v0.1.36
[INFO] [stderr]    Compiling getrandom v0.2.17
[INFO] [stderr]    Compiling zerocopy v0.8.56
[INFO] [stderr]    Compiling log v0.4.34
[INFO] [stderr]    Compiling aws-lc-rs v1.18.0
[INFO] [stderr]    Compiling itertools v0.14.0
[INFO] [stderr]    Compiling tower-service v0.3.3
[INFO] [stderr]    Compiling httparse v1.10.1
[INFO] [stderr]    Compiling percent-encoding v2.3.2
[INFO] [stderr]    Compiling http v1.5.0
[INFO] [stderr]    Compiling getrandom v0.4.3
[INFO] [stderr]    Compiling serde_core v1.0.229
[INFO] [stderr]    Compiling rustix v1.1.4
[INFO] [stderr]    Compiling version_check v0.9.5
[INFO] [stderr]    Compiling vcpkg v0.2.15
[INFO] [stderr]    Compiling writeable v0.6.4
[INFO] [stderr]    Compiling untrusted v0.7.1
[INFO] [stderr]    Compiling linux-raw-sys v0.12.1
[INFO] [stderr]    Compiling indexmap v2.14.0
[INFO] [stderr]    Compiling cmake v0.1.58
[INFO] [stderr]    Compiling litemap v0.8.3
[INFO] [stderr]    Compiling bitflags v2.13.1
[INFO] [stderr]    Compiling regex-syntax v0.8.11
[INFO] [stderr]    Compiling generic-array v0.14.7
[INFO] [stderr]    Compiling prettyplease v0.2.37
[INFO] [stderr]    Compiling serde v1.0.229
[INFO] [stderr]    Compiling icu_properties_data v2.3.0
[INFO] [stderr]    Compiling icu_normalizer_data v2.3.0
[INFO] [stderr]    Compiling utf8_iter v1.0.4
[INFO] [stderr]    Compiling tower-layer v0.3.3
[INFO] [stderr]    Compiling rustversion v1.0.23
[INFO] [stderr]    Compiling atomic-waker v1.1.2
[INFO] [stderr]    Compiling fastrand v2.5.0
[INFO] [stderr]    Compiling untrusted v0.9.0
[INFO] [stderr]    Compiling typenum v1.20.1
[INFO] [stderr]    Compiling try-lock v0.2.5
[INFO] [stderr]    Compiling fnv v1.0.7
[INFO] [stderr]    Compiling fixedbitset v0.5.7
[INFO] [stderr]    Compiling base64 v0.22.1
[INFO] [stderr]    Compiling want v0.3.1
[INFO] [stderr]    Compiling num-traits v0.2.19
[INFO] [stderr]    Compiling sync_wrapper v1.0.2
[INFO] [stderr]    Compiling openssl-probe v0.2.1
[INFO] [stderr]    Compiling heck v0.5.0
[INFO] [stderr]    Compiling getrandom v0.3.4
[INFO] [stderr]    Compiling aws-lc-sys v0.44.0
[INFO] [stderr]    Compiling ring v0.17.14
[INFO] [stderr]    Compiling openssl-sys v0.9.117
[INFO] [stderr]    Compiling petgraph v0.7.1
[INFO] [stderr]    Compiling multimap v0.10.1
[INFO] [stderr]    Compiling httpdate v1.0.3
[INFO] [stderr]    Compiling rustls v0.23.43
[INFO] [stderr]    Compiling http-body v1.1.0
[INFO] [stderr]    Compiling ipnet v2.12.1
[INFO] [stderr]    Compiling thiserror v2.0.20
[INFO] [stderr]    Compiling foreign-types-shared v0.1.1
[INFO] [stderr]    Compiling regex-automata v0.4.18
[INFO] [stderr]    Compiling subtle v2.6.1
[INFO] [stderr]    Compiling openssl v0.10.81
[INFO] [stderr]    Compiling foreign-types v0.3.2
[INFO] [stderr]    Compiling http-body-util v0.1.5
[INFO] [stderr]    Compiling rand_core v0.6.4
[INFO] [stderr]    Compiling indexmap v1.9.3
[INFO] [stderr]    Compiling native-tls v0.2.18
[INFO] [stderr]    Compiling rand_core v0.9.5
[INFO] [stderr]    Compiling aho-corasick v1.1.5
[INFO] [stderr]    Compiling form_urlencoded v1.2.2
[INFO] [stderr]    Compiling time-core v0.1.9
[INFO] [stderr]    Compiling num-conv v0.2.2
[INFO] [stderr]    Compiling cpufeatures v0.2.17
[INFO] [stderr]    Compiling hashbrown v0.12.3
[INFO] [stderr]    Compiling mime v0.3.17
[INFO] [stderr]    Compiling block-buffer v0.10.4
[INFO] [stderr]    Compiling crypto-common v0.1.7
[INFO] [stderr]    Compiling digest v0.10.7
[INFO] [stderr]    Compiling num-integer v0.1.47
[INFO] [stderr]    Compiling time-macros v0.2.32
[INFO] [stderr]    Compiling serde_json v1.0.151
[INFO] [stderr]    Compiling matchit v0.7.3
[INFO] [stderr]    Compiling deranged v0.5.8
[INFO] [stderr]    Compiling powerfmt v0.2.0
[INFO] [stderr]    Compiling num-bigint v0.4.8
[INFO] [stderr]    Compiling sha1 v0.10.7
[INFO] [stderr]    Compiling is-docker v0.2.0
[INFO] [stderr]    Compiling socket2 v0.5.10
[INFO] [stderr]    Compiling regex v1.13.1
[INFO] [stderr]    Compiling utf-8 v0.7.6
[INFO] [stderr]    Compiling tempfile v3.27.0
[INFO] [stderr]    Compiling thiserror v1.0.69
[INFO] [stderr]    Compiling schemars v0.8.22
[INFO] [stderr]    Compiling ryu v1.0.23
[INFO] [stderr]    Compiling lazy_static v1.5.0
[INFO] [stderr]    Compiling data-encoding v2.11.1
[INFO] [stderr]    Compiling sharded-slab v0.1.7
[INFO] [stderr]    Compiling is-wsl v0.4.0
[INFO] [stderr]    Compiling rapidhash v4.5.1
[INFO] [stderr]    Compiling pem v3.0.6
[INFO] [stderr]    Compiling tracing-log v0.2.0
[INFO] [stderr]    Compiling thread_local v1.1.10
[INFO] [stderr]    Compiling iana-time-zone v0.1.65
[INFO] [stderr]    Compiling dyn-clone v1.0.20
[INFO] [stderr]    Compiling signature v2.2.0
[INFO] [stderr]    Compiling match_cfg v0.1.0
[INFO] [stderr]    Compiling nu-ansi-term v0.50.3
[INFO] [stderr]    Compiling hostname v0.3.1
[INFO] [stderr]    Compiling chrono v0.4.45
[INFO] [stderr]    Compiling metrics v0.24.6
[INFO] [stderr]    Compiling time v0.3.55
[INFO] [stderr]    Compiling open v5.4.1
[INFO] [stderr]    Compiling sha2 v0.10.9
[INFO] [stderr]    Compiling uuid v1.25.0
[INFO] [stderr]    Compiling sysinfo v0.38.4
[INFO] [stderr]    Compiling synstructure v0.13.2
[INFO] [stderr]    Compiling serde_derive_internals v0.29.1
[INFO] [stderr]    Compiling ppv-lite86 v0.2.21
[INFO] [stderr]    Compiling urlencoding v2.1.3
[INFO] [stderr]    Compiling hex v0.4.3
[INFO] [stderr]    Compiling rand_chacha v0.3.1
[INFO] [stderr]    Compiling rand_chacha v0.9.0
[INFO] [stderr]    Compiling rand v0.8.7
[INFO] [stderr]    Compiling rand v0.9.5
[INFO] [stderr]    Compiling tokio-macros v2.7.2
[INFO] [stderr]    Compiling futures-macro v0.3.34
[INFO] [stderr]    Compiling zerovec-derive v0.11.6
[INFO] [stderr]    Compiling displaydoc v0.2.7
[INFO] [stderr]    Compiling serde_derive v1.0.229
[INFO] [stderr]    Compiling thiserror-impl v2.0.20
[INFO] [stderr]    Compiling async-trait v0.1.92
[INFO] [stderr]    Compiling zerofrom-derive v0.1.7
[INFO] [stderr]    Compiling yoke-derive v0.8.2
[INFO] [stderr]    Compiling zeroize_derive v1.5.0
[INFO] [stderr]    Compiling prost-derive v0.13.5
[INFO] [stderr]    Compiling tracing-attributes v0.1.31
[INFO] [stderr]    Compiling openssl-macros v0.1.1
[INFO] [stderr]    Compiling tokio v1.53.1
[INFO] [stderr]    Compiling futures-util v0.3.34
[INFO] [stderr]    Compiling pin-project-internal v1.1.13
[INFO] [stderr]    Compiling zeroize v1.9.0
[INFO] [stderr]    Compiling async-stream-impl v0.3.6
[INFO] [stderr]    Compiling rustls-pki-types v1.15.1
[INFO] [stderr]    Compiling thiserror-impl v1.0.69
[INFO] [stderr]    Compiling zerofrom v0.1.8
[INFO] [stderr]    Compiling schemars_derive v0.8.22
[INFO] [stderr]    Compiling simple_asn1 v0.6.4
[INFO] [stderr]    Compiling yoke v0.8.3
[INFO] [stderr]    Compiling async-stream v0.3.6
[INFO] [stderr]    Compiling rustls-native-certs v0.8.4
[INFO] [stderr]    Compiling zerovec v0.11.8
[INFO] [stderr]    Compiling zerotrie v0.2.5
[INFO] [stderr]    Compiling tracing v0.1.44
[INFO] [stderr]    Compiling pin-project v1.1.13
[INFO] [stderr]    Compiling webpki-roots v1.0.9
[INFO] [stderr]    Compiling prost v0.13.5
[INFO] [stderr]    Compiling rustls-pemfile v2.2.0
[INFO] [stderr]    Compiling tinystr v0.8.4
[INFO] [stderr]    Compiling potential_utf v0.1.6
[INFO] [stderr]    Compiling icu_locale_core v2.3.0
[INFO] [stderr]    Compiling icu_collections v2.3.0
[INFO] [stderr]    Compiling prost-types v0.13.5
[INFO] [stderr]    Compiling icu_provider v2.3.1
[INFO] [stderr]    Compiling matchers v0.2.0
[INFO] [stderr]    Compiling icu_normalizer v2.3.0
[INFO] [stderr]    Compiling icu_properties v2.3.0
[INFO] [stderr]    Compiling tracing-subscriber v0.3.23
[INFO] [stderr]    Compiling serde_urlencoded v0.7.1
[INFO] [stderr]    Compiling axum-core v0.4.5
[INFO] [stderr]    Compiling futures-executor v0.3.34
[INFO] [stderr]    Compiling futures v0.3.34
[INFO] [stderr]    Compiling prost-build v0.13.5
[INFO] [stderr]    Compiling idna_adapter v1.2.2
[INFO] [stderr]    Compiling idna v1.1.0
[INFO] [stderr]    Compiling tungstenite v0.26.2
[INFO] [stderr]    Compiling url v2.5.8
[INFO] [stderr]    Compiling tonic-build v0.12.3
[INFO] [stderr]    Compiling tokio-util v0.7.19
[INFO] [stderr]    Compiling tower v0.5.3
[INFO] [stderr]    Compiling tokio-stream v0.1.19
[INFO] [stderr]    Compiling tokio-native-tls v0.3.1
[INFO] [stderr]    Compiling strike48-proto v0.6.3
[INFO] [stderr]    Compiling strike48-connector v0.6.3 (/opt/rustwide/workdir)
[INFO] [stderr]    Compiling tokio-tungstenite v0.26.2
[INFO] [stderr]    Compiling h2 v0.4.18
[INFO] [stderr]    Compiling tower v0.4.13
[INFO] [stderr]    Compiling tower-http v0.6.11
[INFO] [stderr]    Compiling axum v0.7.9
[INFO] [stderr]    Compiling hyper v1.11.0
[INFO] [stderr]    Compiling hyper-util v0.1.20
[INFO] [stderr]    Compiling hyper-timeout v0.5.2
[INFO] [stderr] warning: strike48-connector@0.6.3: skipping mock-server proto stubs: ../proto/proto/connector_service.proto not present (expected in publish-verify or out-of-workspace builds; integration tests in tests/ are not compiled in this context)
[INFO] [stderr]    Compiling rustls-webpki v0.103.15
[INFO] [stderr]    Compiling jsonwebtoken v10.4.0
[INFO] [stderr]    Compiling tokio-rustls v0.26.4
[INFO] [stderr]    Compiling tonic v0.12.3
[INFO] [stderr]    Compiling hyper-rustls v0.27.9
[INFO] [stderr]    Compiling reqwest v0.12.28
[INFO] [stderr]     Finished `dev` profile [unoptimized + debuginfo] target(s) in 1m 55s
[INFO] running `Command { std: "docker" "inspect" "c5e500fbcf96dce1f9bf882d3a0cc2c2f726f7bcfbed3c1c583197a5041189f7", kill_on_drop: false }`
[INFO] running `Command { std: "docker" "exec" "-e" "SOURCE_DIR=/opt/rustwide/workdir" "-e" "CARGO_HOME=/opt/rustwide/cargo-home" "-e" "RUSTUP_HOME=/opt/rustwide/rustup-home" "-e" "CARGO_TARGET_DIR=/opt/rustwide/target" "-e" "CARGO_INCREMENTAL=0" "-e" "RUST_BACKTRACE=full" "-e" "RUSTFLAGS=--cap-lints=warn" "-e" "RUSTDOCFLAGS=--cap-lints=warn" "-w" "/opt/rustwide/workdir" "--user" "0:0" "c5e500fbcf96dce1f9bf882d3a0cc2c2f726f7bcfbed3c1c583197a5041189f7" "/opt/rustwide/cargo-home/bin/cargo" "+1.99.0-beta.8" "test" "--frozen" "--no-run" "--message-format=json", kill_on_drop: false }`
[INFO] [stderr]    Compiling bitflags v2.13.1
[INFO] [stderr]    Compiling tokio v1.53.1
[INFO] [stderr]    Compiling rustix v1.1.4
[INFO] [stderr]    Compiling linux-raw-sys v0.12.1
[INFO] [stderr]    Compiling fastrand v2.5.0
[INFO] [stderr]    Compiling openssl v0.10.81
[INFO] [stderr]    Compiling tempfile v3.27.0
[INFO] [stderr]    Compiling prost-build v0.13.5
[INFO] [stderr]    Compiling tonic-build v0.12.3
[INFO] [stderr]    Compiling native-tls v0.2.18
[INFO] [stderr]    Compiling tungstenite v0.26.2
[INFO] [stderr]    Compiling strike48-proto v0.6.3
[INFO] [stderr]    Compiling strike48-connector v0.6.3 (/opt/rustwide/workdir)
[INFO] [stderr] warning: strike48-connector@0.6.3: skipping mock-server proto stubs: ../proto/proto/connector_service.proto not present (expected in publish-verify or out-of-workspace builds; integration tests in tests/ are not compiled in this context)
[INFO] [stderr]    Compiling tokio-util v0.7.19
[INFO] [stderr]    Compiling tower v0.5.3
[INFO] [stderr]    Compiling tokio-rustls v0.26.4
[INFO] [stderr]    Compiling tokio-stream v0.1.19
[INFO] [stderr]    Compiling tokio-native-tls v0.3.1
[INFO] [stderr]    Compiling tokio-tungstenite v0.26.2
[INFO] [stderr]    Compiling tokio-test v0.4.5
[INFO] [stderr]    Compiling axum v0.7.9
[INFO] [stderr]    Compiling tower-http v0.6.11
[INFO] [stderr]    Compiling h2 v0.4.18
[INFO] [stderr]    Compiling tower v0.4.13
[INFO] [stderr]    Compiling hyper v1.11.0
[INFO] [stderr]    Compiling hyper-util v0.1.20
[INFO] [stderr]    Compiling hyper-timeout v0.5.2
[INFO] [stderr]    Compiling hyper-rustls v0.27.9
[INFO] [stderr]    Compiling tonic v0.12.3
[INFO] [stderr]    Compiling reqwest v0.12.28
[INFO] [stdout] error: couldn't find file `/opt/rustwide/target/debug/build/strike48-connector-e1fcbdfef3a4ef56/out/matrix.connectors.v1.rs`
[INFO] [stdout]   --> tests/common/mock_grpc_server.rs:36:5
[INFO] [stdout]    |
[INFO] [stdout] 36 |     tonic::include_proto!("matrix.connectors.v1");
[INFO] [stdout]    |     ^^^^^^^^^^^^^^^^^^^^^^^^^^^^^^^^^^^^^^^^^^^^^
[INFO] [stdout]    |
[INFO] [stdout]    = note: this error originates in the macro `include` which comes from the expansion of the macro `tonic::include_proto` (in Nightly builds, run with -Z macro-backtrace for more info)
[INFO] [stdout] 
[INFO] [stdout] 
[INFO] [stdout] error: couldn't find file `/opt/rustwide/target/debug/build/strike48-connector-e1fcbdfef3a4ef56/out/matrix.connectors.v1.rs`
[INFO] [stdout]   --> tests/common/mock_grpc_server.rs:36:5
[INFO] [stdout]    |
[INFO] [stdout] 36 |     tonic::include_proto!("matrix.connectors.v1");
[INFO] [stdout]    |     ^^^^^^^^^^^^^^^^^^^^^^^^^^^^^^^^^^^^^^^^^^^^^
[INFO] [stdout]    |
[INFO] [stdout]    = note: this error originates in the macro `include` which comes from the expansion of the macro `tonic::include_proto` (in Nightly builds, run with -Z macro-backtrace for more info)
[INFO] [stdout] 
[INFO] [stdout] 
[INFO] [stderr] warning: strike48-connector@0.6.3: skipping mock-server proto stubs: ../proto/proto/connector_service.proto not present (expected in publish-verify or out-of-workspace builds; integration tests in tests/ are not compiled in this context)
[INFO] [stderr] error: could not compile `strike48-connector` (test "multi_connector_websocket") due to 1 previous error
[INFO] [stderr] warning: build failed, waiting for other jobs to finish...
[INFO] [stderr] warning: strike48-connector@0.6.3: skipping mock-server proto stubs: ../proto/proto/connector_service.proto not present (expected in publish-verify or out-of-workspace builds; integration tests in tests/ are not compiled in this context)
[INFO] [stderr] error: could not compile `strike48-connector` (test "multi_connector_grpc") due to 1 previous error
[INFO] [stderr] warning: strike48-connector@0.6.3: skipping mock-server proto stubs: ../proto/proto/connector_service.proto not present (expected in publish-verify or out-of-workspace builds; integration tests in tests/ are not compiled in this context)
[INFO] [stderr] error: could not compile `strike48-connector` (example "ws_multiplex_e2e")
[INFO] [stderr] 
[INFO] [stderr] Caused by:
[INFO] [stderr]   process didn't exit successfully: `/opt/rustwide/rustup-home/toolchains/1.99.0-beta.8-x86_64-unknown-linux-gnu/bin/rustc --crate-name ws_multiplex_e2e --edition=2024 examples/ws_multiplex_e2e.rs --error-format=json --json=diagnostic-rendered-ansi,artifacts,future-incompat --crate-type bin --emit=dep-info,link -C embed-bitcode=no -C debuginfo=2 --check-cfg 'cfg(docsrs,test)' --check-cfg 'cfg(feature, values())' -C metadata=5c2cb8f52259ebf4 -C extra-filename=-100e7141b3d3b8e8 --out-dir /opt/rustwide/target/debug/examples -L dependency=/opt/rustwide/target/debug/deps --extern async_stream=/opt/rustwide/target/debug/deps/libasync_stream-00bec7274f33fad3.rlib --extern async_trait=/opt/rustwide/target/debug/deps/libasync_trait-ce05d982cd900e23.so --extern aws_lc_rs=/opt/rustwide/target/debug/deps/libaws_lc_rs-9ceafacb2a74e3f8.rlib --extern base64=/opt/rustwide/target/debug/deps/libbase64-32787b0325ea6df8.rlib --extern bytes=/opt/rustwide/target/debug/deps/libbytes-5f66263ae3d5daa8.rlib --extern chrono=/opt/rustwide/target/debug/deps/libchrono-5ad81a77bd567b34.rlib --extern futures=/opt/rustwide/target/debug/deps/libfutures-a8a5b9b5e1206bc1.rlib --extern futures_util=/opt/rustwide/target/debug/deps/libfutures_util-b9914b4eae9365d2.rlib --extern hex=/opt/rustwide/target/debug/deps/libhex-13e08b3b00984ab7.rlib --extern hostname=/opt/rustwide/target/debug/deps/libhostname-ac58770b475b88e6.rlib --extern http=/opt/rustwide/target/debug/deps/libhttp-0cd9be9a4e5a2536.rlib --extern hyper_util=/opt/rustwide/target/debug/deps/libhyper_util-4e69688fc6258001.rlib --extern jsonwebtoken=/opt/rustwide/target/debug/deps/libjsonwebtoken-5d6895775d2f8330.rlib --extern metrics=/opt/rustwide/target/debug/deps/libmetrics-bc17f658d3ea48b3.rlib --extern native_tls=/opt/rustwide/target/debug/deps/libnative_tls-2d552d447a370ecc.rlib --extern open=/opt/rustwide/target/debug/deps/libopen-c6f3833432f1e987.rlib --extern prost=/opt/rustwide/target/debug/deps/libprost-13d1cd7d09b04c83.rlib --extern prost_types=/opt/rustwide/target/debug/deps/libprost_types-986e9f728b69b42d.rlib --extern rand=/opt/rustwide/target/debug/deps/librand-6b2b6defe6215743.rlib --extern regex=/opt/rustwide/target/debug/deps/libregex-029e208a761ef295.rlib --extern reqwest=/opt/rustwide/target/debug/deps/libreqwest-52234f7c1019571a.rlib --extern rustls=/opt/rustwide/target/debug/deps/librustls-4886b2603468ca41.rlib --extern rustls_pemfile=/opt/rustwide/target/debug/deps/librustls_pemfile-c45e5582506bd6c0.rlib --extern schemars=/opt/rustwide/target/debug/deps/libschemars-daeccd6f4620bc2e.rlib --extern serde=/opt/rustwide/target/debug/deps/libserde-6413f1bbe2b1c61f.rlib --extern serde_json=/opt/rustwide/target/debug/deps/libserde_json-7a51d6f1ff28ecb0.rlib --extern sha2=/opt/rustwide/target/debug/deps/libsha2-11a5c516e6a4becd.rlib --extern strike48_connector=/opt/rustwide/target/debug/deps/libstrike48_connector-e219319f0bb4b6c6.rlib --extern strike48_proto=/opt/rustwide/target/debug/deps/libstrike48_proto-e88ca4d2fa27ef7a.rlib --extern sysinfo=/opt/rustwide/target/debug/deps/libsysinfo-86bb1ad72ce41b78.rlib --extern tempfile=/opt/rustwide/target/debug/deps/libtempfile-1de48071c4d261c5.rlib --extern thiserror=/opt/rustwide/target/debug/deps/libthiserror-1fce8d25499179c2.rlib --extern tokio=/opt/rustwide/target/debug/deps/libtokio-ad9e435ddf982485.rlib --extern tokio_rustls=/opt/rustwide/target/debug/deps/libtokio_rustls-f0c4474341383c94.rlib --extern tokio_stream=/opt/rustwide/target/debug/deps/libtokio_stream-6ecc1191bd3ddf78.rlib --extern tokio_test=/opt/rustwide/target/debug/deps/libtokio_test-774632649300b7fe.rlib --extern tokio_tungstenite=/opt/rustwide/target/debug/deps/libtokio_tungstenite-0141d685c0a303a5.rlib --extern tonic=/opt/rustwide/target/debug/deps/libtonic-2c3876dc8a656d3a.rlib --extern tower_service=/opt/rustwide/target/debug/deps/libtower_service-3fb88d28c2218805.rlib --extern tracing=/opt/rustwide/target/debug/deps/libtracing-a3e7a86b8ea28662.rlib --extern tracing_subscriber=/opt/rustwide/target/debug/deps/libtracing_subscriber-569f135e6d97359c.rlib --extern urlencoding=/opt/rustwide/target/debug/deps/liburlencoding-061758bc6028ea3e.rlib --extern uuid=/opt/rustwide/target/debug/deps/libuuid-e5c6fa090446f561.rlib --extern webpki_roots=/opt/rustwide/target/debug/deps/libwebpki_roots-fb9af8ae844dbb4e.rlib --cap-lints=warn -L native=/opt/rustwide/target/debug/build/aws-lc-sys-b83d34e22e3c4dce/out -L native=/opt/rustwide/target/debug/build/ring-3ce38ad1fd3f5c0b/out` (signal: 9, SIGKILL: kill)
[INFO] [stderr] warning: strike48-connector@0.6.3: skipping mock-server proto stubs: ../proto/proto/connector_service.proto not present (expected in publish-verify or out-of-workspace builds; integration tests in tests/ are not compiled in this context)
[INFO] [stderr] error: could not compile `strike48-connector` (lib test)
[INFO] [stderr] 
[INFO] [stderr] Caused by:
[INFO] [stderr]   process didn't exit successfully: `/opt/rustwide/rustup-home/toolchains/1.99.0-beta.8-x86_64-unknown-linux-gnu/bin/rustc --crate-name strike48_connector --edition=2024 src/lib.rs --error-format=json --json=diagnostic-rendered-ansi,artifacts,future-incompat --emit=dep-info,link -C embed-bitcode=no -C debuginfo=2 --test --check-cfg 'cfg(docsrs,test)' --check-cfg 'cfg(feature, values())' -C metadata=5f02353a39326dec -C extra-filename=-d583c4d24a3f2047 --out-dir /opt/rustwide/target/debug/deps -L dependency=/opt/rustwide/target/debug/deps --extern async_stream=/opt/rustwide/target/debug/deps/libasync_stream-00bec7274f33fad3.rlib --extern async_trait=/opt/rustwide/target/debug/deps/libasync_trait-ce05d982cd900e23.so --extern aws_lc_rs=/opt/rustwide/target/debug/deps/libaws_lc_rs-9ceafacb2a74e3f8.rlib --extern base64=/opt/rustwide/target/debug/deps/libbase64-32787b0325ea6df8.rlib --extern bytes=/opt/rustwide/target/debug/deps/libbytes-5f66263ae3d5daa8.rlib --extern chrono=/opt/rustwide/target/debug/deps/libchrono-5ad81a77bd567b34.rlib --extern futures=/opt/rustwide/target/debug/deps/libfutures-a8a5b9b5e1206bc1.rlib --extern futures_util=/opt/rustwide/target/debug/deps/libfutures_util-b9914b4eae9365d2.rlib --extern hex=/opt/rustwide/target/debug/deps/libhex-13e08b3b00984ab7.rlib --extern hostname=/opt/rustwide/target/debug/deps/libhostname-ac58770b475b88e6.rlib --extern http=/opt/rustwide/target/debug/deps/libhttp-0cd9be9a4e5a2536.rlib --extern hyper_util=/opt/rustwide/target/debug/deps/libhyper_util-4e69688fc6258001.rlib --extern jsonwebtoken=/opt/rustwide/target/debug/deps/libjsonwebtoken-5d6895775d2f8330.rlib --extern metrics=/opt/rustwide/target/debug/deps/libmetrics-bc17f658d3ea48b3.rlib --extern native_tls=/opt/rustwide/target/debug/deps/libnative_tls-2d552d447a370ecc.rlib --extern open=/opt/rustwide/target/debug/deps/libopen-c6f3833432f1e987.rlib --extern prost=/opt/rustwide/target/debug/deps/libprost-13d1cd7d09b04c83.rlib --extern prost_types=/opt/rustwide/target/debug/deps/libprost_types-986e9f728b69b42d.rlib --extern rand=/opt/rustwide/target/debug/deps/librand-6b2b6defe6215743.rlib --extern regex=/opt/rustwide/target/debug/deps/libregex-029e208a761ef295.rlib --extern reqwest=/opt/rustwide/target/debug/deps/libreqwest-52234f7c1019571a.rlib --extern rustls=/opt/rustwide/target/debug/deps/librustls-4886b2603468ca41.rlib --extern rustls_pemfile=/opt/rustwide/target/debug/deps/librustls_pemfile-c45e5582506bd6c0.rlib --extern schemars=/opt/rustwide/target/debug/deps/libschemars-daeccd6f4620bc2e.rlib --extern serde=/opt/rustwide/target/debug/deps/libserde-6413f1bbe2b1c61f.rlib --extern serde_json=/opt/rustwide/target/debug/deps/libserde_json-7a51d6f1ff28ecb0.rlib --extern sha2=/opt/rustwide/target/debug/deps/libsha2-11a5c516e6a4becd.rlib --extern strike48_proto=/opt/rustwide/target/debug/deps/libstrike48_proto-e88ca4d2fa27ef7a.rlib --extern sysinfo=/opt/rustwide/target/debug/deps/libsysinfo-86bb1ad72ce41b78.rlib --extern tempfile=/opt/rustwide/target/debug/deps/libtempfile-1de48071c4d261c5.rlib --extern thiserror=/opt/rustwide/target/debug/deps/libthiserror-1fce8d25499179c2.rlib --extern tokio=/opt/rustwide/target/debug/deps/libtokio-ad9e435ddf982485.rlib --extern tokio_rustls=/opt/rustwide/target/debug/deps/libtokio_rustls-f0c4474341383c94.rlib --extern tokio_stream=/opt/rustwide/target/debug/deps/libtokio_stream-6ecc1191bd3ddf78.rlib --extern tokio_test=/opt/rustwide/target/debug/deps/libtokio_test-774632649300b7fe.rlib --extern tokio_tungstenite=/opt/rustwide/target/debug/deps/libtokio_tungstenite-0141d685c0a303a5.rlib --extern tonic=/opt/rustwide/target/debug/deps/libtonic-2c3876dc8a656d3a.rlib --extern tower_service=/opt/rustwide/target/debug/deps/libtower_service-3fb88d28c2218805.rlib --extern tracing=/opt/rustwide/target/debug/deps/libtracing-a3e7a86b8ea28662.rlib --extern tracing_subscriber=/opt/rustwide/target/debug/deps/libtracing_subscriber-569f135e6d97359c.rlib --extern urlencoding=/opt/rustwide/target/debug/deps/liburlencoding-061758bc6028ea3e.rlib --extern uuid=/opt/rustwide/target/debug/deps/libuuid-e5c6fa090446f561.rlib --extern webpki_roots=/opt/rustwide/target/debug/deps/libwebpki_roots-fb9af8ae844dbb4e.rlib --cap-lints=warn -L native=/opt/rustwide/target/debug/build/aws-lc-sys-b83d34e22e3c4dce/out -L native=/opt/rustwide/target/debug/build/ring-3ce38ad1fd3f5c0b/out` (signal: 9, SIGKILL: kill)
[INFO] [stderr] warning: strike48-connector@0.6.3: skipping mock-server proto stubs: ../proto/proto/connector_service.proto not present (expected in publish-verify or out-of-workspace builds; integration tests in tests/ are not compiled in this context)
[INFO] [stderr] error: could not compile `strike48-connector` (example "mixed_connectors")
[INFO] [stderr] 
[INFO] [stderr] Caused by:
[INFO] [stderr]   process didn't exit successfully: `/opt/rustwide/rustup-home/toolchains/1.99.0-beta.8-x86_64-unknown-linux-gnu/bin/rustc --crate-name mixed_connectors --edition=2024 examples/mixed_connectors.rs --error-format=json --json=diagnostic-rendered-ansi,artifacts,future-incompat --crate-type bin --emit=dep-info,link -C embed-bitcode=no -C debuginfo=2 --check-cfg 'cfg(docsrs,test)' --check-cfg 'cfg(feature, values())' -C metadata=1eba59f2587ec51a -C extra-filename=-ff890ef2af9a8d45 --out-dir /opt/rustwide/target/debug/examples -L dependency=/opt/rustwide/target/debug/deps --extern async_stream=/opt/rustwide/target/debug/deps/libasync_stream-00bec7274f33fad3.rlib --extern async_trait=/opt/rustwide/target/debug/deps/libasync_trait-ce05d982cd900e23.so --extern aws_lc_rs=/opt/rustwide/target/debug/deps/libaws_lc_rs-9ceafacb2a74e3f8.rlib --extern base64=/opt/rustwide/target/debug/deps/libbase64-32787b0325ea6df8.rlib --extern bytes=/opt/rustwide/target/debug/deps/libbytes-5f66263ae3d5daa8.rlib --extern chrono=/opt/rustwide/target/debug/deps/libchrono-5ad81a77bd567b34.rlib --extern futures=/opt/rustwide/target/debug/deps/libfutures-a8a5b9b5e1206bc1.rlib --extern futures_util=/opt/rustwide/target/debug/deps/libfutures_util-b9914b4eae9365d2.rlib --extern hex=/opt/rustwide/target/debug/deps/libhex-13e08b3b00984ab7.rlib --extern hostname=/opt/rustwide/target/debug/deps/libhostname-ac58770b475b88e6.rlib --extern http=/opt/rustwide/target/debug/deps/libhttp-0cd9be9a4e5a2536.rlib --extern hyper_util=/opt/rustwide/target/debug/deps/libhyper_util-4e69688fc6258001.rlib --extern jsonwebtoken=/opt/rustwide/target/debug/deps/libjsonwebtoken-5d6895775d2f8330.rlib --extern metrics=/opt/rustwide/target/debug/deps/libmetrics-bc17f658d3ea48b3.rlib --extern native_tls=/opt/rustwide/target/debug/deps/libnative_tls-2d552d447a370ecc.rlib --extern open=/opt/rustwide/target/debug/deps/libopen-c6f3833432f1e987.rlib --extern prost=/opt/rustwide/target/debug/deps/libprost-13d1cd7d09b04c83.rlib --extern prost_types=/opt/rustwide/target/debug/deps/libprost_types-986e9f728b69b42d.rlib --extern rand=/opt/rustwide/target/debug/deps/librand-6b2b6defe6215743.rlib --extern regex=/opt/rustwide/target/debug/deps/libregex-029e208a761ef295.rlib --extern reqwest=/opt/rustwide/target/debug/deps/libreqwest-52234f7c1019571a.rlib --extern rustls=/opt/rustwide/target/debug/deps/librustls-4886b2603468ca41.rlib --extern rustls_pemfile=/opt/rustwide/target/debug/deps/librustls_pemfile-c45e5582506bd6c0.rlib --extern schemars=/opt/rustwide/target/debug/deps/libschemars-daeccd6f4620bc2e.rlib --extern serde=/opt/rustwide/target/debug/deps/libserde-6413f1bbe2b1c61f.rlib --extern serde_json=/opt/rustwide/target/debug/deps/libserde_json-7a51d6f1ff28ecb0.rlib --extern sha2=/opt/rustwide/target/debug/deps/libsha2-11a5c516e6a4becd.rlib --extern strike48_connector=/opt/rustwide/target/debug/deps/libstrike48_connector-e219319f0bb4b6c6.rlib --extern strike48_proto=/opt/rustwide/target/debug/deps/libstrike48_proto-e88ca4d2fa27ef7a.rlib --extern sysinfo=/opt/rustwide/target/debug/deps/libsysinfo-86bb1ad72ce41b78.rlib --extern tempfile=/opt/rustwide/target/debug/deps/libtempfile-1de48071c4d261c5.rlib --extern thiserror=/opt/rustwide/target/debug/deps/libthiserror-1fce8d25499179c2.rlib --extern tokio=/opt/rustwide/target/debug/deps/libtokio-ad9e435ddf982485.rlib --extern tokio_rustls=/opt/rustwide/target/debug/deps/libtokio_rustls-f0c4474341383c94.rlib --extern tokio_stream=/opt/rustwide/target/debug/deps/libtokio_stream-6ecc1191bd3ddf78.rlib --extern tokio_test=/opt/rustwide/target/debug/deps/libtokio_test-774632649300b7fe.rlib --extern tokio_tungstenite=/opt/rustwide/target/debug/deps/libtokio_tungstenite-0141d685c0a303a5.rlib --extern tonic=/opt/rustwide/target/debug/deps/libtonic-2c3876dc8a656d3a.rlib --extern tower_service=/opt/rustwide/target/debug/deps/libtower_service-3fb88d28c2218805.rlib --extern tracing=/opt/rustwide/target/debug/deps/libtracing-a3e7a86b8ea28662.rlib --extern tracing_subscriber=/opt/rustwide/target/debug/deps/libtracing_subscriber-569f135e6d97359c.rlib --extern urlencoding=/opt/rustwide/target/debug/deps/liburlencoding-061758bc6028ea3e.rlib --extern uuid=/opt/rustwide/target/debug/deps/libuuid-e5c6fa090446f561.rlib --extern webpki_roots=/opt/rustwide/target/debug/deps/libwebpki_roots-fb9af8ae844dbb4e.rlib --cap-lints=warn -L native=/opt/rustwide/target/debug/build/aws-lc-sys-b83d34e22e3c4dce/out -L native=/opt/rustwide/target/debug/build/ring-3ce38ad1fd3f5c0b/out` (signal: 9, SIGKILL: kill)
[INFO] [stdout] error: linking with `cc` failed: exit status: 1
[INFO] [stdout]   |
[INFO] [stdout]   = note:  "cc" "-m64" "/opt/rustwide/target/debug/examples/rustcf1Rw7s/symbols.o" "<2 object files omitted>" "-Wl,--as-needed" "-Wl,-Bstatic" "/opt/rustwide/target/debug/deps/{libstrike48_connector-e219319f0bb4b6c6,libschemars-daeccd6f4620bc2e,libdyn_clone-319e7691ef78165b,libchrono-5ad81a77bd567b34,libiana_time_zone-bcd81aefedc374a6,libhex-13e08b3b00984ab7,libhostname-ac58770b475b88e6,libmatch_cfg-4ff408791b5a10a9,libtracing_subscriber-569f135e6d97359c,libsharded_slab-bd3e89e1e50b7c87,liblazy_static-3674be3f4245d19b,libmatchers-fcef1a5853c2a822,libnu_ansi_term-745c727bb3e87c52,libthread_local-44635bac93e68953,libtracing_log-76507554a4447ed1,libuuid-e5c6fa090446f561,libgetrandom-6feb49a1110d2dab,libopen-c6f3833432f1e987,libis_wsl-024f368077693904,libis_docker-92000f889fbde0e8,liburlencoding-061758bc6028ea3e,libregex-029e208a761ef295,libregex_automata-87a6e55a70b67968,libaho_corasick-d1ae79b76a6f7869,libregex_syntax-801391c65a42f645,libtokio_tungstenite-0141d685c0a303a5,libtokio_native_tls-b938867205b20871,libtungstenite-d9f6d37a128d8938,libdata_encoding-24a90aeeed599569,librand-ade1a52ad1ae556b,librand_chacha-c24112bd6fe45863,librand_core-c83eaed7defe7a9e,libgetrandom-1e62ef079fef2f0f,libnative_tls-2d552d447a370ecc,libopenssl-7210ada9add614bb,libforeign_types-4fe1886d5d9265b9,libforeign_types_shared-47b443a4583fd949,libopenssl_sys-d5bff248de21736a,libutf8-f4341c3c7568480d,libsha1-ff6700a1ab0a9670,libfutures-a8a5b9b5e1206bc1,libfutures_executor-4d7860d4dbe1138f,libsysinfo-86bb1ad72ce41b78,libmetrics-bc17f658d3ea48b3,librapidhash-7b7c735b85e3cbf9,libstrike48_proto-e88ca4d2fa27ef7a,libtonic-2c3876dc8a656d3a,librustls_pemfile-c45e5582506bd6c0,libsocket2-e1543db9b3009e21,librustls_native_certs-07e0dd838e0885af,libopenssl_probe-6b1b371432012237,libhyper_timeout-2729cb16822af145,libasync_stream-00bec7274f33fad3,libaxum-2a5f339eb9f35caf,libmatchit-616cb01453b9e7d4,libaxum_core-d9aab7a294d4c4a0,libmime-0188e0814ca7ddbf,libtower-96551326af36ffbc,libindexmap-e2dae600d6890aac,libhashbrown-cae2cd0d9cc0a6cf,librand-6b2b6defe6215743,librand_chacha-2c095c768b68c4dd,libppv_lite86-4e464ecf9b1fefb4,libzerocopy-9545210de90d295f,librand_core-d20af9607fe7e9bd,libprost-13d1cd7d09b04c83,libpin_project-d65d7c26eb499b9f,libtokio_stream-6ecc1191bd3ddf78,libjsonwebtoken-5d6895775d2f8330,libpem-c65b0b75163a9934,libsimple_asn1-cac51b23fe037978,libtime-2f60bf2b8b3e0afd,libpowerfmt-f6019a2766e431f7,libnum_conv-8bd7073c84ef42cd,libderanged-131d43187e2329b6,libtime_core-87cddcae4f761596,libthiserror-9f44bbe548b3de16,libnum_bigint-9dce2cb33f3302c6,libnum_integer-44082c1f6c378baf,libnum_traits-4b2e2a969eabc825,libsignature-3b38413e1bea4ec2,libreqwest-52234f7c1019571a,libserde_urlencoded-61e9ebd04a62d113,libryu-1f4f40e4352371e5,libhyper_rustls-80cd71a33acee8c6,libwebpki_roots-fb9af8ae844dbb4e,libtokio_rustls-f0c4474341383c94,librustls-4886b2603468ca41,libsubtle-2ae6a7038b9a0630,libwebpki-e37d830853a58eea,libaws_lc_rs-9ceafacb2a74e3f8,libuntrusted-a7f0f384c8611dea,libaws_lc_sys-110fb7cb47de7998,libring-c0d6d464bc9e24bd,libgetrandom-39a4c550247d09ec,libuntrusted-b2f816886faf2178,librustls_pki_types-98926100d29c38c8,libzeroize-4c7fd1b2a5c92878,libserde_json-7a51d6f1ff28ecb0,libzmij-2ca2f302097868c6,libserde-6413f1bbe2b1c61f,libserde_core-ff96c4ffe6afdb18,libtower_http-5ee74a71813f5bc8,libbitflags-7039d3929d603d58,libtower-906d3d8af6af4acf,libtower_layer-d908dd771b239ecd,libhyper_util-4e69688fc6258001,libipnet-108d82b4266c7a41,libtower_service-3fb88d28c2218805,libhyper-060ab3a5113137ec,libwant-7a6260b9c50f1479,libtry_lock-8fa2f6971035be84,libhttparse-8c9b827b8f345444,libh2-9b8f74beba3f7b73,libtracing-a3e7a86b8ea28662,libtracing_core-d26029c784af5925,libonce_cell-b5bdc597ed9676b3,libindexmap-b92bb9c25241b995,libequivalent-6a754676e6af62ae,libhashbrown-d7214d631586fd51,libfnv-79e2cbfbe03dcd16,libtokio_util-cdf528c1955ebd24,libatomic_waker-06950c8c08d2b8fa,libhttpdate-331798cefc82cc7e,libfutures_util-b9914b4eae9365d2,libmemchr-a932478bde794617,libfutures_io-2de19dd835d0513d,libslab-0582d648e59ab406,libfutures_channel-e55265846f1ca713,libfutures_sink-690a515e9c61c93a,libfutures_task-06c0578367ad4cff,libhttp_body_util-27952fde1894fa19,libhttp_body-b57535e6079c1f42,liblog-431c2e66b4ed7b91,liburl-af725833192976ef,libidna-4db2d96b11ef2974,libidna_adapter-e29a4d07d646170a,libicu_properties-473bb2e7efc7ae45,libicu_properties_data-3f856f5bc2063921,libicu_normalizer-bf39e82d5b98b781,libicu_normalizer_data-8b25f9eb7a72d68e,libicu_collections-9f112c3a55a02c79,libutf8_iter-51566bbad89f3a68,libpotential_utf-c3847460df83563c,libicu_provider-46f716248c45188c,libicu_locale_core-a3869008892a3bbc,libtinystr-983d1d946feac091,liblitemap-abaddab7afb37065,libwriteable-36514dcf36d12676,libzerovec-e3197143b746a490,libzerotrie-e1ccdd766da7ea96,libyoke-947001cf3cc88636,libstable_deref_trait-63cbf3f3d3f94e56,libzerofrom-186c7e7c21794d1f,libform_urlencoded-58b0f0edb59b40d2,libpercent_encoding-fa055ecaa1e57cfa,libhttp-0cd9be9a4e5a2536,libitoa-5de11b3b23bfe572,libsync_wrapper-194362e0d6e4de4b,libfutures_core-97d9bb84a61d4536,libtokio-ad9e435ddf982485,libsignal_hook_registry-f069228503febc45,liberrno-8e3700cb740322be,libsocket2-380ed4e5002278b4,libbytes-5f66263ae3d5daa8,libmio-40dc0d1736264cdd,libparking_lot-401c491a5129b2e1,libparking_lot_core-d8db1ce5bdfd3bc8,liblibc-32464e1b8391e223,libsmallvec-3e75e18e66140be0,liblock_api-16d46fed645f7bff,libscopeguard-7ec2214574194454,libpin_project_lite-0a15d51c77964692,libthiserror-1fce8d25499179c2,libsha2-11a5c516e6a4becd,libcpufeatures-e04321643d03190d,libcfg_if-83060ec5685761ae,libdigest-1142e5998e571c5d,libblock_buffer-43b51fc1d06b3057,libcrypto_common-43b177a3b314e9dd,libgeneric_array-745cace30f1ed372,libtypenum-ed2b1c93b2a4333a,libbase64-32787b0325ea6df8}.rlib" "<sysroot>/lib/rustlib/x86_64-unknown-linux-gnu/lib/{libstd-*,libpanic_unwind-*,libobject-*,libmemchr-*,libaddr2line-*,libgimli-*,libcfg_if-*,librustc_demangle-*,libstd_detect-*,libhashbrown-*,librustc_std_workspace_alloc-*,libminiz_oxide-*,libadler2-*,libunwind-*,liblibc-*,librustc_std_workspace_core-*,liballoc-*,libcore-*,libcompiler_builtins-*}.rlib" "-Wl,-Bdynamic" "-lssl" "-lcrypto" "-lgcc_s" "-lutil" "-lrt" "-lpthread" "-lm" "-ldl" "-lc" "-L" "/opt/rustwide/target/debug/examples/rustcf1Rw7s/raw-dylibs" "-B<sysroot>/lib/rustlib/x86_64-unknown-linux-gnu/bin/gcc-ld" "-fuse-ld=lld" "-Wl,--eh-frame-hdr" "-Wl,-z,noexecstack" "-L" "/opt/rustwide/target/debug/build/aws-lc-sys-b83d34e22e3c4dce/out" "-L" "/opt/rustwide/target/debug/build/ring-3ce38ad1fd3f5c0b/out" "-L" "<sysroot>/lib/rustlib/x86_64-unknown-linux-gnu/lib" "-o" "/opt/rustwide/target/debug/examples/one_liner-8c3965c802c65ece" "-Wl,--gc-sections" "-pie" "-Wl,-z,relro,-z,now" "-nodefaultlibs"
[INFO] [stdout]   = note: some arguments are omitted. use `--verbose` to show all linker arguments
[INFO] [stdout]   = note: collect2: fatal error: ld terminated with signal 9 [Killed]
[INFO] [stdout]           compilation terminated.
[INFO] [stdout]           
[INFO] [stdout] 
[INFO] [stdout] 
[INFO] [stderr] warning: strike48-connector@0.6.3: skipping mock-server proto stubs: ../proto/proto/connector_service.proto not present (expected in publish-verify or out-of-workspace builds; integration tests in tests/ are not compiled in this context)
[INFO] [stderr] error: could not compile `strike48-connector` (example "one_liner") due to 1 previous error
[INFO] [stdout] error: linking with `cc` failed: exit status: 1
[INFO] [stdout]   |
[INFO] [stdout]   = note:  "cc" "-m64" "/opt/rustwide/target/debug/examples/rustccuUDNL/symbols.o" "<4 object files omitted>" "-Wl,--as-needed" "-Wl,-Bstatic" "/opt/rustwide/target/debug/deps/{libstrike48_connector-e219319f0bb4b6c6,libschemars-daeccd6f4620bc2e,libdyn_clone-319e7691ef78165b,libchrono-5ad81a77bd567b34,libiana_time_zone-bcd81aefedc374a6,libhex-13e08b3b00984ab7,libhostname-ac58770b475b88e6,libmatch_cfg-4ff408791b5a10a9,libtracing_subscriber-569f135e6d97359c,libsharded_slab-bd3e89e1e50b7c87,liblazy_static-3674be3f4245d19b,libmatchers-fcef1a5853c2a822,libnu_ansi_term-745c727bb3e87c52,libthread_local-44635bac93e68953,libtracing_log-76507554a4447ed1,libuuid-e5c6fa090446f561,libgetrandom-6feb49a1110d2dab,libopen-c6f3833432f1e987,libis_wsl-024f368077693904,libis_docker-92000f889fbde0e8,liburlencoding-061758bc6028ea3e,libregex-029e208a761ef295,libregex_automata-87a6e55a70b67968,libaho_corasick-d1ae79b76a6f7869,libregex_syntax-801391c65a42f645,libtokio_tungstenite-0141d685c0a303a5,libtokio_native_tls-b938867205b20871,libtungstenite-d9f6d37a128d8938,libdata_encoding-24a90aeeed599569,librand-ade1a52ad1ae556b,librand_chacha-c24112bd6fe45863,librand_core-c83eaed7defe7a9e,libgetrandom-1e62ef079fef2f0f,libnative_tls-2d552d447a370ecc,libopenssl-7210ada9add614bb,libforeign_types-4fe1886d5d9265b9,libforeign_types_shared-47b443a4583fd949,libopenssl_sys-d5bff248de21736a,libutf8-f4341c3c7568480d,libsha1-ff6700a1ab0a9670,libfutures-a8a5b9b5e1206bc1,libfutures_executor-4d7860d4dbe1138f,libsysinfo-86bb1ad72ce41b78,libstrike48_proto-e88ca4d2fa27ef7a,libtonic-2c3876dc8a656d3a,librustls_pemfile-c45e5582506bd6c0,libsocket2-e1543db9b3009e21,librustls_native_certs-07e0dd838e0885af,libopenssl_probe-6b1b371432012237,libhyper_timeout-2729cb16822af145,libasync_stream-00bec7274f33fad3,libaxum-2a5f339eb9f35caf,libmatchit-616cb01453b9e7d4,libaxum_core-d9aab7a294d4c4a0,libmime-0188e0814ca7ddbf,libtower-96551326af36ffbc,libindexmap-e2dae600d6890aac,libhashbrown-cae2cd0d9cc0a6cf,librand-6b2b6defe6215743,librand_chacha-2c095c768b68c4dd,libppv_lite86-4e464ecf9b1fefb4,libzerocopy-9545210de90d295f,librand_core-d20af9607fe7e9bd,libprost-13d1cd7d09b04c83,libpin_project-d65d7c26eb499b9f,libtokio_stream-6ecc1191bd3ddf78,libjsonwebtoken-5d6895775d2f8330,libpem-c65b0b75163a9934,libsimple_asn1-cac51b23fe037978,libtime-2f60bf2b8b3e0afd,libpowerfmt-f6019a2766e431f7,libnum_conv-8bd7073c84ef42cd,libderanged-131d43187e2329b6,libtime_core-87cddcae4f761596,libthiserror-9f44bbe548b3de16,libnum_bigint-9dce2cb33f3302c6,libnum_integer-44082c1f6c378baf,libnum_traits-4b2e2a969eabc825,libsignature-3b38413e1bea4ec2,libreqwest-52234f7c1019571a,libserde_urlencoded-61e9ebd04a62d113,libryu-1f4f40e4352371e5,libhyper_rustls-80cd71a33acee8c6,libwebpki_roots-fb9af8ae844dbb4e,libtokio_rustls-f0c4474341383c94,librustls-4886b2603468ca41,libsubtle-2ae6a7038b9a0630,libwebpki-e37d830853a58eea,libaws_lc_rs-9ceafacb2a74e3f8,libuntrusted-a7f0f384c8611dea,libaws_lc_sys-110fb7cb47de7998,libring-c0d6d464bc9e24bd,libgetrandom-39a4c550247d09ec,libuntrusted-b2f816886faf2178,librustls_pki_types-98926100d29c38c8,libzeroize-4c7fd1b2a5c92878,libserde_json-7a51d6f1ff28ecb0,libzmij-2ca2f302097868c6,libserde-6413f1bbe2b1c61f,libserde_core-ff96c4ffe6afdb18,libtower_http-5ee74a71813f5bc8,libbitflags-7039d3929d603d58,libtower-906d3d8af6af4acf,libtower_layer-d908dd771b239ecd,libhyper_util-4e69688fc6258001,libipnet-108d82b4266c7a41,libtower_service-3fb88d28c2218805,libhyper-060ab3a5113137ec,libwant-7a6260b9c50f1479,libtry_lock-8fa2f6971035be84,libhttparse-8c9b827b8f345444,libh2-9b8f74beba3f7b73,libtracing-a3e7a86b8ea28662,libtracing_core-d26029c784af5925,libonce_cell-b5bdc597ed9676b3,libindexmap-b92bb9c25241b995,libequivalent-6a754676e6af62ae,libhashbrown-d7214d631586fd51,libfnv-79e2cbfbe03dcd16,libtokio_util-cdf528c1955ebd24,libatomic_waker-06950c8c08d2b8fa,libhttpdate-331798cefc82cc7e,libfutures_util-b9914b4eae9365d2,libmemchr-a932478bde794617,libfutures_io-2de19dd835d0513d,libslab-0582d648e59ab406,libfutures_channel-e55265846f1ca713,libfutures_sink-690a515e9c61c93a,libfutures_task-06c0578367ad4cff,libhttp_body_util-27952fde1894fa19,libhttp_body-b57535e6079c1f42,liblog-431c2e66b4ed7b91,liburl-af725833192976ef,libidna-4db2d96b11ef2974,libidna_adapter-e29a4d07d646170a,libicu_properties-473bb2e7efc7ae45,libicu_properties_data-3f856f5bc2063921,libicu_normalizer-bf39e82d5b98b781,libicu_normalizer_data-8b25f9eb7a72d68e,libicu_collections-9f112c3a55a02c79,libutf8_iter-51566bbad89f3a68,libpotential_utf-c3847460df83563c,libicu_provider-46f716248c45188c,libicu_locale_core-a3869008892a3bbc,libtinystr-983d1d946feac091,liblitemap-abaddab7afb37065,libwriteable-36514dcf36d12676,libzerovec-e3197143b746a490,libzerotrie-e1ccdd766da7ea96,libyoke-947001cf3cc88636,libstable_deref_trait-63cbf3f3d3f94e56,libzerofrom-186c7e7c21794d1f,libform_urlencoded-58b0f0edb59b40d2,libpercent_encoding-fa055ecaa1e57cfa,libhttp-0cd9be9a4e5a2536,libitoa-5de11b3b23bfe572,libsync_wrapper-194362e0d6e4de4b,libfutures_core-97d9bb84a61d4536,libtokio-ad9e435ddf982485,libsignal_hook_registry-f069228503febc45,liberrno-8e3700cb740322be,libsocket2-380ed4e5002278b4,libbytes-5f66263ae3d5daa8,libmio-40dc0d1736264cdd,libparking_lot-401c491a5129b2e1,libparking_lot_core-d8db1ce5bdfd3bc8,liblibc-32464e1b8391e223,libsmallvec-3e75e18e66140be0,liblock_api-16d46fed645f7bff,libscopeguard-7ec2214574194454,libpin_project_lite-0a15d51c77964692,libthiserror-1fce8d25499179c2,libsha2-11a5c516e6a4becd,libcpufeatures-e04321643d03190d,libcfg_if-83060ec5685761ae,libdigest-1142e5998e571c5d,libblock_buffer-43b51fc1d06b3057,libcrypto_common-43b177a3b314e9dd,libgeneric_array-745cace30f1ed372,libtypenum-ed2b1c93b2a4333a,libbase64-32787b0325ea6df8,libmetrics-bc17f658d3ea48b3,librapidhash-7b7c735b85e3cbf9}.rlib" "<sysroot>/lib/rustlib/x86_64-unknown-linux-gnu/lib/{libstd-*,libpanic_unwind-*,libobject-*,libmemchr-*,libaddr2line-*,libgimli-*,libcfg_if-*,librustc_demangle-*,libstd_detect-*,libhashbrown-*,librustc_std_workspace_alloc-*,libminiz_oxide-*,libadler2-*,libunwind-*,liblibc-*,librustc_std_workspace_core-*,liballoc-*,libcore-*,libcompiler_builtins-*}.rlib" "-Wl,-Bdynamic" "-lssl" "-lcrypto" "-lgcc_s" "-lutil" "-lrt" "-lpthread" "-lm" "-ldl" "-lc" "-L" "/opt/rustwide/target/debug/examples/rustccuUDNL/raw-dylibs" "-B<sysroot>/lib/rustlib/x86_64-unknown-linux-gnu/bin/gcc-ld" "-fuse-ld=lld" "-Wl,--eh-frame-hdr" "-Wl,-z,noexecstack" "-L" "/opt/rustwide/target/debug/build/aws-lc-sys-b83d34e22e3c4dce/out" "-L" "/opt/rustwide/target/debug/build/ring-3ce38ad1fd3f5c0b/out" "-L" "<sysroot>/lib/rustlib/x86_64-unknown-linux-gnu/lib" "-o" "/opt/rustwide/target/debug/examples/diagnostic_idle_app-c95ecc46de59a078" "-Wl,--gc-sections" "-pie" "-Wl,-z,relro,-z,now" "-nodefaultlibs"
[INFO] [stdout]   = note: some arguments are omitted. use `--verbose` to show all linker arguments
[INFO] [stdout]   = note: collect2: fatal error: ld terminated with signal 9 [Killed]
[INFO] [stdout]           compilation terminated.
[INFO] [stdout]           
[INFO] [stdout] 
[INFO] [stdout] 
[INFO] [stderr] warning: strike48-connector@0.6.3: skipping mock-server proto stubs: ../proto/proto/connector_service.proto not present (expected in publish-verify or out-of-workspace builds; integration tests in tests/ are not compiled in this context)
[INFO] [stderr] error: could not compile `strike48-connector` (example "diagnostic_idle_app") due to 1 previous error
[INFO] [stdout] error: linking with `cc` failed: exit status: 1
[INFO] [stdout]   |
[INFO] [stdout]   = note:  "cc" "-m64" "/opt/rustwide/target/debug/examples/rustcNjPTxU/symbols.o" "<2 object files omitted>" "-Wl,--as-needed" "-Wl,-Bstatic" "/opt/rustwide/target/debug/deps/{libstrike48_connector-e219319f0bb4b6c6,libschemars-daeccd6f4620bc2e,libdyn_clone-319e7691ef78165b,libchrono-5ad81a77bd567b34,libiana_time_zone-bcd81aefedc374a6,libhex-13e08b3b00984ab7,libhostname-ac58770b475b88e6,libmatch_cfg-4ff408791b5a10a9,libtracing_subscriber-569f135e6d97359c,libsharded_slab-bd3e89e1e50b7c87,liblazy_static-3674be3f4245d19b,libmatchers-fcef1a5853c2a822,libnu_ansi_term-745c727bb3e87c52,libthread_local-44635bac93e68953,libtracing_log-76507554a4447ed1,libuuid-e5c6fa090446f561,libgetrandom-6feb49a1110d2dab,libopen-c6f3833432f1e987,libis_wsl-024f368077693904,libis_docker-92000f889fbde0e8,liburlencoding-061758bc6028ea3e,libregex-029e208a761ef295,libregex_automata-87a6e55a70b67968,libaho_corasick-d1ae79b76a6f7869,libregex_syntax-801391c65a42f645,libtokio_tungstenite-0141d685c0a303a5,libtokio_native_tls-b938867205b20871,libtungstenite-d9f6d37a128d8938,libdata_encoding-24a90aeeed599569,librand-ade1a52ad1ae556b,librand_chacha-c24112bd6fe45863,librand_core-c83eaed7defe7a9e,libgetrandom-1e62ef079fef2f0f,libnative_tls-2d552d447a370ecc,libopenssl-7210ada9add614bb,libforeign_types-4fe1886d5d9265b9,libforeign_types_shared-47b443a4583fd949,libopenssl_sys-d5bff248de21736a,libutf8-f4341c3c7568480d,libsha1-ff6700a1ab0a9670,libfutures-a8a5b9b5e1206bc1,libfutures_executor-4d7860d4dbe1138f,libsysinfo-86bb1ad72ce41b78,libstrike48_proto-e88ca4d2fa27ef7a,libtonic-2c3876dc8a656d3a,librustls_pemfile-c45e5582506bd6c0,libsocket2-e1543db9b3009e21,librustls_native_certs-07e0dd838e0885af,libopenssl_probe-6b1b371432012237,libhyper_timeout-2729cb16822af145,libasync_stream-00bec7274f33fad3,libaxum-2a5f339eb9f35caf,libmatchit-616cb01453b9e7d4,libaxum_core-d9aab7a294d4c4a0,libmime-0188e0814ca7ddbf,libtower-96551326af36ffbc,libindexmap-e2dae600d6890aac,libhashbrown-cae2cd0d9cc0a6cf,librand-6b2b6defe6215743,librand_chacha-2c095c768b68c4dd,libppv_lite86-4e464ecf9b1fefb4,libzerocopy-9545210de90d295f,librand_core-d20af9607fe7e9bd,libprost-13d1cd7d09b04c83,libpin_project-d65d7c26eb499b9f,libtokio_stream-6ecc1191bd3ddf78,libjsonwebtoken-5d6895775d2f8330,libpem-c65b0b75163a9934,libsimple_asn1-cac51b23fe037978,libtime-2f60bf2b8b3e0afd,libpowerfmt-f6019a2766e431f7,libnum_conv-8bd7073c84ef42cd,libderanged-131d43187e2329b6,libtime_core-87cddcae4f761596,libthiserror-9f44bbe548b3de16,libnum_bigint-9dce2cb33f3302c6,libnum_integer-44082c1f6c378baf,libnum_traits-4b2e2a969eabc825,libsignature-3b38413e1bea4ec2,libreqwest-52234f7c1019571a,libserde_urlencoded-61e9ebd04a62d113,libryu-1f4f40e4352371e5,libhyper_rustls-80cd71a33acee8c6,libwebpki_roots-fb9af8ae844dbb4e,libtokio_rustls-f0c4474341383c94,librustls-4886b2603468ca41,libsubtle-2ae6a7038b9a0630,libwebpki-e37d830853a58eea,libaws_lc_rs-9ceafacb2a74e3f8,libuntrusted-a7f0f384c8611dea,libaws_lc_sys-110fb7cb47de7998,libring-c0d6d464bc9e24bd,libgetrandom-39a4c550247d09ec,libuntrusted-b2f816886faf2178,librustls_pki_types-98926100d29c38c8,libzeroize-4c7fd1b2a5c92878,libserde_json-7a51d6f1ff28ecb0,libzmij-2ca2f302097868c6,libserde-6413f1bbe2b1c61f,libserde_core-ff96c4ffe6afdb18,libtower_http-5ee74a71813f5bc8,libbitflags-7039d3929d603d58,libtower-906d3d8af6af4acf,libtower_layer-d908dd771b239ecd,libhyper_util-4e69688fc6258001,libipnet-108d82b4266c7a41,libtower_service-3fb88d28c2218805,libhyper-060ab3a5113137ec,libwant-7a6260b9c50f1479,libtry_lock-8fa2f6971035be84,libhttparse-8c9b827b8f345444,libh2-9b8f74beba3f7b73,libtracing-a3e7a86b8ea28662,libtracing_core-d26029c784af5925,libonce_cell-b5bdc597ed9676b3,libindexmap-b92bb9c25241b995,libequivalent-6a754676e6af62ae,libhashbrown-d7214d631586fd51,libfnv-79e2cbfbe03dcd16,libtokio_util-cdf528c1955ebd24,libatomic_waker-06950c8c08d2b8fa,libhttpdate-331798cefc82cc7e,libfutures_util-b9914b4eae9365d2,libmemchr-a932478bde794617,libfutures_io-2de19dd835d0513d,libslab-0582d648e59ab406,libfutures_channel-e55265846f1ca713,libfutures_sink-690a515e9c61c93a,libfutures_task-06c0578367ad4cff,libhttp_body_util-27952fde1894fa19,libhttp_body-b57535e6079c1f42,liblog-431c2e66b4ed7b91,liburl-af725833192976ef,libidna-4db2d96b11ef2974,libidna_adapter-e29a4d07d646170a,libicu_properties-473bb2e7efc7ae45,libicu_properties_data-3f856f5bc2063921,libicu_normalizer-bf39e82d5b98b781,libicu_normalizer_data-8b25f9eb7a72d68e,libicu_collections-9f112c3a55a02c79,libutf8_iter-51566bbad89f3a68,libpotential_utf-c3847460df83563c,libicu_provider-46f716248c45188c,libicu_locale_core-a3869008892a3bbc,libtinystr-983d1d946feac091,liblitemap-abaddab7afb37065,libwriteable-36514dcf36d12676,libzerovec-e3197143b746a490,libzerotrie-e1ccdd766da7ea96,libyoke-947001cf3cc88636,libstable_deref_trait-63cbf3f3d3f94e56,libzerofrom-186c7e7c21794d1f,libform_urlencoded-58b0f0edb59b40d2,libpercent_encoding-fa055ecaa1e57cfa,libhttp-0cd9be9a4e5a2536,libitoa-5de11b3b23bfe572,libsync_wrapper-194362e0d6e4de4b,libfutures_core-97d9bb84a61d4536,libtokio-ad9e435ddf982485,libsignal_hook_registry-f069228503febc45,liberrno-8e3700cb740322be,libsocket2-380ed4e5002278b4,libbytes-5f66263ae3d5daa8,libmio-40dc0d1736264cdd,libparking_lot-401c491a5129b2e1,libparking_lot_core-d8db1ce5bdfd3bc8,liblibc-32464e1b8391e223,libsmallvec-3e75e18e66140be0,liblock_api-16d46fed645f7bff,libscopeguard-7ec2214574194454,libpin_project_lite-0a15d51c77964692,libthiserror-1fce8d25499179c2,libsha2-11a5c516e6a4becd,libcpufeatures-e04321643d03190d,libcfg_if-83060ec5685761ae,libdigest-1142e5998e571c5d,libblock_buffer-43b51fc1d06b3057,libcrypto_common-43b177a3b314e9dd,libgeneric_array-745cace30f1ed372,libtypenum-ed2b1c93b2a4333a,libbase64-32787b0325ea6df8,libmetrics-bc17f658d3ea48b3,librapidhash-7b7c735b85e3cbf9}.rlib" "<sysroot>/lib/rustlib/x86_64-unknown-linux-gnu/lib/{libstd-*,libpanic_unwind-*,libobject-*,libmemchr-*,libaddr2line-*,libgimli-*,libcfg_if-*,librustc_demangle-*,libstd_detect-*,libhashbrown-*,librustc_std_workspace_alloc-*,libminiz_oxide-*,libadler2-*,libunwind-*,liblibc-*,librustc_std_workspace_core-*,liballoc-*,libcore-*,libcompiler_builtins-*}.rlib" "-Wl,-Bdynamic" "-lssl" "-lcrypto" "-lgcc_s" "-lutil" "-lrt" "-lpthread" "-lm" "-ldl" "-lc" "-L" "/opt/rustwide/target/debug/examples/rustcNjPTxU/raw-dylibs" "-B<sysroot>/lib/rustlib/x86_64-unknown-linux-gnu/bin/gcc-ld" "-fuse-ld=lld" "-Wl,--eh-frame-hdr" "-Wl,-z,noexecstack" "-L" "/opt/rustwide/target/debug/build/aws-lc-sys-b83d34e22e3c4dce/out" "-L" "/opt/rustwide/target/debug/build/ring-3ce38ad1fd3f5c0b/out" "-L" "<sysroot>/lib/rustlib/x86_64-unknown-linux-gnu/lib" "-o" "/opt/rustwide/target/debug/examples/auth_app-bbc82f3bc97338b4" "-Wl,--gc-sections" "-pie" "-Wl,-z,relro,-z,now" "-nodefaultlibs"
[INFO] [stdout]   = note: some arguments are omitted. use `--verbose` to show all linker arguments
[INFO] [stdout]   = note: collect2: fatal error: ld terminated with signal 9 [Killed]
[INFO] [stdout]           compilation terminated.
[INFO] [stdout]           
[INFO] [stdout] 
[INFO] [stdout] 
[INFO] [stderr] warning: strike48-connector@0.6.3: skipping mock-server proto stubs: ../proto/proto/connector_service.proto not present (expected in publish-verify or out-of-workspace builds; integration tests in tests/ are not compiled in this context)
[INFO] [stderr] error: could not compile `strike48-connector` (example "auth_app") due to 1 previous error
[INFO] [stdout] error: linking with `cc` failed: exit status: 1
[INFO] [stdout]   |
[INFO] [stdout]   = note:  "cc" "-m64" "/opt/rustwide/target/debug/examples/rustcgE1PNK/symbols.o" "<5 object files omitted>" "-Wl,--as-needed" "-Wl,-Bstatic" "/opt/rustwide/target/debug/deps/{libstrike48_connector-e219319f0bb4b6c6,libschemars-daeccd6f4620bc2e,libdyn_clone-319e7691ef78165b,libchrono-5ad81a77bd567b34,libiana_time_zone-bcd81aefedc374a6,libhex-13e08b3b00984ab7,libhostname-ac58770b475b88e6,libmatch_cfg-4ff408791b5a10a9,libtracing_subscriber-569f135e6d97359c,libsharded_slab-bd3e89e1e50b7c87,liblazy_static-3674be3f4245d19b,libmatchers-fcef1a5853c2a822,libnu_ansi_term-745c727bb3e87c52,libthread_local-44635bac93e68953,libtracing_log-76507554a4447ed1,libuuid-e5c6fa090446f561,libgetrandom-6feb49a1110d2dab,libopen-c6f3833432f1e987,libis_wsl-024f368077693904,libis_docker-92000f889fbde0e8,liburlencoding-061758bc6028ea3e,libregex-029e208a761ef295,libregex_automata-87a6e55a70b67968,libaho_corasick-d1ae79b76a6f7869,libregex_syntax-801391c65a42f645,libtokio_tungstenite-0141d685c0a303a5,libtokio_native_tls-b938867205b20871,libtungstenite-d9f6d37a128d8938,libdata_encoding-24a90aeeed599569,librand-ade1a52ad1ae556b,librand_chacha-c24112bd6fe45863,librand_core-c83eaed7defe7a9e,libgetrandom-1e62ef079fef2f0f,libnative_tls-2d552d447a370ecc,libopenssl-7210ada9add614bb,libforeign_types-4fe1886d5d9265b9,libforeign_types_shared-47b443a4583fd949,libopenssl_sys-d5bff248de21736a,libutf8-f4341c3c7568480d,libsha1-ff6700a1ab0a9670,libfutures-a8a5b9b5e1206bc1,libfutures_executor-4d7860d4dbe1138f,libsysinfo-86bb1ad72ce41b78,libmetrics-bc17f658d3ea48b3,librapidhash-7b7c735b85e3cbf9,libstrike48_proto-e88ca4d2fa27ef7a,libtonic-2c3876dc8a656d3a,librustls_pemfile-c45e5582506bd6c0,libsocket2-e1543db9b3009e21,librustls_native_certs-07e0dd838e0885af,libopenssl_probe-6b1b371432012237,libhyper_timeout-2729cb16822af145,libasync_stream-00bec7274f33fad3,libaxum-2a5f339eb9f35caf,libmatchit-616cb01453b9e7d4,libaxum_core-d9aab7a294d4c4a0,libmime-0188e0814ca7ddbf,libtower-96551326af36ffbc,libindexmap-e2dae600d6890aac,libhashbrown-cae2cd0d9cc0a6cf,librand-6b2b6defe6215743,librand_chacha-2c095c768b68c4dd,libppv_lite86-4e464ecf9b1fefb4,libzerocopy-9545210de90d295f,librand_core-d20af9607fe7e9bd,libprost-13d1cd7d09b04c83,libpin_project-d65d7c26eb499b9f,libtokio_stream-6ecc1191bd3ddf78,libjsonwebtoken-5d6895775d2f8330,libpem-c65b0b75163a9934,libsimple_asn1-cac51b23fe037978,libtime-2f60bf2b8b3e0afd,libpowerfmt-f6019a2766e431f7,libnum_conv-8bd7073c84ef42cd,libderanged-131d43187e2329b6,libtime_core-87cddcae4f761596,libthiserror-9f44bbe548b3de16,libnum_bigint-9dce2cb33f3302c6,libnum_integer-44082c1f6c378baf,libnum_traits-4b2e2a969eabc825,libsignature-3b38413e1bea4ec2,libreqwest-52234f7c1019571a,libserde_urlencoded-61e9ebd04a62d113,libryu-1f4f40e4352371e5,libhyper_rustls-80cd71a33acee8c6,libwebpki_roots-fb9af8ae844dbb4e,libtokio_rustls-f0c4474341383c94,librustls-4886b2603468ca41,libsubtle-2ae6a7038b9a0630,libwebpki-e37d830853a58eea,libaws_lc_rs-9ceafacb2a74e3f8,libuntrusted-a7f0f384c8611dea,libaws_lc_sys-110fb7cb47de7998,libring-c0d6d464bc9e24bd,libgetrandom-39a4c550247d09ec,libuntrusted-b2f816886faf2178,librustls_pki_types-98926100d29c38c8,libzeroize-4c7fd1b2a5c92878,libserde_json-7a51d6f1ff28ecb0,libzmij-2ca2f302097868c6,libserde-6413f1bbe2b1c61f,libserde_core-ff96c4ffe6afdb18,libtower_http-5ee74a71813f5bc8,libbitflags-7039d3929d603d58,libtower-906d3d8af6af4acf,libtower_layer-d908dd771b239ecd,libhyper_util-4e69688fc6258001,libipnet-108d82b4266c7a41,libtower_service-3fb88d28c2218805,libhyper-060ab3a5113137ec,libwant-7a6260b9c50f1479,libtry_lock-8fa2f6971035be84,libhttparse-8c9b827b8f345444,libh2-9b8f74beba3f7b73,libtracing-a3e7a86b8ea28662,libtracing_core-d26029c784af5925,libonce_cell-b5bdc597ed9676b3,libindexmap-b92bb9c25241b995,libequivalent-6a754676e6af62ae,libhashbrown-d7214d631586fd51,libfnv-79e2cbfbe03dcd16,libtokio_util-cdf528c1955ebd24,libatomic_waker-06950c8c08d2b8fa,libhttpdate-331798cefc82cc7e,libfutures_util-b9914b4eae9365d2,libmemchr-a932478bde794617,libfutures_io-2de19dd835d0513d,libslab-0582d648e59ab406,libfutures_channel-e55265846f1ca713,libfutures_sink-690a515e9c61c93a,libfutures_task-06c0578367ad4cff,libhttp_body_util-27952fde1894fa19,libhttp_body-b57535e6079c1f42,liblog-431c2e66b4ed7b91,liburl-af725833192976ef,libidna-4db2d96b11ef2974,libidna_adapter-e29a4d07d646170a,libicu_properties-473bb2e7efc7ae45,libicu_properties_data-3f856f5bc2063921,libicu_normalizer-bf39e82d5b98b781,libicu_normalizer_data-8b25f9eb7a72d68e,libicu_collections-9f112c3a55a02c79,libutf8_iter-51566bbad89f3a68,libpotential_utf-c3847460df83563c,libicu_provider-46f716248c45188c,libicu_locale_core-a3869008892a3bbc,libtinystr-983d1d946feac091,liblitemap-abaddab7afb37065,libwriteable-36514dcf36d12676,libzerovec-e3197143b746a490,libzerotrie-e1ccdd766da7ea96,libyoke-947001cf3cc88636,libstable_deref_trait-63cbf3f3d3f94e56,libzerofrom-186c7e7c21794d1f,libform_urlencoded-58b0f0edb59b40d2,libpercent_encoding-fa055ecaa1e57cfa,libhttp-0cd9be9a4e5a2536,libitoa-5de11b3b23bfe572,libsync_wrapper-194362e0d6e4de4b,libfutures_core-97d9bb84a61d4536,libtokio-ad9e435ddf982485,libsignal_hook_registry-f069228503febc45,liberrno-8e3700cb740322be,libsocket2-380ed4e5002278b4,libbytes-5f66263ae3d5daa8,libmio-40dc0d1736264cdd,libparking_lot-401c491a5129b2e1,libparking_lot_core-d8db1ce5bdfd3bc8,liblibc-32464e1b8391e223,libsmallvec-3e75e18e66140be0,liblock_api-16d46fed645f7bff,libscopeguard-7ec2214574194454,libpin_project_lite-0a15d51c77964692,libthiserror-1fce8d25499179c2,libsha2-11a5c516e6a4becd,libcpufeatures-e04321643d03190d,libcfg_if-83060ec5685761ae,libdigest-1142e5998e571c5d,libblock_buffer-43b51fc1d06b3057,libcrypto_common-43b177a3b314e9dd,libgeneric_array-745cace30f1ed372,libtypenum-ed2b1c93b2a4333a,libbase64-32787b0325ea6df8}.rlib" "<sysroot>/lib/rustlib/x86_64-unknown-linux-gnu/lib/{libstd-*,libpanic_unwind-*,libobject-*,libmemchr-*,libaddr2line-*,libgimli-*,libcfg_if-*,librustc_demangle-*,libstd_detect-*,libhashbrown-*,librustc_std_workspace_alloc-*,libminiz_oxide-*,libadler2-*,libunwind-*,liblibc-*,librustc_std_workspace_core-*,liballoc-*,libcore-*,libcompiler_builtins-*}.rlib" "-Wl,-Bdynamic" "-lssl" "-lcrypto" "-lgcc_s" "-lutil" "-lrt" "-lpthread" "-lm" "-ldl" "-lc" "-L" "/opt/rustwide/target/debug/examples/rustcgE1PNK/raw-dylibs" "-B<sysroot>/lib/rustlib/x86_64-unknown-linux-gnu/bin/gcc-ld" "-fuse-ld=lld" "-Wl,--eh-frame-hdr" "-Wl,-z,noexecstack" "-L" "/opt/rustwide/target/debug/build/aws-lc-sys-b83d34e22e3c4dce/out" "-L" "/opt/rustwide/target/debug/build/ring-3ce38ad1fd3f5c0b/out" "-L" "<sysroot>/lib/rustlib/x86_64-unknown-linux-gnu/lib" "-o" "/opt/rustwide/target/debug/examples/multi_tenant_router-c3c740cf50d246bb" "-Wl,--gc-sections" "-pie" "-Wl,-z,relro,-z,now" "-nodefaultlibs"
[INFO] [stdout]   = note: some arguments are omitted. use `--verbose` to show all linker arguments
[INFO] [stdout]   = note: collect2: fatal error: ld terminated with signal 9 [Killed]
[INFO] [stdout]           compilation terminated.
[INFO] [stdout]           
[INFO] [stdout] 
[INFO] [stdout] 
[INFO] [stdout] error: linking with `cc` failed: exit status: 1
[INFO] [stdout]   |
[INFO] [stdout]   = note:  "cc" "-m64" "/opt/rustwide/target/debug/examples/rustcHhysSL/symbols.o" "<3 object files omitted>" "-Wl,--as-needed" "-Wl,-Bstatic" "/opt/rustwide/target/debug/deps/{libstrike48_connector-e219319f0bb4b6c6,libschemars-daeccd6f4620bc2e,libdyn_clone-319e7691ef78165b,libchrono-5ad81a77bd567b34,libiana_time_zone-bcd81aefedc374a6,libhex-13e08b3b00984ab7,libhostname-ac58770b475b88e6,libmatch_cfg-4ff408791b5a10a9,libtracing_subscriber-569f135e6d97359c,libsharded_slab-bd3e89e1e50b7c87,liblazy_static-3674be3f4245d19b,libmatchers-fcef1a5853c2a822,libnu_ansi_term-745c727bb3e87c52,libthread_local-44635bac93e68953,libtracing_log-76507554a4447ed1,libuuid-e5c6fa090446f561,libgetrandom-6feb49a1110d2dab,libopen-c6f3833432f1e987,libis_wsl-024f368077693904,libis_docker-92000f889fbde0e8,liburlencoding-061758bc6028ea3e,libregex-029e208a761ef295,libregex_automata-87a6e55a70b67968,libaho_corasick-d1ae79b76a6f7869,libregex_syntax-801391c65a42f645,libtokio_tungstenite-0141d685c0a303a5,libtokio_native_tls-b938867205b20871,libtungstenite-d9f6d37a128d8938,libdata_encoding-24a90aeeed599569,librand-ade1a52ad1ae556b,librand_chacha-c24112bd6fe45863,librand_core-c83eaed7defe7a9e,libgetrandom-1e62ef079fef2f0f,libnative_tls-2d552d447a370ecc,libopenssl-7210ada9add614bb,libforeign_types-4fe1886d5d9265b9,libforeign_types_shared-47b443a4583fd949,libopenssl_sys-d5bff248de21736a,libutf8-f4341c3c7568480d,libsha1-ff6700a1ab0a9670,libfutures-a8a5b9b5e1206bc1,libfutures_executor-4d7860d4dbe1138f,libsysinfo-86bb1ad72ce41b78,libmetrics-bc17f658d3ea48b3,librapidhash-7b7c735b85e3cbf9,libstrike48_proto-e88ca4d2fa27ef7a,libtonic-2c3876dc8a656d3a,librustls_pemfile-c45e5582506bd6c0,libsocket2-e1543db9b3009e21,librustls_native_certs-07e0dd838e0885af,libopenssl_probe-6b1b371432012237,libhyper_timeout-2729cb16822af145,libasync_stream-00bec7274f33fad3,libaxum-2a5f339eb9f35caf,libmatchit-616cb01453b9e7d4,libaxum_core-d9aab7a294d4c4a0,libmime-0188e0814ca7ddbf,libtower-96551326af36ffbc,libindexmap-e2dae600d6890aac,libhashbrown-cae2cd0d9cc0a6cf,librand-6b2b6defe6215743,librand_chacha-2c095c768b68c4dd,libppv_lite86-4e464ecf9b1fefb4,libzerocopy-9545210de90d295f,librand_core-d20af9607fe7e9bd,libprost-13d1cd7d09b04c83,libpin_project-d65d7c26eb499b9f,libtokio_stream-6ecc1191bd3ddf78,libjsonwebtoken-5d6895775d2f8330,libpem-c65b0b75163a9934,libsimple_asn1-cac51b23fe037978,libtime-2f60bf2b8b3e0afd,libpowerfmt-f6019a2766e431f7,libnum_conv-8bd7073c84ef42cd,libderanged-131d43187e2329b6,libtime_core-87cddcae4f761596,libthiserror-9f44bbe548b3de16,libnum_bigint-9dce2cb33f3302c6,libnum_integer-44082c1f6c378baf,libnum_traits-4b2e2a969eabc825,libsignature-3b38413e1bea4ec2,libreqwest-52234f7c1019571a,libserde_urlencoded-61e9ebd04a62d113,libryu-1f4f40e4352371e5,libhyper_rustls-80cd71a33acee8c6,libwebpki_roots-fb9af8ae844dbb4e,libtokio_rustls-f0c4474341383c94,librustls-4886b2603468ca41,libsubtle-2ae6a7038b9a0630,libwebpki-e37d830853a58eea,libaws_lc_rs-9ceafacb2a74e3f8,libuntrusted-a7f0f384c8611dea,libaws_lc_sys-110fb7cb47de7998,libring-c0d6d464bc9e24bd,libgetrandom-39a4c550247d09ec,libuntrusted-b2f816886faf2178,librustls_pki_types-98926100d29c38c8,libzeroize-4c7fd1b2a5c92878,libserde_json-7a51d6f1ff28ecb0,libzmij-2ca2f302097868c6,libserde-6413f1bbe2b1c61f,libserde_core-ff96c4ffe6afdb18,libtower_http-5ee74a71813f5bc8,libbitflags-7039d3929d603d58,libtower-906d3d8af6af4acf,libtower_layer-d908dd771b239ecd,libhyper_util-4e69688fc6258001,libipnet-108d82b4266c7a41,libtower_service-3fb88d28c2218805,libhyper-060ab3a5113137ec,libwant-7a6260b9c50f1479,libtry_lock-8fa2f6971035be84,libhttparse-8c9b827b8f345444,libh2-9b8f74beba3f7b73,libtracing-a3e7a86b8ea28662,libtracing_core-d26029c784af5925,libonce_cell-b5bdc597ed9676b3,libindexmap-b92bb9c25241b995,libequivalent-6a754676e6af62ae,libhashbrown-d7214d631586fd51,libfnv-79e2cbfbe03dcd16,libtokio_util-cdf528c1955ebd24,libatomic_waker-06950c8c08d2b8fa,libhttpdate-331798cefc82cc7e,libfutures_util-b9914b4eae9365d2,libmemchr-a932478bde794617,libfutures_io-2de19dd835d0513d,libslab-0582d648e59ab406,libfutures_channel-e55265846f1ca713,libfutures_sink-690a515e9c61c93a,libfutures_task-06c0578367ad4cff,libhttp_body_util-27952fde1894fa19,libhttp_body-b57535e6079c1f42,liblog-431c2e66b4ed7b91,liburl-af725833192976ef,libidna-4db2d96b11ef2974,libidna_adapter-e29a4d07d646170a,libicu_properties-473bb2e7efc7ae45,libicu_properties_data-3f856f5bc2063921,libicu_normalizer-bf39e82d5b98b781,libicu_normalizer_data-8b25f9eb7a72d68e,libicu_collections-9f112c3a55a02c79,libutf8_iter-51566bbad89f3a68,libpotential_utf-c3847460df83563c,libicu_provider-46f716248c45188c,libicu_locale_core-a3869008892a3bbc,libtinystr-983d1d946feac091,liblitemap-abaddab7afb37065,libwriteable-36514dcf36d12676,libzerovec-e3197143b746a490,libzerotrie-e1ccdd766da7ea96,libyoke-947001cf3cc88636,libstable_deref_trait-63cbf3f3d3f94e56,libzerofrom-186c7e7c21794d1f,libform_urlencoded-58b0f0edb59b40d2,libpercent_encoding-fa055ecaa1e57cfa,libhttp-0cd9be9a4e5a2536,libitoa-5de11b3b23bfe572,libsync_wrapper-194362e0d6e4de4b,libfutures_core-97d9bb84a61d4536,libtokio-ad9e435ddf982485,libsignal_hook_registry-f069228503febc45,liberrno-8e3700cb740322be,libsocket2-380ed4e5002278b4,libbytes-5f66263ae3d5daa8,libmio-40dc0d1736264cdd,libparking_lot-401c491a5129b2e1,libparking_lot_core-d8db1ce5bdfd3bc8,liblibc-32464e1b8391e223,libsmallvec-3e75e18e66140be0,liblock_api-16d46fed645f7bff,libscopeguard-7ec2214574194454,libpin_project_lite-0a15d51c77964692,libthiserror-1fce8d25499179c2,libsha2-11a5c516e6a4becd,libcpufeatures-e04321643d03190d,libcfg_if-83060ec5685761ae,libdigest-1142e5998e571c5d,libblock_buffer-43b51fc1d06b3057,libcrypto_common-43b177a3b314e9dd,libgeneric_array-745cace30f1ed372,libtypenum-ed2b1c93b2a4333a,libbase64-32787b0325ea6df8}.rlib" "<sysroot>/lib/rustlib/x86_64-unknown-linux-gnu/lib/{libstd-*,libpanic_unwind-*,libobject-*,libmemchr-*,libaddr2line-*,libgimli-*,libcfg_if-*,librustc_demangle-*,libstd_detect-*,libhashbrown-*,librustc_std_workspace_alloc-*,libminiz_oxide-*,libadler2-*,libunwind-*,liblibc-*,librustc_std_workspace_core-*,liballoc-*,libcore-*,libcompiler_builtins-*}.rlib" "-Wl,-Bdynamic" "-lssl" "-lcrypto" "-lgcc_s" "-lutil" "-lrt" "-lpthread" "-lm" "-ldl" "-lc" "-L" "/opt/rustwide/target/debug/examples/rustcHhysSL/raw-dylibs" "-B<sysroot>/lib/rustlib/x86_64-unknown-linux-gnu/bin/gcc-ld" "-fuse-ld=lld" "-Wl,--eh-frame-hdr" "-Wl,-z,noexecstack" "-L" "/opt/rustwide/target/debug/build/aws-lc-sys-b83d34e22e3c4dce/out" "-L" "/opt/rustwide/target/debug/build/ring-3ce38ad1fd3f5c0b/out" "-L" "<sysroot>/lib/rustlib/x86_64-unknown-linux-gnu/lib" "-o" "/opt/rustwide/target/debug/examples/app_isolation_test-7dd10a702407ad58" "-Wl,--gc-sections" "-pie" "-Wl,-z,relro,-z,now" "-nodefaultlibs"
[INFO] [stdout]   = note: some arguments are omitted. use `--verbose` to show all linker arguments
[INFO] [stdout]   = note: collect2: fatal error: ld terminated with signal 9 [Killed]
[INFO] [stdout]           compilation terminated.
[INFO] [stdout]           
[INFO] [stdout] 
[INFO] [stdout] 
[INFO] [stderr] warning: strike48-connector@0.6.3: skipping mock-server proto stubs: ../proto/proto/connector_service.proto not present (expected in publish-verify or out-of-workspace builds; integration tests in tests/ are not compiled in this context)
[INFO] [stderr] error: could not compile `strike48-connector` (example "multi_tenant_router") due to 1 previous error
[INFO] [stderr] warning: strike48-connector@0.6.3: skipping mock-server proto stubs: ../proto/proto/connector_service.proto not present (expected in publish-verify or out-of-workspace builds; integration tests in tests/ are not compiled in this context)
[INFO] [stderr] error: could not compile `strike48-connector` (example "app_isolation_test") due to 1 previous error
[INFO] running `Command { std: "docker" "inspect" "c5e500fbcf96dce1f9bf882d3a0cc2c2f726f7bcfbed3c1c583197a5041189f7", kill_on_drop: false }`
[INFO] running `Command { std: "docker" "rm" "-f" "c5e500fbcf96dce1f9bf882d3a0cc2c2f726f7bcfbed3c1c583197a5041189f7", kill_on_drop: false }`
[INFO] [stdout] c5e500fbcf96dce1f9bf882d3a0cc2c2f726f7bcfbed3c1c583197a5041189f7
