[INFO] fetching crate strev-nats 0.8.0...
[INFO] testing strev-nats-0.8.0 against 1.100.0-beta.1 for beta-1.100-2
[INFO] extracting crate strev-nats 0.8.0 into /workspace/builds/worker-2-tc2/source
[INFO] started tweaking crates.io crate strev-nats 0.8.0
[INFO] removed 0 missing examples
[INFO] removed 0 missing tests
[INFO] finished tweaking crates.io crate strev-nats 0.8.0
[INFO] tweaked toml for crates.io crate strev-nats 0.8.0 written to /workspace/builds/worker-2-tc2/source/Cargo.toml
[INFO] validating manifest of crates.io crate strev-nats 0.8.0 on toolchain 1.100.0-beta.1
[INFO] running `Command { std: CARGO_HOME="/workspace/cargo-home" RUSTUP_HOME="/workspace/rustup-home" "/workspace/cargo-home/bin/cargo" "+1.100.0-beta.1" "metadata" "--manifest-path" "Cargo.toml" "--no-deps", kill_on_drop: false }`
[INFO] crate crates.io crate strev-nats 0.8.0 already has a lockfile, it will not be regenerated
[INFO] running `Command { std: CARGO_HOME="/workspace/cargo-home" RUSTUP_HOME="/workspace/rustup-home" "/workspace/cargo-home/bin/cargo" "+1.100.0-beta.1" "fetch" "--manifest-path" "Cargo.toml", kill_on_drop: false }`
[INFO] running `Command { std: "docker" "create" "-v" "/var/lib/crater-agent-workspace/builds/worker-2-tc2/source:/opt/rustwide/workdir:ro,Z" "-v" "/var/lib/crater-agent-workspace/builds/worker-2-tc2/target:/opt/rustwide/target:rw,Z" "-v" "/var/lib/crater-agent-workspace/cargo-home:/opt/rustwide/cargo-home:ro,Z" "-v" "/var/lib/crater-agent-workspace/rustup-home:/opt/rustwide/rustup-home:ro,Z" "-m" "1610612736" "--network" "none" "ghcr.io/rust-lang/crates-build-env/linux@sha256:3111399a4047eeb3a02b7a90e478d715f38a8c6669b5c4b49d30a17385265909" "sleep" "infinity", kill_on_drop: false }`
[INFO] [stdout] 8b9aa04f2b1f20afd2e8ceeaba00ef6a6a0122eb85ba8930be2ea58afe59f9b0
[INFO] running `Command { std: "docker" "start" "8b9aa04f2b1f20afd2e8ceeaba00ef6a6a0122eb85ba8930be2ea58afe59f9b0", kill_on_drop: false }`
[INFO] running `Command { std: "docker" "inspect" "8b9aa04f2b1f20afd2e8ceeaba00ef6a6a0122eb85ba8930be2ea58afe59f9b0", kill_on_drop: false }`
[INFO] running `Command { std: "docker" "exec" "-e" "SOURCE_DIR=/opt/rustwide/workdir" "-e" "CARGO_HOME=/opt/rustwide/cargo-home" "-e" "RUSTUP_HOME=/opt/rustwide/rustup-home" "-e" "CARGO_TARGET_DIR=/opt/rustwide/target" "-w" "/opt/rustwide/workdir" "--user" "0:0" "8b9aa04f2b1f20afd2e8ceeaba00ef6a6a0122eb85ba8930be2ea58afe59f9b0" "/opt/rustwide/cargo-home/bin/cargo" "+1.100.0-beta.1" "metadata" "--no-deps" "--format-version=1", kill_on_drop: false }`
[INFO] running `Command { std: "docker" "inspect" "8b9aa04f2b1f20afd2e8ceeaba00ef6a6a0122eb85ba8930be2ea58afe59f9b0", kill_on_drop: false }`
[INFO] running `Command { std: "docker" "exec" "-e" "SOURCE_DIR=/opt/rustwide/workdir" "-e" "CARGO_HOME=/opt/rustwide/cargo-home" "-e" "RUSTUP_HOME=/opt/rustwide/rustup-home" "-e" "CARGO_TARGET_DIR=/opt/rustwide/target" "-e" "CARGO_INCREMENTAL=0" "-e" "RUST_BACKTRACE=full" "-e" "RUSTFLAGS=--cap-lints=warn" "-e" "RUSTDOCFLAGS=--cap-lints=warn" "-w" "/opt/rustwide/workdir" "--user" "0:0" "8b9aa04f2b1f20afd2e8ceeaba00ef6a6a0122eb85ba8930be2ea58afe59f9b0" "/opt/rustwide/cargo-home/bin/cargo" "+1.100.0-beta.1" "build" "--frozen" "--message-format=json", kill_on_drop: false }`
[INFO] [stderr]    Compiling zeroize v1.9.0
[INFO] [stderr]    Compiling smallvec v1.15.2
[INFO] [stderr]    Compiling typenum v1.20.1
[INFO] [stderr]    Compiling cc v1.2.65
[INFO] [stderr]    Compiling zerocopy v0.8.52
[INFO] [stderr]    Compiling memchr v2.8.2
[INFO] [stderr]    Compiling futures-core v0.3.32
[INFO] [stderr]    Compiling litemap v0.8.2
[INFO] [stderr]    Compiling writeable v0.6.3
[INFO] [stderr]    Compiling futures-sink v0.3.32
[INFO] [stderr]    Compiling syn v2.0.118
[INFO] [stderr]    Compiling getrandom v0.2.17
[INFO] [stderr]    Compiling errno v0.3.14
[INFO] [stderr]    Compiling socket2 v0.6.4
[INFO] [stderr]    Compiling mio v1.2.1
[INFO] [stderr]    Compiling icu_normalizer_data v2.2.0
[INFO] [stderr]    Compiling rustls-pki-types v1.14.1
[INFO] [stderr]    Compiling base64ct v1.8.3
[INFO] [stderr]    Compiling icu_properties_data v2.2.0
[INFO] [stderr]    Compiling rand_core v0.6.4
[INFO] [stderr]    Compiling semver v1.0.28
[INFO] [stderr]    Compiling signal-hook-registry v1.4.8
[INFO] [stderr]    Compiling const-oid v0.9.6
[INFO] [stderr]    Compiling parking_lot_core v0.9.12
[INFO] [stderr]    Compiling pem-rfc7468 v0.7.0
[INFO] [stderr]    Compiling futures-channel v0.3.32
[INFO] [stderr]    Compiling rustc_version v0.4.1
[INFO] [stderr]    Compiling slab v0.4.12
[INFO] [stderr]    Compiling der v0.7.10
[INFO] [stderr]    Compiling rustls v0.23.41
[INFO] [stderr]    Compiling futures-task v0.3.32
[INFO] [stderr]    Compiling curve25519-dalek v4.1.3
[INFO] [stderr]    Compiling futures-io v0.3.32
[INFO] [stderr]    Compiling serde_json v1.0.150
[INFO] [stderr]    Compiling parking_lot v0.12.5
[INFO] [stderr]    Compiling percent-encoding v2.3.2
[INFO] [stderr]    Compiling openssl-probe v0.2.1
[INFO] [stderr]    Compiling portable-atomic v1.13.1
[INFO] [stderr]    Compiling getrandom v0.4.3
[INFO] [stderr]    Compiling rustls-pemfile v2.2.0
[INFO] [stderr]    Compiling form_urlencoded v1.2.2
[INFO] [stderr]    Compiling rustls-native-certs v0.8.4
[INFO] [stderr]    Compiling generic-array v0.14.7
[INFO] [stderr]    Compiling aho-corasick v1.1.4
[INFO] [stderr]    Compiling deranged v0.5.8
[INFO] [stderr]    Compiling openssl-probe v0.1.6
[INFO] [stderr]    Compiling time-core v0.1.9
[INFO] [stderr]    Compiling num-conv v0.2.2
[INFO] [stderr]    Compiling powerfmt v0.2.0
[INFO] [stderr]    Compiling data-encoding v2.11.0
[INFO] [stderr]    Compiling rustls-native-certs v0.7.3
[INFO] [stderr]    Compiling uuid v1.23.4
[INFO] [stderr]    Compiling crypto-common v0.1.7
[INFO] [stderr]    Compiling block-buffer v0.10.4
[INFO] [stderr]    Compiling ring v0.17.14
[INFO] [stderr]    Compiling digest v0.10.7
[INFO] [stderr]    Compiling signature v2.2.0
[INFO] [stderr]    Compiling sha2 v0.10.9
[INFO] [stderr]    Compiling ed25519 v2.2.3
[INFO] [stderr]    Compiling regex-automata v0.4.14
[INFO] [stderr]    Compiling spki v0.7.3
[INFO] [stderr]    Compiling pkcs8 v0.10.2
[INFO] [stderr]    Compiling signatory v0.27.1
[INFO] [stderr]    Compiling time v0.3.51
[INFO] [stderr]    Compiling regex v1.12.4
[INFO] [stderr]    Compiling synstructure v0.13.2
[INFO] [stderr]    Compiling serde_derive v1.0.228
[INFO] [stderr]    Compiling zerovec-derive v0.11.3
[INFO] [stderr]    Compiling displaydoc v0.2.6
[INFO] [stderr]    Compiling tokio-macros v2.7.0
[INFO] [stderr]    Compiling futures-macro v0.3.32
[INFO] [stderr]    Compiling curve25519-dalek-derive v0.1.1
[INFO] [stderr]    Compiling tracing-attributes v0.1.31
[INFO] [stderr]    Compiling thiserror-impl v1.0.69
[INFO] [stderr]    Compiling thiserror-impl v2.0.18
[INFO] [stderr]    Compiling pin-project-internal v1.1.13
[INFO] [stderr]    Compiling serde_repr v0.1.20
[INFO] [stderr]    Compiling async-trait v0.1.89
[INFO] [stderr]    Compiling ppv-lite86 v0.2.21
[INFO] [stderr]    Compiling zerofrom-derive v0.1.7
[INFO] [stderr]    Compiling yoke-derive v0.8.2
[INFO] [stderr]    Compiling rand_chacha v0.3.1
[INFO] [stderr]    Compiling rand v0.8.6
[INFO] [stderr]    Compiling rustls-webpki v0.103.13
[INFO] [stderr]    Compiling rustls-webpki v0.102.8
[INFO] [stderr]    Compiling futures-util v0.3.32
[INFO] [stderr]    Compiling zerofrom v0.1.8
[INFO] [stderr]    Compiling nuid v0.5.0
[INFO] [stderr]    Compiling yoke v0.8.3
[INFO] [stderr]    Compiling thiserror v2.0.18
[INFO] [stderr]    Compiling pin-project v1.1.13
[INFO] [stderr]    Compiling tracing v0.1.44
[INFO] [stderr]    Compiling ed25519-dalek v2.2.0
[INFO] [stderr]    Compiling thiserror v1.0.69
[INFO] [stderr]    Compiling zerovec v0.11.6
[INFO] [stderr]    Compiling zerotrie v0.2.4
[INFO] [stderr]    Compiling nkeys v0.4.5
[INFO] [stderr]    Compiling tinystr v0.8.3
[INFO] [stderr]    Compiling potential_utf v0.1.5
[INFO] [stderr]    Compiling icu_collections v2.2.0
[INFO] [stderr]    Compiling icu_locale_core v2.2.0
[INFO] [stderr]    Compiling serde v1.0.228
[INFO] [stderr]    Compiling icu_provider v2.2.0
[INFO] [stderr]    Compiling icu_normalizer v2.2.0
[INFO] [stderr]    Compiling icu_properties v2.2.0
[INFO] [stderr]    Compiling bytes v1.12.0
[INFO] [stderr]    Compiling serde_nanos v0.1.4
[INFO] [stderr]    Compiling tokio v1.52.3
[INFO] [stderr]    Compiling http v1.4.2
[INFO] [stderr]    Compiling futures-executor v0.3.32
[INFO] [stderr]    Compiling idna_adapter v1.2.2
[INFO] [stderr]    Compiling idna v1.1.0
[INFO] [stderr]    Compiling futures v0.3.32
[INFO] [stderr]    Compiling url v2.5.8
[INFO] [stderr]    Compiling tokio-util v0.7.18
[INFO] [stderr]    Compiling tokio-rustls v0.26.4
[INFO] [stderr]    Compiling tryhard v0.5.2
[INFO] [stderr]    Compiling tokio-stream v0.1.18
[INFO] [stderr]    Compiling tokio-websockets v0.10.1
[INFO] [stderr]    Compiling strev v0.8.0
[INFO] [stderr]    Compiling async-nats v0.38.0
[INFO] [stderr]    Compiling strev-nats v0.8.0 (/opt/rustwide/workdir)
[INFO] [stderr]     Finished `dev` profile [unoptimized + debuginfo] target(s) in 45.68s
[INFO] running `Command { std: "docker" "inspect" "8b9aa04f2b1f20afd2e8ceeaba00ef6a6a0122eb85ba8930be2ea58afe59f9b0", kill_on_drop: false }`
[INFO] running `Command { std: "docker" "exec" "-e" "SOURCE_DIR=/opt/rustwide/workdir" "-e" "CARGO_HOME=/opt/rustwide/cargo-home" "-e" "RUSTUP_HOME=/opt/rustwide/rustup-home" "-e" "CARGO_TARGET_DIR=/opt/rustwide/target" "-e" "CARGO_INCREMENTAL=0" "-e" "RUST_BACKTRACE=full" "-e" "RUSTFLAGS=--cap-lints=warn" "-e" "RUSTDOCFLAGS=--cap-lints=warn" "-w" "/opt/rustwide/workdir" "--user" "0:0" "8b9aa04f2b1f20afd2e8ceeaba00ef6a6a0122eb85ba8930be2ea58afe59f9b0" "/opt/rustwide/cargo-home/bin/cargo" "+1.100.0-beta.1" "test" "--frozen" "--no-run" "--message-format=json", kill_on_drop: false }`
[INFO] [stderr]    Compiling tracing-core v0.1.36
[INFO] [stderr]    Compiling log v0.4.33
[INFO] [stderr]    Compiling nkeys v0.4.5
[INFO] [stderr]    Compiling tracing v0.1.44
[INFO] [stderr]    Compiling tracing-log v0.2.0
[INFO] [stderr]    Compiling async-nats v0.38.0
[INFO] [stderr]    Compiling strev v0.8.0
[INFO] [stderr]    Compiling tracing-subscriber v0.3.23
[INFO] [stderr]    Compiling strev-nats v0.8.0 (/opt/rustwide/workdir)
[INFO] [stdout] error[E0432]: unresolved import `strev_testsuite`
[INFO] [stdout]  --> tests/core_conformance_test.rs:8:5
[INFO] [stdout]   |
[INFO] [stdout] 8 | use strev_testsuite::Backend;
[INFO] [stdout]   |     ^^^^^^^^^^^^^^^ use of unresolved module or unlinked crate `strev_testsuite`
[INFO] [stdout]   |
[INFO] [stdout]   = help: if you wanted to use a crate named `strev_testsuite`, use `cargo add strev_testsuite` to add it to your `Cargo.toml`
[INFO] [stdout] 
[INFO] [stdout] 
[INFO] [stdout] error[E0432]: unresolved import `strev_testsuite`
[INFO] [stdout]  --> tests/conformance_test.rs:9:5
[INFO] [stdout]   |
[INFO] [stdout] 9 | use strev_testsuite::Backend;
[INFO] [stdout]   |     ^^^^^^^^^^^^^^^ use of unresolved module or unlinked crate `strev_testsuite`
[INFO] [stdout]   |
[INFO] [stdout]   = help: if you wanted to use a crate named `strev_testsuite`, use `cargo add strev_testsuite` to add it to your `Cargo.toml`
[INFO] [stdout] 
[INFO] [stdout] 
[INFO] [stdout] error[E0433]: cannot find module or crate `strev_testsuite` in this scope
[INFO] [stdout]   --> tests/core_conformance_test.rs:50:5
[INFO] [stdout]    |
[INFO] [stdout] 50 |     strev_testsuite::roundtrip(&backend).await;
[INFO] [stdout]    |     ^^^^^^^^^^^^^^^ use of unresolved module or unlinked crate `strev_testsuite`
[INFO] [stdout]    |
[INFO] [stdout]    = help: if you wanted to use a crate named `strev_testsuite`, use `cargo add strev_testsuite` to add it to your `Cargo.toml`
[INFO] [stdout] 
[INFO] [stdout] 
[INFO] [stdout] error[E0433]: cannot find module or crate `strev_testsuite` in this scope
[INFO] [stdout]   --> tests/core_conformance_test.rs:59:5
[INFO] [stdout]    |
[INFO] [stdout] 59 |     strev_testsuite::ordering(&backend).await;
[INFO] [stdout]    |     ^^^^^^^^^^^^^^^ use of unresolved module or unlinked crate `strev_testsuite`
[INFO] [stdout]    |
[INFO] [stdout]    = help: if you wanted to use a crate named `strev_testsuite`, use `cargo add strev_testsuite` to add it to your `Cargo.toml`
[INFO] [stdout] 
[INFO] [stdout] 
[INFO] [stdout] error[E0433]: cannot find module or crate `strev_testsuite` in this scope
[INFO] [stdout]   --> tests/core_conformance_test.rs:68:5
[INFO] [stdout]    |
[INFO] [stdout] 68 |     strev_testsuite::metadata_fidelity(&backend).await;
[INFO] [stdout]    |     ^^^^^^^^^^^^^^^ use of unresolved module or unlinked crate `strev_testsuite`
[INFO] [stdout]    |
[INFO] [stdout]    = help: if you wanted to use a crate named `strev_testsuite`, use `cargo add strev_testsuite` to add it to your `Cargo.toml`
[INFO] [stdout] 
[INFO] [stdout] 
[INFO] [stdout] error[E0433]: cannot find module or crate `strev_testsuite` in this scope
[INFO] [stdout]   --> tests/core_conformance_test.rs:77:5
[INFO] [stdout]    |
[INFO] [stdout] 77 |     strev_testsuite::competing_consumers(&backend).await;
[INFO] [stdout]    |     ^^^^^^^^^^^^^^^ use of unresolved module or unlinked crate `strev_testsuite`
[INFO] [stdout]    |
[INFO] [stdout]    = help: if you wanted to use a crate named `strev_testsuite`, use `cargo add strev_testsuite` to add it to your `Cargo.toml`
[INFO] [stdout] 
[INFO] [stdout] 
[INFO] [stdout] Some errors have detailed explanations: E0432, E0433.
[INFO] [stdout] 
[INFO] [stdout] For more information about an error, try `rustc --explain E0432`.
[INFO] [stdout] 
[INFO] [stderr] error: could not compile `strev-nats` (test "core_conformance_test") due to 5 previous errors
[INFO] [stderr] warning: build failed, waiting for other jobs to finish...
[INFO] [stdout] error[E0433]: cannot find module or crate `strev_testsuite` in this scope
[INFO] [stdout]   --> tests/conformance_test.rs:53:5
[INFO] [stdout]    |
[INFO] [stdout] 53 |     strev_testsuite::roundtrip(&backend).await;
[INFO] [stdout]    |     ^^^^^^^^^^^^^^^ use of unresolved module or unlinked crate `strev_testsuite`
[INFO] [stdout]    |
[INFO] [stdout]    = help: if you wanted to use a crate named `strev_testsuite`, use `cargo add strev_testsuite` to add it to your `Cargo.toml`
[INFO] [stdout] 
[INFO] [stdout] 
[INFO] [stdout] error[E0433]: cannot find module or crate `strev_testsuite` in this scope
[INFO] [stdout]   --> tests/conformance_test.rs:62:5
[INFO] [stdout]    |
[INFO] [stdout] 62 |     strev_testsuite::ordering(&backend).await;
[INFO] [stdout]    |     ^^^^^^^^^^^^^^^ use of unresolved module or unlinked crate `strev_testsuite`
[INFO] [stdout]    |
[INFO] [stdout]    = help: if you wanted to use a crate named `strev_testsuite`, use `cargo add strev_testsuite` to add it to your `Cargo.toml`
[INFO] [stdout] 
[INFO] [stdout] 
[INFO] [stdout] error[E0433]: cannot find module or crate `strev_testsuite` in this scope
[INFO] [stdout]   --> tests/conformance_test.rs:71:5
[INFO] [stdout]    |
[INFO] [stdout] 71 |     strev_testsuite::metadata_fidelity(&backend).await;
[INFO] [stdout]    |     ^^^^^^^^^^^^^^^ use of unresolved module or unlinked crate `strev_testsuite`
[INFO] [stdout]    |
[INFO] [stdout]    = help: if you wanted to use a crate named `strev_testsuite`, use `cargo add strev_testsuite` to add it to your `Cargo.toml`
[INFO] [stdout] 
[INFO] [stdout] 
[INFO] [stdout] error[E0433]: cannot find module or crate `strev_testsuite` in this scope
[INFO] [stdout]   --> tests/conformance_test.rs:80:5
[INFO] [stdout]    |
[INFO] [stdout] 80 |     strev_testsuite::consumer_group_resume(&backend).await;
[INFO] [stdout]    |     ^^^^^^^^^^^^^^^ use of unresolved module or unlinked crate `strev_testsuite`
[INFO] [stdout]    |
[INFO] [stdout]    = help: if you wanted to use a crate named `strev_testsuite`, use `cargo add strev_testsuite` to add it to your `Cargo.toml`
[INFO] [stdout] 
[INFO] [stdout] 
[INFO] [stdout] error[E0433]: cannot find module or crate `strev_testsuite` in this scope
[INFO] [stdout]    --> tests/conformance_test.rs:145:5
[INFO] [stdout]     |
[INFO] [stdout] 145 |     strev_testsuite::nack_redelivery(&backend).await;
[INFO] [stdout]     |     ^^^^^^^^^^^^^^^ use of unresolved module or unlinked crate `strev_testsuite`
[INFO] [stdout]     |
[INFO] [stdout]     = help: if you wanted to use a crate named `strev_testsuite`, use `cargo add strev_testsuite` to add it to your `Cargo.toml`
[INFO] [stdout] 
[INFO] [stdout] 
[INFO] [stdout] error[E0433]: cannot find module or crate `strev_testsuite` in this scope
[INFO] [stdout]    --> tests/conformance_test.rs:187:5
[INFO] [stdout]     |
[INFO] [stdout] 187 |     strev_testsuite::throughput(&backend).await;
[INFO] [stdout]     |     ^^^^^^^^^^^^^^^ use of unresolved module or unlinked crate `strev_testsuite`
[INFO] [stdout]     |
[INFO] [stdout]     = help: if you wanted to use a crate named `strev_testsuite`, use `cargo add strev_testsuite` to add it to your `Cargo.toml`
[INFO] [stdout] 
[INFO] [stdout] 
[INFO] [stdout] Some errors have detailed explanations: E0432, E0433.
[INFO] [stdout] 
[INFO] [stdout] For more information about an error, try `rustc --explain E0432`.
[INFO] [stdout] 
[INFO] [stderr] error: could not compile `strev-nats` (test "conformance_test") due to 7 previous errors
[INFO] running `Command { std: "docker" "inspect" "8b9aa04f2b1f20afd2e8ceeaba00ef6a6a0122eb85ba8930be2ea58afe59f9b0", kill_on_drop: false }`
[INFO] running `Command { std: "docker" "rm" "-f" "8b9aa04f2b1f20afd2e8ceeaba00ef6a6a0122eb85ba8930be2ea58afe59f9b0", kill_on_drop: false }`
[INFO] [stdout] 8b9aa04f2b1f20afd2e8ceeaba00ef6a6a0122eb85ba8930be2ea58afe59f9b0
