[INFO] fetching crate strev-mongodb 0.8.0...
[INFO] testing strev-mongodb-0.8.0 against 1.99.0-beta.8 for beta-1.100-2
[INFO] extracting crate strev-mongodb 0.8.0 into /workspace/builds/worker-0-tc1/source
[INFO] started tweaking crates.io crate strev-mongodb 0.8.0
[INFO] removed 0 missing examples
[INFO] removed 0 missing tests
[INFO] finished tweaking crates.io crate strev-mongodb 0.8.0
[INFO] tweaked toml for crates.io crate strev-mongodb 0.8.0 written to /workspace/builds/worker-0-tc1/source/Cargo.toml
[INFO] validating manifest of crates.io crate strev-mongodb 0.8.0 on toolchain 1.99.0-beta.8
[INFO] running `Command { std: CARGO_HOME="/workspace/cargo-home" RUSTUP_HOME="/workspace/rustup-home" "/workspace/cargo-home/bin/cargo" "+1.99.0-beta.8" "metadata" "--manifest-path" "Cargo.toml" "--no-deps", kill_on_drop: false }`
[INFO] crate crates.io crate strev-mongodb 0.8.0 already has a lockfile, it will not be regenerated
[INFO] running `Command { std: CARGO_HOME="/workspace/cargo-home" RUSTUP_HOME="/workspace/rustup-home" "/workspace/cargo-home/bin/cargo" "+1.99.0-beta.8" "fetch" "--manifest-path" "Cargo.toml", kill_on_drop: false }`
[INFO] [stderr]     Blocking waiting for file lock on package cache
[INFO] [stderr]     Updating crates.io index
[INFO] [stderr]  Downloading crates ...
[INFO] [stderr]   Downloaded typed-builder v0.22.0
[INFO] [stderr]   Downloaded take_mut v0.2.2
[INFO] [stderr]   Downloaded rustc_version_runtime v0.3.0
[INFO] [stderr]   Downloaded bytes v1.12.0
[INFO] [stderr]   Downloaded uuid v1.23.4
[INFO] [stderr]   Downloaded mongodb-internal-macros v3.7.0
[INFO] [stderr]   Downloaded typed-builder-macro v0.22.0
[INFO] [stderr]   Downloaded stringprep v0.1.5
[INFO] [stderr]   Downloaded strev v0.8.0
[INFO] [stderr]   Downloaded unicode-properties v0.1.4
[INFO] [stderr]   Downloaded mongocrypt-sys v0.1.5+1.15.1
[INFO] [stderr]   Downloaded mongocrypt v0.3.2
[INFO] [stderr]   Downloaded time-macros v0.2.30
[INFO] [stderr]   Downloaded resolv-conf v0.7.6
[INFO] [stderr]   Downloaded ipconfig v0.3.4
[INFO] [stderr]   Downloaded bson v2.15.0
[INFO] [stderr]   Downloaded hickory-resolver v0.26.1
[INFO] [stderr]   Downloaded moka v0.12.15
[INFO] [stderr]   Downloaded time v0.3.51
[INFO] [stderr]   Downloaded mongodb v3.7.0
[INFO] [stderr]   Downloaded prefix-trie v0.8.4
[INFO] [stderr]   Downloaded hickory-proto v0.26.1
[INFO] [stderr]   Downloaded hickory-net v0.26.1
[INFO] [stderr]   Downloaded derive-where v1.6.1
[INFO] [stderr]   Downloaded data-encoding v2.11.0
[INFO] running `Command { std: "docker" "create" "-v" "/var/lib/crater-agent-workspace/builds/worker-0-tc1/source:/opt/rustwide/workdir:ro,Z" "-v" "/var/lib/crater-agent-workspace/builds/worker-0-tc1/target:/opt/rustwide/target:rw,Z" "-v" "/var/lib/crater-agent-workspace/cargo-home:/opt/rustwide/cargo-home:ro,Z" "-v" "/var/lib/crater-agent-workspace/rustup-home:/opt/rustwide/rustup-home:ro,Z" "-m" "1610612736" "--network" "none" "ghcr.io/rust-lang/crates-build-env/linux@sha256:3111399a4047eeb3a02b7a90e478d715f38a8c6669b5c4b49d30a17385265909" "sleep" "infinity", kill_on_drop: false }`
[INFO] [stdout] 1115092a2d96bee49c0a612f02e5d9a7b46080a4ad71ded9276bafea57febf25
[INFO] running `Command { std: "docker" "start" "1115092a2d96bee49c0a612f02e5d9a7b46080a4ad71ded9276bafea57febf25", kill_on_drop: false }`
[INFO] running `Command { std: "docker" "inspect" "1115092a2d96bee49c0a612f02e5d9a7b46080a4ad71ded9276bafea57febf25", kill_on_drop: false }`
[INFO] running `Command { std: "docker" "exec" "-e" "SOURCE_DIR=/opt/rustwide/workdir" "-e" "CARGO_HOME=/opt/rustwide/cargo-home" "-e" "RUSTUP_HOME=/opt/rustwide/rustup-home" "-e" "CARGO_TARGET_DIR=/opt/rustwide/target" "-w" "/opt/rustwide/workdir" "--user" "0:0" "1115092a2d96bee49c0a612f02e5d9a7b46080a4ad71ded9276bafea57febf25" "/opt/rustwide/cargo-home/bin/cargo" "+1.99.0-beta.8" "metadata" "--no-deps" "--format-version=1", kill_on_drop: false }`
[INFO] running `Command { std: "docker" "inspect" "1115092a2d96bee49c0a612f02e5d9a7b46080a4ad71ded9276bafea57febf25", kill_on_drop: false }`
[INFO] running `Command { std: "docker" "exec" "-e" "SOURCE_DIR=/opt/rustwide/workdir" "-e" "CARGO_HOME=/opt/rustwide/cargo-home" "-e" "RUSTUP_HOME=/opt/rustwide/rustup-home" "-e" "CARGO_TARGET_DIR=/opt/rustwide/target" "-e" "CARGO_INCREMENTAL=0" "-e" "RUST_BACKTRACE=full" "-e" "RUSTFLAGS=--cap-lints=warn" "-e" "RUSTDOCFLAGS=--cap-lints=warn" "-w" "/opt/rustwide/workdir" "--user" "0:0" "1115092a2d96bee49c0a612f02e5d9a7b46080a4ad71ded9276bafea57febf25" "/opt/rustwide/cargo-home/bin/cargo" "+1.99.0-beta.8" "build" "--frozen" "--message-format=json", kill_on_drop: false }`
[INFO] [stderr]    Compiling critical-section v1.2.0
[INFO] [stderr]    Compiling libc v0.2.186
[INFO] [stderr]    Compiling serde_core v1.0.228
[INFO] [stderr]    Compiling portable-atomic v1.13.1
[INFO] [stderr]    Compiling tiny-keccak v2.0.2
[INFO] [stderr]    Compiling memchr v2.8.2
[INFO] [stderr]    Compiling futures-core v0.3.32
[INFO] [stderr]    Compiling syn v2.0.118
[INFO] [stderr]    Compiling getrandom v0.4.3
[INFO] [stderr]    Compiling futures-sink v0.3.32
[INFO] [stderr]    Compiling mio v1.2.1
[INFO] [stderr]    Compiling cc v1.2.65
[INFO] [stderr]    Compiling socket2 v0.6.4
[INFO] [stderr]    Compiling slab v0.4.12
[INFO] [stderr]    Compiling futures-task v0.3.32
[INFO] [stderr]    Compiling futures-io v0.3.32
[INFO] [stderr]    Compiling futures-channel v0.3.32
[INFO] [stderr]    Compiling once_cell v1.21.4
[INFO] [stderr]    Compiling bytes v1.12.0
[INFO] [stderr]    Compiling zerocopy v0.8.52
[INFO] [stderr]    Compiling num-traits v0.2.19
[INFO] [stderr]    Compiling tinyvec v1.11.0
[INFO] [stderr]    Compiling getrandom v0.3.4
[INFO] [stderr]    Compiling rustls-pki-types v1.14.1
[INFO] [stderr]    Compiling either v1.16.0
[INFO] [stderr]    Compiling rustc_version v0.4.1
[INFO] [stderr]    Compiling rand_core v0.9.5
[INFO] [stderr]    Compiling rand v0.10.1
[INFO] [stderr]    Compiling num-conv v0.2.2
[INFO] [stderr]    Compiling data-encoding v2.11.0
[INFO] [stderr]    Compiling rustls v0.23.41
[INFO] [stderr]    Compiling time-core v0.1.9
[INFO] [stderr]    Compiling crossbeam-channel v0.5.15
[INFO] [stderr]    Compiling tracing-core v0.1.36
[INFO] [stderr]    Compiling crossbeam-epoch v0.9.18
[INFO] [stderr]    Compiling deranged v0.5.8
[INFO] [stderr]    Compiling tagptr v0.2.0
[INFO] [stderr]    Compiling rustc_version_runtime v0.3.0
[INFO] [stderr]    Compiling time-macros v0.2.30
[INFO] [stderr]    Compiling bitvec v1.1.1
[INFO] [stderr]    Compiling unicode-normalization v0.1.25
[INFO] [stderr]    Compiling unicode-properties v0.1.4
[INFO] [stderr]    Compiling resolv-conf v0.7.6
[INFO] [stderr]    Compiling sha1 v0.10.6
[INFO] [stderr]    Compiling webpki-roots v1.0.8
[INFO] [stderr]    Compiling md-5 v0.10.6
[INFO] [stderr]    Compiling pbkdf2 v0.12.2
[INFO] [stderr]    Compiling take_mut v0.2.2
[INFO] [stderr]    Compiling getrandom v0.2.17
[INFO] [stderr]    Compiling stringprep v0.1.5
[INFO] [stderr]    Compiling bitflags v2.13.0
[INFO] [stderr]    Compiling ring v0.17.14
[INFO] [stderr]    Compiling const-random-macro v0.1.16
[INFO] [stderr]    Compiling const-random v0.1.18
[INFO] [stderr]    Compiling time v0.3.51
[INFO] [stderr]    Compiling uuid v1.23.4
[INFO] [stderr]    Compiling serde_json v1.0.150
[INFO] [stderr]    Compiling serde_bytes v0.11.19
[INFO] [stderr]    Compiling synstructure v0.13.2
[INFO] [stderr]    Compiling darling_core v0.23.0
[INFO] [stderr]    Compiling moka v0.12.15
[INFO] [stderr]    Compiling zerovec-derive v0.11.3
[INFO] [stderr]    Compiling displaydoc v0.2.6
[INFO] [stderr]    Compiling serde_derive v1.0.228
[INFO] [stderr]    Compiling tokio-macros v2.7.0
[INFO] [stderr]    Compiling futures-macro v0.3.32
[INFO] [stderr]    Compiling thiserror-impl v2.0.18
[INFO] [stderr]    Compiling tracing-attributes v0.1.31
[INFO] [stderr]    Compiling macro_magic_core_macros v0.5.1
[INFO] [stderr]    Compiling derive-syn-parse v0.2.0
[INFO] [stderr]    Compiling zerofrom-derive v0.1.7
[INFO] [stderr]    Compiling yoke-derive v0.8.2
[INFO] [stderr]    Compiling async-trait v0.1.89
[INFO] [stderr]    Compiling tokio v1.52.3
[INFO] [stderr]    Compiling futures-util v0.3.32
[INFO] [stderr]    Compiling derive_more-impl v2.1.1
[INFO] [stderr]    Compiling macro_magic_core v0.5.1
[INFO] [stderr]    Compiling ppv-lite86 v0.2.21
[INFO] [stderr]    Compiling ahash v0.8.12
[INFO] [stderr]    Compiling thiserror v2.0.18
[INFO] [stderr]    Compiling typed-builder-macro v0.22.0
[INFO] [stderr]    Compiling derive-where v1.6.1
[INFO] [stderr]    Compiling macro_magic_macros v0.5.1
[INFO] [stderr]    Compiling zerofrom v0.1.8
[INFO] [stderr]    Compiling yoke v0.8.3
[INFO] [stderr]    Compiling rand_chacha v0.9.0
[INFO] [stderr]    Compiling tracing v0.1.44
[INFO] [stderr]    Compiling rand v0.9.4
[INFO] [stderr]    Compiling macro_magic v0.5.1
[INFO] [stderr]    Compiling mongodb-internal-macros v3.7.0
[INFO] [stderr]    Compiling zerovec v0.11.6
[INFO] [stderr]    Compiling zerotrie v0.2.4
[INFO] [stderr]    Compiling darling_macro v0.23.0
[INFO] [stderr]    Compiling typed-builder v0.22.0
[INFO] [stderr]    Compiling darling v0.23.0
[INFO] [stderr]    Compiling derive_more v2.1.1
[INFO] [stderr]    Compiling serde_with_macros v3.21.0
[INFO] [stderr]    Compiling tinystr v0.8.3
[INFO] [stderr]    Compiling potential_utf v0.1.5
[INFO] [stderr]    Compiling icu_collections v2.2.0
[INFO] [stderr]    Compiling icu_locale_core v2.2.0
[INFO] [stderr]    Compiling serde_with v3.21.0
[INFO] [stderr]    Compiling serde v1.0.228
[INFO] [stderr]    Compiling icu_provider v2.2.0
[INFO] [stderr]    Compiling futures-executor v0.3.32
[INFO] [stderr]    Compiling rustls-webpki v0.103.13
[INFO] [stderr]    Compiling icu_properties v2.2.0
[INFO] [stderr]    Compiling icu_normalizer v2.2.0
[INFO] [stderr]    Compiling futures v0.3.32
[INFO] [stderr]    Compiling ipnet v2.12.0
[INFO] [stderr]    Compiling bson v2.15.0
[INFO] [stderr]    Compiling prefix-trie v0.8.4
[INFO] [stderr]    Compiling idna_adapter v1.2.2
[INFO] [stderr]    Compiling idna v1.1.0
[INFO] [stderr]    Compiling url v2.5.8
[INFO] [stderr]    Compiling hickory-proto v0.26.1
[INFO] [stderr]    Compiling tokio-util v0.7.18
[INFO] [stderr]    Compiling tokio-stream v0.1.18
[INFO] [stderr]    Compiling strev v0.8.0
[INFO] [stderr]    Compiling hickory-net v0.26.1
[INFO] [stderr]    Compiling tokio-rustls v0.26.4
[INFO] [stderr]    Compiling hickory-resolver v0.26.1
[INFO] [stderr]    Compiling mongodb v3.7.0
[INFO] [stderr]    Compiling strev-mongodb v0.8.0 (/opt/rustwide/workdir)
[INFO] [stderr]     Finished `dev` profile [unoptimized + debuginfo] target(s) in 54.31s
[INFO] running `Command { std: "docker" "inspect" "1115092a2d96bee49c0a612f02e5d9a7b46080a4ad71ded9276bafea57febf25", kill_on_drop: false }`
[INFO] running `Command { std: "docker" "exec" "-e" "SOURCE_DIR=/opt/rustwide/workdir" "-e" "CARGO_HOME=/opt/rustwide/cargo-home" "-e" "RUSTUP_HOME=/opt/rustwide/rustup-home" "-e" "CARGO_TARGET_DIR=/opt/rustwide/target" "-e" "CARGO_INCREMENTAL=0" "-e" "RUST_BACKTRACE=full" "-e" "RUSTFLAGS=--cap-lints=warn" "-e" "RUSTDOCFLAGS=--cap-lints=warn" "-w" "/opt/rustwide/workdir" "--user" "0:0" "1115092a2d96bee49c0a612f02e5d9a7b46080a4ad71ded9276bafea57febf25" "/opt/rustwide/cargo-home/bin/cargo" "+1.99.0-beta.8" "test" "--frozen" "--no-run" "--message-format=json", kill_on_drop: false }`
[INFO] [stderr]    Compiling tracing-core v0.1.36
[INFO] [stderr]    Compiling tokio v1.52.3
[INFO] [stderr]    Compiling rustls v0.23.41
[INFO] [stderr]    Compiling tracing v0.1.44
[INFO] [stderr]    Compiling tracing-log v0.2.0
[INFO] [stderr]    Compiling hickory-proto v0.26.1
[INFO] [stderr]    Compiling tracing-subscriber v0.3.23
[INFO] [stderr]    Compiling hickory-net v0.26.1
[INFO] [stderr]    Compiling tokio-util v0.7.18
[INFO] [stderr]    Compiling tokio-rustls v0.26.4
[INFO] [stderr]    Compiling tokio-stream v0.1.18
[INFO] [stderr]    Compiling strev v0.8.0
[INFO] [stderr]    Compiling hickory-resolver v0.26.1
[INFO] [stderr]    Compiling mongodb v3.7.0
[INFO] [stderr]    Compiling strev-mongodb v0.8.0 (/opt/rustwide/workdir)
[INFO] [stdout] error[E0432]: unresolved import `strev_testsuite`
[INFO] [stdout]  --> tests/queue_conformance_test.rs:7:5
[INFO] [stdout]   |
[INFO] [stdout] 7 | use strev_testsuite::Backend;
[INFO] [stdout]   |     ^^^^^^^^^^^^^^^ use of unresolved module or unlinked crate `strev_testsuite`
[INFO] [stdout]   |
[INFO] [stdout]   = help: if you wanted to use a crate named `strev_testsuite`, use `cargo add strev_testsuite` to add it to your `Cargo.toml`
[INFO] [stdout] 
[INFO] [stdout] 
[INFO] [stdout] error[E0432]: unresolved import `strev_testsuite`
[INFO] [stdout]   --> tests/conformance_test.rs:10:5
[INFO] [stdout]    |
[INFO] [stdout] 10 | use strev_testsuite::Backend;
[INFO] [stdout]    |     ^^^^^^^^^^^^^^^ use of unresolved module or unlinked crate `strev_testsuite`
[INFO] [stdout]    |
[INFO] [stdout]    = help: if you wanted to use a crate named `strev_testsuite`, use `cargo add strev_testsuite` to add it to your `Cargo.toml`
[INFO] [stdout] 
[INFO] [stdout] 
[INFO] [stdout] error[E0433]: cannot find module or crate `strev_testsuite` in this scope
[INFO] [stdout]   --> tests/conformance_test.rs:57:5
[INFO] [stdout]    |
[INFO] [stdout] 57 |     strev_testsuite::roundtrip(&backend).await;
[INFO] [stdout]    |     ^^^^^^^^^^^^^^^ use of unresolved module or unlinked crate `strev_testsuite`
[INFO] [stdout]    |
[INFO] [stdout]    = help: if you wanted to use a crate named `strev_testsuite`, use `cargo add strev_testsuite` to add it to your `Cargo.toml`
[INFO] [stdout] 
[INFO] [stdout] 
[INFO] [stderr] error: could not compile `strev-mongodb` (test "conformance_test") due to 6 previous errors
[INFO] [stdout] error[E0433]: cannot find module or crate `strev_testsuite` in this scope
[INFO] [stdout]   --> tests/conformance_test.rs:66:5
[INFO] [stdout]    |
[INFO] [stdout] 66 |     strev_testsuite::ordering(&backend).await;
[INFO] [stdout]    |     ^^^^^^^^^^^^^^^ use of unresolved module or unlinked crate `strev_testsuite`
[INFO] [stdout]    |
[INFO] [stdout]    = help: if you wanted to use a crate named `strev_testsuite`, use `cargo add strev_testsuite` to add it to your `Cargo.toml`
[INFO] [stdout] 
[INFO] [stdout] 
[INFO] [stderr] warning: build failed, waiting for other jobs to finish...
[INFO] [stdout] error[E0433]: cannot find module or crate `strev_testsuite` in this scope
[INFO] [stdout]   --> tests/conformance_test.rs:75:5
[INFO] [stdout]    |
[INFO] [stdout] 75 |     strev_testsuite::metadata_fidelity(&backend).await;
[INFO] [stdout]    |     ^^^^^^^^^^^^^^^ use of unresolved module or unlinked crate `strev_testsuite`
[INFO] [stdout]    |
[INFO] [stdout]    = help: if you wanted to use a crate named `strev_testsuite`, use `cargo add strev_testsuite` to add it to your `Cargo.toml`
[INFO] [stdout] 
[INFO] [stdout] 
[INFO] [stdout] error[E0433]: cannot find module or crate `strev_testsuite` in this scope
[INFO] [stdout]   --> tests/conformance_test.rs:84:5
[INFO] [stdout]    |
[INFO] [stdout] 84 |     strev_testsuite::consumer_group_resume(&backend).await;
[INFO] [stdout]    |     ^^^^^^^^^^^^^^^ use of unresolved module or unlinked crate `strev_testsuite`
[INFO] [stdout]    |
[INFO] [stdout]    = help: if you wanted to use a crate named `strev_testsuite`, use `cargo add strev_testsuite` to add it to your `Cargo.toml`
[INFO] [stdout] 
[INFO] [stdout] 
[INFO] [stdout] error[E0433]: cannot find module or crate `strev_testsuite` in this scope
[INFO] [stdout]    --> tests/conformance_test.rs:146:5
[INFO] [stdout]     |
[INFO] [stdout] 146 |     strev_testsuite::throughput(&backend).await;
[INFO] [stdout]     |     ^^^^^^^^^^^^^^^ use of unresolved module or unlinked crate `strev_testsuite`
[INFO] [stdout]     |
[INFO] [stdout]     = help: if you wanted to use a crate named `strev_testsuite`, use `cargo add strev_testsuite` to add it to your `Cargo.toml`
[INFO] [stdout] 
[INFO] [stdout] 
[INFO] [stdout] Some errors have detailed explanations: E0432, E0433.
[INFO] [stdout] 
[INFO] [stdout] For more information about an error, try `rustc --explain E0432`.
[INFO] [stdout] 
[INFO] [stdout] error[E0433]: cannot find module or crate `strev_testsuite` in this scope
[INFO] [stdout]   --> tests/queue_conformance_test.rs:53:5
[INFO] [stdout]    |
[INFO] [stdout] 53 |     strev_testsuite::roundtrip(&backend).await;
[INFO] [stdout]    |     ^^^^^^^^^^^^^^^ use of unresolved module or unlinked crate `strev_testsuite`
[INFO] [stdout]    |
[INFO] [stdout]    = help: if you wanted to use a crate named `strev_testsuite`, use `cargo add strev_testsuite` to add it to your `Cargo.toml`
[INFO] [stdout] 
[INFO] [stdout] 
[INFO] [stdout] error[E0433]: cannot find module or crate `strev_testsuite` in this scope
[INFO] [stdout]   --> tests/queue_conformance_test.rs:62:5
[INFO] [stdout]    |
[INFO] [stdout] 62 |     strev_testsuite::ordering(&backend).await;
[INFO] [stdout]    |     ^^^^^^^^^^^^^^^ use of unresolved module or unlinked crate `strev_testsuite`
[INFO] [stdout]    |
[INFO] [stdout]    = help: if you wanted to use a crate named `strev_testsuite`, use `cargo add strev_testsuite` to add it to your `Cargo.toml`
[INFO] [stdout] 
[INFO] [stdout] 
[INFO] [stdout] error[E0433]: cannot find module or crate `strev_testsuite` in this scope
[INFO] [stdout]   --> tests/queue_conformance_test.rs:71:5
[INFO] [stdout]    |
[INFO] [stdout] 71 |     strev_testsuite::metadata_fidelity(&backend).await;
[INFO] [stdout]    |     ^^^^^^^^^^^^^^^ use of unresolved module or unlinked crate `strev_testsuite`
[INFO] [stdout]    |
[INFO] [stdout]    = help: if you wanted to use a crate named `strev_testsuite`, use `cargo add strev_testsuite` to add it to your `Cargo.toml`
[INFO] [stdout] 
[INFO] [stdout] 
[INFO] [stdout] error[E0433]: cannot find module or crate `strev_testsuite` in this scope
[INFO] [stdout]   --> tests/queue_conformance_test.rs:80:5
[INFO] [stdout]    |
[INFO] [stdout] 80 |     strev_testsuite::consumer_group_resume(&backend).await;
[INFO] [stdout]    |     ^^^^^^^^^^^^^^^ use of unresolved module or unlinked crate `strev_testsuite`
[INFO] [stdout]    |
[INFO] [stdout]    = help: if you wanted to use a crate named `strev_testsuite`, use `cargo add strev_testsuite` to add it to your `Cargo.toml`
[INFO] [stdout] 
[INFO] [stdout] 
[INFO] [stdout] error[E0433]: cannot find module or crate `strev_testsuite` in this scope
[INFO] [stdout]   --> tests/queue_conformance_test.rs:89:5
[INFO] [stdout]    |
[INFO] [stdout] 89 |     strev_testsuite::nack_redelivery(&backend).await;
[INFO] [stdout]    |     ^^^^^^^^^^^^^^^ use of unresolved module or unlinked crate `strev_testsuite`
[INFO] [stdout]    |
[INFO] [stdout]    = help: if you wanted to use a crate named `strev_testsuite`, use `cargo add strev_testsuite` to add it to your `Cargo.toml`
[INFO] [stdout] 
[INFO] [stdout] 
[INFO] [stdout] error[E0433]: cannot find module or crate `strev_testsuite` in this scope
[INFO] [stdout]   --> tests/queue_conformance_test.rs:98:5
[INFO] [stdout]    |
[INFO] [stdout] 98 |     strev_testsuite::competing_consumers(&backend).await;
[INFO] [stdout]    |     ^^^^^^^^^^^^^^^ use of unresolved module or unlinked crate `strev_testsuite`
[INFO] [stdout]    |
[INFO] [stdout]    = help: if you wanted to use a crate named `strev_testsuite`, use `cargo add strev_testsuite` to add it to your `Cargo.toml`
[INFO] [stdout] 
[INFO] [stdout] 
[INFO] [stdout] error[E0433]: cannot find module or crate `strev_testsuite` in this scope
[INFO] [stdout]    --> tests/queue_conformance_test.rs:130:5
[INFO] [stdout]     |
[INFO] [stdout] 130 |     strev_testsuite::throughput(&backend).await;
[INFO] [stdout]     |     ^^^^^^^^^^^^^^^ use of unresolved module or unlinked crate `strev_testsuite`
[INFO] [stdout]     |
[INFO] [stdout]     = help: if you wanted to use a crate named `strev_testsuite`, use `cargo add strev_testsuite` to add it to your `Cargo.toml`
[INFO] [stdout] 
[INFO] [stdout] 
[INFO] [stdout] Some errors have detailed explanations: E0432, E0433.
[INFO] [stdout] 
[INFO] [stdout] For more information about an error, try `rustc --explain E0432`.
[INFO] [stdout] 
[INFO] [stderr] error: could not compile `strev-mongodb` (test "queue_conformance_test") due to 8 previous errors
[INFO] running `Command { std: "docker" "inspect" "1115092a2d96bee49c0a612f02e5d9a7b46080a4ad71ded9276bafea57febf25", kill_on_drop: false }`
[INFO] running `Command { std: "docker" "rm" "-f" "1115092a2d96bee49c0a612f02e5d9a7b46080a4ad71ded9276bafea57febf25", kill_on_drop: false }`
[INFO] [stdout] 1115092a2d96bee49c0a612f02e5d9a7b46080a4ad71ded9276bafea57febf25
