[INFO] fetching crate strede-postcard 0.2.3...
[INFO] testing strede-postcard-0.2.3 against 1.99.0-beta.8 for beta-1.100-2
[INFO] extracting crate strede-postcard 0.2.3 into /workspace/builds/worker-3-tc1/source
[INFO] started tweaking crates.io crate strede-postcard 0.2.3
[INFO] removed 0 missing tests
[INFO] finished tweaking crates.io crate strede-postcard 0.2.3
[INFO] tweaked toml for crates.io crate strede-postcard 0.2.3 written to /workspace/builds/worker-3-tc1/source/Cargo.toml
[INFO] validating manifest of crates.io crate strede-postcard 0.2.3 on toolchain 1.99.0-beta.8
[INFO] running `Command { std: CARGO_HOME="/workspace/cargo-home" RUSTUP_HOME="/workspace/rustup-home" "/workspace/cargo-home/bin/cargo" "+1.99.0-beta.8" "metadata" "--manifest-path" "Cargo.toml" "--no-deps", kill_on_drop: false }`
[INFO] crate crates.io crate strede-postcard 0.2.3 already has a lockfile, it will not be regenerated
[INFO] running `Command { std: CARGO_HOME="/workspace/cargo-home" RUSTUP_HOME="/workspace/rustup-home" "/workspace/cargo-home/bin/cargo" "+1.99.0-beta.8" "fetch" "--manifest-path" "Cargo.toml", kill_on_drop: false }`
[INFO] [stderr]     Updating crates.io index
[INFO] [stderr]  Downloading crates ...
[INFO] [stderr]   Downloaded pin-list v0.1.2
[INFO] [stderr]   Downloaded const-array-concat v0.2.0
[INFO] [stderr]   Downloaded pinned-aliasable v0.1.3
[INFO] [stderr]   Downloaded strede v0.2.3
[INFO] [stderr]   Downloaded strede-derive v0.2.3
[INFO] running `Command { std: "docker" "create" "-v" "/var/lib/crater-agent-workspace/builds/worker-3-tc1/source:/opt/rustwide/workdir:ro,Z" "-v" "/var/lib/crater-agent-workspace/builds/worker-3-tc1/target:/opt/rustwide/target:rw,Z" "-v" "/var/lib/crater-agent-workspace/cargo-home:/opt/rustwide/cargo-home:ro,Z" "-v" "/var/lib/crater-agent-workspace/rustup-home:/opt/rustwide/rustup-home:ro,Z" "-m" "1610612736" "--network" "none" "ghcr.io/rust-lang/crates-build-env/linux@sha256:3111399a4047eeb3a02b7a90e478d715f38a8c6669b5c4b49d30a17385265909" "sleep" "infinity", kill_on_drop: false }`
[INFO] [stdout] 2757bcdd7f6d47670751370e1edc1f6369602261323cdfb01188c2dc60a223e3
[INFO] running `Command { std: "docker" "start" "2757bcdd7f6d47670751370e1edc1f6369602261323cdfb01188c2dc60a223e3", kill_on_drop: false }`
[INFO] running `Command { std: "docker" "inspect" "2757bcdd7f6d47670751370e1edc1f6369602261323cdfb01188c2dc60a223e3", kill_on_drop: false }`
[INFO] running `Command { std: "docker" "exec" "-e" "SOURCE_DIR=/opt/rustwide/workdir" "-e" "CARGO_HOME=/opt/rustwide/cargo-home" "-e" "RUSTUP_HOME=/opt/rustwide/rustup-home" "-e" "CARGO_TARGET_DIR=/opt/rustwide/target" "-w" "/opt/rustwide/workdir" "--user" "0:0" "2757bcdd7f6d47670751370e1edc1f6369602261323cdfb01188c2dc60a223e3" "/opt/rustwide/cargo-home/bin/cargo" "+1.99.0-beta.8" "metadata" "--no-deps" "--format-version=1", kill_on_drop: false }`
[INFO] running `Command { std: "docker" "inspect" "2757bcdd7f6d47670751370e1edc1f6369602261323cdfb01188c2dc60a223e3", kill_on_drop: false }`
[INFO] running `Command { std: "docker" "exec" "-e" "SOURCE_DIR=/opt/rustwide/workdir" "-e" "CARGO_HOME=/opt/rustwide/cargo-home" "-e" "RUSTUP_HOME=/opt/rustwide/rustup-home" "-e" "CARGO_TARGET_DIR=/opt/rustwide/target" "-e" "CARGO_INCREMENTAL=0" "-e" "RUST_BACKTRACE=full" "-e" "RUSTFLAGS=--cap-lints=warn" "-e" "RUSTDOCFLAGS=--cap-lints=warn" "-w" "/opt/rustwide/workdir" "--user" "0:0" "2757bcdd7f6d47670751370e1edc1f6369602261323cdfb01188c2dc60a223e3" "/opt/rustwide/cargo-home/bin/cargo" "+1.99.0-beta.8" "build" "--frozen" "--message-format=json", kill_on_drop: false }`
[INFO] [stderr]    Compiling syn v2.0.117
[INFO] [stderr]    Compiling typeid v1.0.3
[INFO] [stderr]    Compiling typewit v1.15.2
[INFO] [stderr]    Compiling unicode-segmentation v1.13.2
[INFO] [stderr]    Compiling syn v3.0.3
[INFO] [stderr]    Compiling pinned-aliasable v0.1.3
[INFO] [stderr]    Compiling pin-list v0.1.2
[INFO] [stderr]    Compiling const_panic v0.2.15
[INFO] [stderr]    Compiling const-array-concat v0.2.0
[INFO] [stderr]    Compiling convert_case v0.11.0
[INFO] [stderr]    Compiling strede-derive v0.2.3
[INFO] [stderr]    Compiling pin-project-internal v1.1.11
[INFO] [stderr]    Compiling pin-project v1.1.11
[INFO] [stderr]    Compiling strede v0.2.3
[INFO] [stderr]    Compiling strede-postcard v0.2.3 (/opt/rustwide/workdir)
[INFO] [stderr]     Finished `dev` profile [unoptimized + debuginfo] target(s) in 24.79s
[INFO] running `Command { std: "docker" "inspect" "2757bcdd7f6d47670751370e1edc1f6369602261323cdfb01188c2dc60a223e3", kill_on_drop: false }`
[INFO] running `Command { std: "docker" "exec" "-e" "SOURCE_DIR=/opt/rustwide/workdir" "-e" "CARGO_HOME=/opt/rustwide/cargo-home" "-e" "RUSTUP_HOME=/opt/rustwide/rustup-home" "-e" "CARGO_TARGET_DIR=/opt/rustwide/target" "-e" "CARGO_INCREMENTAL=0" "-e" "RUST_BACKTRACE=full" "-e" "RUSTFLAGS=--cap-lints=warn" "-e" "RUSTDOCFLAGS=--cap-lints=warn" "-w" "/opt/rustwide/workdir" "--user" "0:0" "2757bcdd7f6d47670751370e1edc1f6369602261323cdfb01188c2dc60a223e3" "/opt/rustwide/cargo-home/bin/cargo" "+1.99.0-beta.8" "test" "--frozen" "--no-run" "--message-format=json", kill_on_drop: false }`
[INFO] [stderr]    Compiling strede-derive v0.2.3
[INFO] [stderr]    Compiling strede v0.2.3
[INFO] [stderr]    Compiling strede-postcard v0.2.3 (/opt/rustwide/workdir)
[INFO] [stdout] error[E0432]: unresolved import `strede_test_util`
[INFO] [stdout]   --> src/chunked/varint.rs:99:9
[INFO] [stdout]    |
[INFO] [stdout] 99 |     use strede_test_util::block_on_loop;
[INFO] [stdout]    |         ^^^^^^^^^^^^^^^^ use of unresolved module or unlinked crate `strede_test_util`
[INFO] [stdout]    |
[INFO] [stdout]    = help: if you wanted to use a crate named `strede_test_util`, use `cargo add strede_test_util` to add it to your `Cargo.toml`
[INFO] [stdout] 
[INFO] [stdout] 
[INFO] [stdout] error[E0432]: unresolved import `strede_test_util`
[INFO] [stdout]   --> tests/try_from_field_borrow.rs:16:5
[INFO] [stdout]    |
[INFO] [stdout] 16 | use strede_test_util::block_on;
[INFO] [stdout]    |     ^^^^^^^^^^^^^^^^ use of unresolved module or unlinked crate `strede_test_util`
[INFO] [stdout]    |
[INFO] [stdout]    = help: if you wanted to use a crate named `strede_test_util`, use `cargo add strede_test_util` to add it to your `Cargo.toml`
[INFO] [stdout] 
[INFO] [stdout] 
[INFO] [stdout] error[E0432]: unresolved import `strede_test_util`
[INFO] [stdout]  --> tests/primitives_borrow.rs:9:5
[INFO] [stdout]   |
[INFO] [stdout] 9 | use strede_test_util::block_on;
[INFO] [stdout]   |     ^^^^^^^^^^^^^^^^ use of unresolved module or unlinked crate `strede_test_util`
[INFO] [stdout]   |
[INFO] [stdout]   = help: if you wanted to use a crate named `strede_test_util`, use `cargo add strede_test_util` to add it to your `Cargo.toml`
[INFO] [stdout] 
[INFO] [stdout] 
[INFO] [stdout] error[E0432]: unresolved import `strede_test_util`
[INFO] [stdout]   --> tests/deserialize_with_borrow.rs:16:5
[INFO] [stdout]    |
[INFO] [stdout] 16 | use strede_test_util::block_on;
[INFO] [stdout]    |     ^^^^^^^^^^^^^^^^ use of unresolved module or unlinked crate `strede_test_util`
[INFO] [stdout]    |
[INFO] [stdout]    = help: if you wanted to use a crate named `strede_test_util`, use `cargo add strede_test_util` to add it to your `Cargo.toml`
[INFO] [stdout] 
[INFO] [stdout] 
[INFO] [stdout] error[E0432]: unresolved import `strede_test_util`
[INFO] [stdout]    --> tests/helpers.rs:129:13
[INFO] [stdout]     |
[INFO] [stdout] 129 |         use strede_test_util::block_on_loop;
[INFO] [stdout]     |             ^^^^^^^^^^^^^^^^ use of unresolved module or unlinked crate `strede_test_util`
[INFO] [stdout]     |
[INFO] [stdout]    ::: tests/container_from_owned.rs:35:16
[INFO] [stdout]     |
[INFO] [stdout]  35 |     assert_eq!(parse_owned!(Scale, &varint(7)), Ok(Some(Scale(70))));
[INFO] [stdout]     |                ------------------------------- in this macro invocation
[INFO] [stdout]     |
[INFO] [stdout]     = help: if you wanted to use a crate named `strede_test_util`, use `cargo add strede_test_util` to add it to your `Cargo.toml`
[INFO] [stdout]     = note: this error originates in the macro `parse_owned` (in Nightly builds, run with -Z macro-backtrace for more info)
[INFO] [stdout] 
[INFO] [stdout] 
[INFO] [stdout] error[E0432]: unresolved import `strede_test_util`
[INFO] [stdout]    --> tests/helpers.rs:129:13
[INFO] [stdout]     |
[INFO] [stdout] 129 |         use strede_test_util::block_on_loop;
[INFO] [stdout]     |             ^^^^^^^^^^^^^^^^ use of unresolved module or unlinked crate `strede_test_util`
[INFO] [stdout]     |
[INFO] [stdout]    ::: tests/container_from_owned.rs:42:16
[INFO] [stdout]     |
[INFO] [stdout]  42 |     assert_eq!(parse_owned!(Scale, &varint(300)), Ok(None));
[INFO] [stdout]     |                --------------------------------- in this macro invocation
[INFO] [stdout]     |
[INFO] [stdout]     = help: if you wanted to use a crate named `strede_test_util`, use `cargo add strede_test_util` to add it to your `Cargo.toml`
[INFO] [stdout]     = note: this error originates in the macro `parse_owned` (in Nightly builds, run with -Z macro-backtrace for more info)
[INFO] [stdout] 
[INFO] [stdout] 
[INFO] [stdout] error[E0432]: unresolved import `strede_test_util`
[INFO] [stdout]    --> tests/helpers.rs:129:13
[INFO] [stdout]     |
[INFO] [stdout] 129 |         use strede_test_util::block_on_loop;
[INFO] [stdout]     |             ^^^^^^^^^^^^^^^^ use of unresolved module or unlinked crate `strede_test_util`
[INFO] [stdout]     |
[INFO] [stdout]    ::: tests/container_from_owned.rs:47:16
[INFO] [stdout]     |
[INFO] [stdout]  47 |     assert_eq!(parse_owned!(Port, &zigzag(8080)), Ok(Some(Port(8080))));
[INFO] [stdout]     |                --------------------------------- in this macro invocation
[INFO] [stdout]     |
[INFO] [stdout]     = help: if you wanted to use a crate named `strede_test_util`, use `cargo add strede_test_util` to add it to your `Cargo.toml`
[INFO] [stdout]     = note: this error originates in the macro `parse_owned` (in Nightly builds, run with -Z macro-backtrace for more info)
[INFO] [stdout] 
[INFO] [stdout] 
[INFO] [stdout] error[E0432]: unresolved import `strede_test_util`
[INFO] [stdout]    --> tests/helpers.rs:129:13
[INFO] [stdout]     |
[INFO] [stdout] 129 |         use strede_test_util::block_on_loop;
[INFO] [stdout]     |             ^^^^^^^^^^^^^^^^ use of unresolved module or unlinked crate `strede_test_util`
[INFO] [stdout]     |
[INFO] [stdout]    ::: tests/container_from_owned.rs:52:16
[INFO] [stdout]     |
[INFO] [stdout]  52 |     assert_eq!(parse_owned!(Port, &zigzag(-1)), Ok(None));
[INFO] [stdout]     |                ------------------------------- in this macro invocation
[INFO] [stdout]     |
[INFO] [stdout]     = help: if you wanted to use a crate named `strede_test_util`, use `cargo add strede_test_util` to add it to your `Cargo.toml`
[INFO] [stdout]     = note: this error originates in the macro `parse_owned` (in Nightly builds, run with -Z macro-backtrace for more info)
[INFO] [stdout] 
[INFO] [stdout] 
[INFO] [stdout] error[E0432]: unresolved import `strede_test_util`
[INFO] [stdout]    --> tests/helpers.rs:164:13
[INFO] [stdout]     |
[INFO] [stdout] 164 |         use strede_test_util::block_on_loop;
[INFO] [stdout]     |             ^^^^^^^^^^^^^^^^ use of unresolved module or unlinked crate `strede_test_util`
[INFO] [stdout]     |
[INFO] [stdout]    ::: tests/container_from_owned.rs:57:16
[INFO] [stdout]     |
[INFO] [stdout]  57 |     assert_eq!(parse_owned_chunked!(Port, &zigzag(-1), 1), Ok(None));
[INFO] [stdout]     |                ------------------------------------------ in this macro invocation
[INFO] [stdout]     |
[INFO] [stdout]     = help: if you wanted to use a crate named `strede_test_util`, use `cargo add strede_test_util` to add it to your `Cargo.toml`
[INFO] [stdout]     = note: this error originates in the macro `parse_owned_chunked` (in Nightly builds, run with -Z macro-backtrace for more info)
[INFO] [stdout] 
[INFO] [stdout] 
[INFO] [stdout] error[E0432]: unresolved import `strede_test_util`
[INFO] [stdout]   --> tests/with_field_borrow.rs:15:5
[INFO] [stdout]    |
[INFO] [stdout] 15 | use strede_test_util::block_on;
[INFO] [stdout]    |     ^^^^^^^^^^^^^^^^ use of unresolved module or unlinked crate `strede_test_util`
[INFO] [stdout]    |
[INFO] [stdout]    = help: if you wanted to use a crate named `strede_test_util`, use `cargo add strede_test_util` to add it to your `Cargo.toml`
[INFO] [stdout] 
[INFO] [stdout] 
[INFO] [stdout] error[E0432]: unresolved import `strede_test_util`
[INFO] [stdout]    --> tests/helpers.rs:164:13
[INFO] [stdout]     |
[INFO] [stdout] 164 |         use strede_test_util::block_on_loop;
[INFO] [stdout]     |             ^^^^^^^^^^^^^^^^ use of unresolved module or unlinked crate `strede_test_util`
[INFO] [stdout]     |
[INFO] [stdout]    ::: tests/varint_chunking.rs:41:13
[INFO] [stdout]     |
[INFO] [stdout]  41 |             parse_owned_chunked!(u64, &bytes, chunk_size),
[INFO] [stdout]     |             --------------------------------------------- in this macro invocation
[INFO] [stdout]     |
[INFO] [stdout]     = help: if you wanted to use a crate named `strede_test_util`, use `cargo add strede_test_util` to add it to your `Cargo.toml`
[INFO] [stdout]     = note: this error originates in the macro `parse_owned_chunked` (in Nightly builds, run with -Z macro-backtrace for more info)
[INFO] [stdout] 
[INFO] [stdout] 
[INFO] [stdout] error[E0432]: unresolved import `strede_test_util`
[INFO] [stdout]    --> tests/helpers.rs:164:13
[INFO] [stdout]     |
[INFO] [stdout] 164 |         use strede_test_util::block_on_loop;
[INFO] [stdout]     |             ^^^^^^^^^^^^^^^^ use of unresolved module or unlinked crate `strede_test_util`
[INFO] [stdout]     |
[INFO] [stdout]    ::: tests/varint_chunking.rs:55:13
[INFO] [stdout]     |
[INFO] [stdout]  55 |             parse_owned_chunked!(i64, &bytes, chunk_size),
[INFO] [stdout]     |             --------------------------------------------- in this macro invocation
[INFO] [stdout]     |
[INFO] [stdout]     = help: if you wanted to use a crate named `strede_test_util`, use `cargo add strede_test_util` to add it to your `Cargo.toml`
[INFO] [stdout]     = note: this error originates in the macro `parse_owned_chunked` (in Nightly builds, run with -Z macro-backtrace for more info)
[INFO] [stdout] 
[INFO] [stdout] 
[INFO] [stdout] error[E0432]: unresolved import `strede_test_util`
[INFO] [stdout]    --> tests/helpers.rs:164:13
[INFO] [stdout]     |
[INFO] [stdout] 164 |         use strede_test_util::block_on_loop;
[INFO] [stdout]     |             ^^^^^^^^^^^^^^^^ use of unresolved module or unlinked crate `strede_test_util`
[INFO] [stdout]     |
[INFO] [stdout]    ::: tests/varint_chunking.rs:70:13
[INFO] [stdout]     |
[INFO] [stdout]  70 |             parse_owned_chunked!(u128, &bytes, chunk_size),
[INFO] [stdout]     |             ---------------------------------------------- in this macro invocation
[INFO] [stdout]     |
[INFO] [stdout]     = help: if you wanted to use a crate named `strede_test_util`, use `cargo add strede_test_util` to add it to your `Cargo.toml`
[INFO] [stdout]     = note: this error originates in the macro `parse_owned_chunked` (in Nightly builds, run with -Z macro-backtrace for more info)
[INFO] [stdout] 
[INFO] [stdout] 
[INFO] [stdout] error[E0432]: unresolved import `strede_test_util`
[INFO] [stdout]    --> tests/helpers.rs:164:13
[INFO] [stdout]     |
[INFO] [stdout] 164 |         use strede_test_util::block_on_loop;
[INFO] [stdout]     |             ^^^^^^^^^^^^^^^^ use of unresolved module or unlinked crate `strede_test_util`
[INFO] [stdout]     |
[INFO] [stdout]    ::: tests/varint_chunking.rs:83:13
[INFO] [stdout]     |
[INFO] [stdout]  83 |             parse_owned_chunked!(i128, &bytes, chunk_size),
[INFO] [stdout]     |             ---------------------------------------------- in this macro invocation
[INFO] [stdout]     |
[INFO] [stdout]     = help: if you wanted to use a crate named `strede_test_util`, use `cargo add strede_test_util` to add it to your `Cargo.toml`
[INFO] [stdout]     = note: this error originates in the macro `parse_owned_chunked` (in Nightly builds, run with -Z macro-backtrace for more info)
[INFO] [stdout] 
[INFO] [stdout] 
[INFO] [stdout] error[E0432]: unresolved import `strede_test_util`
[INFO] [stdout]    --> tests/helpers.rs:164:13
[INFO] [stdout]     |
[INFO] [stdout] 164 |         use strede_test_util::block_on_loop;
[INFO] [stdout]     |             ^^^^^^^^^^^^^^^^ use of unresolved module or unlinked crate `strede_test_util`
[INFO] [stdout]     |
[INFO] [stdout]    ::: tests/varint_chunking.rs:184:13
[INFO] [stdout]     |
[INFO] [stdout] 184 |             parse_owned_chunked!(Cmd, &bytes, chunk_size),
[INFO] [stdout]     |             --------------------------------------------- in this macro invocation
[INFO] [stdout]     |
[INFO] [stdout]     = help: if you wanted to use a crate named `strede_test_util`, use `cargo add strede_test_util` to add it to your `Cargo.toml`
[INFO] [stdout]     = note: this error originates in the macro `parse_owned_chunked` (in Nightly builds, run with -Z macro-backtrace for more info)
[INFO] [stdout] 
[INFO] [stdout] 
[INFO] [stdout] error[E0432]: unresolved import `strede_test_util`
[INFO] [stdout]    --> tests/helpers.rs:164:13
[INFO] [stdout]     |
[INFO] [stdout] 164 |         use strede_test_util::block_on_loop;
[INFO] [stdout]     |             ^^^^^^^^^^^^^^^^ use of unresolved module or unlinked crate `strede_test_util`
[INFO] [stdout]     |
[INFO] [stdout]    ::: tests/varint_chunking.rs:200:13
[INFO] [stdout]     |
[INFO] [stdout] 200 |             parse_owned_chunked!(Cmd, &bytes, chunk_size),
[INFO] [stdout]     |             --------------------------------------------- in this macro invocation
[INFO] [stdout]     |
[INFO] [stdout]     = help: if you wanted to use a crate named `strede_test_util`, use `cargo add strede_test_util` to add it to your `Cargo.toml`
[INFO] [stdout]     = note: this error originates in the macro `parse_owned_chunked` (in Nightly builds, run with -Z macro-backtrace for more info)
[INFO] [stdout] 
[INFO] [stdout] 
[INFO] [stdout] error[E0432]: unresolved import `strede_test_util`
[INFO] [stdout]    --> tests/helpers.rs:164:13
[INFO] [stdout]     |
[INFO] [stdout] 164 |         use strede_test_util::block_on_loop;
[INFO] [stdout]     |             ^^^^^^^^^^^^^^^^ use of unresolved module or unlinked crate `strede_test_util`
[INFO] [stdout]     |
[INFO] [stdout]    ::: tests/varint_chunking.rs:216:13
[INFO] [stdout]     |
[INFO] [stdout] 216 |             parse_owned_chunked!(u64, &bytes, chunk_size).unwrap_err(),
[INFO] [stdout]     |             --------------------------------------------- in this macro invocation
[INFO] [stdout]     |
[INFO] [stdout]     = help: if you wanted to use a crate named `strede_test_util`, use `cargo add strede_test_util` to add it to your `Cargo.toml`
[INFO] [stdout]     = note: this error originates in the macro `parse_owned_chunked` (in Nightly builds, run with -Z macro-backtrace for more info)
[INFO] [stdout] 
[INFO] [stdout] 
[INFO] [stdout] error[E0432]: unresolved import `strede_test_util`
[INFO] [stdout]    --> tests/helpers.rs:129:13
[INFO] [stdout]     |
[INFO] [stdout] 129 |         use strede_test_util::block_on_loop;
[INFO] [stdout]     |             ^^^^^^^^^^^^^^^^ use of unresolved module or unlinked crate `strede_test_util`
[INFO] [stdout]     |
[INFO] [stdout]    ::: tests/tag_miss_owned.rs:34:16
[INFO] [stdout]     |
[INFO] [stdout]  34 |     assert_eq!(parse_owned!(InternallyTagged, &varint(0)), Ok(None));
[INFO] [stdout]     |                ------------------------------------------ in this macro invocation
[INFO] [stdout]     |
[INFO] [stdout]     = help: if you wanted to use a crate named `strede_test_util`, use `cargo add strede_test_util` to add it to your `Cargo.toml`
[INFO] [stdout]     = note: this error originates in the macro `parse_owned` (in Nightly builds, run with -Z macro-backtrace for more info)
[INFO] [stdout] 
[INFO] [stdout] 
[INFO] [stdout] error[E0432]: unresolved import `strede_test_util`
[INFO] [stdout]    --> tests/helpers.rs:129:13
[INFO] [stdout]     |
[INFO] [stdout] 129 |         use strede_test_util::block_on_loop;
[INFO] [stdout]     |             ^^^^^^^^^^^^^^^^ use of unresolved module or unlinked crate `strede_test_util`
[INFO] [stdout]     |
[INFO] [stdout]    ::: tests/tag_miss_owned.rs:39:16
[INFO] [stdout]     |
[INFO] [stdout]  39 |     assert_eq!(parse_owned!(AdjacentlyTagged, &varint(0)), Ok(None));
[INFO] [stdout]     |                ------------------------------------------ in this macro invocation
[INFO] [stdout]     |
[INFO] [stdout]     = help: if you wanted to use a crate named `strede_test_util`, use `cargo add strede_test_util` to add it to your `Cargo.toml`
[INFO] [stdout]     = note: this error originates in the macro `parse_owned` (in Nightly builds, run with -Z macro-backtrace for more info)
[INFO] [stdout] 
[INFO] [stdout] 
[INFO] [stdout] For more information about this error, try `rustc --explain E0432`.
[INFO] [stdout] 
[INFO] [stdout] error[E0432]: unresolved import `strede_test_util`
[INFO] [stdout]   --> tests/enums_borrow.rs:14:5
[INFO] [stdout]    |
[INFO] [stdout] 14 | use strede_test_util::block_on;
[INFO] [stdout]    |     ^^^^^^^^^^^^^^^^ use of unresolved module or unlinked crate `strede_test_util`
[INFO] [stdout]    |
[INFO] [stdout]    = help: if you wanted to use a crate named `strede_test_util`, use `cargo add strede_test_util` to add it to your `Cargo.toml`
[INFO] [stdout] 
[INFO] [stdout] 
[INFO] [stderr] error: could not compile `strede-postcard` (test "container_from_owned") due to 5 previous errors
[INFO] [stderr] warning: build failed, waiting for other jobs to finish...
[INFO] [stdout] error[E0432]: unresolved import `strede_test_util`
[INFO] [stdout]   --> tests/structs_borrow.rs:13:5
[INFO] [stdout]    |
[INFO] [stdout] 13 | use strede_test_util::block_on;
[INFO] [stdout]    |     ^^^^^^^^^^^^^^^^ use of unresolved module or unlinked crate `strede_test_util`
[INFO] [stdout]    |
[INFO] [stdout]    = help: if you wanted to use a crate named `strede_test_util`, use `cargo add strede_test_util` to add it to your `Cargo.toml`
[INFO] [stdout] 
[INFO] [stdout] 
[INFO] [stdout] error[E0432]: unresolved import `strede_test_util`
[INFO] [stdout]    --> tests/helpers.rs:129:13
[INFO] [stdout]     |
[INFO] [stdout] 129 |         use strede_test_util::block_on_loop;
[INFO] [stdout]     |             ^^^^^^^^^^^^^^^^ use of unresolved module or unlinked crate `strede_test_util`
[INFO] [stdout]     |
[INFO] [stdout]    ::: tests/transparent_owned.rs:22:9
[INFO] [stdout]     |
[INFO] [stdout]  22 |         parse_owned!(TransparentWrapper, &data),
[INFO] [stdout]     |         --------------------------------------- in this macro invocation
[INFO] [stdout]     |
[INFO] [stdout]     = help: if you wanted to use a crate named `strede_test_util`, use `cargo add strede_test_util` to add it to your `Cargo.toml`
[INFO] [stdout]     = note: this error originates in the macro `parse_owned` (in Nightly builds, run with -Z macro-backtrace for more info)
[INFO] [stdout] 
[INFO] [stdout] 
[INFO] [stdout] error[E0432]: unresolved import `strede_test_util`
[INFO] [stdout]    --> tests/helpers.rs:129:13
[INFO] [stdout]     |
[INFO] [stdout] 129 |         use strede_test_util::block_on_loop;
[INFO] [stdout]     |             ^^^^^^^^^^^^^^^^ use of unresolved module or unlinked crate `strede_test_util`
[INFO] [stdout]     |
[INFO] [stdout]    ::: tests/transparent_owned.rs:33:9
[INFO] [stdout]     |
[INFO] [stdout]  33 |         parse_owned!(TransparentWrapper, &[]).unwrap_err(),
[INFO] [stdout]     |         ------------------------------------- in this macro invocation
[INFO] [stdout]     |
[INFO] [stdout]     = help: if you wanted to use a crate named `strede_test_util`, use `cargo add strede_test_util` to add it to your `Cargo.toml`
[INFO] [stdout]     = note: this error originates in the macro `parse_owned` (in Nightly builds, run with -Z macro-backtrace for more info)
[INFO] [stdout] 
[INFO] [stdout] 
[INFO] [stdout] error[E0432]: unresolved import `strede_test_util`
[INFO] [stdout]   --> tests/tag_miss_borrow.rs:15:5
[INFO] [stdout]    |
[INFO] [stdout] 15 | use strede_test_util::block_on;
[INFO] [stdout]    |     ^^^^^^^^^^^^^^^^ use of unresolved module or unlinked crate `strede_test_util`
[INFO] [stdout]    |
[INFO] [stdout]    = help: if you wanted to use a crate named `strede_test_util`, use `cargo add strede_test_util` to add it to your `Cargo.toml`
[INFO] [stdout] 
[INFO] [stdout] 
[INFO] [stdout] error[E0432]: unresolved import `strede_test_util`
[INFO] [stdout]    --> tests/helpers.rs:129:13
[INFO] [stdout]     |
[INFO] [stdout] 129 |         use strede_test_util::block_on_loop;
[INFO] [stdout]     |             ^^^^^^^^^^^^^^^^ use of unresolved module or unlinked crate `strede_test_util`
[INFO] [stdout]     |
[INFO] [stdout]    ::: tests/primitives_owned.rs:22:16
[INFO] [stdout]     |
[INFO] [stdout]  22 |     assert_eq!(parse_owned!((), &[]), Ok(Some(())));
[INFO] [stdout]     |                --------------------- in this macro invocation
[INFO] [stdout]     |
[INFO] [stdout]     = help: if you wanted to use a crate named `strede_test_util`, use `cargo add strede_test_util` to add it to your `Cargo.toml`
[INFO] [stdout]     = note: this error originates in the macro `parse_owned` (in Nightly builds, run with -Z macro-backtrace for more info)
[INFO] [stdout] 
[INFO] [stdout] 
[INFO] [stdout] error[E0432]: unresolved import `strede_test_util`
[INFO] [stdout]    --> tests/helpers.rs:129:13
[INFO] [stdout]     |
[INFO] [stdout] 129 |         use strede_test_util::block_on_loop;
[INFO] [stdout]     |             ^^^^^^^^^^^^^^^^ use of unresolved module or unlinked crate `strede_test_util`
[INFO] [stdout]     |
[INFO] [stdout]    ::: tests/primitives_owned.rs:28:9
[INFO] [stdout]     |
[INFO] [stdout]  28 |         parse_owned!((), &[0x01]).unwrap_err(),
[INFO] [stdout]     |         ------------------------- in this macro invocation
[INFO] [stdout]     |
[INFO] [stdout]     = help: if you wanted to use a crate named `strede_test_util`, use `cargo add strede_test_util` to add it to your `Cargo.toml`
[INFO] [stdout]     = note: this error originates in the macro `parse_owned` (in Nightly builds, run with -Z macro-backtrace for more info)
[INFO] [stdout] 
[INFO] [stdout] 
[INFO] [stdout] error[E0432]: unresolved import `strede_test_util`
[INFO] [stdout]    --> tests/helpers.rs:129:13
[INFO] [stdout]     |
[INFO] [stdout] 129 |         use strede_test_util::block_on_loop;
[INFO] [stdout]     |             ^^^^^^^^^^^^^^^^ use of unresolved module or unlinked crate `strede_test_util`
[INFO] [stdout]     |
[INFO] [stdout]    ::: tests/primitives_owned.rs:37:16
[INFO] [stdout]     |
[INFO] [stdout]  37 |     assert_eq!(parse_owned!(bool, &[0x00]), Ok(Some(false)));
[INFO] [stdout]     |                --------------------------- in this macro invocation
[INFO] [stdout]     |
[INFO] [stdout]     = help: if you wanted to use a crate named `strede_test_util`, use `cargo add strede_test_util` to add it to your `Cargo.toml`
[INFO] [stdout]     = note: this error originates in the macro `parse_owned` (in Nightly builds, run with -Z macro-backtrace for more info)
[INFO] [stdout] 
[INFO] [stdout] 
[INFO] [stdout] error[E0432]: unresolved import `strede_test_util`
[INFO] [stdout]    --> tests/helpers.rs:129:13
[INFO] [stdout]     |
[INFO] [stdout] 129 |         use strede_test_util::block_on_loop;
[INFO] [stdout]     |             ^^^^^^^^^^^^^^^^ use of unresolved module or unlinked crate `strede_test_util`
[INFO] [stdout]     |
[INFO] [stdout]    ::: tests/primitives_owned.rs:42:16
[INFO] [stdout]     |
[INFO] [stdout]  42 |     assert_eq!(parse_owned!(bool, &[0x01]), Ok(Some(true)));
[INFO] [stdout]     |                --------------------------- in this macro invocation
[INFO] [stdout]     |
[INFO] [stdout]     = help: if you wanted to use a crate named `strede_test_util`, use `cargo add strede_test_util` to add it to your `Cargo.toml`
[INFO] [stdout]     = note: this error originates in the macro `parse_owned` (in Nightly builds, run with -Z macro-backtrace for more info)
[INFO] [stdout] 
[INFO] [stdout] 
[INFO] [stdout] error[E0432]: unresolved import `strede_test_util`
[INFO] [stdout]    --> tests/helpers.rs:129:13
[INFO] [stdout]     |
[INFO] [stdout] 129 |         use strede_test_util::block_on_loop;
[INFO] [stdout]     |             ^^^^^^^^^^^^^^^^ use of unresolved module or unlinked crate `strede_test_util`
[INFO] [stdout]     |
[INFO] [stdout]    ::: tests/primitives_owned.rs:47:16
[INFO] [stdout]     |
[INFO] [stdout]  47 |     assert_eq!(parse_owned!(bool, &[0x02]), Ok(None));
[INFO] [stdout]     |                --------------------------- in this macro invocation
[INFO] [stdout]     |
[INFO] [stdout]     = help: if you wanted to use a crate named `strede_test_util`, use `cargo add strede_test_util` to add it to your `Cargo.toml`
[INFO] [stdout]     = note: this error originates in the macro `parse_owned` (in Nightly builds, run with -Z macro-backtrace for more info)
[INFO] [stdout] 
[INFO] [stdout] 
[INFO] [stdout] error[E0432]: unresolved import `strede_test_util`
[INFO] [stdout]    --> tests/helpers.rs:129:13
[INFO] [stdout]     |
[INFO] [stdout] 129 |         use strede_test_util::block_on_loop;
[INFO] [stdout]     |             ^^^^^^^^^^^^^^^^ use of unresolved module or unlinked crate `strede_test_util`
[INFO] [stdout]     |
[INFO] [stdout]    ::: tests/primitives_owned.rs:53:9
[INFO] [stdout]     |
[INFO] [stdout]  53 |         parse_owned!(bool, &[]).unwrap_err(),
[INFO] [stdout]     |         ----------------------- in this macro invocation
[INFO] [stdout]     |
[INFO] [stdout]     = help: if you wanted to use a crate named `strede_test_util`, use `cargo add strede_test_util` to add it to your `Cargo.toml`
[INFO] [stdout]     = note: this error originates in the macro `parse_owned` (in Nightly builds, run with -Z macro-backtrace for more info)
[INFO] [stdout] 
[INFO] [stdout] 
[INFO] [stdout] error[E0432]: unresolved import `strede_test_util`
[INFO] [stdout]    --> tests/helpers.rs:129:13
[INFO] [stdout]     |
[INFO] [stdout] 129 |         use strede_test_util::block_on_loop;
[INFO] [stdout]     |             ^^^^^^^^^^^^^^^^ use of unresolved module or unlinked crate `strede_test_util`
[INFO] [stdout]     |
[INFO] [stdout]    ::: tests/primitives_owned.rs:62:16
[INFO] [stdout]     |
[INFO] [stdout]  62 |     assert_eq!(parse_owned!(u8, &varint(0)), Ok(Some(0)));
[INFO] [stdout]     |                ---------------------------- in this macro invocation
[INFO] [stdout]     |
[INFO] [stdout]     = help: if you wanted to use a crate named `strede_test_util`, use `cargo add strede_test_util` to add it to your `Cargo.toml`
[INFO] [stdout]     = note: this error originates in the macro `parse_owned` (in Nightly builds, run with -Z macro-backtrace for more info)
[INFO] [stdout] 
[INFO] [stdout] 
[INFO] [stdout] error[E0432]: unresolved import `strede_test_util`
[INFO] [stdout]    --> tests/helpers.rs:129:13
[INFO] [stdout]     |
[INFO] [stdout] 129 |         use strede_test_util::block_on_loop;
[INFO] [stdout]     |             ^^^^^^^^^^^^^^^^ use of unresolved module or unlinked crate `strede_test_util`
[INFO] [stdout]     |
[INFO] [stdout]    ::: tests/primitives_owned.rs:67:16
[INFO] [stdout]     |
[INFO] [stdout]  67 |     assert_eq!(parse_owned!(u8, &varint(255)), Ok(Some(255)));
[INFO] [stdout]     |                ------------------------------ in this macro invocation
[INFO] [stdout]     |
[INFO] [stdout]     = help: if you wanted to use a crate named `strede_test_util`, use `cargo add strede_test_util` to add it to your `Cargo.toml`
[INFO] [stdout]     = note: this error originates in the macro `parse_owned` (in Nightly builds, run with -Z macro-backtrace for more info)
[INFO] [stdout] 
[INFO] [stdout] 
[INFO] [stdout] error[E0432]: unresolved import `strede_test_util`
[INFO] [stdout]    --> tests/helpers.rs:129:13
[INFO] [stdout]     |
[INFO] [stdout] 129 |         use strede_test_util::block_on_loop;
[INFO] [stdout]     |             ^^^^^^^^^^^^^^^^ use of unresolved module or unlinked crate `strede_test_util`
[INFO] [stdout]     |
[INFO] [stdout]    ::: tests/primitives_owned.rs:72:16
[INFO] [stdout]     |
[INFO] [stdout]  72 |     assert_eq!(parse_owned!(u8, &varint(256)), Ok(None));
[INFO] [stdout]     |                ------------------------------ in this macro invocation
[INFO] [stdout]     |
[INFO] [stdout]     = help: if you wanted to use a crate named `strede_test_util`, use `cargo add strede_test_util` to add it to your `Cargo.toml`
[INFO] [stdout]     = note: this error originates in the macro `parse_owned` (in Nightly builds, run with -Z macro-backtrace for more info)
[INFO] [stdout] 
[INFO] [stdout] 
[INFO] [stdout] For more information about this error, try `rustc --explain E0432`.
[INFO] [stdout] 
[INFO] [stdout] error[E0432]: unresolved import `strede_test_util`
[INFO] [stdout]    --> tests/helpers.rs:129:13
[INFO] [stdout]     |
[INFO] [stdout] 129 |         use strede_test_util::block_on_loop;
[INFO] [stdout]     |             ^^^^^^^^^^^^^^^^ use of unresolved module or unlinked crate `strede_test_util`
[INFO] [stdout]     |
[INFO] [stdout]    ::: tests/primitives_owned.rs:79:16
[INFO] [stdout]     |
[INFO] [stdout]  79 |     assert_eq!(parse_owned!(u16, &varint(1000)), Ok(Some(1000)));
[INFO] [stdout]     |                -------------------------------- in this macro invocation
[INFO] [stdout]     |
[INFO] [stdout]     = help: if you wanted to use a crate named `strede_test_util`, use `cargo add strede_test_util` to add it to your `Cargo.toml`
[INFO] [stdout]     = note: this error originates in the macro `parse_owned` (in Nightly builds, run with -Z macro-backtrace for more info)
[INFO] [stdout] 
[INFO] [stdout] 
[INFO] [stdout] error[E0432]: unresolved import `strede_test_util`
[INFO] [stdout]    --> tests/helpers.rs:129:13
[INFO] [stdout]     |
[INFO] [stdout] 129 |         use strede_test_util::block_on_loop;
[INFO] [stdout]     |             ^^^^^^^^^^^^^^^^ use of unresolved module or unlinked crate `strede_test_util`
[INFO] [stdout]     |
[INFO] [stdout]    ::: tests/primitives_owned.rs:84:16
[INFO] [stdout]     |
[INFO] [stdout]  84 |     assert_eq!(parse_owned!(u16, &varint(65535)), Ok(Some(65535)));
[INFO] [stdout]     |                --------------------------------- in this macro invocation
[INFO] [stdout]     |
[INFO] [stdout]     = help: if you wanted to use a crate named `strede_test_util`, use `cargo add strede_test_util` to add it to your `Cargo.toml`
[INFO] [stdout]     = note: this error originates in the macro `parse_owned` (in Nightly builds, run with -Z macro-backtrace for more info)
[INFO] [stdout] 
[INFO] [stdout] 
[INFO] [stdout] error[E0432]: unresolved import `strede_test_util`
[INFO] [stdout]    --> tests/helpers.rs:129:13
[INFO] [stdout]     |
[INFO] [stdout] 129 |         use strede_test_util::block_on_loop;
[INFO] [stdout]     |             ^^^^^^^^^^^^^^^^ use of unresolved module or unlinked crate `strede_test_util`
[INFO] [stdout]     |
[INFO] [stdout]    ::: tests/primitives_owned.rs:89:16
[INFO] [stdout]     |
[INFO] [stdout]  89 |     assert_eq!(parse_owned!(u16, &varint(65536)), Ok(None));
[INFO] [stdout]     |                --------------------------------- in this macro invocation
[INFO] [stdout]     |
[INFO] [stdout]     = help: if you wanted to use a crate named `strede_test_util`, use `cargo add strede_test_util` to add it to your `Cargo.toml`
[INFO] [stdout]     = note: this error originates in the macro `parse_owned` (in Nightly builds, run with -Z macro-backtrace for more info)
[INFO] [stdout] 
[INFO] [stdout] 
[INFO] [stdout] error[E0432]: unresolved import `strede_test_util`
[INFO] [stdout]    --> tests/helpers.rs:129:13
[INFO] [stdout]     |
[INFO] [stdout] 129 |         use strede_test_util::block_on_loop;
[INFO] [stdout]     |             ^^^^^^^^^^^^^^^^ use of unresolved module or unlinked crate `strede_test_util`
[INFO] [stdout]     |
[INFO] [stdout]    ::: tests/primitives_owned.rs:96:16
[INFO] [stdout]     |
[INFO] [stdout]  96 |     assert_eq!(parse_owned!(u32, &varint(100_000)), Ok(Some(100_000)));
[INFO] [stdout]     |                ----------------------------------- in this macro invocation
[INFO] [stdout]     |
[INFO] [stdout]     = help: if you wanted to use a crate named `strede_test_util`, use `cargo add strede_test_util` to add it to your `Cargo.toml`
[INFO] [stdout]     = note: this error originates in the macro `parse_owned` (in Nightly builds, run with -Z macro-backtrace for more info)
[INFO] [stdout] 
[INFO] [stdout] 
[INFO] [stdout] error[E0432]: unresolved import `strede_test_util`
[INFO] [stdout]    --> tests/helpers.rs:129:13
[INFO] [stdout]     |
[INFO] [stdout] 129 |         use strede_test_util::block_on_loop;
[INFO] [stdout]     |             ^^^^^^^^^^^^^^^^ use of unresolved module or unlinked crate `strede_test_util`
[INFO] [stdout]     |
[INFO] [stdout]    ::: tests/primitives_owned.rs:102:9
[INFO] [stdout]     |
[INFO] [stdout] 102 |         parse_owned!(u32, &varint(u32::MAX as u64)),
[INFO] [stdout]     |         ------------------------------------------- in this macro invocation
[INFO] [stdout]     |
[INFO] [stdout]     = help: if you wanted to use a crate named `strede_test_util`, use `cargo add strede_test_util` to add it to your `Cargo.toml`
[INFO] [stdout]     = note: this error originates in the macro `parse_owned` (in Nightly builds, run with -Z macro-backtrace for more info)
[INFO] [stdout] 
[INFO] [stdout] 
[INFO] [stdout] error[E0432]: unresolved import `strede_test_util`
[INFO] [stdout]    --> tests/helpers.rs:129:13
[INFO] [stdout]     |
[INFO] [stdout] 129 |         use strede_test_util::block_on_loop;
[INFO] [stdout]     |             ^^^^^^^^^^^^^^^^ use of unresolved module or unlinked crate `strede_test_util`
[INFO] [stdout]     |
[INFO] [stdout]    ::: tests/primitives_owned.rs:111:16
[INFO] [stdout]     |
[INFO] [stdout] 111 |     assert_eq!(parse_owned!(u64, &varint(u64::MAX)), Ok(Some(u64::MAX)));
[INFO] [stdout]     |                ------------------------------------ in this macro invocation
[INFO] [stdout]     |
[INFO] [stdout]     = help: if you wanted to use a crate named `strede_test_util`, use `cargo add strede_test_util` to add it to your `Cargo.toml`
[INFO] [stdout]     = note: this error originates in the macro `parse_owned` (in Nightly builds, run with -Z macro-backtrace for more info)
[INFO] [stdout] 
[INFO] [stdout] 
[INFO] [stdout] error[E0432]: unresolved import `strede_test_util`
[INFO] [stdout]    --> tests/helpers.rs:129:13
[INFO] [stdout]     |
[INFO] [stdout] 129 |         use strede_test_util::block_on_loop;
[INFO] [stdout]     |             ^^^^^^^^^^^^^^^^ use of unresolved module or unlinked crate `strede_test_util`
[INFO] [stdout]     |
[INFO] [stdout]    ::: tests/primitives_owned.rs:118:16
[INFO] [stdout]     |
[INFO] [stdout] 118 |     assert_eq!(parse_owned!(u128, &pu128(0)), Ok(Some(0u128)));
[INFO] [stdout]     |                ----------------------------- in this macro invocation
[INFO] [stdout]     |
[INFO] [stdout]     = help: if you wanted to use a crate named `strede_test_util`, use `cargo add strede_test_util` to add it to your `Cargo.toml`
[INFO] [stdout]     = note: this error originates in the macro `parse_owned` (in Nightly builds, run with -Z macro-backtrace for more info)
[INFO] [stdout] 
[INFO] [stdout] 
[INFO] [stdout] error[E0432]: unresolved import `strede_test_util`
[INFO] [stdout]    --> tests/helpers.rs:129:13
[INFO] [stdout]     |
[INFO] [stdout] 129 |         use strede_test_util::block_on_loop;
[INFO] [stdout]     |             ^^^^^^^^^^^^^^^^ use of unresolved module or unlinked crate `strede_test_util`
[INFO] [stdout]     |
[INFO] [stdout]    ::: tests/primitives_owned.rs:124:16
[INFO] [stdout]     |
[INFO] [stdout] 124 |     assert_eq!(parse_owned!(u128, &pu128(v)), Ok(Some(v)));
[INFO] [stdout]     |                ----------------------------- in this macro invocation
[INFO] [stdout]     |
[INFO] [stdout]     = help: if you wanted to use a crate named `strede_test_util`, use `cargo add strede_test_util` to add it to your `Cargo.toml`
[INFO] [stdout]     = note: this error originates in the macro `parse_owned` (in Nightly builds, run with -Z macro-backtrace for more info)
[INFO] [stdout] 
[INFO] [stdout] 
[INFO] [stdout] error[E0432]: unresolved import `strede_test_util`
[INFO] [stdout]    --> tests/helpers.rs:129:13
[INFO] [stdout]     |
[INFO] [stdout] 129 |         use strede_test_util::block_on_loop;
[INFO] [stdout]     |             ^^^^^^^^^^^^^^^^ use of unresolved module or unlinked crate `strede_test_util`
[INFO] [stdout]     |
[INFO] [stdout]    ::: tests/primitives_owned.rs:131:16
[INFO] [stdout]     |
[INFO] [stdout] 131 |     assert_eq!(parse_owned!(i8, &zigzag(42)), Ok(Some(42)));
[INFO] [stdout]     |                ----------------------------- in this macro invocation
[INFO] [stdout]     |
[INFO] [stdout]     = help: if you wanted to use a crate named `strede_test_util`, use `cargo add strede_test_util` to add it to your `Cargo.toml`
[INFO] [stdout]     = note: this error originates in the macro `parse_owned` (in Nightly builds, run with -Z macro-backtrace for more info)
[INFO] [stdout] 
[INFO] [stdout] 
[INFO] [stdout] error[E0432]: unresolved import `strede_test_util`
[INFO] [stdout]    --> tests/helpers.rs:129:13
[INFO] [stdout]     |
[INFO] [stdout] 129 |         use strede_test_util::block_on_loop;
[INFO] [stdout]     |             ^^^^^^^^^^^^^^^^ use of unresolved module or unlinked crate `strede_test_util`
[INFO] [stdout]     |
[INFO] [stdout]    ::: tests/primitives_owned.rs:136:16
[INFO] [stdout]     |
[INFO] [stdout] 136 |     assert_eq!(parse_owned!(i8, &zigzag(-1)), Ok(Some(-1)));
[INFO] [stdout]     |                ----------------------------- in this macro invocation
[INFO] [stdout]     |
[INFO] [stdout]     = help: if you wanted to use a crate named `strede_test_util`, use `cargo add strede_test_util` to add it to your `Cargo.toml`
[INFO] [stdout]     = note: this error originates in the macro `parse_owned` (in Nightly builds, run with -Z macro-backtrace for more info)
[INFO] [stdout] 
[INFO] [stdout] 
[INFO] [stdout] error[E0432]: unresolved import `strede_test_util`
[INFO] [stdout]    --> tests/helpers.rs:129:13
[INFO] [stdout]     |
[INFO] [stdout] 129 |         use strede_test_util::block_on_loop;
[INFO] [stdout]     |             ^^^^^^^^^^^^^^^^ use of unresolved module or unlinked crate `strede_test_util`
[INFO] [stdout]     |
[INFO] [stdout]    ::: tests/primitives_owned.rs:141:16
[INFO] [stdout]     |
[INFO] [stdout] 141 |     assert_eq!(parse_owned!(i8, &zigzag(-128)), Ok(Some(-128)));
[INFO] [stdout]     |                ------------------------------- in this macro invocation
[INFO] [stdout]     |
[INFO] [stdout]     = help: if you wanted to use a crate named `strede_test_util`, use `cargo add strede_test_util` to add it to your `Cargo.toml`
[INFO] [stdout]     = note: this error originates in the macro `parse_owned` (in Nightly builds, run with -Z macro-backtrace for more info)
[INFO] [stdout] 
[INFO] [stdout] 
[INFO] [stdout] error[E0432]: unresolved import `strede_test_util`
[INFO] [stdout]    --> tests/helpers.rs:129:13
[INFO] [stdout]     |
[INFO] [stdout] 129 |         use strede_test_util::block_on_loop;
[INFO] [stdout]     |             ^^^^^^^^^^^^^^^^ use of unresolved module or unlinked crate `strede_test_util`
[INFO] [stdout]     |
[INFO] [stdout]    ::: tests/primitives_owned.rs:146:16
[INFO] [stdout]     |
[INFO] [stdout] 146 |     assert_eq!(parse_owned!(i8, &zigzag(127)), Ok(Some(127)));
[INFO] [stdout]     |                ------------------------------ in this macro invocation
[INFO] [stdout]     |
[INFO] [stdout]     = help: if you wanted to use a crate named `strede_test_util`, use `cargo add strede_test_util` to add it to your `Cargo.toml`
[INFO] [stdout]     = note: this error originates in the macro `parse_owned` (in Nightly builds, run with -Z macro-backtrace for more info)
[INFO] [stdout] 
[INFO] [stdout] 
[INFO] [stdout] error[E0432]: unresolved import `strede_test_util`
[INFO] [stdout]    --> tests/helpers.rs:129:13
[INFO] [stdout]     |
[INFO] [stdout] 129 |         use strede_test_util::block_on_loop;
[INFO] [stdout]     |             ^^^^^^^^^^^^^^^^ use of unresolved module or unlinked crate `strede_test_util`
[INFO] [stdout]     |
[INFO] [stdout]    ::: tests/primitives_owned.rs:151:16
[INFO] [stdout]     |
[INFO] [stdout] 151 |     assert_eq!(parse_owned!(i8, &zigzag(200)), Ok(None));
[INFO] [stdout]     |                ------------------------------ in this macro invocation
[INFO] [stdout]     |
[INFO] [stdout]     = help: if you wanted to use a crate named `strede_test_util`, use `cargo add strede_test_util` to add it to your `Cargo.toml`
[INFO] [stdout]     = note: this error originates in the macro `parse_owned` (in Nightly builds, run with -Z macro-backtrace for more info)
[INFO] [stdout] 
[INFO] [stdout] 
[INFO] [stdout] error[E0432]: unresolved import `strede_test_util`
[INFO] [stdout]    --> tests/helpers.rs:129:13
[INFO] [stdout]     |
[INFO] [stdout] 129 |         use strede_test_util::block_on_loop;
[INFO] [stdout]     |             ^^^^^^^^^^^^^^^^ use of unresolved module or unlinked crate `strede_test_util`
[INFO] [stdout]     |
[INFO] [stdout]    ::: tests/primitives_owned.rs:158:16
[INFO] [stdout]     |
[INFO] [stdout] 158 |     assert_eq!(parse_owned!(i16, &zigzag(-1000)), Ok(Some(-1000)));
[INFO] [stdout]     |                --------------------------------- in this macro invocation
[INFO] [stdout]     |
[INFO] [stdout]     = help: if you wanted to use a crate named `strede_test_util`, use `cargo add strede_test_util` to add it to your `Cargo.toml`
[INFO] [stdout]     = note: this error originates in the macro `parse_owned` (in Nightly builds, run with -Z macro-backtrace for more info)
[INFO] [stdout] 
[INFO] [stdout] 
[INFO] [stdout] error[E0432]: unresolved import `strede_test_util`
[INFO] [stdout]    --> tests/helpers.rs:129:13
[INFO] [stdout]     |
[INFO] [stdout] 129 |         use strede_test_util::block_on_loop;
[INFO] [stdout]     |             ^^^^^^^^^^^^^^^^ use of unresolved module or unlinked crate `strede_test_util`
[INFO] [stdout]     |
[INFO] [stdout]    ::: tests/primitives_owned.rs:165:16
[INFO] [stdout]     |
[INFO] [stdout] 165 |     assert_eq!(parse_owned!(i32, &zigzag(-100_000)), Ok(Some(-100_000)));
[INFO] [stdout]     |                ------------------------------------ in this macro invocation
[INFO] [stdout]     |
[INFO] [stdout]     = help: if you wanted to use a crate named `strede_test_util`, use `cargo add strede_test_util` to add it to your `Cargo.toml`
[INFO] [stdout]     = note: this error originates in the macro `parse_owned` (in Nightly builds, run with -Z macro-backtrace for more info)
[INFO] [stdout] 
[INFO] [stdout] 
[INFO] [stdout] error[E0432]: unresolved import `strede_test_util`
[INFO] [stdout]    --> tests/helpers.rs:129:13
[INFO] [stdout]     |
[INFO] [stdout] 129 |         use strede_test_util::block_on_loop;
[INFO] [stdout]     |             ^^^^^^^^^^^^^^^^ use of unresolved module or unlinked crate `strede_test_util`
[INFO] [stdout]     |
[INFO] [stdout]    ::: tests/primitives_owned.rs:172:16
[INFO] [stdout]     |
[INFO] [stdout] 172 |     assert_eq!(parse_owned!(i64, &zigzag(i64::MIN)), Ok(Some(i64::MIN)));
[INFO] [stdout]     |                ------------------------------------ in this macro invocation
[INFO] [stdout]     |
[INFO] [stdout]     = help: if you wanted to use a crate named `strede_test_util`, use `cargo add strede_test_util` to add it to your `Cargo.toml`
[INFO] [stdout]     = note: this error originates in the macro `parse_owned` (in Nightly builds, run with -Z macro-backtrace for more info)
[INFO] [stdout] 
[INFO] [stdout] 
[INFO] [stdout] error[E0432]: unresolved import `strede_test_util`
[INFO] [stdout]    --> tests/helpers.rs:129:13
[INFO] [stdout]     |
[INFO] [stdout] 129 |         use strede_test_util::block_on_loop;
[INFO] [stdout]     |             ^^^^^^^^^^^^^^^^ use of unresolved module or unlinked crate `strede_test_util`
[INFO] [stdout]     |
[INFO] [stdout]    ::: tests/primitives_owned.rs:180:16
[INFO] [stdout]     |
[INFO] [stdout] 180 |     assert_eq!(parse_owned!(i128, &pi128(v)), Ok(Some(v)));
[INFO] [stdout]     |                ----------------------------- in this macro invocation
[INFO] [stdout]     |
[INFO] [stdout]     = help: if you wanted to use a crate named `strede_test_util`, use `cargo add strede_test_util` to add it to your `Cargo.toml`
[INFO] [stdout]     = note: this error originates in the macro `parse_owned` (in Nightly builds, run with -Z macro-backtrace for more info)
[INFO] [stdout] 
[INFO] [stdout] 
[INFO] [stdout] error[E0432]: unresolved import `strede_test_util`
[INFO] [stdout]    --> tests/helpers.rs:129:13
[INFO] [stdout]     |
[INFO] [stdout] 129 |         use strede_test_util::block_on_loop;
[INFO] [stdout]     |             ^^^^^^^^^^^^^^^^ use of unresolved module or unlinked crate `strede_test_util`
[INFO] [stdout]     |
[INFO] [stdout]    ::: tests/primitives_owned.rs:188:18
[INFO] [stdout]     |
[INFO] [stdout] 188 |     let result = parse_owned!(f32, &pf32(3.14f32)).unwrap().unwrap();
[INFO] [stdout]     |                  --------------------------------- in this macro invocation
[INFO] [stdout]     |
[INFO] [stdout]     = help: if you wanted to use a crate named `strede_test_util`, use `cargo add strede_test_util` to add it to your `Cargo.toml`
[INFO] [stdout]     = note: this error originates in the macro `parse_owned` (in Nightly builds, run with -Z macro-backtrace for more info)
[INFO] [stdout] 
[INFO] [stdout] 
[INFO] [stdout] error[E0432]: unresolved import `strede_test_util`
[INFO] [stdout]    --> tests/helpers.rs:129:13
[INFO] [stdout]     |
[INFO] [stdout] 129 |         use strede_test_util::block_on_loop;
[INFO] [stdout]     |             ^^^^^^^^^^^^^^^^ use of unresolved module or unlinked crate `strede_test_util`
[INFO] [stdout]     |
[INFO] [stdout]    ::: tests/primitives_owned.rs:195:9
[INFO] [stdout]     |
[INFO] [stdout] 195 |         parse_owned!(f32, &[0x00, 0x00]).unwrap_err(),
[INFO] [stdout]     |         -------------------------------- in this macro invocation
[INFO] [stdout]     |
[INFO] [stdout]     = help: if you wanted to use a crate named `strede_test_util`, use `cargo add strede_test_util` to add it to your `Cargo.toml`
[INFO] [stdout]     = note: this error originates in the macro `parse_owned` (in Nightly builds, run with -Z macro-backtrace for more info)
[INFO] [stdout] 
[INFO] [stdout] 
[INFO] [stdout] error[E0432]: unresolved import `strede_test_util`
[INFO] [stdout]    --> tests/helpers.rs:129:13
[INFO] [stdout]     |
[INFO] [stdout] 129 |         use strede_test_util::block_on_loop;
[INFO] [stdout]     |             ^^^^^^^^^^^^^^^^ use of unresolved module or unlinked crate `strede_test_util`
[INFO] [stdout]     |
[INFO] [stdout]    ::: tests/primitives_owned.rs:202:18
[INFO] [stdout]     |
[INFO] [stdout] 202 |     let result = parse_owned!(f32, &pf32(f32::NAN)).unwrap().unwrap();
[INFO] [stdout]     |                  ---------------------------------- in this macro invocation
[INFO] [stdout]     |
[INFO] [stdout]     = help: if you wanted to use a crate named `strede_test_util`, use `cargo add strede_test_util` to add it to your `Cargo.toml`
[INFO] [stdout]     = note: this error originates in the macro `parse_owned` (in Nightly builds, run with -Z macro-backtrace for more info)
[INFO] [stdout] 
[INFO] [stdout] 
[INFO] [stdout] error[E0432]: unresolved import `strede_test_util`
[INFO] [stdout]    --> tests/helpers.rs:129:13
[INFO] [stdout]     |
[INFO] [stdout] 129 |         use strede_test_util::block_on_loop;
[INFO] [stdout]     |             ^^^^^^^^^^^^^^^^ use of unresolved module or unlinked crate `strede_test_util`
[INFO] [stdout]     |
[INFO] [stdout]    ::: tests/primitives_owned.rs:209:9
[INFO] [stdout]     |
[INFO] [stdout] 209 |         parse_owned!(f32, &pf32(f32::INFINITY)),
[INFO] [stdout]     |         --------------------------------------- in this macro invocation
[INFO] [stdout]     |
[INFO] [stdout]     = help: if you wanted to use a crate named `strede_test_util`, use `cargo add strede_test_util` to add it to your `Cargo.toml`
[INFO] [stdout]     = note: this error originates in the macro `parse_owned` (in Nightly builds, run with -Z macro-backtrace for more info)
[INFO] [stdout] 
[INFO] [stdout] 
[INFO] [stdout] error[E0432]: unresolved import `strede_test_util`
[INFO] [stdout]    --> tests/helpers.rs:129:13
[INFO] [stdout]     |
[INFO] [stdout] 129 |         use strede_test_util::block_on_loop;
[INFO] [stdout]     |             ^^^^^^^^^^^^^^^^ use of unresolved module or unlinked crate `strede_test_util`
[INFO] [stdout]     |
[INFO] [stdout]    ::: tests/primitives_owned.rs:217:9
[INFO] [stdout]     |
[INFO] [stdout] 217 |         parse_owned!(f32, &pf32(f32::NEG_INFINITY)),
[INFO] [stdout]     |         ------------------------------------------- in this macro invocation
[INFO] [stdout]     |
[INFO] [stdout]     = help: if you wanted to use a crate named `strede_test_util`, use `cargo add strede_test_util` to add it to your `Cargo.toml`
[INFO] [stdout]     = note: this error originates in the macro `parse_owned` (in Nightly builds, run with -Z macro-backtrace for more info)
[INFO] [stdout] 
[INFO] [stdout] 
[INFO] [stdout] error[E0432]: unresolved import `strede_test_util`
[INFO] [stdout]    --> tests/helpers.rs:129:13
[INFO] [stdout]     |
[INFO] [stdout] 129 |         use strede_test_util::block_on_loop;
[INFO] [stdout]     |             ^^^^^^^^^^^^^^^^ use of unresolved module or unlinked crate `strede_test_util`
[INFO] [stdout]     |
[INFO] [stdout]    ::: tests/primitives_owned.rs:226:18
[INFO] [stdout]     |
[INFO] [stdout] 226 |     let result = parse_owned!(f64, &pf64(2.718281828)).unwrap().unwrap();
[INFO] [stdout]     |                  ------------------------------------- in this macro invocation
[INFO] [stdout]     |
[INFO] [stdout]     = help: if you wanted to use a crate named `strede_test_util`, use `cargo add strede_test_util` to add it to your `Cargo.toml`
[INFO] [stdout]     = note: this error originates in the macro `parse_owned` (in Nightly builds, run with -Z macro-backtrace for more info)
[INFO] [stdout] 
[INFO] [stdout] 
[INFO] [stdout] error[E0432]: unresolved import `strede_test_util`
[INFO] [stdout]    --> tests/helpers.rs:129:13
[INFO] [stdout]     |
[INFO] [stdout] 129 |         use strede_test_util::block_on_loop;
[INFO] [stdout]     |             ^^^^^^^^^^^^^^^^ use of unresolved module or unlinked crate `strede_test_util`
[INFO] [stdout]     |
[INFO] [stdout]    ::: tests/primitives_owned.rs:233:9
[INFO] [stdout]     |
[INFO] [stdout] 233 |         parse_owned!(f64, &[0x00; 4]).unwrap_err(),
[INFO] [stdout]     |         ----------------------------- in this macro invocation
[INFO] [stdout]     |
[INFO] [stdout]     = help: if you wanted to use a crate named `strede_test_util`, use `cargo add strede_test_util` to add it to your `Cargo.toml`
[INFO] [stdout]     = note: this error originates in the macro `parse_owned` (in Nightly builds, run with -Z macro-backtrace for more info)
[INFO] [stdout] 
[INFO] [stdout] 
[INFO] [stdout] error[E0432]: unresolved import `strede_test_util`
[INFO] [stdout]    --> tests/helpers.rs:129:13
[INFO] [stdout]     |
[INFO] [stdout] 129 |         use strede_test_util::block_on_loop;
[INFO] [stdout]     |             ^^^^^^^^^^^^^^^^ use of unresolved module or unlinked crate `strede_test_util`
[INFO] [stdout]     |
[INFO] [stdout]    ::: tests/primitives_owned.rs:240:18
[INFO] [stdout]     |
[INFO] [stdout] 240 |     let result = parse_owned!(f64, &pf64(f64::NAN)).unwrap().unwrap();
[INFO] [stdout]     |                  ---------------------------------- in this macro invocation
[INFO] [stdout]     |
[INFO] [stdout]     = help: if you wanted to use a crate named `strede_test_util`, use `cargo add strede_test_util` to add it to your `Cargo.toml`
[INFO] [stdout]     = note: this error originates in the macro `parse_owned` (in Nightly builds, run with -Z macro-backtrace for more info)
[INFO] [stdout] 
[INFO] [stdout] 
[INFO] [stdout] error[E0432]: unresolved import `strede_test_util`
[INFO] [stdout]    --> tests/helpers.rs:129:13
[INFO] [stdout]     |
[INFO] [stdout] 129 |         use strede_test_util::block_on_loop;
[INFO] [stdout]     |             ^^^^^^^^^^^^^^^^ use of unresolved module or unlinked crate `strede_test_util`
[INFO] [stdout]     |
[INFO] [stdout]    ::: tests/primitives_owned.rs:247:9
[INFO] [stdout]     |
[INFO] [stdout] 247 |         parse_owned!(f64, &pf64(f64::INFINITY)),
[INFO] [stdout]     |         --------------------------------------- in this macro invocation
[INFO] [stdout]     |
[INFO] [stdout]     = help: if you wanted to use a crate named `strede_test_util`, use `cargo add strede_test_util` to add it to your `Cargo.toml`
[INFO] [stdout]     = note: this error originates in the macro `parse_owned` (in Nightly builds, run with -Z macro-backtrace for more info)
[INFO] [stdout] 
[INFO] [stdout] 
[INFO] [stdout] error[E0432]: unresolved import `strede_test_util`
[INFO] [stdout]    --> tests/helpers.rs:129:13
[INFO] [stdout]     |
[INFO] [stdout] 129 |         use strede_test_util::block_on_loop;
[INFO] [stdout]     |             ^^^^^^^^^^^^^^^^ use of unresolved module or unlinked crate `strede_test_util`
[INFO] [stdout]     |
[INFO] [stdout]    ::: tests/primitives_owned.rs:255:9
[INFO] [stdout]     |
[INFO] [stdout] 255 |         parse_owned!(f64, &pf64(f64::NEG_INFINITY)),
[INFO] [stdout]     |         ------------------------------------------- in this macro invocation
[INFO] [stdout]     |
[INFO] [stdout]     = help: if you wanted to use a crate named `strede_test_util`, use `cargo add strede_test_util` to add it to your `Cargo.toml`
[INFO] [stdout]     = note: this error originates in the macro `parse_owned` (in Nightly builds, run with -Z macro-backtrace for more info)
[INFO] [stdout] 
[INFO] [stdout] 
[INFO] [stdout] error[E0432]: unresolved import `strede_test_util`
[INFO] [stdout]    --> tests/helpers.rs:129:13
[INFO] [stdout]     |
[INFO] [stdout] 129 |         use strede_test_util::block_on_loop;
[INFO] [stdout]     |             ^^^^^^^^^^^^^^^^ use of unresolved module or unlinked crate `strede_test_util`
[INFO] [stdout]     |
[INFO] [stdout]    ::: tests/primitives_owned.rs:264:16
[INFO] [stdout]     |
[INFO] [stdout] 264 |     assert_eq!(parse_owned!(char, &pchar('A')), Ok(Some('A')));
[INFO] [stdout]     |                ------------------------------- in this macro invocation
[INFO] [stdout]     |
[INFO] [stdout]     = help: if you wanted to use a crate named `strede_test_util`, use `cargo add strede_test_util` to add it to your `Cargo.toml`
[INFO] [stdout]     = note: this error originates in the macro `parse_owned` (in Nightly builds, run with -Z macro-backtrace for more info)
[INFO] [stdout] 
[INFO] [stdout] 
[INFO] [stdout] error[E0432]: unresolved import `strede_test_util`
[INFO] [stdout]    --> tests/helpers.rs:129:13
[INFO] [stdout]     |
[INFO] [stdout] 129 |         use strede_test_util::block_on_loop;
[INFO] [stdout]     |             ^^^^^^^^^^^^^^^^ use of unresolved module or unlinked crate `strede_test_util`
[INFO] [stdout]     |
[INFO] [stdout]    ::: tests/primitives_owned.rs:269:16
[INFO] [stdout]     |
[INFO] [stdout] 269 |     assert_eq!(parse_owned!(char, &pchar('€')), Ok(Some('€')));
[INFO] [stdout]     |                ------------------------------- in this macro invocation
[INFO] [stdout]     |
[INFO] [stdout]     = help: if you wanted to use a crate named `strede_test_util`, use `cargo add strede_test_util` to add it to your `Cargo.toml`
[INFO] [stdout]     = note: this error originates in the macro `parse_owned` (in Nightly builds, run with -Z macro-backtrace for more info)
[INFO] [stdout] 
[INFO] [stdout] 
[INFO] [stdout] error[E0432]: unresolved import `strede_test_util`
[INFO] [stdout]    --> tests/helpers.rs:129:13
[INFO] [stdout]     |
[INFO] [stdout] 129 |         use strede_test_util::block_on_loop;
[INFO] [stdout]     |             ^^^^^^^^^^^^^^^^ use of unresolved module or unlinked crate `strede_test_util`
[INFO] [stdout]     |
[INFO] [stdout]    ::: tests/primitives_owned.rs:275:16
[INFO] [stdout]     |
[INFO] [stdout] 275 |     assert_eq!(parse_owned!(char, &varint(0xD800)), Ok(None));
[INFO] [stdout]     |                ----------------------------------- in this macro invocation
[INFO] [stdout]     |
[INFO] [stdout]     = help: if you wanted to use a crate named `strede_test_util`, use `cargo add strede_test_util` to add it to your `Cargo.toml`
[INFO] [stdout]     = note: this error originates in the macro `parse_owned` (in Nightly builds, run with -Z macro-backtrace for more info)
[INFO] [stdout] 
[INFO] [stdout] 
[INFO] [stdout] error[E0432]: unresolved import `strede_test_util`
[INFO] [stdout]    --> tests/helpers.rs:129:13
[INFO] [stdout]     |
[INFO] [stdout] 129 |         use strede_test_util::block_on_loop;
[INFO] [stdout]     |             ^^^^^^^^^^^^^^^^ use of unresolved module or unlinked crate `strede_test_util`
[INFO] [stdout]     |
[INFO] [stdout]    ::: tests/primitives_owned.rs:349:16
[INFO] [stdout]     |
[INFO] [stdout] 349 |     assert_eq!(parse_owned!(Option<u32>, &pnone()), Ok(Some(None)));
[INFO] [stdout]     |                ----------------------------------- in this macro invocation
[INFO] [stdout]     |
[INFO] [stdout]     = help: if you wanted to use a crate named `strede_test_util`, use `cargo add strede_test_util` to add it to your `Cargo.toml`
[INFO] [stdout]     = note: this error originates in the macro `parse_owned` (in Nightly builds, run with -Z macro-backtrace for more info)
[INFO] [stdout] 
[INFO] [stdout] 
[INFO] [stdout] error[E0432]: unresolved import `strede_test_util`
[INFO] [stdout]    --> tests/helpers.rs:129:13
[INFO] [stdout]     |
[INFO] [stdout] 129 |         use strede_test_util::block_on_loop;
[INFO] [stdout]     |             ^^^^^^^^^^^^^^^^ use of unresolved module or unlinked crate `strede_test_util`
[INFO] [stdout]     |
[INFO] [stdout]    ::: tests/primitives_owned.rs:356:16
[INFO] [stdout]     |
[INFO] [stdout] 356 |     assert_eq!(parse_owned!(Option<u32>, &data), Ok(Some(Some(42u32))));
[INFO] [stdout]     |                -------------------------------- in this macro invocation
[INFO] [stdout]     |
[INFO] [stdout]     = help: if you wanted to use a crate named `strede_test_util`, use `cargo add strede_test_util` to add it to your `Cargo.toml`
[INFO] [stdout]     = note: this error originates in the macro `parse_owned` (in Nightly builds, run with -Z macro-backtrace for more info)
[INFO] [stdout] 
[INFO] [stdout] 
[INFO] [stdout] error[E0432]: unresolved import `strede_test_util`
[INFO] [stdout]    --> tests/helpers.rs:129:13
[INFO] [stdout]     |
[INFO] [stdout] 129 |         use strede_test_util::block_on_loop;
[INFO] [stdout]     |             ^^^^^^^^^^^^^^^^ use of unresolved module or unlinked crate `strede_test_util`
[INFO] [stdout]     |
[INFO] [stdout]    ::: tests/primitives_owned.rs:372:16
[INFO] [stdout]     |
[INFO] [stdout] 372 |     assert_eq!(parse_owned!(Option<u32>, &[0x02]), Ok(None));
[INFO] [stdout]     |                ---------------------------------- in this macro invocation
[INFO] [stdout]     |
[INFO] [stdout]     = help: if you wanted to use a crate named `strede_test_util`, use `cargo add strede_test_util` to add it to your `Cargo.toml`
[INFO] [stdout]     = note: this error originates in the macro `parse_owned` (in Nightly builds, run with -Z macro-backtrace for more info)
[INFO] [stdout] 
[INFO] [stdout] 
[INFO] [stdout] error[E0432]: unresolved import `strede_test_util`
[INFO] [stdout]    --> tests/helpers.rs:129:13
[INFO] [stdout]     |
[INFO] [stdout] 129 |         use strede_test_util::block_on_loop;
[INFO] [stdout]     |             ^^^^^^^^^^^^^^^^ use of unresolved module or unlinked crate `strede_test_util`
[INFO] [stdout]     |
[INFO] [stdout]    ::: tests/primitives_owned.rs:382:9
[INFO] [stdout]     |
[INFO] [stdout] 382 |         parse_owned!(u32, &data).unwrap_err(),
[INFO] [stdout]     |         ------------------------ in this macro invocation
[INFO] [stdout]     |
[INFO] [stdout]     = help: if you wanted to use a crate named `strede_test_util`, use `cargo add strede_test_util` to add it to your `Cargo.toml`
[INFO] [stdout]     = note: this error originates in the macro `parse_owned` (in Nightly builds, run with -Z macro-backtrace for more info)
[INFO] [stdout] 
[INFO] [stdout] 
[INFO] [stderr] error: could not compile `strede-postcard` (test "primitives_borrow") due to 1 previous error
[INFO] [stdout] For more information about this error, try `rustc --explain E0432`.
[INFO] [stdout] 
[INFO] [stderr] error: could not compile `strede-postcard` (test "try_from_field_borrow") due to 1 previous error
[INFO] [stdout] error[E0432]: unresolved import `strede_test_util`
[INFO] [stdout]   --> tests/transparent_borrow.rs:15:5
[INFO] [stdout]    |
[INFO] [stdout] 15 | use strede_test_util::block_on;
[INFO] [stdout]    |     ^^^^^^^^^^^^^^^^ use of unresolved module or unlinked crate `strede_test_util`
[INFO] [stdout]    |
[INFO] [stdout]    = help: if you wanted to use a crate named `strede_test_util`, use `cargo add strede_test_util` to add it to your `Cargo.toml`
[INFO] [stdout] 
[INFO] [stdout] 
[INFO] [stdout] For more information about this error, try `rustc --explain E0432`.
[INFO] [stdout] 
[INFO] [stdout] For more information about this error, try `rustc --explain E0432`.
[INFO] [stdout] 
[INFO] [stderr] error: could not compile `strede-postcard` (test "transparent_borrow") due to 1 previous error
[INFO] [stderr] error: could not compile `strede-postcard` (lib test) due to 1 previous error
[INFO] [stdout] For more information about this error, try `rustc --explain E0432`.
[INFO] [stdout] 
[INFO] [stderr] error: could not compile `strede-postcard` (test "transparent_owned") due to 2 previous errors
[INFO] [stdout] For more information about this error, try `rustc --explain E0432`.
[INFO] [stdout] 
[INFO] [stderr] error: could not compile `strede-postcard` (test "tag_miss_owned") due to 2 previous errors
[INFO] [stdout] For more information about this error, try `rustc --explain E0432`.
[INFO] [stdout] 
[INFO] [stderr] error: could not compile `strede-postcard` (test "with_field_borrow") due to 1 previous error
[INFO] [stdout] For more information about this error, try `rustc --explain E0432`.
[INFO] [stdout] 
[INFO] [stderr] error: could not compile `strede-postcard` (test "varint_chunking") due to 7 previous errors
[INFO] [stdout] For more information about this error, try `rustc --explain E0432`.
[INFO] [stdout] 
[INFO] [stderr] error: could not compile `strede-postcard` (test "deserialize_with_borrow") due to 1 previous error
[INFO] [stdout] For more information about this error, try `rustc --explain E0432`.
[INFO] [stdout] 
[INFO] [stderr] error: could not compile `strede-postcard` (test "primitives_owned") due to 43 previous errors
[INFO] [stdout] For more information about this error, try `rustc --explain E0432`.
[INFO] [stdout] 
[INFO] [stderr] error: could not compile `strede-postcard` (test "tag_miss_borrow") due to 1 previous error
[INFO] [stdout] For more information about this error, try `rustc --explain E0432`.
[INFO] [stdout] 
[INFO] [stderr] error: could not compile `strede-postcard` (test "structs_borrow") due to 1 previous error
[INFO] [stdout] For more information about this error, try `rustc --explain E0432`.
[INFO] [stdout] 
[INFO] [stderr] error: could not compile `strede-postcard` (test "enums_borrow") due to 1 previous error
[INFO] running `Command { std: "docker" "inspect" "2757bcdd7f6d47670751370e1edc1f6369602261323cdfb01188c2dc60a223e3", kill_on_drop: false }`
[INFO] running `Command { std: "docker" "rm" "-f" "2757bcdd7f6d47670751370e1edc1f6369602261323cdfb01188c2dc60a223e3", kill_on_drop: false }`
[INFO] [stdout] 2757bcdd7f6d47670751370e1edc1f6369602261323cdfb01188c2dc60a223e3
