[INFO] fetching crate stories 0.1.0...
[INFO] testing stories-0.1.0 against 1.100.0-beta.1 for beta-1.100-2
[INFO] extracting crate stories 0.1.0 into /workspace/builds/worker-0-tc2/source
[INFO] started tweaking crates.io crate stories 0.1.0
[INFO] finished tweaking crates.io crate stories 0.1.0
[INFO] tweaked toml for crates.io crate stories 0.1.0 written to /workspace/builds/worker-0-tc2/source/Cargo.toml
[INFO] validating manifest of crates.io crate stories 0.1.0 on toolchain 1.100.0-beta.1
[INFO] running `Command { std: CARGO_HOME="/workspace/cargo-home" RUSTUP_HOME="/workspace/rustup-home" "/workspace/cargo-home/bin/cargo" "+1.100.0-beta.1" "metadata" "--manifest-path" "Cargo.toml" "--no-deps", kill_on_drop: false }`
[INFO] crate crates.io crate stories 0.1.0 already has a lockfile, it will not be regenerated
[INFO] running `Command { std: CARGO_HOME="/workspace/cargo-home" RUSTUP_HOME="/workspace/rustup-home" "/workspace/cargo-home/bin/cargo" "+1.100.0-beta.1" "fetch" "--manifest-path" "Cargo.toml", kill_on_drop: false }`
[INFO] [stderr]     Blocking waiting for file lock on package cache
[INFO] [stderr]     Blocking waiting for file lock on package cache
[INFO] running `Command { std: "docker" "create" "-v" "/var/lib/crater-agent-workspace/builds/worker-0-tc2/source:/opt/rustwide/workdir:ro,Z" "-v" "/var/lib/crater-agent-workspace/builds/worker-0-tc2/target:/opt/rustwide/target:rw,Z" "-v" "/var/lib/crater-agent-workspace/cargo-home:/opt/rustwide/cargo-home:ro,Z" "-v" "/var/lib/crater-agent-workspace/rustup-home:/opt/rustwide/rustup-home:ro,Z" "-m" "1610612736" "--network" "none" "ghcr.io/rust-lang/crates-build-env/linux@sha256:3111399a4047eeb3a02b7a90e478d715f38a8c6669b5c4b49d30a17385265909" "sleep" "infinity", kill_on_drop: false }`
[INFO] [stdout] f6638483c8bab478dfe37bec2163420aa7c7a88bb27322eddcdc6975ba324bf2
[INFO] running `Command { std: "docker" "start" "f6638483c8bab478dfe37bec2163420aa7c7a88bb27322eddcdc6975ba324bf2", kill_on_drop: false }`
[INFO] running `Command { std: "docker" "inspect" "f6638483c8bab478dfe37bec2163420aa7c7a88bb27322eddcdc6975ba324bf2", kill_on_drop: false }`
[INFO] running `Command { std: "docker" "exec" "-e" "SOURCE_DIR=/opt/rustwide/workdir" "-e" "CARGO_HOME=/opt/rustwide/cargo-home" "-e" "RUSTUP_HOME=/opt/rustwide/rustup-home" "-e" "CARGO_TARGET_DIR=/opt/rustwide/target" "-w" "/opt/rustwide/workdir" "--user" "0:0" "f6638483c8bab478dfe37bec2163420aa7c7a88bb27322eddcdc6975ba324bf2" "/opt/rustwide/cargo-home/bin/cargo" "+1.100.0-beta.1" "metadata" "--no-deps" "--format-version=1", kill_on_drop: false }`
[INFO] running `Command { std: "docker" "inspect" "f6638483c8bab478dfe37bec2163420aa7c7a88bb27322eddcdc6975ba324bf2", kill_on_drop: false }`
[INFO] running `Command { std: "docker" "exec" "-e" "SOURCE_DIR=/opt/rustwide/workdir" "-e" "CARGO_HOME=/opt/rustwide/cargo-home" "-e" "RUSTUP_HOME=/opt/rustwide/rustup-home" "-e" "CARGO_TARGET_DIR=/opt/rustwide/target" "-e" "CARGO_INCREMENTAL=0" "-e" "RUST_BACKTRACE=full" "-e" "RUSTFLAGS=--cap-lints=warn" "-e" "RUSTDOCFLAGS=--cap-lints=warn" "-w" "/opt/rustwide/workdir" "--user" "0:0" "f6638483c8bab478dfe37bec2163420aa7c7a88bb27322eddcdc6975ba324bf2" "/opt/rustwide/cargo-home/bin/cargo" "+1.100.0-beta.1" "build" "--frozen" "--message-format=json", kill_on_drop: false }`
[INFO] [stderr]    Compiling memchr v2.7.4
[INFO] [stderr]    Compiling libc v0.2.171
[INFO] [stderr]    Compiling futures-io v0.3.31
[INFO] [stderr]    Compiling parking v2.2.1
[INFO] [stderr]    Compiling portable-atomic v1.11.0
[INFO] [stderr]    Compiling tracing-core v0.1.33
[INFO] [stderr]    Compiling critical-section v1.2.0
[INFO] [stderr]    Compiling ahash v0.8.11
[INFO] [stderr]    Compiling futures-sink v0.3.31
[INFO] [stderr]    Compiling rustix v0.38.44
[INFO] [stderr]    Compiling serde v1.0.219
[INFO] [stderr]    Compiling quote v1.0.40
[INFO] [stderr]    Compiling concurrent-queue v2.5.0
[INFO] [stderr]    Compiling bitflags v2.9.0
[INFO] [stderr]    Compiling once_cell v1.21.1
[INFO] [stderr]    Compiling static_assertions v1.1.0
[INFO] [stderr]    Compiling futures-channel v0.3.31
[INFO] [stderr]    Compiling linux-raw-sys v0.4.15
[INFO] [stderr]    Compiling getrandom v0.3.2
[INFO] [stderr]    Compiling zerocopy v0.8.24
[INFO] [stderr]    Compiling twox-hash v1.6.3
[INFO] [stderr]    Compiling byteorder v1.5.0
[INFO] [stderr]    Compiling event-listener v5.4.0
[INFO] [stderr]    Compiling fastrand v2.3.0
[INFO] [stderr]    Compiling num-bigint v0.4.6
[INFO] [stderr]    Compiling syn v2.0.100
[INFO] [stderr]    Compiling syn v1.0.109
[INFO] [stderr]    Compiling num-iter v0.1.45
[INFO] [stderr]    Compiling time-core v0.1.4
[INFO] [stderr]    Compiling num-conv v0.1.0
[INFO] [stderr]    Compiling powerfmt v0.2.0
[INFO] [stderr]    Compiling event-listener-strategy v0.5.3
[INFO] [stderr]    Compiling futures-lite v2.6.0
[INFO] [stderr]    Compiling codespan-reporting v0.11.1
[INFO] [stderr]    Compiling time-macros v0.2.22
[INFO] [stderr]    Compiling deranged v0.4.1
[INFO] [stderr]    Compiling serde_yml v0.0.12
[INFO] [stderr]    Compiling async-lock v3.4.0
[INFO] [stderr]    Compiling async-channel v2.3.1
[INFO] [stderr]    Compiling hashbrown v0.15.2
[INFO] [stderr]    Compiling async-task v4.7.1
[INFO] [stderr]    Compiling log v0.4.26
[INFO] [stderr]    Compiling aho-corasick v1.1.3
[INFO] [stderr]    Compiling vte v0.14.1
[INFO] [stderr]    Compiling event-listener v2.5.3
[INFO] [stderr]    Compiling signal-hook-registry v1.4.2
[INFO] [stderr]    Compiling rand_core v0.9.3
[INFO] [stderr]    Compiling async-channel v1.9.0
[INFO] [stderr]    Compiling shared_child v1.0.1
[INFO] [stderr]    Compiling hostname v0.4.0
[INFO] [stderr]    Compiling mio v1.0.3
[INFO] [stderr]    Compiling strip-ansi-escapes v0.2.1
[INFO] [stderr]    Compiling quick-xml v0.31.0
[INFO] [stderr]    Compiling clap_builder v4.5.32
[INFO] [stderr]    Compiling libyml v0.0.5
[INFO] [stderr]    Compiling indexmap v2.8.0
[INFO] [stderr]    Compiling whoami v1.5.2
[INFO] [stderr]    Compiling jiff v0.2.5
[INFO] [stderr]    Compiling num-rational v0.4.2
[INFO] [stderr]    Compiling time v0.3.41
[INFO] [stderr]    Compiling colored v3.0.0
[INFO] [stderr]    Compiling static_assertions_next v1.1.2
[INFO] [stderr]    Compiling ppv-lite86 v0.2.21
[INFO] [stderr]    Compiling num v0.4.3
[INFO] [stderr]    Compiling rand_chacha v0.9.0
[INFO] [stderr]    Compiling regex-automata v0.4.9
[INFO] [stderr]    Compiling rand v0.9.0
[INFO] [stderr]    Compiling derive-getters v0.3.0
[INFO] [stderr]    Compiling junit-report v0.8.3
[INFO] [stderr]    Compiling serde_derive v1.0.219
[INFO] [stderr]    Compiling pin-project-internal v1.1.10
[INFO] [stderr]    Compiling tracing-attributes v0.1.28
[INFO] [stderr]    Compiling rune-alloc-macros v0.13.4
[INFO] [stderr]    Compiling musli-macros v0.0.42
[INFO] [stderr]    Compiling futures-macro v0.3.31
[INFO] [stderr]    Compiling thiserror-impl v2.0.12
[INFO] [stderr]    Compiling clap_derive v4.5.32
[INFO] [stderr]    Compiling tokio-macros v2.5.0
[INFO] [stderr]    Compiling regex v1.11.1
[INFO] [stderr]    Compiling tokio v1.44.1
[INFO] [stderr]    Compiling futures-util v0.3.31
[INFO] [stderr]    Compiling env_filter v0.1.3
[INFO] [stderr]    Compiling thiserror v2.0.12
[INFO] [stderr]    Compiling docker-ctl v0.2.3
[INFO] [stderr]    Compiling pin-project v1.1.10
[INFO] [stderr]    Compiling tracing v0.1.41
[INFO] [stderr]    Compiling musli v0.0.42
[INFO] [stderr]    Compiling env_logger v0.11.7
[INFO] [stderr]    Compiling polling v3.7.4
[INFO] [stderr]    Compiling async-io v2.4.0
[INFO] [stderr]    Compiling clap v4.5.32
[INFO] [stderr]    Compiling async-signal v0.2.10
[INFO] [stderr]    Compiling async-process v2.3.0
[INFO] [stderr]    Compiling async-std v1.13.1
[INFO] [stderr]    Compiling musli-common v0.0.42
[INFO] [stderr]    Compiling musli-storage v0.0.42
[INFO] [stderr]    Compiling futures-executor v0.3.31
[INFO] [stderr]    Compiling futures v0.3.31
[INFO] [stderr]    Compiling ccutils v0.1.3
[INFO] [stderr]    Compiling rune-alloc v0.13.4
[INFO] [stderr]    Compiling rune-core v0.13.4
[INFO] [stderr]    Compiling rune-macros v0.13.4
[INFO] [stderr]    Compiling rune v0.13.4
[INFO] [stdout] error[E0277]: the trait bound `!: Decode<'_, M>` is not satisfied
[INFO] [stdout]   --> /opt/rustwide/cargo-home/registry/src/index.crates.io-1949cf8c6b5b557f/rune-0.13.4/src/runtime/call.rs:14:10
[INFO] [stdout]    |
[INFO] [stdout] 14 | pub enum Call {
[INFO] [stdout]    |          ^^^^ the trait `Decode<'_, M>` is not implemented for `!`
[INFO] [stdout]    |
[INFO] [stdout]    = help: the following other types implement trait `Decode<'de, M>`:
[INFO] [stdout]              &'de CStr
[INFO] [stdout]              &'de [u8]
[INFO] [stdout]              &'de str
[INFO] [stdout]              ()
[INFO] [stdout]              (T0, T1, T2, T3, T4, T5, T6, T7, T8, T9, T10, T11, T12, T13, T14, T15)
[INFO] [stdout]              (T1, T2, T3, T4, T5, T6, T7, T8, T9, T10, T11, T12, T13, T14, T15)
[INFO] [stdout]              (T10, T11, T12, T13, T14, T15)
[INFO] [stdout]              (T11, T12, T13, T14, T15)
[INFO] [stdout]            and 109 others
[INFO] [stdout]    = note: this error might have been caused by changes to Rust's type-inference algorithm (see issue #148922 <https://github.com/rust-lang/rust/issues/148922> for more information)
[INFO] [stdout]    = help: you might have intended to use the type `()` here instead
[INFO] [stdout] 
[INFO] [stdout] 
[INFO] [stdout] error[E0277]: the trait bound `!: Decode<'_, M>` is not satisfied
[INFO] [stdout]    --> /opt/rustwide/cargo-home/registry/src/index.crates.io-1949cf8c6b5b557f/rune-0.13.4/src/runtime/format.rs:380:10
[INFO] [stdout]     |
[INFO] [stdout] 380 | pub enum Type {
[INFO] [stdout]     |          ^^^^ the trait `Decode<'_, M>` is not implemented for `!`
[INFO] [stdout]     |
[INFO] [stdout]     = help: the following other types implement trait `Decode<'de, M>`:
[INFO] [stdout]               &'de CStr
[INFO] [stdout]               &'de [u8]
[INFO] [stdout]               &'de str
[INFO] [stdout]               ()
[INFO] [stdout]               (T0, T1, T2, T3, T4, T5, T6, T7, T8, T9, T10, T11, T12, T13, T14, T15)
[INFO] [stdout]               (T1, T2, T3, T4, T5, T6, T7, T8, T9, T10, T11, T12, T13, T14, T15)
[INFO] [stdout]               (T10, T11, T12, T13, T14, T15)
[INFO] [stdout]               (T11, T12, T13, T14, T15)
[INFO] [stdout]             and 109 others
[INFO] [stdout]     = note: this error might have been caused by changes to Rust's type-inference algorithm (see issue #148922 <https://github.com/rust-lang/rust/issues/148922> for more information)
[INFO] [stdout]     = help: you might have intended to use the type `()` here instead
[INFO] [stdout] 
[INFO] [stdout] 
[INFO] [stdout] error[E0277]: the trait bound `!: Decode<'_, M>` is not satisfied
[INFO] [stdout]    --> /opt/rustwide/cargo-home/registry/src/index.crates.io-1949cf8c6b5b557f/rune-0.13.4/src/runtime/format.rs:447:10
[INFO] [stdout]     |
[INFO] [stdout] 447 | pub enum Alignment {
[INFO] [stdout]     |          ^^^^^^^^^ the trait `Decode<'_, M>` is not implemented for `!`
[INFO] [stdout]     |
[INFO] [stdout]     = help: the following other types implement trait `Decode<'de, M>`:
[INFO] [stdout]               &'de CStr
[INFO] [stdout]               &'de [u8]
[INFO] [stdout]               &'de str
[INFO] [stdout]               ()
[INFO] [stdout]               (T0, T1, T2, T3, T4, T5, T6, T7, T8, T9, T10, T11, T12, T13, T14, T15)
[INFO] [stdout]               (T1, T2, T3, T4, T5, T6, T7, T8, T9, T10, T11, T12, T13, T14, T15)
[INFO] [stdout]               (T10, T11, T12, T13, T14, T15)
[INFO] [stdout]               (T11, T12, T13, T14, T15)
[INFO] [stdout]             and 109 others
[INFO] [stdout]     = note: this error might have been caused by changes to Rust's type-inference algorithm (see issue #148922 <https://github.com/rust-lang/rust/issues/148922> for more information)
[INFO] [stdout]     = help: you might have intended to use the type `()` here instead
[INFO] [stdout] 
[INFO] [stdout] 
[INFO] [stdout] error[E0277]: the trait bound `!: Decode<'_, M>` is not satisfied
[INFO] [stdout]   --> /opt/rustwide/cargo-home/registry/src/index.crates.io-1949cf8c6b5b557f/rune-0.13.4/src/runtime/inst.rs:19:10
[INFO] [stdout]    |
[INFO] [stdout] 19 | pub enum PanicReason {
[INFO] [stdout]    |          ^^^^^^^^^^^ the trait `Decode<'_, M>` is not implemented for `!`
[INFO] [stdout]    |
[INFO] [stdout]    = help: the following other types implement trait `Decode<'de, M>`:
[INFO] [stdout]              &'de CStr
[INFO] [stdout]              &'de [u8]
[INFO] [stdout]              &'de str
[INFO] [stdout]              ()
[INFO] [stdout]              (T0, T1, T2, T3, T4, T5, T6, T7, T8, T9, T10, T11, T12, T13, T14, T15)
[INFO] [stdout]              (T1, T2, T3, T4, T5, T6, T7, T8, T9, T10, T11, T12, T13, T14, T15)
[INFO] [stdout]              (T10, T11, T12, T13, T14, T15)
[INFO] [stdout]              (T11, T12, T13, T14, T15)
[INFO] [stdout]            and 109 others
[INFO] [stdout]    = note: this error might have been caused by changes to Rust's type-inference algorithm (see issue #148922 <https://github.com/rust-lang/rust/issues/148922> for more information)
[INFO] [stdout]    = help: you might have intended to use the type `()` here instead
[INFO] [stdout] 
[INFO] [stdout] 
[INFO] [stdout] error[E0277]: the trait bound `!: Decode<'_, M>` is not satisfied
[INFO] [stdout]   --> /opt/rustwide/cargo-home/registry/src/index.crates.io-1949cf8c6b5b557f/rune-0.13.4/src/runtime/inst.rs:57:10
[INFO] [stdout]    |
[INFO] [stdout] 57 | pub enum TypeCheck {
[INFO] [stdout]    |          ^^^^^^^^^ the trait `Decode<'_, M>` is not implemented for `!`
[INFO] [stdout]    |
[INFO] [stdout]    = help: the following other types implement trait `Decode<'de, M>`:
[INFO] [stdout]              &'de CStr
[INFO] [stdout]              &'de [u8]
[INFO] [stdout]              &'de str
[INFO] [stdout]              ()
[INFO] [stdout]              (T0, T1, T2, T3, T4, T5, T6, T7, T8, T9, T10, T11, T12, T13, T14, T15)
[INFO] [stdout]              (T1, T2, T3, T4, T5, T6, T7, T8, T9, T10, T11, T12, T13, T14, T15)
[INFO] [stdout]              (T10, T11, T12, T13, T14, T15)
[INFO] [stdout]              (T11, T12, T13, T14, T15)
[INFO] [stdout]            and 109 others
[INFO] [stdout]    = note: this error might have been caused by changes to Rust's type-inference algorithm (see issue #148922 <https://github.com/rust-lang/rust/issues/148922> for more information)
[INFO] [stdout]    = help: you might have intended to use the type `()` here instead
[INFO] [stdout] 
[INFO] [stdout] 
[INFO] [stdout] error[E0277]: the trait bound `!: Decode<'_, M>` is not satisfied
[INFO] [stdout]   --> /opt/rustwide/cargo-home/registry/src/index.crates.io-1949cf8c6b5b557f/rune-0.13.4/src/runtime/inst.rs:97:10
[INFO] [stdout]    |
[INFO] [stdout] 97 | pub enum Inst {
[INFO] [stdout]    |          ^^^^ the trait `Decode<'_, M>` is not implemented for `!`
[INFO] [stdout]    |
[INFO] [stdout]    = help: the following other types implement trait `Decode<'de, M>`:
[INFO] [stdout]              &'de CStr
[INFO] [stdout]              &'de [u8]
[INFO] [stdout]              &'de str
[INFO] [stdout]              ()
[INFO] [stdout]              (T0, T1, T2, T3, T4, T5, T6, T7, T8, T9, T10, T11, T12, T13, T14, T15)
[INFO] [stdout]              (T1, T2, T3, T4, T5, T6, T7, T8, T9, T10, T11, T12, T13, T14, T15)
[INFO] [stdout]              (T10, T11, T12, T13, T14, T15)
[INFO] [stdout]              (T11, T12, T13, T14, T15)
[INFO] [stdout]            and 109 others
[INFO] [stdout]    = note: this error might have been caused by changes to Rust's type-inference algorithm (see issue #148922 <https://github.com/rust-lang/rust/issues/148922> for more information)
[INFO] [stdout]    = help: you might have intended to use the type `()` here instead
[INFO] [stdout] 
[INFO] [stdout] 
[INFO] [stdout] error[E0277]: the trait bound `!: Decode<'_, M>` is not satisfied
[INFO] [stdout]     --> /opt/rustwide/cargo-home/registry/src/index.crates.io-1949cf8c6b5b557f/rune-0.13.4/src/runtime/inst.rs:1135:10
[INFO] [stdout]      |
[INFO] [stdout] 1135 | pub enum InstAddress {
[INFO] [stdout]      |          ^^^^^^^^^^^ the trait `Decode<'_, M>` is not implemented for `!`
[INFO] [stdout]      |
[INFO] [stdout]      = help: the following other types implement trait `Decode<'de, M>`:
[INFO] [stdout]                &'de CStr
[INFO] [stdout]                &'de [u8]
[INFO] [stdout]                &'de str
[INFO] [stdout]                ()
[INFO] [stdout]                (T0, T1, T2, T3, T4, T5, T6, T7, T8, T9, T10, T11, T12, T13, T14, T15)
[INFO] [stdout]                (T1, T2, T3, T4, T5, T6, T7, T8, T9, T10, T11, T12, T13, T14, T15)
[INFO] [stdout]                (T10, T11, T12, T13, T14, T15)
[INFO] [stdout]                (T11, T12, T13, T14, T15)
[INFO] [stdout]              and 109 others
[INFO] [stdout]      = note: this error might have been caused by changes to Rust's type-inference algorithm (see issue #148922 <https://github.com/rust-lang/rust/issues/148922> for more information)
[INFO] [stdout]      = help: you might have intended to use the type `()` here instead
[INFO] [stdout] 
[INFO] [stdout] 
[INFO] [stdout] error[E0277]: the trait bound `!: Decode<'_, M>` is not satisfied
[INFO] [stdout]     --> /opt/rustwide/cargo-home/registry/src/index.crates.io-1949cf8c6b5b557f/rune-0.13.4/src/runtime/inst.rs:1156:10
[INFO] [stdout]      |
[INFO] [stdout] 1156 | pub enum InstRange {
[INFO] [stdout]      |          ^^^^^^^^^ the trait `Decode<'_, M>` is not implemented for `!`
[INFO] [stdout]      |
[INFO] [stdout]      = help: the following other types implement trait `Decode<'de, M>`:
[INFO] [stdout]                &'de CStr
[INFO] [stdout]                &'de [u8]
[INFO] [stdout]                &'de str
[INFO] [stdout]                ()
[INFO] [stdout]                (T0, T1, T2, T3, T4, T5, T6, T7, T8, T9, T10, T11, T12, T13, T14, T15)
[INFO] [stdout]                (T1, T2, T3, T4, T5, T6, T7, T8, T9, T10, T11, T12, T13, T14, T15)
[INFO] [stdout]                (T10, T11, T12, T13, T14, T15)
[INFO] [stdout]                (T11, T12, T13, T14, T15)
[INFO] [stdout]              and 109 others
[INFO] [stdout]      = note: this error might have been caused by changes to Rust's type-inference algorithm (see issue #148922 <https://github.com/rust-lang/rust/issues/148922> for more information)
[INFO] [stdout]      = help: you might have intended to use the type `()` here instead
[INFO] [stdout] 
[INFO] [stdout] 
[INFO] [stdout] error[E0277]: the trait bound `!: Decode<'_, M>` is not satisfied
[INFO] [stdout]     --> /opt/rustwide/cargo-home/registry/src/index.crates.io-1949cf8c6b5b557f/rune-0.13.4/src/runtime/inst.rs:1212:10
[INFO] [stdout]      |
[INFO] [stdout] 1212 | pub enum InstAssignOp {
[INFO] [stdout]      |          ^^^^^^^^^^^^ the trait `Decode<'_, M>` is not implemented for `!`
[INFO] [stdout]      |
[INFO] [stdout]      = help: the following other types implement trait `Decode<'de, M>`:
[INFO] [stdout]                &'de CStr
[INFO] [stdout]                &'de [u8]
[INFO] [stdout]                &'de str
[INFO] [stdout]                ()
[INFO] [stdout]                (T0, T1, T2, T3, T4, T5, T6, T7, T8, T9, T10, T11, T12, T13, T14, T15)
[INFO] [stdout]                (T1, T2, T3, T4, T5, T6, T7, T8, T9, T10, T11, T12, T13, T14, T15)
[INFO] [stdout]                (T10, T11, T12, T13, T14, T15)
[INFO] [stdout]                (T11, T12, T13, T14, T15)
[INFO] [stdout]              and 109 others
[INFO] [stdout]      = note: this error might have been caused by changes to Rust's type-inference algorithm (see issue #148922 <https://github.com/rust-lang/rust/issues/148922> for more information)
[INFO] [stdout]      = help: you might have intended to use the type `()` here instead
[INFO] [stdout] 
[INFO] [stdout] 
[INFO] [stdout] error[E0277]: the trait bound `!: Decode<'_, M>` is not satisfied
[INFO] [stdout]     --> /opt/rustwide/cargo-home/registry/src/index.crates.io-1949cf8c6b5b557f/rune-0.13.4/src/runtime/inst.rs:1277:10
[INFO] [stdout]      |
[INFO] [stdout] 1277 | pub enum InstOp {
[INFO] [stdout]      |          ^^^^^^ the trait `Decode<'_, M>` is not implemented for `!`
[INFO] [stdout]      |
[INFO] [stdout]      = help: the following other types implement trait `Decode<'de, M>`:
[INFO] [stdout]                &'de CStr
[INFO] [stdout]                &'de [u8]
[INFO] [stdout]                &'de str
[INFO] [stdout]                ()
[INFO] [stdout]                (T0, T1, T2, T3, T4, T5, T6, T7, T8, T9, T10, T11, T12, T13, T14, T15)
[INFO] [stdout]                (T1, T2, T3, T4, T5, T6, T7, T8, T9, T10, T11, T12, T13, T14, T15)
[INFO] [stdout]                (T10, T11, T12, T13, T14, T15)
[INFO] [stdout]                (T11, T12, T13, T14, T15)
[INFO] [stdout]              and 109 others
[INFO] [stdout]      = note: this error might have been caused by changes to Rust's type-inference algorithm (see issue #148922 <https://github.com/rust-lang/rust/issues/148922> for more information)
[INFO] [stdout]      = help: you might have intended to use the type `()` here instead
[INFO] [stdout] 
[INFO] [stdout] 
[INFO] [stdout] error[E0277]: the trait bound `!: Decode<'_, M>` is not satisfied
[INFO] [stdout]     --> /opt/rustwide/cargo-home/registry/src/index.crates.io-1949cf8c6b5b557f/rune-0.13.4/src/runtime/inst.rs:1463:10
[INFO] [stdout]      |
[INFO] [stdout] 1463 | pub enum InstValue {
[INFO] [stdout]      |          ^^^^^^^^^ the trait `Decode<'_, M>` is not implemented for `!`
[INFO] [stdout]      |
[INFO] [stdout]      = help: the following other types implement trait `Decode<'de, M>`:
[INFO] [stdout]                &'de CStr
[INFO] [stdout]                &'de [u8]
[INFO] [stdout]                &'de str
[INFO] [stdout]                ()
[INFO] [stdout]                (T0, T1, T2, T3, T4, T5, T6, T7, T8, T9, T10, T11, T12, T13, T14, T15)
[INFO] [stdout]                (T1, T2, T3, T4, T5, T6, T7, T8, T9, T10, T11, T12, T13, T14, T15)
[INFO] [stdout]                (T10, T11, T12, T13, T14, T15)
[INFO] [stdout]                (T11, T12, T13, T14, T15)
[INFO] [stdout]              and 109 others
[INFO] [stdout]      = note: this error might have been caused by changes to Rust's type-inference algorithm (see issue #148922 <https://github.com/rust-lang/rust/issues/148922> for more information)
[INFO] [stdout]      = help: you might have intended to use the type `()` here instead
[INFO] [stdout] 
[INFO] [stdout] 
[INFO] [stdout] error[E0277]: the trait bound `!: Decode<'_, M>` is not satisfied
[INFO] [stdout]     --> /opt/rustwide/cargo-home/registry/src/index.crates.io-1949cf8c6b5b557f/rune-0.13.4/src/runtime/inst.rs:1526:10
[INFO] [stdout]      |
[INFO] [stdout] 1526 | pub enum InstVariant {
[INFO] [stdout]      |          ^^^^^^^^^^^ the trait `Decode<'_, M>` is not implemented for `!`
[INFO] [stdout]      |
[INFO] [stdout]      = help: the following other types implement trait `Decode<'de, M>`:
[INFO] [stdout]                &'de CStr
[INFO] [stdout]                &'de [u8]
[INFO] [stdout]                &'de str
[INFO] [stdout]                ()
[INFO] [stdout]                (T0, T1, T2, T3, T4, T5, T6, T7, T8, T9, T10, T11, T12, T13, T14, T15)
[INFO] [stdout]                (T1, T2, T3, T4, T5, T6, T7, T8, T9, T10, T11, T12, T13, T14, T15)
[INFO] [stdout]                (T10, T11, T12, T13, T14, T15)
[INFO] [stdout]                (T11, T12, T13, T14, T15)
[INFO] [stdout]              and 109 others
[INFO] [stdout]      = note: this error might have been caused by changes to Rust's type-inference algorithm (see issue #148922 <https://github.com/rust-lang/rust/issues/148922> for more information)
[INFO] [stdout]      = help: you might have intended to use the type `()` here instead
[INFO] [stdout] 
[INFO] [stdout] 
[INFO] [stdout] For more information about this error, try `rustc --explain E0277`.
[INFO] [stdout] 
[INFO] [stderr] error: could not compile `rune` (lib) due to 12 previous errors
[INFO] running `Command { std: "docker" "inspect" "f6638483c8bab478dfe37bec2163420aa7c7a88bb27322eddcdc6975ba324bf2", kill_on_drop: false }`
[INFO] running `Command { std: "docker" "rm" "-f" "f6638483c8bab478dfe37bec2163420aa7c7a88bb27322eddcdc6975ba324bf2", kill_on_drop: false }`
[INFO] [stdout] f6638483c8bab478dfe37bec2163420aa7c7a88bb27322eddcdc6975ba324bf2
