[INFO] fetching crate step-p21 0.1.1...
[INFO] testing step-p21-0.1.1 against 1.100.0-beta.1 for beta-1.100-2
[INFO] extracting crate step-p21 0.1.1 into /workspace/builds/worker-0-tc2/source
[INFO] started tweaking crates.io crate step-p21 0.1.1
[INFO] removed 0 missing tests
[INFO] finished tweaking crates.io crate step-p21 0.1.1
[INFO] tweaked toml for crates.io crate step-p21 0.1.1 written to /workspace/builds/worker-0-tc2/source/Cargo.toml
[INFO] validating manifest of crates.io crate step-p21 0.1.1 on toolchain 1.100.0-beta.1
[INFO] running `Command { std: CARGO_HOME="/workspace/cargo-home" RUSTUP_HOME="/workspace/rustup-home" "/workspace/cargo-home/bin/cargo" "+1.100.0-beta.1" "metadata" "--manifest-path" "Cargo.toml" "--no-deps", kill_on_drop: false }`
[INFO] crate crates.io crate step-p21 0.1.1 already has a lockfile, it will not be regenerated
[INFO] running `Command { std: CARGO_HOME="/workspace/cargo-home" RUSTUP_HOME="/workspace/rustup-home" "/workspace/cargo-home/bin/cargo" "+1.100.0-beta.1" "fetch" "--manifest-path" "Cargo.toml", kill_on_drop: false }`
[INFO] running `Command { std: "docker" "create" "-v" "/var/lib/crater-agent-workspace/builds/worker-0-tc2/source:/opt/rustwide/workdir:ro,Z" "-v" "/var/lib/crater-agent-workspace/builds/worker-0-tc2/target:/opt/rustwide/target:rw,Z" "-v" "/var/lib/crater-agent-workspace/cargo-home:/opt/rustwide/cargo-home:ro,Z" "-v" "/var/lib/crater-agent-workspace/rustup-home:/opt/rustwide/rustup-home:ro,Z" "-m" "1610612736" "--network" "none" "ghcr.io/rust-lang/crates-build-env/linux@sha256:3111399a4047eeb3a02b7a90e478d715f38a8c6669b5c4b49d30a17385265909" "sleep" "infinity", kill_on_drop: false }`
[INFO] [stdout] 64c64474e71e1e73439277818dfdbc6f6ee4f03dd76e5e7ca3cfcffa6f5fb6cc
[INFO] running `Command { std: "docker" "start" "64c64474e71e1e73439277818dfdbc6f6ee4f03dd76e5e7ca3cfcffa6f5fb6cc", kill_on_drop: false }`
[INFO] running `Command { std: "docker" "inspect" "64c64474e71e1e73439277818dfdbc6f6ee4f03dd76e5e7ca3cfcffa6f5fb6cc", kill_on_drop: false }`
[INFO] running `Command { std: "docker" "exec" "-e" "SOURCE_DIR=/opt/rustwide/workdir" "-e" "CARGO_HOME=/opt/rustwide/cargo-home" "-e" "RUSTUP_HOME=/opt/rustwide/rustup-home" "-e" "CARGO_TARGET_DIR=/opt/rustwide/target" "-w" "/opt/rustwide/workdir" "--user" "0:0" "64c64474e71e1e73439277818dfdbc6f6ee4f03dd76e5e7ca3cfcffa6f5fb6cc" "/opt/rustwide/cargo-home/bin/cargo" "+1.100.0-beta.1" "metadata" "--no-deps" "--format-version=1", kill_on_drop: false }`
[INFO] running `Command { std: "docker" "inspect" "64c64474e71e1e73439277818dfdbc6f6ee4f03dd76e5e7ca3cfcffa6f5fb6cc", kill_on_drop: false }`
[INFO] running `Command { std: "docker" "exec" "-e" "SOURCE_DIR=/opt/rustwide/workdir" "-e" "CARGO_HOME=/opt/rustwide/cargo-home" "-e" "RUSTUP_HOME=/opt/rustwide/rustup-home" "-e" "CARGO_TARGET_DIR=/opt/rustwide/target" "-e" "CARGO_INCREMENTAL=0" "-e" "RUST_BACKTRACE=full" "-e" "RUSTFLAGS=--cap-lints=warn" "-e" "RUSTDOCFLAGS=--cap-lints=warn" "-w" "/opt/rustwide/workdir" "--user" "0:0" "64c64474e71e1e73439277818dfdbc6f6ee4f03dd76e5e7ca3cfcffa6f5fb6cc" "/opt/rustwide/cargo-home/bin/cargo" "+1.100.0-beta.1" "build" "--frozen" "--message-format=json", kill_on_drop: false }`
[INFO] [stderr]    Compiling proc-macro2 v1.0.107
[INFO] [stderr]    Compiling quote v1.0.47
[INFO] [stderr]    Compiling memchr v2.8.3
[INFO] [stderr]    Compiling regex-syntax v0.8.11
[INFO] [stderr]    Compiling equivalent v1.0.2
[INFO] [stderr]    Compiling hashbrown v0.17.1
[INFO] [stderr]    Compiling winnow v1.0.4
[INFO] [stderr]    Compiling toml_datetime v1.1.1+spec-1.1.0
[INFO] [stderr]    Compiling unicode-segmentation v1.13.3
[INFO] [stderr]    Compiling serde_core v1.0.229
[INFO] [stderr]    Compiling serde v1.0.229
[INFO] [stderr]    Compiling thiserror v2.0.19
[INFO] [stderr]    Compiling unicode-xid v0.2.6
[INFO] [stderr]    Compiling either v1.17.0
[INFO] [stderr]    Compiling itertools v0.15.0
[INFO] [stderr]    Compiling aho-corasick v1.1.5
[INFO] [stderr]    Compiling nom v8.0.0
[INFO] [stderr]    Compiling convert_case v0.10.0
[INFO] [stderr]    Compiling indexmap v2.14.0
[INFO] [stderr]    Compiling syn v3.0.3
[INFO] [stderr]    Compiling syn v2.0.119
[INFO] [stderr]    Compiling proc-macro-error-attr2 v2.0.0
[INFO] [stderr]    Compiling toml_parser v1.1.3+spec-1.1.0
[INFO] [stderr]    Compiling toml_edit v0.25.13+spec-1.1.0
[INFO] [stderr]    Compiling proc-macro-crate v3.5.0
[INFO] [stderr]    Compiling regex-automata v0.4.18
[INFO] [stderr]    Compiling nom-language v0.1.0
[INFO] [stderr]    Compiling thiserror-impl v2.0.19
[INFO] [stderr]    Compiling serde_derive v1.0.229
[INFO] [stderr]    Compiling regex v1.13.1
[INFO] [stderr]    Compiling Inflector v0.11.4
[INFO] [stderr]    Compiling proc-macro-error2 v2.0.1
[INFO] [stderr]    Compiling derive_more-impl v2.1.1
[INFO] [stderr]    Compiling derive-new v0.7.0
[INFO] [stderr]    Compiling step-p21-derive v0.1.1
[INFO] [stderr]    Compiling derive_more v2.1.1
[INFO] [stderr]    Compiling step-p21 v0.1.1 (/opt/rustwide/workdir)
[INFO] [stderr] warning: unused dependency `derive-new`
[INFO] [stderr]  --> Cargo.toml:4:15
[INFO] [stderr]   |
[INFO] [stderr] 4 | [dependencies.derive-new]
[INFO] [stderr]   |               ^^^^^^^^^^^
[INFO] [stderr]   |
[INFO] [stderr]   = note: `cargo::unused_dependencies` is set to `warn` by default
[INFO] [stderr] help: consider removing the dependency on `derive-new`
[INFO] [stderr] warning: `step-p21` (manifest) generated 1 warning
[INFO] [stderr]     Finished `dev` profile [unoptimized + debuginfo] target(s) in 26.48s
[INFO] [stderr] warning: the following packages contain code that will be rejected by a future version of Rust: proc-macro-error2 v2.0.1
[INFO] [stderr] note: to see what the problems were, use the option `--future-incompat-report`, or run `cargo report future-incompatibilities --id 1`
[INFO] running `Command { std: "docker" "inspect" "64c64474e71e1e73439277818dfdbc6f6ee4f03dd76e5e7ca3cfcffa6f5fb6cc", kill_on_drop: false }`
[INFO] running `Command { std: "docker" "exec" "-e" "SOURCE_DIR=/opt/rustwide/workdir" "-e" "CARGO_HOME=/opt/rustwide/cargo-home" "-e" "RUSTUP_HOME=/opt/rustwide/rustup-home" "-e" "CARGO_TARGET_DIR=/opt/rustwide/target" "-e" "CARGO_INCREMENTAL=0" "-e" "RUST_BACKTRACE=full" "-e" "RUSTFLAGS=--cap-lints=warn" "-e" "RUSTDOCFLAGS=--cap-lints=warn" "-w" "/opt/rustwide/workdir" "--user" "0:0" "64c64474e71e1e73439277818dfdbc6f6ee4f03dd76e5e7ca3cfcffa6f5fb6cc" "/opt/rustwide/cargo-home/bin/cargo" "+1.100.0-beta.1" "test" "--frozen" "--no-run" "--message-format=json", kill_on_drop: false }`
[INFO] [stderr]    Compiling anyhow v1.0.104
[INFO] [stderr]    Compiling maplit v1.0.2
[INFO] [stderr]    Compiling step-p21 v0.1.1 (/opt/rustwide/workdir)
[INFO] [stdout] error[E0432]: unresolved import `test_schema`
[INFO] [stdout]   --> tests/subsuper.rs:26:5
[INFO] [stdout]    |
[INFO] [stdout] 26 | use test_schema::*;
[INFO] [stdout]    |     ^^^^^^^^^^^ use of unresolved module or unlinked crate `test_schema`
[INFO] [stdout]    |
[INFO] [stdout]    = help: if you wanted to use a crate named `test_schema`, use `cargo add test_schema` to add it to your `Cargo.toml`
[INFO] [stdout] 
[INFO] [stdout] 
[INFO] [stdout] error[E0432]: unresolved import `test_schema`
[INFO] [stdout]   --> tests/any.rs:24:5
[INFO] [stdout]    |
[INFO] [stdout] 24 | use test_schema::*;
[INFO] [stdout]    |     ^^^^^^^^^^^ use of unresolved module or unlinked crate `test_schema`
[INFO] [stdout]    |
[INFO] [stdout]    = help: if you wanted to use a crate named `test_schema`, use `cargo add test_schema` to add it to your `Cargo.toml`
[INFO] [stdout] 
[INFO] [stdout] 
[INFO] [stdout] error[E0433]: cannot find module or crate `step_p11_derive` in this scope
[INFO] [stdout]  --> tests/any.rs:6:1
[INFO] [stdout]   |
[INFO] [stdout] 6 | step_p11_derive::inline_express!(
[INFO] [stdout]   | ^^^^^^^^^^^^^^^ use of unresolved module or unlinked crate `step_p11_derive`
[INFO] [stdout] 
[INFO] [stdout] 
[INFO] [stdout] error[E0433]: cannot find module or crate `step_p11_derive` in this scope
[INFO] [stdout]  --> tests/subsuper.rs:6:1
[INFO] [stdout]   |
[INFO] [stdout] 6 | step_p11_derive::inline_express!(
[INFO] [stdout]   | ^^^^^^^^^^^^^^^ use of unresolved module or unlinked crate `step_p11_derive`
[INFO] [stdout] 
[INFO] [stdout] 
[INFO] [stdout] error[E0432]: unresolved import `test_schema`
[INFO] [stdout]   --> tests/recursive_select.rs:28:5
[INFO] [stdout]    |
[INFO] [stdout] 28 | use test_schema::*;
[INFO] [stdout]    |     ^^^^^^^^^^^ use of unresolved module or unlinked crate `test_schema`
[INFO] [stdout]    |
[INFO] [stdout]    = help: if you wanted to use a crate named `test_schema`, use `cargo add test_schema` to add it to your `Cargo.toml`
[INFO] [stdout] 
[INFO] [stdout] 
[INFO] [stdout] error[E0433]: cannot find module or crate `step_p11_derive` in this scope
[INFO] [stdout]  --> tests/recursive_select.rs:4:1
[INFO] [stdout]   |
[INFO] [stdout] 4 | step_p11_derive::inline_express!(
[INFO] [stdout]   | ^^^^^^^^^^^^^^^ use of unresolved module or unlinked crate `step_p11_derive`
[INFO] [stdout] 
[INFO] [stdout] 
[INFO] [stdout] error[E0432]: unresolved import `test_schema`
[INFO] [stdout]   --> tests/list.rs:27:5
[INFO] [stdout]    |
[INFO] [stdout] 27 | use test_schema::*;
[INFO] [stdout]    |     ^^^^^^^^^^^ use of unresolved module or unlinked crate `test_schema`
[INFO] [stdout]    |
[INFO] [stdout]    = help: if you wanted to use a crate named `test_schema`, use `cargo add test_schema` to add it to your `Cargo.toml`
[INFO] [stdout] 
[INFO] [stdout] 
[INFO] [stdout] error[E0433]: cannot find module or crate `step_p11_derive` in this scope
[INFO] [stdout]  --> tests/list.rs:5:1
[INFO] [stdout]   |
[INFO] [stdout] 5 | step_p11_derive::inline_express!(
[INFO] [stdout]   | ^^^^^^^^^^^^^^^ use of unresolved module or unlinked crate `step_p11_derive`
[INFO] [stdout] 
[INFO] [stdout] 
[INFO] [stdout] error[E0432]: unresolved import `test_schema`
[INFO] [stdout]   --> tests/type_decl.rs:35:5
[INFO] [stdout]    |
[INFO] [stdout] 35 | use test_schema::*;
[INFO] [stdout]    |     ^^^^^^^^^^^ use of unresolved module or unlinked crate `test_schema`
[INFO] [stdout]    |
[INFO] [stdout]    = help: if you wanted to use a crate named `test_schema`, use `cargo add test_schema` to add it to your `Cargo.toml`
[INFO] [stdout] 
[INFO] [stdout] 
[INFO] [stdout] error[E0433]: cannot find module or crate `step_p11_derive` in this scope
[INFO] [stdout]  --> tests/type_decl.rs:6:1
[INFO] [stdout]   |
[INFO] [stdout] 6 | step_p11_derive::inline_express!(
[INFO] [stdout]   | ^^^^^^^^^^^^^^^ use of unresolved module or unlinked crate `step_p11_derive`
[INFO] [stdout] 
[INFO] [stdout] 
[INFO] [stdout] error[E0432]: unresolved import `test_schema`
[INFO] [stdout]   --> tests/entity.rs:25:5
[INFO] [stdout]    |
[INFO] [stdout] 25 | use test_schema::*;
[INFO] [stdout]    |     ^^^^^^^^^^^ use of unresolved module or unlinked crate `test_schema`
[INFO] [stdout]    |
[INFO] [stdout]    = help: if you wanted to use a crate named `test_schema`, use `cargo add test_schema` to add it to your `Cargo.toml`
[INFO] [stdout] 
[INFO] [stdout] 
[INFO] [stdout] error[E0433]: cannot find module or crate `step_p11_derive` in this scope
[INFO] [stdout]  --> tests/entity.rs:9:1
[INFO] [stdout]   |
[INFO] [stdout] 9 | step_p11_derive::inline_express!(
[INFO] [stdout]   | ^^^^^^^^^^^^^^^ use of unresolved module or unlinked crate `step_p11_derive`
[INFO] [stdout] 
[INFO] [stdout] 
[INFO] [stdout] warning: unused import: `std::str::FromStr`
[INFO] [stdout]  --> tests/subsuper.rs:3:5
[INFO] [stdout]   |
[INFO] [stdout] 3 | use std::str::FromStr;
[INFO] [stdout]   |     ^^^^^^^^^^^^^^^^^
[INFO] [stdout]   |
[INFO] [stdout]   = note: `#[warn(unused_imports)]` (part of `#[warn(unused)]`) on by default
[INFO] [stdout] 
[INFO] [stdout] 
[INFO] [stdout] Some errors have detailed explanations: E0432, E0433.
[INFO] [stdout] 
[INFO] [stdout] For more information about an error, try `rustc --explain E0432`.
[INFO] [stdout] 
[INFO] [stderr] error: could not compile `step-p21` (test "list") due to 2 previous errors
[INFO] [stderr] warning: build failed, waiting for other jobs to finish...
[INFO] [stdout] warning: unused import: `std::str::FromStr`
[INFO] [stdout]  --> tests/recursive_select.rs:1:5
[INFO] [stdout]   |
[INFO] [stdout] 1 | use std::str::FromStr;
[INFO] [stdout]   |     ^^^^^^^^^^^^^^^^^
[INFO] [stdout]   |
[INFO] [stdout]   = note: `#[warn(unused_imports)]` (part of `#[warn(unused)]`) on by default
[INFO] [stdout] 
[INFO] [stdout] 
[INFO] [stdout] Some errors have detailed explanations: E0432, E0433.
[INFO] [stdout] 
[INFO] [stdout] For more information about an error, try `rustc --explain E0432`.
[INFO] [stdout] 
[INFO] [stderr] error: could not compile `step-p21` (test "subsuper") due to 2 previous errors; 1 warning emitted
[INFO] [stdout] warning: unused import: `std::str::FromStr`
[INFO] [stdout]  --> tests/entity.rs:7:5
[INFO] [stdout]   |
[INFO] [stdout] 7 | use std::str::FromStr;
[INFO] [stdout]   |     ^^^^^^^^^^^^^^^^^
[INFO] [stdout]   |
[INFO] [stdout]   = note: `#[warn(unused_imports)]` (part of `#[warn(unused)]`) on by default
[INFO] [stdout] 
[INFO] [stdout] 
[INFO] [stdout] Some errors have detailed explanations: E0432, E0433.
[INFO] [stdout] 
[INFO] [stdout] For more information about an error, try `rustc --explain E0432`.
[INFO] [stdout] 
[INFO] [stdout] Some errors have detailed explanations: E0432, E0433.
[INFO] [stdout] 
[INFO] [stdout] For more information about an error, try `rustc --explain E0432`.
[INFO] [stdout] 
[INFO] [stderr] error: could not compile `step-p21` (test "recursive_select") due to 2 previous errors; 1 warning emitted
[INFO] [stderr] error: could not compile `step-p21` (test "entity") due to 2 previous errors; 1 warning emitted
[INFO] [stdout] warning: unused import: `std::str::FromStr`
[INFO] [stdout]  --> tests/type_decl.rs:3:5
[INFO] [stdout]   |
[INFO] [stdout] 3 | use std::str::FromStr;
[INFO] [stdout]   |     ^^^^^^^^^^^^^^^^^
[INFO] [stdout]   |
[INFO] [stdout]   = note: `#[warn(unused_imports)]` (part of `#[warn(unused)]`) on by default
[INFO] [stdout] 
[INFO] [stdout] 
[INFO] [stdout] Some errors have detailed explanations: E0432, E0433.
[INFO] [stdout] 
[INFO] [stdout] For more information about an error, try `rustc --explain E0432`.
[INFO] [stdout] 
[INFO] [stdout] warning: unused import: `std::str::FromStr`
[INFO] [stdout]  --> tests/any.rs:3:5
[INFO] [stdout]   |
[INFO] [stdout] 3 | use std::str::FromStr;
[INFO] [stdout]   |     ^^^^^^^^^^^^^^^^^
[INFO] [stdout]   |
[INFO] [stdout]   = note: `#[warn(unused_imports)]` (part of `#[warn(unused)]`) on by default
[INFO] [stdout] 
[INFO] [stdout] 
[INFO] [stderr] error: could not compile `step-p21` (test "type_decl") due to 2 previous errors; 1 warning emitted
[INFO] [stdout] Some errors have detailed explanations: E0432, E0433.
[INFO] [stdout] 
[INFO] [stdout] For more information about an error, try `rustc --explain E0432`.
[INFO] [stdout] 
[INFO] [stderr] error: could not compile `step-p21` (test "any") due to 2 previous errors; 1 warning emitted
[INFO] [stderr] warning: unused dependency `derive-new`
[INFO] [stderr]  --> Cargo.toml:4:15
[INFO] [stderr]   |
[INFO] [stderr] 4 | [dependencies.derive-new]
[INFO] [stderr]   |               ^^^^^^^^^^^
[INFO] [stderr]   |
[INFO] [stderr]   = note: `cargo::unused_dependencies` is set to `warn` by default
[INFO] [stderr] help: consider removing the dependency on `derive-new`
[INFO] [stderr] warning: `step-p21` (manifest) generated 1 warning
[INFO] running `Command { std: "docker" "inspect" "64c64474e71e1e73439277818dfdbc6f6ee4f03dd76e5e7ca3cfcffa6f5fb6cc", kill_on_drop: false }`
[INFO] running `Command { std: "docker" "rm" "-f" "64c64474e71e1e73439277818dfdbc6f6ee4f03dd76e5e7ca3cfcffa6f5fb6cc", kill_on_drop: false }`
[INFO] [stdout] 64c64474e71e1e73439277818dfdbc6f6ee4f03dd76e5e7ca3cfcffa6f5fb6cc
