[INFO] fetching crate stackless-daemon 0.3.3...
[INFO] testing stackless-daemon-0.3.3 against 1.99.0-beta.8 for beta-1.100-2
[INFO] extracting crate stackless-daemon 0.3.3 into /workspace/builds/worker-1-tc1/source
[INFO] started tweaking crates.io crate stackless-daemon 0.3.3
[INFO] finished tweaking crates.io crate stackless-daemon 0.3.3
[INFO] tweaked toml for crates.io crate stackless-daemon 0.3.3 written to /workspace/builds/worker-1-tc1/source/Cargo.toml
[INFO] validating manifest of crates.io crate stackless-daemon 0.3.3 on toolchain 1.99.0-beta.8
[INFO] running `Command { std: CARGO_HOME="/workspace/cargo-home" RUSTUP_HOME="/workspace/rustup-home" "/workspace/cargo-home/bin/cargo" "+1.99.0-beta.8" "metadata" "--manifest-path" "Cargo.toml" "--no-deps", kill_on_drop: false }`
[INFO] crate crates.io crate stackless-daemon 0.3.3 already has a lockfile, it will not be regenerated
[INFO] running `Command { std: CARGO_HOME="/workspace/cargo-home" RUSTUP_HOME="/workspace/rustup-home" "/workspace/cargo-home/bin/cargo" "+1.99.0-beta.8" "fetch" "--manifest-path" "Cargo.toml", kill_on_drop: false }`
[INFO] [stderr]     Updating crates.io index
[INFO] [stderr]  Downloading crates ...
[INFO] [stderr]   Downloaded uuid v1.23.3
[INFO] [stderr]   Downloaded oxgraph-hyper v0.4.3
[INFO] [stderr]   Downloaded oxgraph v0.4.3
[INFO] [stderr]   Downloaded oxgraph-graph v0.4.3
[INFO] [stderr]   Downloaded oxgraph-topology v0.4.3
[INFO] [stderr]   Downloaded oxgraph-layout-util v0.4.3
[INFO] [stderr]   Downloaded objc2-open-directory v0.3.2
[INFO] [stderr]   Downloaded hashlink v0.12.0
[INFO] [stderr]   Downloaded oxgraph-snapshot v0.4.3
[INFO] [stderr]   Downloaded oxgraph-csr v0.4.3
[INFO] [stderr]   Downloaded libsql-sys v0.9.30
[INFO] [stderr]   Downloaded stackless-core v0.3.3
[INFO] [stderr]   Downloaded oxgraph-algo v0.4.3
[INFO] [stderr]   Downloaded libsql v0.9.30
[INFO] [stderr]   Downloaded objc2-io-kit v0.3.2
[INFO] [stderr]   Downloaded rusqlite v0.40.1
[INFO] [stderr]   Downloaded libsql-hrana v0.9.30
[INFO] [stderr]   Downloaded sysinfo v0.39.3
[INFO] [stderr]   Downloaded libsqlite3-sys v0.38.1
[INFO] [stderr]   Downloaded libsql-ffi v0.9.30
[INFO] running `Command { std: "docker" "create" "-v" "/var/lib/crater-agent-workspace/builds/worker-1-tc1/source:/opt/rustwide/workdir:ro,Z" "-v" "/var/lib/crater-agent-workspace/builds/worker-1-tc1/target:/opt/rustwide/target:rw,Z" "-v" "/var/lib/crater-agent-workspace/cargo-home:/opt/rustwide/cargo-home:ro,Z" "-v" "/var/lib/crater-agent-workspace/rustup-home:/opt/rustwide/rustup-home:ro,Z" "-m" "1610612736" "--network" "none" "ghcr.io/rust-lang/crates-build-env/linux@sha256:3111399a4047eeb3a02b7a90e478d715f38a8c6669b5c4b49d30a17385265909" "sleep" "infinity", kill_on_drop: false }`
[INFO] [stdout] 3c4d3fe9ac28f2826e5a71ad6f6b53f1ccb38cbbc06ad9a37966bc8af895d745
[INFO] running `Command { std: "docker" "start" "3c4d3fe9ac28f2826e5a71ad6f6b53f1ccb38cbbc06ad9a37966bc8af895d745", kill_on_drop: false }`
[INFO] running `Command { std: "docker" "inspect" "3c4d3fe9ac28f2826e5a71ad6f6b53f1ccb38cbbc06ad9a37966bc8af895d745", kill_on_drop: false }`
[INFO] running `Command { std: "docker" "exec" "-e" "SOURCE_DIR=/opt/rustwide/workdir" "-e" "CARGO_HOME=/opt/rustwide/cargo-home" "-e" "RUSTUP_HOME=/opt/rustwide/rustup-home" "-e" "CARGO_TARGET_DIR=/opt/rustwide/target" "-w" "/opt/rustwide/workdir" "--user" "0:0" "3c4d3fe9ac28f2826e5a71ad6f6b53f1ccb38cbbc06ad9a37966bc8af895d745" "/opt/rustwide/cargo-home/bin/cargo" "+1.99.0-beta.8" "metadata" "--no-deps" "--format-version=1", kill_on_drop: false }`
[INFO] running `Command { std: "docker" "inspect" "3c4d3fe9ac28f2826e5a71ad6f6b53f1ccb38cbbc06ad9a37966bc8af895d745", kill_on_drop: false }`
[INFO] running `Command { std: "docker" "exec" "-e" "SOURCE_DIR=/opt/rustwide/workdir" "-e" "CARGO_HOME=/opt/rustwide/cargo-home" "-e" "RUSTUP_HOME=/opt/rustwide/rustup-home" "-e" "CARGO_TARGET_DIR=/opt/rustwide/target" "-e" "CARGO_INCREMENTAL=0" "-e" "RUST_BACKTRACE=full" "-e" "RUSTFLAGS=--cap-lints=warn" "-e" "RUSTDOCFLAGS=--cap-lints=warn" "-w" "/opt/rustwide/workdir" "--user" "0:0" "3c4d3fe9ac28f2826e5a71ad6f6b53f1ccb38cbbc06ad9a37966bc8af895d745" "/opt/rustwide/cargo-home/bin/cargo" "+1.99.0-beta.8" "build" "--frozen" "--message-format=json", kill_on_drop: false }`
[INFO] [stderr]    Compiling cc v1.2.63
[INFO] [stderr]    Compiling log v0.4.32
[INFO] [stderr]    Compiling memchr v2.8.1
[INFO] [stderr]    Compiling serde v1.0.228
[INFO] [stderr]    Compiling uncased v0.9.10
[INFO] [stderr]    Compiling either v1.16.0
[INFO] [stderr]    Compiling bitflags v2.13.0
[INFO] [stderr]    Compiling errno v0.3.14
[INFO] [stderr]    Compiling zeroize v1.8.2
[INFO] [stderr]    Compiling clang-sys v1.8.1
[INFO] [stderr]    Compiling signal-hook-registry v1.4.8
[INFO] [stderr]    Compiling rustls-pki-types v1.14.1
[INFO] [stderr]    Compiling futures-macro v0.3.32
[INFO] [stderr]    Compiling siphasher v1.0.3
[INFO] [stderr]    Compiling rustix v0.38.44
[INFO] [stderr]    Compiling libc v0.2.186
[INFO] [stderr]    Compiling prettyplease v0.2.37
[INFO] [stderr]    Compiling hashbrown v0.17.1
[INFO] [stderr]    Compiling regex-syntax v0.8.11
[INFO] [stderr]    Compiling bytes v1.11.1
[INFO] [stderr]    Compiling minimal-lexical v0.2.1
[INFO] [stderr]    Compiling linux-raw-sys v0.4.15
[INFO] [stderr]    Compiling tracing v0.1.44
[INFO] [stderr]    Compiling futures-util v0.3.32
[INFO] [stderr]    Compiling nom v7.1.3
[INFO] [stderr]    Compiling libloading v0.8.9
[INFO] [stderr]    Compiling home v0.5.12
[INFO] [stderr]    Compiling bindgen v0.66.1
[INFO] [stderr]    Compiling ring v0.17.14
[INFO] [stderr]    Compiling tokio v1.52.3
[INFO] [stderr]    Compiling rand_core v0.6.4
[INFO] [stderr]    Compiling rand v0.8.6
[INFO] [stderr]    Compiling regex-automata v0.4.14
[INFO] [stderr]    Compiling cexpr v0.6.0
[INFO] [stderr]    Compiling which v4.4.2
[INFO] [stderr]    Compiling phf_shared v0.11.3
[INFO] [stderr]    Compiling getrandom v0.2.17
[INFO] [stderr]    Compiling lazy_static v1.5.0
[INFO] [stderr]    Compiling zerocopy v0.8.52
[INFO] [stderr]    Compiling peeking_take_while v0.1.2
[INFO] [stderr]    Compiling rustc-hash v1.1.0
[INFO] [stderr]    Compiling lazycell v1.3.0
[INFO] [stderr]    Compiling anyhow v1.0.102
[INFO] [stderr]    Compiling indexmap v2.14.0
[INFO] [stderr]    Compiling http v0.2.12
[INFO] [stderr]    Compiling phf_generator v0.11.3
[INFO] [stderr]    Compiling cmake v0.1.58
[INFO] [stderr]    Compiling zerocopy-derive v0.8.52
[INFO] [stderr]    Compiling rustls v0.22.4
[INFO] [stderr]    Compiling oxgraph-topology v0.4.3
[INFO] [stderr]    Compiling phf_codegen v0.11.3
[INFO] [stderr]    Compiling itertools v0.12.1
[INFO] [stderr]    Compiling regex v1.12.4
[INFO] [stderr]    Compiling pkg-config v0.3.33
[INFO] [stderr]    Compiling http-body v0.4.6
[INFO] [stderr]    Compiling libsql-sqlite3-parser v0.13.0
[INFO] [stderr]    Compiling libsqlite3-sys v0.38.1
[INFO] [stderr]    Compiling oxgraph-graph v0.4.3
[INFO] [stderr]    Compiling http v1.4.2
[INFO] [stderr]    Compiling prost-derive v0.12.6
[INFO] [stderr]    Compiling webpki-roots v1.0.7
[INFO] [stderr]    Compiling rustls-pemfile v2.2.0
[INFO] [stderr]    Compiling rustls-webpki v0.102.8
[INFO] [stderr]    Compiling socket2 v0.5.10
[INFO] [stderr]    Compiling pin-project-internal v1.1.13
[INFO] [stderr]    Compiling zerocopy-derive v0.7.35
[INFO] [stderr]    Compiling tokio-util v0.7.18
[INFO] [stderr]    Compiling serde_json v1.0.150
[INFO] [stderr]    Compiling fallible-iterator v0.3.0
[INFO] [stderr]    Compiling byteorder v1.5.0
[INFO] [stderr]    Compiling rustls-native-certs v0.7.3
[INFO] [stderr]    Compiling h2 v0.3.27
[INFO] [stderr]    Compiling zerocopy v0.7.35
[INFO] [stderr]    Compiling prost v0.12.6
[INFO] [stderr]    Compiling pin-project v1.1.13
[INFO] [stderr]    Compiling http-body v1.0.1
[INFO] [stderr]    Compiling phf v0.11.3
[INFO] [stderr]    Compiling webpki-roots v0.26.11
[INFO] [stderr]    Compiling oxgraph-hyper v0.4.3
[INFO] [stderr]    Compiling futures-executor v0.3.32
[INFO] [stderr]    Compiling thiserror-impl v1.0.69
[INFO] [stderr]    Compiling async-stream-impl v0.3.6
[INFO] [stderr]    Compiling tokio-rustls v0.25.0
[INFO] [stderr]    Compiling rustix v1.1.4
[INFO] [stderr]    Compiling base64 v0.21.7
[INFO] [stderr]    Compiling libsql-hrana v0.9.30
[INFO] [stderr]    Compiling tower v0.4.13
[INFO] [stderr]    Compiling thiserror v1.0.69
[INFO] [stderr]    Compiling async-stream v0.3.6
[INFO] [stderr]    Compiling futures v0.3.32
[INFO] [stderr]    Compiling oxgraph-algo v0.4.3
[INFO] [stderr]    Compiling oxgraph-layout-util v0.4.3
[INFO] [stderr]    Compiling oxgraph-snapshot v0.4.3
[INFO] [stderr]    Compiling libsql-ffi v0.9.30
[INFO] [stderr]    Compiling oxgraph-csr v0.4.3
[INFO] [stderr]    Compiling getrandom v0.4.2
[INFO] [stderr]    Compiling hashlink v0.12.0
[INFO] [stderr]    Compiling fallible-streaming-iterator v0.1.9
[INFO] [stderr]    Compiling hyper v1.10.1
[INFO] [stderr]    Compiling oxgraph v0.4.3
[INFO] [stderr]    Compiling uuid v1.23.3
[INFO] [stderr]    Compiling sysinfo v0.39.3
[INFO] [stderr]    Compiling http-body-util v0.1.3
[INFO] [stderr]    Compiling hyper v0.14.32
[INFO] [stderr]    Compiling hyper-util v0.1.20
[INFO] [stderr]    Compiling hyper-rustls v0.25.0
[INFO] [stderr]    Compiling rusqlite v0.40.1
[INFO] [stderr]    Compiling libsql-sys v0.9.30
[INFO] [stderr]    Compiling libsql v0.9.30
[INFO] [stderr]    Compiling stackless-core v0.3.3
[INFO] [stderr]    Compiling stackless-daemon v0.3.3 (/opt/rustwide/workdir)
[INFO] [stderr]     Finished `dev` profile [unoptimized + debuginfo] target(s) in 2m 20s
[INFO] running `Command { std: "docker" "inspect" "3c4d3fe9ac28f2826e5a71ad6f6b53f1ccb38cbbc06ad9a37966bc8af895d745", kill_on_drop: false }`
[INFO] running `Command { std: "docker" "exec" "-e" "SOURCE_DIR=/opt/rustwide/workdir" "-e" "CARGO_HOME=/opt/rustwide/cargo-home" "-e" "RUSTUP_HOME=/opt/rustwide/rustup-home" "-e" "CARGO_TARGET_DIR=/opt/rustwide/target" "-e" "CARGO_INCREMENTAL=0" "-e" "RUST_BACKTRACE=full" "-e" "RUSTFLAGS=--cap-lints=warn" "-e" "RUSTDOCFLAGS=--cap-lints=warn" "-w" "/opt/rustwide/workdir" "--user" "0:0" "3c4d3fe9ac28f2826e5a71ad6f6b53f1ccb38cbbc06ad9a37966bc8af895d745" "/opt/rustwide/cargo-home/bin/cargo" "+1.99.0-beta.8" "test" "--frozen" "--no-run" "--message-format=json", kill_on_drop: false }`
[INFO] [stderr]    Compiling rustix v1.1.4
[INFO] [stderr]    Compiling stackless-core v0.3.3
[INFO] [stderr]    Compiling tempfile v3.27.0
[INFO] [stderr]    Compiling stackless-daemon v0.3.3 (/opt/rustwide/workdir)
[INFO] [stdout] error: linking with `cc` failed: exit status: 1
[INFO] [stdout]   |
[INFO] [stdout]   = note:  "cc" "-m64" "/opt/rustwide/target/debug/deps/rustc1lZF4t/symbols.o" "<17 object files omitted>" "-Wl,--as-needed" "-Wl,-Bstatic" "/opt/rustwide/target/debug/deps/{libtempfile-ba58ef47148584f0,libfastrand-8c711c36072d5b5b}.rlib" "<sysroot>/lib/rustlib/x86_64-unknown-linux-gnu/lib/{libtest-*,libgetopts-*,librustc_std_workspace_std-*}.rlib" "/opt/rustwide/target/debug/deps/{libhyper_util-b276a835fd243716,libhyper-d7c130d7f2dcfabe,libatomic_waker-06950c8c08d2b8fa,libhttp_body_util-a73e10c16ae3bdbb,libhttp_body-830b26d0340cdda9,libhttp-ca128a0ee06a834a,libstackless_core-42aa9be2845dd086,liblibsql-09290186b5106656,libhyper_rustls-03245da5f20f1359,libwebpki_roots-227cfed90726f06a,libwebpki_roots-4ac2131d17f69b0d,librustls_native_certs-b2d1b998bf68ddde,librustls_pemfile-422cf17c19b30882,libopenssl_probe-2c6d21a9709cae46,libtokio_rustls-c7d8007367886262,librustls-e7e855bdaf0e9caa,libsubtle-2ae6a7038b9a0630,libwebpki-1a5536647ec29d8a,libring-6aafde35ad9530b2,libgetrandom-da9c6145cd4f38a1,libuntrusted-b2f816886faf2178,librustls_pki_types-fc5637970849fdde,libzeroize-7f213bea776ca5b6,libhyper-47d01f276c8b1dec,libwant-7a6260b9c50f1479,libtry_lock-8fa2f6971035be84,libsocket2-d080f9357cdfb367,libhttparse-8c9b827b8f345444,libh2-2e91e346ba8b2d83,libhttp_body-2f61616407a633a8,libhttpdate-331798cefc82cc7e,libhttp-af94b451eee5b7e8,libfnv-79e2cbfbe03dcd16,liblibsql_hrana-d2adb144ed4eaf3c,libprost-6bb710bd21fa1918,libtokio_util-5b1279fa1dc5d9dd,libfutures-716845a8e4cb1f1a,libfutures_executor-68671401b902d87e,liblibsql_sqlite3_parser-cb6bf1d730e1422f,libphf-079d0cedc1a6402e,libphf_shared-496dd7762739bddd,libsiphasher-b16e808df37ae9fc,libindexmap-65055764f9b3adb3,libequivalent-6a754676e6af62ae,libuncased-3a8d53810fa3fc61,libtokio-5f16ebc2a1e8de09,libsignal_hook_registry-97fb91977beb15cc,liberrno-40a43d7c8a9b8122,libsocket2-73b9b85db3553b3d,libmio-43415d66e2ceb9f1,libtower-48b3c238f92f11ca,libpin_project-17d4c92b707f19e7,libtower_service-3fb88d28c2218805,libtower_layer-d908dd771b239ecd,libfutures_util-2a33305713455966,libfutures_io-a8805bd12b2ab705,libslab-0582d648e59ab406,libfutures_channel-04b287164a72dbf0,libfutures_sink-3971bde37bb30e19,libfutures_task-36f327cfab86eddc,libparking_lot-055e48606f9dbc88,libparking_lot_core-4b8ca3fd72428851,liblock_api-16d46fed645f7bff,libscopeguard-7ec2214574194454,libasync_stream-045b0b88566e3202,libfutures_core-1121ff913ed87f93,libthiserror-780fad957a3b08cc,libbase64-13144a1f1e192158,liblibsql_sys-e6d6f2479151dfd9,libtracing-3f473de9214d4d0b,liblog-8cf4e7719eca0054,libpin_project_lite-0a15d51c77964692,libtracing_core-89b602bc4a7d7f8a,libonce_cell-b5bdc597ed9676b3,libbytes-ae96a6eb367546c6,libzerocopy-80984b84f9aee8de,libbyteorder-9f6ac6743e38a88c,liblibsql_ffi-d4facedcc172fbda,librustix-d84b2da806501f34,liblinux_raw_sys-f8a56cf4ab4601d1,libtoml-50dc340c8662f73d,libtoml_writer-47509d156ef4ceb3,libtoml_parser-1453eb3fd1b49bc2,libwinnow-9d06211f1e0cca51,libserde_spanned-43576ea237d6b340,libtoml_datetime-a5a7ee431c7754df,libserde_json-eed24776897200ba,libzmij-ef63f1da73704b4c,libitoa-5de11b3b23bfe572,libthiserror-02986025785daeb4,librusqlite-2a471873e7234fa5,libbitflags-4d66d68843710487,libsmallvec-3e75e18e66140be0,libhashlink-a893af9613bfe21f,libhashbrown-daa42fe27bea3816,libfoldhash-3b780c428974a407,liblibsqlite3_sys-5217b77dfe998c25,libfallible_streaming_iterator-4b12442690f53239,libfallible_iterator-6e888fb96d72e3e0,libsysinfo-de575dd1dde73122,libmemchr-0ebdc93958defebb,libuuid-96b1d245e5cf5db9,libgetrandom-fb4c32fda73a41c0,liblibc-612664c2206eec43,libcfg_if-83060ec5685761ae,liboxgraph-14f3adfebeedec87,liboxgraph_algo-c3b72d64cacf1695,liboxgraph_hyper-321b3b8d2333d6ce,liboxgraph_csr-e0f70888bf8b4af6,liboxgraph_snapshot-df49720d32d0b421,liboxgraph_graph-3452a45298933333,liboxgraph_topology-431a064ea113a899,liboxgraph_layout_util-b7cb8256a192108c,libzerocopy-2965eed6d900fe6e,libserde-932c210a2cff1be2,libserde_core-49c5f0449f9ff544}.rlib" "<sysroot>/lib/rustlib/x86_64-unknown-linux-gnu/lib/{libstd-*,libpanic_unwind-*,libobject-*,libmemchr-*,libaddr2line-*,libgimli-*,libcfg_if-*,librustc_demangle-*,libstd_detect-*,libhashbrown-*,librustc_std_workspace_alloc-*,libminiz_oxide-*,libadler2-*,libunwind-*,liblibc-*,librustc_std_workspace_core-*,liballoc-*,libcore-*,libcompiler_builtins-*}.rlib" "-Wl,-Bdynamic" "-lgcc_s" "-lutil" "-lrt" "-lpthread" "-lm" "-ldl" "-lc" "-L" "/opt/rustwide/target/debug/deps/rustc1lZF4t/raw-dylibs" "-B<sysroot>/lib/rustlib/x86_64-unknown-linux-gnu/bin/gcc-ld" "-fuse-ld=lld" "-Wl,--eh-frame-hdr" "-Wl,-z,noexecstack" "-L" "/opt/rustwide/target/debug/build/ring-54d93fe55b64ef13/out" "-L" "/opt/rustwide/target/debug/build/libsql-ffi-9633d247c60d5d11/out" "-L" "/opt/rustwide/target/debug/build/libsqlite3-sys-353d2d4fc64e0484/out" "-L" "<sysroot>/lib/rustlib/x86_64-unknown-linux-gnu/lib" "-o" "/opt/rustwide/target/debug/deps/stackless_daemon-f2dd7ecd2c2b6d13" "-Wl,--gc-sections" "-pie" "-Wl,-z,relro,-z,now" "-nodefaultlibs"
[INFO] [stdout]   = note: some arguments are omitted. use `--verbose` to show all linker arguments
[INFO] [stdout]   = note: rust-lld: error: duplicate symbol: sqlite3_version
[INFO] [stdout]           >>> defined at sqlite3.c:587 (bundled/src/sqlite3.c:587)
[INFO] [stdout]           >>>            3b8a01b640506ff7-sqlite3.o:(sqlite3_version) in archive /opt/rustwide/target/debug/deps/liblibsql_ffi-d4facedcc172fbda.rlib
[INFO] [stdout]           >>> defined at sqlite3.c:509 (sqlite3/sqlite3.c:509)
[INFO] [stdout]           >>>            c877a2978823c39d-sqlite3.o:(.rodata.sqlite3_version+0x0) in archive /opt/rustwide/target/debug/deps/liblibsqlite3_sys-5217b77dfe998c25.rlib
[INFO] [stdout]           
[INFO] [stdout]           rust-lld: error: duplicate symbol: sqlite3_temp_directory
[INFO] [stdout]           >>> defined at sqlite3.c:6939 (bundled/src/sqlite3.c:6939)
[INFO] [stdout]           >>>            3b8a01b640506ff7-sqlite3.o:(sqlite3_temp_directory) in archive /opt/rustwide/target/debug/deps/liblibsql_ffi-d4facedcc172fbda.rlib
[INFO] [stdout]           >>> defined at sqlite3.c:7188 (sqlite3/sqlite3.c:7188)
[INFO] [stdout]           >>>            c877a2978823c39d-sqlite3.o:(.bss.sqlite3_temp_directory+0x0) in archive /opt/rustwide/target/debug/deps/liblibsqlite3_sys-5217b77dfe998c25.rlib
[INFO] [stdout]           
[INFO] [stdout]           rust-lld: error: duplicate symbol: sqlite3_data_directory
[INFO] [stdout]           >>> defined at sqlite3.c:6976 (bundled/src/sqlite3.c:6976)
[INFO] [stdout]           >>>            3b8a01b640506ff7-sqlite3.o:(sqlite3_data_directory) in archive /opt/rustwide/target/debug/deps/liblibsql_ffi-d4facedcc172fbda.rlib
[INFO] [stdout]           >>> defined at sqlite3.c:7225 (sqlite3/sqlite3.c:7225)
[INFO] [stdout]           >>>            c877a2978823c39d-sqlite3.o:(.bss.sqlite3_data_directory+0x0) in archive /opt/rustwide/target/debug/deps/liblibsqlite3_sys-5217b77dfe998c25.rlib
[INFO] [stdout]           
[INFO] [stdout]           rust-lld: error: duplicate symbol: sqlite3_status64
[INFO] [stdout]           >>> defined at sqlite3.c:24553 (bundled/src/sqlite3.c:24553)
[INFO] [stdout]           >>>            3b8a01b640506ff7-sqlite3.o:(sqlite3_status64) in archive /opt/rustwide/target/debug/deps/liblibsql_ffi-d4facedcc172fbda.rlib
[INFO] [stdout]           >>> defined at sqlite3.c:25140 (sqlite3/sqlite3.c:25140)
[INFO] [stdout]           >>>            c877a2978823c39d-sqlite3.o:(.text.sqlite3_status64+0x0) in archive /opt/rustwide/target/debug/deps/liblibsqlite3_sys-5217b77dfe998c25.rlib
[INFO] [stdout]           
[INFO] [stdout]           rust-lld: error: duplicate symbol: sqlite3_mutex_enter
[INFO] [stdout]           >>> defined at sqlite3.c:29478 (bundled/src/sqlite3.c:29478)
[INFO] [stdout]           >>>            3b8a01b640506ff7-sqlite3.o:(sqlite3_mutex_enter) in archive /opt/rustwide/target/debug/deps/liblibsql_ffi-d4facedcc172fbda.rlib
[INFO] [stdout]           >>> defined at sqlite3.c:30308 (sqlite3/sqlite3.c:30308)
[INFO] [stdout]           >>>            c877a2978823c39d-sqlite3.o:(.text.sqlite3_mutex_enter+0x0) in archive /opt/rustwide/target/debug/deps/liblibsqlite3_sys-5217b77dfe998c25.rlib
[INFO] [stdout]           
[INFO] [stdout]           rust-lld: error: duplicate symbol: sqlite3_mutex_leave
[INFO] [stdout]           >>> defined at sqlite3.c:29504 (bundled/src/sqlite3.c:29504)
[INFO] [stdout]           >>>            3b8a01b640506ff7-sqlite3.o:(sqlite3_mutex_leave) in archive /opt/rustwide/target/debug/deps/liblibsql_ffi-d4facedcc172fbda.rlib
[INFO] [stdout]           >>> defined at sqlite3.c:30334 (sqlite3/sqlite3.c:30334)
[INFO] [stdout]           >>>            c877a2978823c39d-sqlite3.o:(.text.sqlite3_mutex_leave+0x0) in archive /opt/rustwide/target/debug/deps/liblibsqlite3_sys-5217b77dfe998c25.rlib
[INFO] [stdout]           
[INFO] [stdout]           rust-lld: error: duplicate symbol: sqlite3_status
[INFO] [stdout]           >>> defined at sqlite3.c:24573 (bundled/src/sqlite3.c:24573)
[INFO] [stdout]           >>>            3b8a01b640506ff7-sqlite3.o:(sqlite3_status) in archive /opt/rustwide/target/debug/deps/liblibsql_ffi-d4facedcc172fbda.rlib
[INFO] [stdout]           >>> defined at sqlite3.c:25160 (sqlite3/sqlite3.c:25160)
[INFO] [stdout]           >>>            c877a2978823c39d-sqlite3.o:(.text.sqlite3_status+0x0) in archive /opt/rustwide/target/debug/deps/liblibsqlite3_sys-5217b77dfe998c25.rlib
[INFO] [stdout]           
[INFO] [stdout]           rust-lld: error: duplicate symbol: sqlite3_msize
[INFO] [stdout]           >>> defined at sqlite3.c:31022 (bundled/src/sqlite3.c:31022)
[INFO] [stdout]           >>>            3b8a01b640506ff7-sqlite3.o:(sqlite3_msize) in archive /opt/rustwide/target/debug/deps/liblibsql_ffi-d4facedcc172fbda.rlib
[INFO] [stdout]           >>> defined at sqlite3.c:31849 (sqlite3/sqlite3.c:31849)
[INFO] [stdout]           >>>            c877a2978823c39d-sqlite3.o:(.text.sqlite3_msize+0x0) in archive /opt/rustwide/target/debug/deps/liblibsqlite3_sys-5217b77dfe998c25.rlib
[INFO] [stdout]           
[INFO] [stdout]           rust-lld: error: duplicate symbol: sqlite3_db_status
[INFO] [stdout]           >>> defined at sqlite3.c:24640 (bundled/src/sqlite3.c:24640)
[INFO] [stdout]           >>>            3b8a01b640506ff7-sqlite3.o:(sqlite3_db_status) in archive /opt/rustwide/target/debug/deps/liblibsql_ffi-d4facedcc172fbda.rlib
[INFO] [stdout]           >>> defined at sqlite3.c:25433 (sqlite3/sqlite3.c:25433)
[INFO] [stdout]           >>>            c877a2978823c39d-sqlite3.o:(.text.sqlite3_db_status+0x0) in archive /opt/rustwide/target/debug/deps/liblibsqlite3_sys-5217b77dfe998c25.rlib
[INFO] [stdout]           
[INFO] [stdout]           rust-lld: error: duplicate symbol: sqlite3_result_error
[INFO] [stdout]           >>> defined at sqlite3.c:91934 (bundled/src/sqlite3.c:91934)
[INFO] [stdout]           >>>            3b8a01b640506ff7-sqlite3.o:(sqlite3_result_error) in archive /opt/rustwide/target/debug/deps/liblibsql_ffi-d4facedcc172fbda.rlib
[INFO] [stdout]           >>> defined at sqlite3.c:94051 (sqlite3/sqlite3.c:94051)
[INFO] [stdout]           >>>            c877a2978823c39d-sqlite3.o:(.text.sqlite3_result_error+0x0) in archive /opt/rustwide/target/debug/deps/liblibsqlite3_sys-5217b77dfe998c25.rlib
[INFO] [stdout]           
[INFO] [stdout]           rust-lld: error: duplicate symbol: sqlite3_stricmp
[INFO] [stdout]           >>> defined at sqlite3.c:35659 (bundled/src/sqlite3.c:35659)
[INFO] [stdout]           >>>            3b8a01b640506ff7-sqlite3.o:(sqlite3_stricmp) in archive /opt/rustwide/target/debug/deps/liblibsql_ffi-d4facedcc172fbda.rlib
[INFO] [stdout]           >>> defined at sqlite3.c:36786 (sqlite3/sqlite3.c:36786)
[INFO] [stdout]           >>>            c877a2978823c39d-sqlite3.o:(.text.sqlite3_stricmp+0x0) in archive /opt/rustwide/target/debug/deps/liblibsqlite3_sys-5217b77dfe998c25.rlib
[INFO] [stdout]           
[INFO] [stdout]           rust-lld: error: duplicate symbol: sqlite3_strnicmp
[INFO] [stdout]           >>> defined at sqlite3.c:35686 (bundled/src/sqlite3.c:35686)
[INFO] [stdout]           >>>            3b8a01b640506ff7-sqlite3.o:(sqlite3_strnicmp) in archive /opt/rustwide/target/debug/deps/liblibsql_ffi-d4facedcc172fbda.rlib
[INFO] [stdout]           >>> defined at sqlite3.c:36813 (sqlite3/sqlite3.c:36813)
[INFO] [stdout]           >>>            c877a2978823c39d-sqlite3.o:(.text.sqlite3_strnicmp+0x0) in archive /opt/rustwide/target/debug/deps/liblibsqlite3_sys-5217b77dfe998c25.rlib
[INFO] [stdout]           
[INFO] [stdout]           rust-lld: error: duplicate symbol: sqlite3_context_db_handle
[INFO] [stdout]           >>> defined at sqlite3.c:92441 (bundled/src/sqlite3.c:92441)
[INFO] [stdout]           >>>            3b8a01b640506ff7-sqlite3.o:(sqlite3_context_db_handle) in archive /opt/rustwide/target/debug/deps/liblibsql_ffi-d4facedcc172fbda.rlib
[INFO] [stdout]           >>> defined at sqlite3.c:94542 (sqlite3/sqlite3.c:94542)
[INFO] [stdout]           >>>            c877a2978823c39d-sqlite3.o:(.text.sqlite3_context_db_handle+0x0) in archive /opt/rustwide/target/debug/deps/liblibsqlite3_sys-5217b77dfe998c25.rlib
[INFO] [stdout]           
[INFO] [stdout]           rust-lld: error: duplicate symbol: sqlite3_value_type
[INFO] [stdout]           >>> defined at sqlite3.c:91701 (bundled/src/sqlite3.c:91701)
[INFO] [stdout]           >>>            3b8a01b640506ff7-sqlite3.o:(sqlite3_value_type) in archive /opt/rustwide/target/debug/deps/liblibsql_ffi-d4facedcc172fbda.rlib
[INFO] [stdout]           >>> defined at sqlite3.c:93802 (sqlite3/sqlite3.c:93802)
[INFO] [stdout]           >>>            c877a2978823c39d-sqlite3.o:(.text.sqlite3_value_type+0x0) in archive /opt/rustwide/target/debug/deps/liblibsqlite3_sys-5217b77dfe998c25.rlib
[INFO] [stdout]           
[INFO] [stdout]           rust-lld: error: duplicate symbol: sqlite3_value_double
[INFO] [stdout]           >>> defined at sqlite3.c:91657 (bundled/src/sqlite3.c:91657)
[INFO] [stdout]           >>>            3b8a01b640506ff7-sqlite3.o:(sqlite3_value_double) in archive /opt/rustwide/target/debug/deps/liblibsql_ffi-d4facedcc172fbda.rlib
[INFO] [stdout]           >>> defined at sqlite3.c:93758 (sqlite3/sqlite3.c:93758)
[INFO] [stdout]           >>>            c877a2978823c39d-sqlite3.o:(.text.sqlite3_value_double+0x0) in archive /opt/rustwide/target/debug/deps/liblibsqlite3_sys-5217b77dfe998c25.rlib
[INFO] [stdout]           
[INFO] [stdout]           rust-lld: error: duplicate symbol: sqlite3_value_text
[INFO] [stdout]           >>> defined at sqlite3.c:91683 (bundled/src/sqlite3.c:91683)
[INFO] [stdout]           >>>            3b8a01b640506ff7-sqlite3.o:(sqlite3_value_text) in archive /opt/rustwide/target/debug/deps/liblibsql_ffi-d4facedcc172fbda.rlib
[INFO] [stdout]           >>> defined at sqlite3.c:93784 (sqlite3/sqlite3.c:93784)
[INFO] [stdout]           >>>            c877a2978823c39d-sqlite3.o:(.text.sqlite3_value_text+0x0) in archive /opt/rustwide/target/debug/deps/liblibsqlite3_sys-5217b77dfe998c25.rlib
[INFO] [stdout]           
[INFO] [stdout]           rust-lld: error: duplicate symbol: sqlite3_value_bytes
[INFO] [stdout]           >>> defined at sqlite3.c:91651 (bundled/src/sqlite3.c:91651)
[INFO] [stdout]           >>>            3b8a01b640506ff7-sqlite3.o:(sqlite3_value_bytes) in archive /opt/rustwide/target/debug/deps/liblibsql_ffi-d4facedcc172fbda.rlib
[INFO] [stdout]           >>> defined at sqlite3.c:93752 (sqlite3/sqlite3.c:93752)
[INFO] [stdout]           >>>            c877a2978823c39d-sqlite3.o:(.text.sqlite3_value_bytes+0x0) in archive /opt/rustwide/target/debug/deps/liblibsqlite3_sys-5217b77dfe998c25.rlib
[INFO] [stdout]           
[INFO] [stdout]           rust-lld: error: duplicate symbol: sqlite3_result_double
[INFO] [stdout]           >>> defined at sqlite3.c:91927 (bundled/src/sqlite3.c:91927)
[INFO] [stdout]           >>>            3b8a01b640506ff7-sqlite3.o:(sqlite3_result_double) in archive /opt/rustwide/target/debug/deps/liblibsql_ffi-d4facedcc172fbda.rlib
[INFO] [stdout]           >>> defined at sqlite3.c:94044 (sqlite3/sqlite3.c:94044)
[INFO] [stdout]           >>>            c877a2978823c39d-sqlite3.o:(.text.sqlite3_result_double+0x0) in archive /opt/rustwide/target/debug/deps/liblibsqlite3_sys-5217b77dfe998c25.rlib
[INFO] [stdout]           
[INFO] [stdout]           rust-lld: error: duplicate symbol: sqlite3_result_int64
[INFO] [stdout]           >>> defined at sqlite3.c:91959 (bundled/src/sqlite3.c:91959)
[INFO] [stdout]           >>>            3b8a01b640506ff7-sqlite3.o:(sqlite3_result_int64) in archive /opt/rustwide/target/debug/deps/liblibsql_ffi-d4facedcc172fbda.rlib
[INFO] [stdout]           >>> defined at sqlite3.c:94076 (sqlite3/sqlite3.c:94076)
[INFO] [stdout]           >>>            c877a2978823c39d-sqlite3.o:(.text.sqlite3_result_int64+0x0) in archive /opt/rustwide/target/debug/deps/liblibsqlite3_sys-5217b77dfe998c25.rlib
[INFO] [stdout]           
[INFO] [stdout]           rust-lld: error: duplicate symbol: sqlite3_result_text
[INFO] [stdout]           >>> defined at sqlite3.c:92019 (bundled/src/sqlite3.c:92019)
[INFO] [stdout]           >>>            3b8a01b640506ff7-sqlite3.o:(sqlite3_result_text) in archive /opt/rustwide/target/debug/deps/liblibsql_ffi-d4facedcc172fbda.rlib
[INFO] [stdout]           >>> defined at sqlite3.c:94136 (sqlite3/sqlite3.c:94136)
[INFO] [stdout]           >>>            c877a2978823c39d-sqlite3.o:(.text.sqlite3_result_text+0x0) in archive /opt/rustwide/target/debug/deps/liblibsqlite3_sys-5217b77dfe998c25.rlib
[INFO] [stdout]           
[INFO] [stdout]           rust-lld: error: too many errors emitted, stopping now (use --error-limit=0 to see all errors)
[INFO] [stdout]           collect2: error: ld returned 1 exit status
[INFO] [stdout]           
[INFO] [stdout] 
[INFO] [stdout] 
[INFO] [stderr] error: could not compile `stackless-daemon` (lib test) due to 1 previous error
[INFO] running `Command { std: "docker" "inspect" "3c4d3fe9ac28f2826e5a71ad6f6b53f1ccb38cbbc06ad9a37966bc8af895d745", kill_on_drop: false }`
[INFO] running `Command { std: "docker" "rm" "-f" "3c4d3fe9ac28f2826e5a71ad6f6b53f1ccb38cbbc06ad9a37966bc8af895d745", kill_on_drop: false }`
[INFO] [stdout] 3c4d3fe9ac28f2826e5a71ad6f6b53f1ccb38cbbc06ad9a37966bc8af895d745
