[INFO] fetching crate stack-auth 0.43.0...
[INFO] testing stack-auth-0.43.0 against 1.99.0-beta.8 for beta-1.100-2
[INFO] extracting crate stack-auth 0.43.0 into /workspace/builds/worker-6-tc1/source
[INFO] started tweaking crates.io crate stack-auth 0.43.0
[INFO] removed 0 missing examples
[INFO] finished tweaking crates.io crate stack-auth 0.43.0
[INFO] tweaked toml for crates.io crate stack-auth 0.43.0 written to /workspace/builds/worker-6-tc1/source/Cargo.toml
[INFO] validating manifest of crates.io crate stack-auth 0.43.0 on toolchain 1.99.0-beta.8
[INFO] running `Command { std: CARGO_HOME="/workspace/cargo-home" RUSTUP_HOME="/workspace/rustup-home" "/workspace/cargo-home/bin/cargo" "+1.99.0-beta.8" "metadata" "--manifest-path" "Cargo.toml" "--no-deps", kill_on_drop: false }`
[INFO] crate crates.io crate stack-auth 0.43.0 already has a lockfile, it will not be regenerated
[INFO] running `Command { std: CARGO_HOME="/workspace/cargo-home" RUSTUP_HOME="/workspace/rustup-home" "/workspace/cargo-home/bin/cargo" "+1.99.0-beta.8" "fetch" "--manifest-path" "Cargo.toml", kill_on_drop: false }`
[INFO] [stderr]     Updating crates.io index
[INFO] [stderr]     Blocking waiting for file lock on package cache
[INFO] [stderr]  Downloading crates ...
[INFO] [stderr]   Downloaded validator v0.20.0
[INFO] [stderr]   Downloaded validator_derive v0.20.0
[INFO] [stderr]   Downloaded dummy v0.8.0
[INFO] [stderr]   Downloaded vitaminc-traits v0.5.0
[INFO] [stderr]   Downloaded vitaminc-random-derives v0.5.0
[INFO] [stderr]   Downloaded vitaminc-random v0.5.0
[INFO] [stderr]   Downloaded mutants v0.0.4
[INFO] [stderr]   Downloaded fake v2.10.0
[INFO] [stderr]   Downloaded utoipa v5.4.0
[INFO] [stderr]   Downloaded utoipa-gen v5.4.0
[INFO] [stderr]   Downloaded vitaminc-protected-derive v0.5.0
[INFO] [stderr]   Downloaded vitaminc-context v0.5.0
[INFO] [stderr]   Downloaded vitaminc-aead-derive v0.5.0
[INFO] [stderr]   Downloaded vitaminc-protected v0.5.0
[INFO] [stderr]   Downloaded rand v0.10.1
[INFO] [stderr]   Downloaded vitaminc-encrypt v0.5.0
[INFO] [stderr]   Downloaded vitaminc-aead v0.5.0
[INFO] [stderr]   Downloaded cached v0.54.0
[INFO] [stderr]   Downloaded cached_proc_macro_types v0.1.1
[INFO] [stderr]   Downloaded cached_proc_macro v0.23.0
[INFO] [stderr]   Downloaded cipherstash-config v0.42.3
[INFO] [stderr]   Downloaded gethostname v0.5.0
[INFO] [stderr]   Downloaded stack-profile v0.43.0
[INFO] [stderr]   Downloaded async-compression v0.4.39
[INFO] [stderr]   Downloaded compression-codecs v0.4.36
[INFO] [stderr]   Downloaded rustls-platform-verifier v0.6.2
[INFO] [stderr]   Downloaded zerokms-protocol v0.12.31
[INFO] [stderr]   Downloaded hickory-resolver v0.26.1
[INFO] [stderr]   Downloaded is-wsl v0.4.0
[INFO] [stderr]   Downloaded moka v0.12.13
[INFO] [stderr]   Downloaded hickory-proto v0.26.1
[INFO] [stderr]   Downloaded mocktail v0.3.0
[INFO] [stderr]   Downloaded open v5.3.3
[INFO] [stderr]   Downloaded prefix-trie v0.8.4
[INFO] [stderr]   Downloaded hickory-net v0.26.1
[INFO] [stderr]   Downloaded vitaminc v0.5.0
[INFO] [stderr]   Downloaded cts-common v0.43.0
[INFO] [stderr]   Downloaded aquamarine v0.6.0
[INFO] [stderr]   Downloaded is-docker v0.2.0
[INFO] running `Command { std: "docker" "create" "-v" "/var/lib/crater-agent-workspace/builds/worker-6-tc1/source:/opt/rustwide/workdir:ro,Z" "-v" "/var/lib/crater-agent-workspace/builds/worker-6-tc1/target:/opt/rustwide/target:rw,Z" "-v" "/var/lib/crater-agent-workspace/cargo-home:/opt/rustwide/cargo-home:ro,Z" "-v" "/var/lib/crater-agent-workspace/rustup-home:/opt/rustwide/rustup-home:ro,Z" "-m" "1610612736" "--network" "none" "ghcr.io/rust-lang/crates-build-env/linux@sha256:3111399a4047eeb3a02b7a90e478d715f38a8c6669b5c4b49d30a17385265909" "sleep" "infinity", kill_on_drop: false }`
[INFO] [stdout] d60aa8a3883555fd697e36e882328b50e3928538c52725d710c9d0c27051a7d2
[INFO] running `Command { std: "docker" "start" "d60aa8a3883555fd697e36e882328b50e3928538c52725d710c9d0c27051a7d2", kill_on_drop: false }`
[INFO] running `Command { std: "docker" "inspect" "d60aa8a3883555fd697e36e882328b50e3928538c52725d710c9d0c27051a7d2", kill_on_drop: false }`
[INFO] running `Command { std: "docker" "exec" "-e" "SOURCE_DIR=/opt/rustwide/workdir" "-e" "CARGO_HOME=/opt/rustwide/cargo-home" "-e" "RUSTUP_HOME=/opt/rustwide/rustup-home" "-e" "CARGO_TARGET_DIR=/opt/rustwide/target" "-w" "/opt/rustwide/workdir" "--user" "0:0" "d60aa8a3883555fd697e36e882328b50e3928538c52725d710c9d0c27051a7d2" "/opt/rustwide/cargo-home/bin/cargo" "+1.99.0-beta.8" "metadata" "--no-deps" "--format-version=1", kill_on_drop: false }`
[INFO] running `Command { std: "docker" "inspect" "d60aa8a3883555fd697e36e882328b50e3928538c52725d710c9d0c27051a7d2", kill_on_drop: false }`
[INFO] running `Command { std: "docker" "exec" "-e" "SOURCE_DIR=/opt/rustwide/workdir" "-e" "CARGO_HOME=/opt/rustwide/cargo-home" "-e" "RUSTUP_HOME=/opt/rustwide/rustup-home" "-e" "CARGO_TARGET_DIR=/opt/rustwide/target" "-e" "CARGO_INCREMENTAL=0" "-e" "RUST_BACKTRACE=full" "-e" "RUSTFLAGS=--cap-lints=warn" "-e" "RUSTDOCFLAGS=--cap-lints=warn" "-w" "/opt/rustwide/workdir" "--user" "0:0" "d60aa8a3883555fd697e36e882328b50e3928538c52725d710c9d0c27051a7d2" "/opt/rustwide/cargo-home/bin/cargo" "+1.99.0-beta.8" "build" "--frozen" "--message-format=json", kill_on_drop: false }`
[INFO] [stderr]    Compiling unicode-ident v1.0.23
[INFO] [stderr]    Compiling typenum v1.19.0
[INFO] [stderr]    Compiling critical-section v1.2.0
[INFO] [stderr]    Compiling jobserver v0.1.34
[INFO] [stderr]    Compiling num-traits v0.2.19
[INFO] [stderr]    Compiling parking_lot_core v0.9.12
[INFO] [stderr]    Compiling rand_core v0.10.0
[INFO] [stderr]    Compiling getrandom v0.4.2
[INFO] [stderr]    Compiling proc-macro2 v1.0.106
[INFO] [stderr]    Compiling once_cell v1.21.3
[INFO] [stderr]    Compiling aws-lc-rs v1.18.0
[INFO] [stderr]    Compiling parking_lot v0.12.5
[INFO] [stderr]    Compiling errno v0.3.14
[INFO] [stderr]    Compiling cc v1.2.55
[INFO] [stderr]    Compiling signal-hook-registry v1.4.8
[INFO] [stderr]    Compiling mio v1.1.1
[INFO] [stderr]    Compiling socket2 v0.6.2
[INFO] [stderr]    Compiling untrusted v0.7.1
[INFO] [stderr]    Compiling radium v0.7.0
[INFO] [stderr]    Compiling quote v1.0.44
[INFO] [stderr]    Compiling syn v2.0.114
[INFO] [stderr]    Compiling syn v3.0.3
[INFO] [stderr]    Compiling fnv v1.0.7
[INFO] [stderr]    Compiling zmij v1.0.20
[INFO] [stderr]    Compiling strsim v0.11.1
[INFO] [stderr]    Compiling zerocopy v0.8.39
[INFO] [stderr]    Compiling tap v1.0.1
[INFO] [stderr]    Compiling wyz v0.5.1
[INFO] [stderr]    Compiling funty v2.0.0
[INFO] [stderr]    Compiling vitaminc-protected v0.5.0
[INFO] [stderr]    Compiling hybrid-array v0.4.10
[INFO] [stderr]    Compiling generic-array v0.14.7
[INFO] [stderr]    Compiling cmake v0.1.57
[INFO] [stderr]    Compiling block-buffer v0.12.0
[INFO] [stderr]    Compiling crypto-common v0.2.1
[INFO] [stderr]    Compiling bitvec v1.0.1
[INFO] [stderr]    Compiling aws-lc-sys v0.44.0
[INFO] [stderr]    Compiling crypto-common v0.1.7
[INFO] [stderr]    Compiling block-buffer v0.10.4
[INFO] [stderr]    Compiling tracing-core v0.1.36
[INFO] [stderr]    Compiling digest v0.10.7
[INFO] [stderr]    Compiling serde_bytes v0.11.19
[INFO] [stderr]    Compiling bytemuck v1.25.0
[INFO] [stderr]    Compiling atomic v0.6.1
[INFO] [stderr]    Compiling md-5 v0.10.6
[INFO] [stderr]    Compiling serde_json v1.0.149
[INFO] [stderr]    Compiling getrandom v0.3.4
[INFO] [stderr]    Compiling digest v0.11.3
[INFO] [stderr]    Compiling smallvec v1.15.1
[INFO] [stderr]    Compiling sha1_smol v1.0.1
[INFO] [stderr]    Compiling serde_core v1.0.228
[INFO] [stderr]    Compiling uuid v1.20.0
[INFO] [stderr]    Compiling bitflags v2.10.0
[INFO] [stderr]    Compiling alloc-stdlib v0.2.2
[INFO] [stderr]    Compiling futures-channel v0.3.31
[INFO] [stderr]    Compiling ahash v0.8.12
[INFO] [stderr]    Compiling percent-encoding v2.3.2
[INFO] [stderr]    Compiling rustls v0.23.36
[INFO] [stderr]    Compiling mutants v0.0.4
[INFO] [stderr]    Compiling anyhow v1.0.101
[INFO] [stderr]    Compiling form_urlencoded v1.2.2
[INFO] [stderr]    Compiling brotli-decompressor v5.0.0
[INFO] [stderr]    Compiling rmp v0.8.15
[INFO] [stderr]    Compiling proc-macro-error-attr2 v2.0.0
[INFO] [stderr]    Compiling aho-corasick v1.1.4
[INFO] [stderr]    Compiling getrandom v0.2.17
[INFO] [stderr]    Compiling regex-syntax v0.8.9
[INFO] [stderr]    Compiling synstructure v0.13.2
[INFO] [stderr]    Compiling darling_core v0.20.11
[INFO] [stderr]    Compiling vitaminc-protected-derive v0.5.0
[INFO] [stderr]    Compiling vitaminc-random-derives v0.5.0
[INFO] [stderr]    Compiling vitaminc-aead-derive v0.5.0
[INFO] [stderr]    Compiling unicode-segmentation v1.12.0
[INFO] [stderr]    Compiling serde_derive v1.0.228
[INFO] [stderr]    Compiling zerofrom-derive v0.1.6
[INFO] [stderr]    Compiling yoke-derive v0.8.1
[INFO] [stderr]    Compiling zeroize_derive v1.4.3
[INFO] [stderr]    Compiling zeroize v1.8.2
[INFO] [stderr]    Compiling zerovec-derive v0.11.2
[INFO] [stderr]    Compiling displaydoc v0.2.5
[INFO] [stderr]    Compiling thiserror-impl v2.0.18
[INFO] [stderr]    Compiling zerofrom v0.1.6
[INFO] [stderr]    Compiling chacha20 v0.10.0
[INFO] [stderr]    Compiling yoke v0.8.1
[INFO] [stderr]    Compiling zerotrie v0.2.3
[INFO] [stderr]    Compiling tokio-macros v2.6.0
[INFO] [stderr]    Compiling rand v0.10.1
[INFO] [stderr]    Compiling darling_macro v0.20.11
[INFO] [stderr]    Compiling zerovec v0.11.5
[INFO] [stderr]    Compiling tracing-attributes v0.1.31
[INFO] [stderr]    Compiling darling v0.20.11
[INFO] [stderr]    Compiling futures-macro v0.3.31
[INFO] [stderr]    Compiling rustls-pki-types v1.14.0
[INFO] [stderr]    Compiling thiserror v2.0.18
[INFO] [stderr]    Compiling thiserror-impl v1.0.69
[INFO] [stderr]    Compiling regex-automata v0.4.14
[INFO] [stderr]    Compiling tinystr v0.8.2
[INFO] [stderr]    Compiling icu_locale_core v2.1.1
[INFO] [stderr]    Compiling potential_utf v0.1.4
[INFO] [stderr]    Compiling icu_collections v2.1.1
[INFO] [stderr]    Compiling futures-util v0.3.31
[INFO] [stderr]    Compiling tracing v0.1.44
[INFO] [stderr]    Compiling thiserror v1.0.69
[INFO] [stderr]    Compiling convert_case v0.10.0
[INFO] [stderr]    Compiling ppv-lite86 v0.2.21
[INFO] [stderr]    Compiling serde v1.0.228
[INFO] [stderr]    Compiling brotli v8.0.2
[INFO] [stderr]    Compiling proc-macro-error2 v2.0.1
[INFO] [stderr]    Compiling icu_provider v2.1.1
[INFO] [stderr]    Compiling rand_core v0.6.4
[INFO] [stderr]    Compiling flate2 v1.1.9
[INFO] [stderr]    Compiling icu_properties v2.1.2
[INFO] [stderr]    Compiling bytes v1.11.1
[INFO] [stderr]    Compiling icu_normalizer v2.1.1
[INFO] [stderr]    Compiling ipnet v2.11.0
[INFO] [stderr]    Compiling tokio v1.49.0
[INFO] [stderr]    Compiling http v1.4.0
[INFO] [stderr]    Compiling either v1.15.0
[INFO] [stderr]    Compiling idna_adapter v1.2.1
[INFO] [stderr]    Compiling idna v1.1.0
[INFO] [stderr]    Compiling vitaminc-random v0.5.0
[INFO] [stderr]    Compiling url v2.5.8
[INFO] [stderr]    Compiling http-body v1.0.1
[INFO] [stderr]    Compiling vitaminc-context v0.5.0
[INFO] [stderr]    Compiling vitaminc-aead v0.5.0
[INFO] [stderr]    Compiling prefix-trie v0.8.4
[INFO] [stderr]    Compiling rmp-serde v1.3.1
[INFO] [stderr]    Compiling time-core v0.1.8
[INFO] [stderr]    Compiling compression-core v0.4.31
[INFO] [stderr]    Compiling rustix v0.38.44
[INFO] [stderr]    Compiling data-encoding v2.10.0
[INFO] [stderr]    Compiling num-conv v0.2.0
[INFO] [stderr]    Compiling hashbrown v0.14.5
[INFO] [stderr]    Compiling time-macros v0.2.27
[INFO] [stderr]    Compiling vitaminc-traits v0.5.0
[INFO] [stderr]    Compiling compression-codecs v0.4.36
[INFO] [stderr]    Compiling deranged v0.5.5
[INFO] [stderr]    Compiling derive_more-impl v2.1.1
[INFO] [stderr]    Compiling hickory-proto v0.26.1
[INFO] [stderr]    Compiling indexmap v2.13.0
[INFO] [stderr]    Compiling utoipa-gen v5.4.0
[INFO] [stderr]    Compiling regex v1.12.3
[INFO] [stderr]    Compiling rand_chacha v0.3.1
[INFO] [stderr]    Compiling cached_proc_macro v0.23.0
[INFO] [stderr]    Compiling async-trait v0.1.89
[INFO] [stderr]    Compiling miette-derive v7.6.0
[INFO] [stderr]    Compiling crossbeam-epoch v0.9.18
[INFO] [stderr]    Compiling num-integer v0.1.46
[INFO] [stderr]    Compiling linux-raw-sys v0.4.15
[INFO] [stderr]    Compiling web-time v1.1.0
[INFO] [stderr]    Compiling cached_proc_macro_types v0.1.1
[INFO] [stderr]    Compiling tagptr v0.2.0
[INFO] [stderr]    Compiling moka v0.12.13
[INFO] [stderr]    Compiling validator_derive v0.20.0
[INFO] [stderr]    Compiling miette v7.6.0
[INFO] [stderr]    Compiling hyper v1.8.1
[INFO] [stderr]    Compiling tower v0.5.3
[INFO] [stderr]    Compiling async-compression v0.4.39
[INFO] [stderr]    Compiling hickory-net v0.26.1
[INFO] [stderr]    Compiling tokio-util v0.7.18
[INFO] [stderr]    Compiling cached v0.54.0
[INFO] [stderr]    Compiling hyper-util v0.1.20
[INFO] [stderr]    Compiling rustls-native-certs v0.8.3
[INFO] [stderr]    Compiling chrono v0.4.43
[INFO] [stderr]    Compiling num-bigint v0.4.6
[INFO] [stderr]    Compiling rand v0.8.6
[INFO] [stderr]    Compiling derive_more v2.1.1
[INFO] [stderr]    Compiling time v0.3.47
[INFO] [stderr]    Compiling http-body-util v0.1.3
[INFO] [stderr]    Compiling arrayvec v0.7.6
[INFO] [stderr]    Compiling dummy v0.8.0
[INFO] [stderr]    Compiling include_dir_macros v0.7.4
[INFO] [stderr]    Compiling is-docker v0.2.0
[INFO] [stderr]    Compiling nom v8.0.0
[INFO] [stderr]    Compiling dirs-sys v0.3.7
[INFO] [stderr]    Compiling resolv-conf v0.7.6
[INFO] [stderr]    Compiling deunicode v1.6.2
[INFO] [stderr]    Compiling itertools v0.10.5
[INFO] [stderr]    Compiling simple_asn1 v0.6.4
[INFO] [stderr]    Compiling const-hex v1.17.0
[INFO] [stderr]    Compiling fake v2.10.0
[INFO] [stderr]    Compiling hickory-resolver v0.26.1
[INFO] [stderr]    Compiling serde_urlencoded v0.7.1
[INFO] [stderr]    Compiling dirs v4.0.0
[INFO] [stderr]    Compiling utoipa v5.4.0
[INFO] [stderr]    Compiling tower-http v0.6.8
[INFO] [stderr]    Compiling is-wsl v0.4.0
[INFO] [stderr]    Compiling include_dir v0.7.4
[INFO] [stderr]    Compiling validator v0.20.0
[INFO] [stderr]    Compiling gethostname v0.5.0
[INFO] [stderr]    Compiling cipherstash-config v0.42.3
[INFO] [stderr]    Compiling pem v3.0.6
[INFO] [stderr]    Compiling signature v2.2.0
[INFO] [stderr]    Compiling open v5.3.3
[INFO] [stderr]    Compiling aquamarine v0.6.0
[INFO] [stderr]    Compiling stack-profile v0.43.0
[INFO] [stderr]    Compiling rustls-webpki v0.103.13
[INFO] [stderr]    Compiling vitaminc-encrypt v0.5.0
[INFO] [stderr]    Compiling jsonwebtoken v10.4.0
[INFO] [stderr]    Compiling vitaminc v0.5.0
[INFO] [stderr]    Compiling cts-common v0.43.0
[INFO] [stderr]    Compiling zerokms-protocol v0.12.31
[INFO] [stderr]    Compiling tokio-rustls v0.26.4
[INFO] [stderr]    Compiling rustls-platform-verifier v0.6.2
[INFO] [stderr]    Compiling hyper-rustls v0.27.7
[INFO] [stderr]    Compiling reqwest v0.13.4
[INFO] [stderr]    Compiling stack-auth v0.43.0 (/opt/rustwide/workdir)
[INFO] [stderr]     Finished `dev` profile [unoptimized + debuginfo] target(s) in 3m 57s
[INFO] [stderr] warning: the following packages contain code that will be rejected by a future version of Rust: proc-macro-error2 v2.0.1
[INFO] [stderr] note: to see what the problems were, use the option `--future-incompat-report`, or run `cargo report future-incompatibilities --id 1`
[INFO] running `Command { std: "docker" "inspect" "d60aa8a3883555fd697e36e882328b50e3928538c52725d710c9d0c27051a7d2", kill_on_drop: false }`
[INFO] running `Command { std: "docker" "exec" "-e" "SOURCE_DIR=/opt/rustwide/workdir" "-e" "CARGO_HOME=/opt/rustwide/cargo-home" "-e" "RUSTUP_HOME=/opt/rustwide/rustup-home" "-e" "CARGO_TARGET_DIR=/opt/rustwide/target" "-e" "CARGO_INCREMENTAL=0" "-e" "RUST_BACKTRACE=full" "-e" "RUSTFLAGS=--cap-lints=warn" "-e" "RUSTDOCFLAGS=--cap-lints=warn" "-w" "/opt/rustwide/workdir" "--user" "0:0" "d60aa8a3883555fd697e36e882328b50e3928538c52725d710c9d0c27051a7d2" "/opt/rustwide/cargo-home/bin/cargo" "+1.99.0-beta.8" "test" "--frozen" "--no-run" "--message-format=json", kill_on_drop: false }`
[INFO] [stderr]    Compiling serde v1.0.228
[INFO] [stderr]    Compiling tracing-core v0.1.36
[INFO] [stderr]    Compiling getrandom v0.3.4
[INFO] [stderr]    Compiling futures-util v0.3.31
[INFO] [stderr]    Compiling serde_json v1.0.149
[INFO] [stderr]    Compiling rand_core v0.9.5
[INFO] [stderr]    Compiling darling_core v0.20.11
[INFO] [stderr]    Compiling indexmap v2.13.0
[INFO] [stderr]    Compiling serde_bytes v0.11.19
[INFO] [stderr]    Compiling rand_chacha v0.9.0
[INFO] [stderr]    Compiling regex-automata v0.4.14
[INFO] [stderr]    Compiling tracing v0.1.44
[INFO] [stderr]    Compiling bytes v1.11.1
[INFO] [stderr]    Compiling rand v0.9.3
[INFO] [stderr]    Compiling ipnet v2.11.0
[INFO] [stderr]    Compiling url v2.5.8
[INFO] [stderr]    Compiling tokio v1.49.0
[INFO] [stderr]    Compiling http v1.4.0
[INFO] [stderr]    Compiling uuid v1.20.0
[INFO] [stderr]    Compiling vitaminc-protected v0.5.0
[INFO] [stderr]    Compiling either v1.15.0
[INFO] [stderr]    Compiling vitaminc-random v0.5.0
[INFO] [stderr]    Compiling vitaminc-context v0.5.0
[INFO] [stderr]    Compiling rmp-serde v1.3.1
[INFO] [stderr]    Compiling vitaminc-aead v0.5.0
[INFO] [stderr]    Compiling http-body v1.0.1
[INFO] [stderr]    Compiling http-body-util v0.1.3
[INFO] [stderr]    Compiling prefix-trie v0.8.4
[INFO] [stderr]    Compiling vitaminc-traits v0.5.0
[INFO] [stderr]    Compiling vitaminc-encrypt v0.5.0
[INFO] [stderr]    Compiling chrono v0.4.43
[INFO] [stderr]    Compiling rustix v0.38.44
[INFO] [stderr]    Compiling darling_macro v0.20.11
[INFO] [stderr]    Compiling darling v0.20.11
[INFO] [stderr]    Compiling cached_proc_macro v0.23.0
[INFO] [stderr]    Compiling validator_derive v0.20.0
[INFO] [stderr]    Compiling hickory-proto v0.26.1
[INFO] [stderr]    Compiling dummy v0.8.0
[INFO] [stderr]    Compiling vitaminc v0.5.0
[INFO] [stderr]    Compiling serde_urlencoded v0.7.1
[INFO] [stderr]    Compiling regex v1.12.3
[INFO] [stderr]    Compiling moka v0.12.13
[INFO] [stderr]    Compiling cached v0.54.0
[INFO] [stderr]    Compiling utoipa v5.4.0
[INFO] [stderr]    Compiling itertools v0.12.1
[INFO] [stderr]    Compiling arrayvec v0.7.6
[INFO] [stderr]    Compiling fake v2.10.0
[INFO] [stderr]    Compiling tempfile v3.24.0
[INFO] [stderr]    Compiling validator v0.20.0
[INFO] [stderr]    Compiling rustls-platform-verifier v0.6.2
[INFO] [stderr]    Compiling futures-executor v0.3.31
[INFO] [stderr]    Compiling gethostname v0.5.0
[INFO] [stderr]    Compiling cipherstash-config v0.42.3
[INFO] [stderr]    Compiling wait-timeout v0.2.1
[INFO] [stderr]    Compiling rusty-fork v0.3.1
[INFO] [stderr]    Compiling prost-derive v0.13.5
[INFO] [stderr]    Compiling jsonwebtoken v10.4.0
[INFO] [stderr]    Compiling axum-core v0.5.6
[INFO] [stderr]    Compiling cts-common v0.43.0
[INFO] [stderr]    Compiling futures v0.3.31
[INFO] [stderr]    Compiling stack-profile v0.43.0
[INFO] [stderr]    Compiling tokio-util v0.7.18
[INFO] [stderr]    Compiling tower v0.5.3
[INFO] [stderr]    Compiling tokio-rustls v0.26.4
[INFO] [stderr]    Compiling async-compression v0.4.39
[INFO] [stderr]    Compiling hickory-net v0.26.1
[INFO] [stderr]    Compiling h2 v0.4.13
[INFO] [stderr]    Compiling zerokms-protocol v0.12.31
[INFO] [stderr]    Compiling tower-http v0.6.8
[INFO] [stderr]    Compiling prost v0.13.5
[INFO] [stderr]    Compiling tokio-stream v0.1.18
[INFO] [stderr]    Compiling matchers v0.2.0
[INFO] [stderr]    Compiling tracing-serde v0.2.0
[INFO] [stderr]    Compiling tracing-log v0.2.0
[INFO] [stderr]    Compiling rand_xorshift v0.4.0
[INFO] [stderr]    Compiling proptest v1.10.0
[INFO] [stderr]    Compiling tracing-subscriber v0.3.22
[INFO] [stderr]    Compiling hickory-resolver v0.26.1
[INFO] [stderr]    Compiling hyper v1.8.1
[INFO] [stderr]    Compiling hyper-util v0.1.20
[INFO] [stderr]    Compiling hyper-rustls v0.27.7
[INFO] [stderr]    Compiling mocktail v0.3.0
[INFO] [stderr]    Compiling axum v0.8.8
[INFO] [stderr]    Compiling reqwest v0.13.4
[INFO] [stderr]    Compiling stack-auth v0.43.0 (/opt/rustwide/workdir)
[INFO] [stdout] error[E0433]: cannot find module or crate `temp_env` in this scope
[INFO] [stdout]    --> src/auto_strategy.rs:422:26
[INFO] [stdout]     |
[INFO] [stdout] 422 |             let result = temp_env::with_var_unset("CS_WORKSPACE_CRN", || {
[INFO] [stdout]     |                          ^^^^^^^^ use of unresolved module or unlinked crate `temp_env`
[INFO] [stdout]     |
[INFO] [stdout]     = help: if you wanted to use a crate named `temp_env`, use `cargo add temp_env` to add it to your `Cargo.toml`
[INFO] [stdout] 
[INFO] [stdout] 
[INFO] [stdout] error[E0433]: cannot find module or crate `temp_env` in this scope
[INFO] [stdout]    --> src/auto_strategy.rs:433:26
[INFO] [stdout]     |
[INFO] [stdout] 433 |             let result = temp_env::with_var("CS_WORKSPACE_CRN", Some("not-a-crn"), || {
[INFO] [stdout]     |                          ^^^^^^^^ use of unresolved module or unlinked crate `temp_env`
[INFO] [stdout]     |
[INFO] [stdout]     = help: if you wanted to use a crate named `temp_env`, use `cargo add temp_env` to add it to your `Cargo.toml`
[INFO] [stdout] 
[INFO] [stdout] 
[INFO] [stdout] error[E0433]: cannot find module or crate `temp_env` in this scope
[INFO] [stdout]    --> src/oidc_federation_strategy.rs:306:24
[INFO] [stdout]     |
[INFO] [stdout] 306 |         let strategy = temp_env::with_var("CS_CTS_HOST", Some("http://127.0.0.1:1/"), || {
[INFO] [stdout]     |                        ^^^^^^^^ use of unresolved module or unlinked crate `temp_env`
[INFO] [stdout]     |
[INFO] [stdout]     = help: if you wanted to use a crate named `temp_env`, use `cargo add temp_env` to add it to your `Cargo.toml`
[INFO] [stdout] 
[INFO] [stdout] 
[INFO] [stdout] error[E0433]: cannot find module or crate `temp_env` in this scope
[INFO] [stdout]    --> src/lib.rs:688:35
[INFO] [stdout]     |
[INFO] [stdout] 688 |             |value: Option<&str>| temp_env::with_var("CS_CTS_HOST", value, cts_base_url_from_env);
[INFO] [stdout]     |                                   ^^^^^^^^ use of unresolved module or unlinked crate `temp_env`
[INFO] [stdout]     |
[INFO] [stdout]     = help: if you wanted to use a crate named `temp_env`, use `cargo add temp_env` to add it to your `Cargo.toml`
[INFO] [stdout] 
[INFO] [stdout] 
[INFO] [stdout] For more information about this error, try `rustc --explain E0433`.
[INFO] [stdout] 
[INFO] [stderr] error: could not compile `stack-auth` (lib test) due to 4 previous errors
[INFO] running `Command { std: "docker" "inspect" "d60aa8a3883555fd697e36e882328b50e3928538c52725d710c9d0c27051a7d2", kill_on_drop: false }`
[INFO] running `Command { std: "docker" "rm" "-f" "d60aa8a3883555fd697e36e882328b50e3928538c52725d710c9d0c27051a7d2", kill_on_drop: false }`
[INFO] [stdout] d60aa8a3883555fd697e36e882328b50e3928538c52725d710c9d0c27051a7d2
