[INFO] fetching crate ssimulacra2_rs 0.5.2...
[INFO] testing ssimulacra2_rs-0.5.2 against 1.99.0-beta.8 for beta-1.100-2
[INFO] extracting crate ssimulacra2_rs 0.5.2 into /workspace/builds/worker-1-tc1/source
[INFO] started tweaking crates.io crate ssimulacra2_rs 0.5.2
[INFO] finished tweaking crates.io crate ssimulacra2_rs 0.5.2
[INFO] tweaked toml for crates.io crate ssimulacra2_rs 0.5.2 written to /workspace/builds/worker-1-tc1/source/Cargo.toml
[INFO] validating manifest of crates.io crate ssimulacra2_rs 0.5.2 on toolchain 1.99.0-beta.8
[INFO] running `Command { std: CARGO_HOME="/workspace/cargo-home" RUSTUP_HOME="/workspace/rustup-home" "/workspace/cargo-home/bin/cargo" "+1.99.0-beta.8" "metadata" "--manifest-path" "Cargo.toml" "--no-deps", kill_on_drop: false }`
[INFO] crate crates.io crate ssimulacra2_rs 0.5.2 already has a lockfile, it will not be regenerated
[INFO] running `Command { std: CARGO_HOME="/workspace/cargo-home" RUSTUP_HOME="/workspace/rustup-home" "/workspace/cargo-home/bin/cargo" "+1.99.0-beta.8" "fetch" "--manifest-path" "Cargo.toml", kill_on_drop: false }`
[INFO] [stderr]     Updating crates.io index
[INFO] [stderr]  Downloading crates ...
[INFO] [stderr]   Downloaded simba v0.8.1
[INFO] [stderr]   Downloaded libm v0.2.8
[INFO] [stderr]   Downloaded aligned-vec v0.5.0
[INFO] [stderr]   Downloaded cstr v0.2.12
[INFO] [stderr]   Downloaded bit_field v0.10.2
[INFO] [stderr]   Downloaded winapi-util v0.1.8
[INFO] [stderr]   Downloaded plotters-backend v0.3.6
[INFO] [stderr]   Downloaded plotters-bitmap v0.3.6
[INFO] [stderr]   Downloaded yeslogic-fontconfig-sys v5.0.0
[INFO] [stderr]   Downloaded nalgebra-macros v0.2.1
[INFO] [stderr]   Downloaded is_terminal_polyfill v1.70.0
[INFO] [stderr]   Downloaded signal-hook-mio v0.2.3
[INFO] [stderr]   Downloaded anstyle-query v1.1.0
[INFO] [stderr]   Downloaded av-metrics-decoders v0.3.1
[INFO] [stderr]   Downloaded crossbeam-queue v0.3.11
[INFO] [stderr]   Downloaded lebe v0.5.2
[INFO] [stderr]   Downloaded v_frame v0.3.8
[INFO] [stderr]   Downloaded byte-slice-cast v1.2.2
[INFO] [stderr]   Downloaded vapoursynth-sys v0.4.0
[INFO] [stderr]   Downloaded redox_users v0.4.5
[INFO] [stderr]   Downloaded anstyle-wincon v3.0.3
[INFO] [stderr]   Downloaded ssimulacra2 v0.5.0
[INFO] [stderr]   Downloaded fdeflate v0.3.4
[INFO] [stderr]   Downloaded colorchoice v1.0.1
[INFO] [stderr]   Downloaded thiserror-impl v1.0.61
[INFO] [stderr]   Downloaded windows-targets v0.52.5
[INFO] [stderr]   Downloaded dwrote v0.11.0
[INFO] [stderr]   Downloaded av-metrics v0.9.1
[INFO] [stderr]   Downloaded thiserror v1.0.61
[INFO] [stderr]   Downloaded clap_lex v0.7.1
[INFO] [stderr]   Downloaded quote v1.0.36
[INFO] [stderr]   Downloaded redox_syscall v0.5.1
[INFO] [stderr]   Downloaded av-data v0.4.2
[INFO] [stderr]   Downloaded anstyle-parse v0.2.4
[INFO] [stderr]   Downloaded either v1.12.0
[INFO] [stderr]   Downloaded yuvxyb v0.4.0
[INFO] [stderr]   Downloaded bytemuck v1.16.0
[INFO] [stderr]   Downloaded pathfinder_simd v0.5.3
[INFO] [stderr]   Downloaded clap_derive v4.5.5
[INFO] [stderr]   Downloaded anyhow v1.0.86
[INFO] [stderr]   Downloaded indicatif v0.17.8
[INFO] [stderr]   Downloaded vapoursynth v0.4.0
[INFO] [stderr]   Downloaded anstream v0.6.14
[INFO] [stderr]   Downloaded image-webp v0.1.2
[INFO] [stderr]   Downloaded matrixmultiply v0.3.8
[INFO] [stderr]   Downloaded clap v4.5.7
[INFO] [stderr]   Downloaded proc-macro2 v1.0.85
[INFO] [stderr]   Downloaded flate2 v1.0.30
[INFO] [stderr]   Downloaded zune-jpeg v0.4.11
[INFO] [stderr]   Downloaded miniz_oxide v0.7.3
[INFO] [stderr]   Downloaded font-kit v0.13.2
[INFO] [stderr]   Downloaded flume v0.11.0
[INFO] [stderr]   Downloaded cc v1.0.99
[INFO] [stderr]   Downloaded wide v0.7.24
[INFO] [stderr]   Downloaded safe_arch v0.7.1
[INFO] [stderr]   Downloaded statrs v0.17.1
[INFO] [stderr]   Downloaded num-bigint v0.4.5
[INFO] [stderr]   Downloaded png v0.17.13
[INFO] [stderr]   Downloaded crossterm v0.27.0
[INFO] [stderr]   Downloaded portable-atomic v1.6.0
[INFO] [stderr]   Downloaded plotters v0.3.6
[INFO] [stderr]   Downloaded clap_builder v4.5.7
[INFO] [stderr]   Downloaded exr v1.72.0
[INFO] [stderr]   Downloaded syn v2.0.66
[INFO] [stderr]   Downloaded nalgebra v0.32.6
[INFO] [stderr]   Downloaded windows_x86_64_gnullvm v0.52.5
[INFO] [stderr]   Downloaded windows_aarch64_gnullvm v0.52.5
[INFO] [stderr]   Downloaded windows_i686_gnullvm v0.52.5
[INFO] [stderr]   Downloaded unicode-width v0.1.13
[INFO] [stderr]   Downloaded libc v0.2.155
[INFO] [stderr]   Downloaded windows_aarch64_msvc v0.52.5
[INFO] [stderr]   Downloaded windows_x86_64_gnu v0.52.5
[INFO] [stderr]   Downloaded windows_x86_64_msvc v0.52.5
[INFO] [stderr]   Downloaded windows_i686_gnu v0.52.5
[INFO] [stderr]   Downloaded windows_i686_msvc v0.52.5
[INFO] [stderr]   Downloaded image v0.25.1
[INFO] running `Command { std: "docker" "create" "-v" "/var/lib/crater-agent-workspace/builds/worker-1-tc1/source:/opt/rustwide/workdir:ro,Z" "-v" "/var/lib/crater-agent-workspace/builds/worker-1-tc1/target:/opt/rustwide/target:rw,Z" "-v" "/var/lib/crater-agent-workspace/cargo-home:/opt/rustwide/cargo-home:ro,Z" "-v" "/var/lib/crater-agent-workspace/rustup-home:/opt/rustwide/rustup-home:ro,Z" "-m" "1610612736" "--network" "none" "ghcr.io/rust-lang/crates-build-env/linux@sha256:3111399a4047eeb3a02b7a90e478d715f38a8c6669b5c4b49d30a17385265909" "sleep" "infinity", kill_on_drop: false }`
[INFO] [stdout] f2e6bd0986fe19dabb50ae83344df4345573935d14845a04d0ef2af9db2a9e96
[INFO] running `Command { std: "docker" "start" "f2e6bd0986fe19dabb50ae83344df4345573935d14845a04d0ef2af9db2a9e96", kill_on_drop: false }`
[INFO] running `Command { std: "docker" "inspect" "f2e6bd0986fe19dabb50ae83344df4345573935d14845a04d0ef2af9db2a9e96", kill_on_drop: false }`
[INFO] running `Command { std: "docker" "exec" "-e" "SOURCE_DIR=/opt/rustwide/workdir" "-e" "CARGO_HOME=/opt/rustwide/cargo-home" "-e" "RUSTUP_HOME=/opt/rustwide/rustup-home" "-e" "CARGO_TARGET_DIR=/opt/rustwide/target" "-w" "/opt/rustwide/workdir" "--user" "0:0" "f2e6bd0986fe19dabb50ae83344df4345573935d14845a04d0ef2af9db2a9e96" "/opt/rustwide/cargo-home/bin/cargo" "+1.99.0-beta.8" "metadata" "--no-deps" "--format-version=1", kill_on_drop: false }`
[INFO] running `Command { std: "docker" "inspect" "f2e6bd0986fe19dabb50ae83344df4345573935d14845a04d0ef2af9db2a9e96", kill_on_drop: false }`
[INFO] running `Command { std: "docker" "exec" "-e" "SOURCE_DIR=/opt/rustwide/workdir" "-e" "CARGO_HOME=/opt/rustwide/cargo-home" "-e" "RUSTUP_HOME=/opt/rustwide/rustup-home" "-e" "CARGO_TARGET_DIR=/opt/rustwide/target" "-e" "CARGO_INCREMENTAL=0" "-e" "RUST_BACKTRACE=full" "-e" "RUSTFLAGS=--cap-lints=warn" "-e" "RUSTDOCFLAGS=--cap-lints=warn" "-w" "/opt/rustwide/workdir" "--user" "0:0" "f2e6bd0986fe19dabb50ae83344df4345573935d14845a04d0ef2af9db2a9e96" "/opt/rustwide/cargo-home/bin/cargo" "+1.99.0-beta.8" "build" "--frozen" "--message-format=json", kill_on_drop: false }`
[INFO] [stderr]    Compiling autocfg v1.3.0
[INFO] [stderr]    Compiling proc-macro2 v1.0.85
[INFO] [stderr]    Compiling unicode-ident v1.0.12
[INFO] [stderr]    Compiling libc v0.2.155
[INFO] [stderr]    Compiling libm v0.2.8
[INFO] [stderr]    Compiling crossbeam-utils v0.8.20
[INFO] [stderr]    Compiling thiserror v1.0.61
[INFO] [stderr]    Compiling syn v1.0.109
[INFO] [stderr]    Compiling typenum v1.17.0
[INFO] [stderr]    Compiling pkg-config v0.3.30
[INFO] [stderr]    Compiling num-traits v0.2.19
[INFO] [stderr]    Compiling matrixmultiply v0.3.8
[INFO] [stderr]    Compiling semver v1.0.23
[INFO] [stderr]    Compiling crossbeam-epoch v0.9.18
[INFO] [stderr]    Compiling lock_api v0.4.12
[INFO] [stderr]    Compiling bytemuck v1.16.0
[INFO] [stderr]    Compiling rawpointer v0.2.1
[INFO] [stderr]    Compiling log v0.4.21
[INFO] [stderr]    Compiling crossbeam-deque v0.8.5
[INFO] [stderr]    Compiling quote v1.0.36
[INFO] [stderr]    Compiling getrandom v0.2.15
[INFO] [stderr]    Compiling simd-adler32 v0.3.7
[INFO] [stderr]    Compiling syn v2.0.66
[INFO] [stderr]    Compiling safe_arch v0.7.1
[INFO] [stderr]    Compiling rand_core v0.6.4
[INFO] [stderr]    Compiling rustc_version v0.4.0
[INFO] [stderr]    Compiling cc v1.0.99
[INFO] [stderr]    Compiling rand_chacha v0.3.1
[INFO] [stderr]    Compiling wide v0.7.24
[INFO] [stderr]    Compiling rand v0.8.5
[INFO] [stderr]    Compiling pathfinder_simd v0.5.3
[INFO] [stderr]    Compiling rayon-core v1.12.1
[INFO] [stderr]    Compiling num-integer v0.1.46
[INFO] [stderr]    Compiling num-complex v0.4.6
[INFO] [stderr]    Compiling num-bigint v0.4.5
[INFO] [stderr]    Compiling approx v0.5.1
[INFO] [stderr]    Compiling yeslogic-fontconfig-sys v5.0.0
[INFO] [stderr]    Compiling aligned-vec v0.5.0
[INFO] [stderr]    Compiling smallvec v1.13.2
[INFO] [stderr]    Compiling adler v1.0.2
[INFO] [stderr]    Compiling v_frame v0.3.8
[INFO] [stderr]    Compiling miniz_oxide v0.7.3
[INFO] [stderr]    Compiling simba v0.8.1
[INFO] [stderr]    Compiling freetype-sys v0.20.1
[INFO] [stderr]    Compiling num-rational v0.4.2
[INFO] [stderr]    Compiling rand_distr v0.4.3
[INFO] [stderr]    Compiling libloading v0.8.3
[INFO] [stderr]    Compiling signal-hook v0.3.17
[INFO] [stderr]    Compiling parking_lot_core v0.9.10
[INFO] [stderr]    Compiling vapoursynth-sys v0.4.0
[INFO] [stderr]    Compiling anyhow v1.0.86
[INFO] [stderr]    Compiling either v1.12.0
[INFO] [stderr]    Compiling anstyle-parse v0.2.4
[INFO] [stderr]    Compiling dlib v0.5.2
[INFO] [stderr]    Compiling cstr v0.2.12
[INFO] [stderr]    Compiling spin v0.9.8
[INFO] [stderr]    Compiling signal-hook-registry v1.4.2
[INFO] [stderr]    Compiling dirs-sys-next v0.1.2
[INFO] [stderr]    Compiling crossbeam-channel v0.5.13
[INFO] [stderr]    Compiling crossbeam-queue v0.3.11
[INFO] [stderr]    Compiling nalgebra-macros v0.2.1
[INFO] [stderr]    Compiling crc32fast v1.4.2
[INFO] [stderr]    Compiling anstyle v1.0.7
[INFO] [stderr]    Compiling font-kit v0.13.2
[INFO] [stderr]    Compiling portable-atomic v1.6.0
[INFO] [stderr]    Compiling once_cell v1.19.0
[INFO] [stderr]    Compiling byte-slice-cast v1.2.2
[INFO] [stderr]    Compiling bytes v1.6.0
[INFO] [stderr]    Compiling is_terminal_polyfill v1.70.0
[INFO] [stderr]    Compiling colorchoice v1.0.1
[INFO] [stderr]    Compiling anstyle-query v1.1.0
[INFO] [stderr]    Compiling bitflags v2.5.0
[INFO] [stderr]    Compiling anstream v0.6.14
[INFO] [stderr]    Compiling crossbeam v0.8.4
[INFO] [stderr]    Compiling flate2 v1.0.30
[INFO] [stderr]    Compiling dirs-next v2.0.0
[INFO] [stderr]    Compiling pathfinder_geometry v0.5.1
[INFO] [stderr]    Compiling flume v0.11.0
[INFO] [stderr]    Compiling itertools v0.10.5
[INFO] [stderr]    Compiling thiserror-impl v1.0.61
[INFO] [stderr]    Compiling num-derive v0.4.2
[INFO] [stderr]    Compiling rayon v1.10.0
[INFO] [stderr]    Compiling fdeflate v0.3.4
[INFO] [stderr]    Compiling zune-inflate v0.2.54
[INFO] [stderr]    Compiling mio v0.8.11
[INFO] [stderr]    Compiling half v2.4.1
[INFO] [stderr]    Compiling lebe v0.5.2
[INFO] [stderr]    Compiling unicode-width v0.1.13
[INFO] [stderr]    Compiling plotters-backend v0.3.6
[INFO] [stderr]    Compiling av-data v0.4.2
[INFO] [stderr]    Compiling bit_field v0.10.2
[INFO] [stderr]    Compiling zune-core v0.4.12
[INFO] [stderr]    Compiling float-ord v0.3.2
[INFO] [stderr]    Compiling clap_lex v0.7.1
[INFO] [stderr]    Compiling lab v0.11.0
[INFO] [stderr]    Compiling zune-jpeg v0.4.11
[INFO] [stderr]    Compiling clap_builder v4.5.7
[INFO] [stderr]    Compiling plotters-bitmap v0.3.6
[INFO] [stderr]    Compiling exr v1.72.0
[INFO] [stderr]    Compiling image-webp v0.1.2
[INFO] [stderr]    Compiling vapoursynth v0.4.0
[INFO] [stderr]    Compiling nalgebra v0.32.6
[INFO] [stderr]    Compiling av-metrics v0.9.1
[INFO] [stderr]    Compiling console v0.15.8
[INFO] [stderr]    Compiling signal-hook-mio v0.2.3
[INFO] [stderr]    Compiling clap_derive v4.5.5
[INFO] [stderr]    Compiling png v0.17.13
[INFO] [stderr]    Compiling parking_lot v0.12.3
[INFO] [stderr]    Compiling ttf-parser v0.20.0
[INFO] [stderr]    Compiling number_prefix v0.4.0
[INFO] [stderr]    Compiling y4m v0.8.0
[INFO] [stderr]    Compiling av-metrics-decoders v0.3.1
[INFO] [stderr]    Compiling indicatif v0.17.8
[INFO] [stderr]    Compiling crossterm v0.27.0
[INFO] [stderr]    Compiling clap v4.5.7
[INFO] [stderr]    Compiling image v0.25.1
[INFO] [stderr]    Compiling plotters v0.3.6
[INFO] [stderr]    Compiling yuvxyb v0.4.0
[INFO] [stderr]    Compiling statrs v0.17.1
[INFO] [stderr]    Compiling ssimulacra2 v0.5.0
[INFO] [stderr]    Compiling ssimulacra2_rs v0.5.2 (/opt/rustwide/workdir)
[INFO] [stdout] error: linking with `cc` failed: exit status: 1
[INFO] [stdout]   |
[INFO] [stdout]   = note:  "cc" "-m64" "/opt/rustwide/target/debug/deps/rustceEvoUZ/symbols.o" "<17 object files omitted>" "-Wl,--as-needed" "-Wl,-Bstatic" "/opt/rustwide/target/debug/deps/{libclap-5d4d9130c5b1f32d,libclap_builder-37c97dfba32c231e,libstrsim-4d1ed08a123238dc,libanstream-75e68ca6081540f2,libanstyle_query-36eb3f54d300e1a2,libis_terminal_polyfill-43a876860399ae17,libcolorchoice-19d5176dc3183730,libanstyle_parse-529154185a43abc6,libutf8parse-92d0158219063202,libclap_lex-c87ab6c20d1c8b87,libanstyle-5da827dfb95c22fd,libplotters-1e96a16754285464,libttf_parser-2bc9aff4f86b3f84,libfont_kit-5713a36ee7001e14,libfloat_ord-7ef002841ac66622,libdirs_next-48df1497254baede,libdirs_sys_next-09de252436432660,libwalkdir-7cc6f300a6f0bf06,libsame_file-ff49545450c0b63c,libfontconfig_sys-2dd9437f76b7f2ad,libdlib-80817d77a977332a,liblibloading-a320675c16b49ade,libfreetype_sys-19722c95ebd5501f,libpathfinder_geometry-76ae6c7c86363c16,libpathfinder_simd-6f50680bbf636f44,libplotters_bitmap-104c864159a2c9b8,libplotters_backend-c62d2c19ec83e0a4,libstatrs-b657733a7ba1a931,libssimulacra2-71b865fde2cf9395,libyuvxyb-e5bc538eadc1f926,libnalgebra-62d00dfdfea71c1f,librand_distr-786756a4898d4940,libmatrixmultiply-c4f1308dd47fce9c,librawpointer-10d892ea69c462d6,libtypenum-44a2840d4152a259,libsimba-aaa3950ee9fe631e,libwide-517f5ea210cde861,libsafe_arch-18ef75f7963a494e,libnum_complex-8e8cb59ac7731998,libapprox-465a52bbd74ad7ef,librand-4f2e6c7b97afaeae,librand_chacha-3a5ed14d211dc648,libppv_lite86-74d192d5fb0d20a2,librand_core-f0e3b211d4ee6735,libgetrandom-eaf7710324ea2f8d,libav_data-1f84f55c9f256410,libbytes-3fbe0740e65931fa,libbyte_slice_cast-fd451677c87d87ca,libnum_rational-46d38f7365590b1d,libnum_bigint-702afdb2479fc36d,libnum_integer-d05b9f5204c4b0ce,libindicatif-04fa3070c0cda921,libportable_atomic-a230a23a4b6e9570,libnumber_prefix-6b994bedec76f9db,libconsole-fc834786053763dc,libunicode_width-f4d62659d7ec1731,liblazy_static-af860367908b8176,libimage-836fc0a82bbe3bff,libimage_webp-63dac4a9a8ca945b,libbyteorder_lite-f5df2d14b4488fc7,libbytemuck-696220f77e8750f9,libbyteorder-8f59b6d1bfdaa844,libpng-6f844f893e27d955,libflate2-bdfb44f077b4e089,libfdeflate-e5bd1d1de4876005,libcrc32fast-3cfcc2f76e093b40,libexr-0ff234b35206e500,libflume-e83199ce08c041c7,libminiz_oxide-fbca9d9d40e6a816,libzune_inflate-a476fed04bff8e64,libsimd_adler32-a85d6c6326d2f661,libbit_field-fb70c6f816573082,liblebe-5694b67511a9813c,libhalf-1d96390ca1e72b5e,libzune_jpeg-369a8687ffaaca32,libzune_core-d8a810c65908360c,libcrossterm-1ce61e9c414ad12e,libbitflags-46cac965755be86c,libparking_lot-453e805ff78b7cde,libparking_lot_core-817b764949023552,libsmallvec-5dc15f12cdebef01,liblock_api-c6cf54c55fc63b81,libscopeguard-7ec2214574194454,libsignal_hook_mio-c5d66e5396fa414f,libsignal_hook-80a2b11d42b91002,libsignal_hook_registry-70d49a055069e9c4,libmio-5c7256742d5e23a8,liblibc-32c7908c8f3e9020,liblog-b5d4972b7add18e7,libav_metrics_decoders-9d2deea553c06dda,libvapoursynth-db8431e31bbcc0a4,libvapoursynth_sys-9bf2bdc614f47462,libcfg_if-3e7fc4e38d4a72b5,libbitflags-dde12b0d7d495b50,libanyhow-3af8de1cec1772f1,liby4m-a07076ccebfe9a77,libav_metrics-2f21a0f988acc6f5,libcrossbeam-6a7dd1f8df3d4f49,libcrossbeam_channel-dc93d5defadd0d51,libcrossbeam_queue-f600fab67f718be1,libv_frame-34eb38e895c59544,libaligned_vec-657289efa2e8e100,libnum_traits-42774fddedcf92b2,librayon-f4376e194c0fc4ef,librayon_core-1237cfed60f403d5,libcrossbeam_deque-d39a740c666bc2ce,libcrossbeam_epoch-c9dd981ede0247e3,libcrossbeam_utils-184e81174a368b31,liblab-a559a42848c58d2e,libthiserror-7a03d86c5dda266e,libitertools-84889c7fb1f4bc6b,libeither-57cae2c18521d097}.rlib" "<sysroot>/lib/rustlib/x86_64-unknown-linux-gnu/lib/{libstd-*,libpanic_unwind-*,libobject-*,libmemchr-*,libaddr2line-*,libgimli-*,libcfg_if-*,librustc_demangle-*,libstd_detect-*,libhashbrown-*,librustc_std_workspace_alloc-*,libminiz_oxide-*,libadler2-*,libunwind-*,liblibc-*,librustc_std_workspace_core-*,liballoc-*,libcore-*,libcompiler_builtins-*}.rlib" "-Wl,-Bdynamic" "-lfontconfig" "-lfreetype" "-ldl" "-lfreetype" "-lvapoursynth" "-lvapoursynth-script" "-lgcc_s" "-lutil" "-lrt" "-lpthread" "-lm" "-ldl" "-lc" "-L" "/opt/rustwide/target/debug/deps/rustceEvoUZ/raw-dylibs" "-B<sysroot>/lib/rustlib/x86_64-unknown-linux-gnu/bin/gcc-ld" "-fuse-ld=lld" "-Wl,--eh-frame-hdr" "-Wl,-z,noexecstack" "-L" "/usr/lib/x86_64-linux-gnu" "-L" "<sysroot>/lib/rustlib/x86_64-unknown-linux-gnu/lib" "-o" "/opt/rustwide/target/debug/deps/ssimulacra2_rs-3391b46a04479b1d" "-Wl,--gc-sections" "-pie" "-Wl,-z,relro,-z,now" "-nodefaultlibs"
[INFO] [stdout]   = note: some arguments are omitted. use `--verbose` to show all linker arguments
[INFO] [stdout]   = note: rust-lld: error: unable to find library -lvapoursynth
[INFO] [stdout]           rust-lld: error: unable to find library -lvapoursynth-script
[INFO] [stdout]           collect2: error: ld returned 1 exit status
[INFO] [stdout]           
[INFO] [stdout] 
[INFO] [stdout] 
[INFO] [stderr] error: could not compile `ssimulacra2_rs` (bin "ssimulacra2_rs") due to 1 previous error
[INFO] running `Command { std: "docker" "inspect" "f2e6bd0986fe19dabb50ae83344df4345573935d14845a04d0ef2af9db2a9e96", kill_on_drop: false }`
[INFO] running `Command { std: "docker" "rm" "-f" "f2e6bd0986fe19dabb50ae83344df4345573935d14845a04d0ef2af9db2a9e96", kill_on_drop: false }`
[INFO] [stdout] f2e6bd0986fe19dabb50ae83344df4345573935d14845a04d0ef2af9db2a9e96
