[INFO] fetching crate srt-sys 0.1.0...
[INFO] testing srt-sys-0.1.0 against 1.100.0-beta.1 for beta-1.100-2
[INFO] extracting crate srt-sys 0.1.0 into /workspace/builds/worker-4-tc2/source
[INFO] started tweaking crates.io crate srt-sys 0.1.0
[INFO] finished tweaking crates.io crate srt-sys 0.1.0
[INFO] tweaked toml for crates.io crate srt-sys 0.1.0 written to /workspace/builds/worker-4-tc2/source/Cargo.toml
[INFO] validating manifest of crates.io crate srt-sys 0.1.0 on toolchain 1.100.0-beta.1
[INFO] running `Command { std: CARGO_HOME="/workspace/cargo-home" RUSTUP_HOME="/workspace/rustup-home" "/workspace/cargo-home/bin/cargo" "+1.100.0-beta.1" "metadata" "--manifest-path" "Cargo.toml" "--no-deps", kill_on_drop: false }`
[INFO] running `Command { std: CARGO_HOME="/workspace/cargo-home" RUSTUP_HOME="/workspace/rustup-home" "/workspace/cargo-home/bin/cargo" "+1.100.0-beta.1" "generate-lockfile" "--manifest-path" "Cargo.toml", kill_on_drop: false }`
[INFO] [stderr]     Updating crates.io index
[INFO] [stderr]      Locking 27 packages to highest compatible versions
[INFO] running `Command { std: CARGO_HOME="/workspace/cargo-home" RUSTUP_HOME="/workspace/rustup-home" "/workspace/cargo-home/bin/cargo" "+1.100.0-beta.1" "fetch" "--manifest-path" "Cargo.toml", kill_on_drop: false }`
[INFO] running `Command { std: "docker" "create" "-v" "/var/lib/crater-agent-workspace/builds/worker-4-tc2/source:/opt/rustwide/workdir:ro,Z" "-v" "/var/lib/crater-agent-workspace/builds/worker-4-tc2/target:/opt/rustwide/target:rw,Z" "-v" "/var/lib/crater-agent-workspace/cargo-home:/opt/rustwide/cargo-home:ro,Z" "-v" "/var/lib/crater-agent-workspace/rustup-home:/opt/rustwide/rustup-home:ro,Z" "-m" "1610612736" "--network" "none" "ghcr.io/rust-lang/crates-build-env/linux@sha256:3111399a4047eeb3a02b7a90e478d715f38a8c6669b5c4b49d30a17385265909" "sleep" "infinity", kill_on_drop: false }`
[INFO] [stdout] 805572281ebaef6ec4c107b30ddf6820ea9e2b85e2658d2ad223f96ce2dbb210
[INFO] running `Command { std: "docker" "start" "805572281ebaef6ec4c107b30ddf6820ea9e2b85e2658d2ad223f96ce2dbb210", kill_on_drop: false }`
[INFO] running `Command { std: "docker" "inspect" "805572281ebaef6ec4c107b30ddf6820ea9e2b85e2658d2ad223f96ce2dbb210", kill_on_drop: false }`
[INFO] running `Command { std: "docker" "exec" "-e" "SOURCE_DIR=/opt/rustwide/workdir" "-e" "CARGO_HOME=/opt/rustwide/cargo-home" "-e" "RUSTUP_HOME=/opt/rustwide/rustup-home" "-e" "CARGO_TARGET_DIR=/opt/rustwide/target" "-w" "/opt/rustwide/workdir" "--user" "0:0" "805572281ebaef6ec4c107b30ddf6820ea9e2b85e2658d2ad223f96ce2dbb210" "/opt/rustwide/cargo-home/bin/cargo" "+1.100.0-beta.1" "metadata" "--no-deps" "--format-version=1", kill_on_drop: false }`
[INFO] running `Command { std: "docker" "inspect" "805572281ebaef6ec4c107b30ddf6820ea9e2b85e2658d2ad223f96ce2dbb210", kill_on_drop: false }`
[INFO] running `Command { std: "docker" "exec" "-e" "SOURCE_DIR=/opt/rustwide/workdir" "-e" "CARGO_HOME=/opt/rustwide/cargo-home" "-e" "RUSTUP_HOME=/opt/rustwide/rustup-home" "-e" "CARGO_TARGET_DIR=/opt/rustwide/target" "-e" "CARGO_INCREMENTAL=0" "-e" "RUST_BACKTRACE=full" "-e" "RUSTFLAGS=--cap-lints=warn" "-e" "RUSTDOCFLAGS=--cap-lints=warn" "-w" "/opt/rustwide/workdir" "--user" "0:0" "805572281ebaef6ec4c107b30ddf6820ea9e2b85e2658d2ad223f96ce2dbb210" "/opt/rustwide/cargo-home/bin/cargo" "+1.100.0-beta.1" "build" "--frozen" "--message-format=json", kill_on_drop: false }`
[INFO] [stderr]    Compiling libc v0.2.190
[INFO] [stderr]    Compiling libloading v0.8.9
[INFO] [stderr]    Compiling cc v1.6.0
[INFO] [stderr]    Compiling quote v1.0.47
[INFO] [stderr]    Compiling syn v3.0.6
[INFO] [stderr]    Compiling cmake v0.1.58
[INFO] [stderr]    Compiling clang-sys v1.9.1
[INFO] [stderr]    Compiling prettyplease v0.3.0
[INFO] [stderr]    Compiling bindgen v0.73.2
[INFO] [stderr]    Compiling srt-sys v0.1.0 (/opt/rustwide/workdir)
[INFO] [stderr] error: failed to run custom build command for `srt-sys v0.1.0 (/opt/rustwide/workdir)`
[INFO] [stderr] note: To improve backtraces for build dependencies, set the CARGO_PROFILE_DEV_BUILD_OVERRIDE_DEBUG=true environment variable to enable debug information generation.
[INFO] [stderr] 
[INFO] [stderr] Caused by:
[INFO] [stderr]   process didn't exit successfully: `/opt/rustwide/target/debug/build/srt-sys/fb70c66612b1aa68/out/build_script_build` (exit status: 101)
[INFO] [stderr]   --- stdout
[INFO] [stderr]   CMAKE_TOOLCHAIN_FILE_x86_64-unknown-linux-gnu = None
[INFO] [stderr]   CMAKE_TOOLCHAIN_FILE_x86_64_unknown_linux_gnu = None
[INFO] [stderr]   HOST_CMAKE_TOOLCHAIN_FILE = None
[INFO] [stderr]   CMAKE_TOOLCHAIN_FILE = None
[INFO] [stderr]   CMAKE_GENERATOR_x86_64-unknown-linux-gnu = None
[INFO] [stderr]   CMAKE_GENERATOR_x86_64_unknown_linux_gnu = None
[INFO] [stderr]   HOST_CMAKE_GENERATOR = None
[INFO] [stderr]   CMAKE_GENERATOR = None
[INFO] [stderr]   CMAKE_PREFIX_PATH_x86_64-unknown-linux-gnu = None
[INFO] [stderr]   CMAKE_PREFIX_PATH_x86_64_unknown_linux_gnu = None
[INFO] [stderr]   HOST_CMAKE_PREFIX_PATH = None
[INFO] [stderr]   CMAKE_PREFIX_PATH = None
[INFO] [stderr]   CMAKE_x86_64-unknown-linux-gnu = None
[INFO] [stderr]   CMAKE_x86_64_unknown_linux_gnu = None
[INFO] [stderr]   HOST_CMAKE = None
[INFO] [stderr]   CMAKE = None
[INFO] [stderr]   -- The C compiler identification is GNU 15.2.0
[INFO] [stderr]   -- The CXX compiler identification is GNU 15.2.0
[INFO] [stderr]   -- Detecting C compiler ABI info
[INFO] [stderr]   -- Detecting C compiler ABI info - done
[INFO] [stderr]   -- Check for working C compiler: /usr/bin/cc - skipped
[INFO] [stderr]   -- Detecting C compile features
[INFO] [stderr]   -- Detecting C compile features - done
[INFO] [stderr]   -- Detecting CXX compiler ABI info
[INFO] [stderr]   -- Detecting CXX compiler ABI info - done
[INFO] [stderr]   -- Check for working CXX compiler: /usr/bin/c++ - skipped
[INFO] [stderr]   -- Detecting CXX compile features
[INFO] [stderr]   -- Detecting CXX compile features - done
[INFO] [stderr]   -- Found PkgConfig: /usr/bin/pkg-config (found version "2.5.1")
[INFO] [stderr]   -- Performing Test CMAKE_HAVE_LIBC_PTHREAD
[INFO] [stderr]   -- Performing Test CMAKE_HAVE_LIBC_PTHREAD - Success
[INFO] [stderr]   -- Found Threads: TRUE
[INFO] [stderr]   -- BUILD TYPE: Debug
[INFO] [stderr]   -- Performing Test HAVE_CLOCK_GETTIME_IN
[INFO] [stderr]   -- Performing Test HAVE_CLOCK_GETTIME_IN - Success
[INFO] [stderr]   -- CLOCK_MONOTONIC: available, no extra libs needed
[INFO] [stderr]   -- LOGGING: HEAVY
[INFO] [stderr]   -- USE_BUSY_WAITING: OFF (default)
[INFO] [stderr]   -- No WITH_COMPILER_PREFIX - using C++ compiler /usr/bin/c++
[INFO] [stderr]   -- Looking for inet_pton
[INFO] [stderr]   -- Looking for inet_pton - found
[INFO] [stderr]   -- Checking for pthread_(g/s)etname_np in 'pthread_np.h':
[INFO] [stderr]   -- Looking for pthread_getname_np
[INFO] [stderr]   -- Looking for pthread_getname_np - not found
[INFO] [stderr]   -- Looking for pthread_setname_np
[INFO] [stderr]   -- Looking for pthread_setname_np - not found
[INFO] [stderr]   -- Checking for pthread_(g/s)etname_np in 'pthread.h':
[INFO] [stderr]   -- Looking for pthread_getname_np
[INFO] [stderr]   -- Looking for pthread_getname_np - found
[INFO] [stderr]   -- Looking for pthread_setname_np
[INFO] [stderr]   -- Looking for pthread_setname_np - found
[INFO] [stderr]   -- Checking for module 'openssl libcrypto'
[INFO] [stderr]   --   Found openssl libcrypto, version 3.5.5
[INFO] [stderr]   -- SSL via pkg-config: -L /usr/lib/x86_64-linux-gnu -I /usr/include -l;ssl;crypto
[INFO] [stderr]   -- ENCRYPTION: ENABLED, using: openssl libcrypto
[INFO] [stderr]   -- SSL libraries: ssl;crypto
[INFO] [stderr]   -- COMPILER: GNU (/usr/bin/c++) - GNU compat
[INFO] [stderr]   -- NOTE: GNU 15.2.0 - assuming default C++11.
[INFO] [stderr]   -- Looking for __atomic_fetch_add_8 in atomic
[INFO] [stderr]   -- Looking for __atomic_fetch_add_8 in atomic - found
[INFO] [stderr]   -- Performing Test HAVE_LIBATOMIC_COMPILES
[INFO] [stderr]   -- Performing Test HAVE_LIBATOMIC_COMPILES - Success
[INFO] [stderr]   -- Performing Test HAVE_LIBATOMIC_COMPILES_STATIC
[INFO] [stderr]   -- Performing Test HAVE_LIBATOMIC_COMPILES_STATIC - Success
[INFO] [stderr]   -- Performing Test HAVE_GCCATOMIC_INTRINSICS
[INFO] [stderr]   -- Performing Test HAVE_GCCATOMIC_INTRINSICS - Success
[INFO] [stderr]   -- Performing Test HAVE_CXX_ATOMIC
[INFO] [stderr]   -- Performing Test HAVE_CXX_ATOMIC - Success
[INFO] [stderr]   -- Performing Test HAVE_CXX_ATOMIC_STATIC
[INFO] [stderr]   -- Performing Test HAVE_CXX_ATOMIC_STATIC - Success
[INFO] [stderr]   -- STDCXX_SYNC: OFF
[INFO] [stderr]   -- MONOTONIC_CLOCK: ON
[INFO] [stderr]   -- DETECTED SYSTEM: LINUX;  LINUX=1
[INFO] [stderr]   -- APP: srt_virtual: using default C++ standard
[INFO] [stderr]   -- ADDING TRANSITIVE LINK DEP to:srt_static :  
[INFO] [stderr]   -- INSTALL DIRS: bin=bin lib=lib shlib=lib include=include
[INFO] [stderr]   -- APPS: DISABLED
[INFO] [stderr]   -- Configuring done (5.3s)
[INFO] [stderr]   -- Generating done (0.0s)
[INFO] [stderr]   -- Build files have been written to: /opt/rustwide/target/debug/build/srt-sys/184d8197033c0dfb/out/build
[INFO] [stderr]   [  2%] Building CXX object CMakeFiles/srt_virtual.dir/srtcore/buffer.cpp.o
[INFO] [stderr]   [  5%] Building CXX object CMakeFiles/srt_virtual.dir/srtcore/channel.cpp.o
[INFO] [stderr]   [  7%] Building CXX object CMakeFiles/srt_virtual.dir/srtcore/api.cpp.o
[INFO] [stderr]   [ 10%] Building CXX object CMakeFiles/srt_virtual.dir/srtcore/common.cpp.o
[INFO] [stderr]   [ 13%] Building CXX object CMakeFiles/srt_virtual.dir/srtcore/fec.cpp.o
[INFO] [stderr]   [ 15%] Building CXX object CMakeFiles/srt_virtual.dir/srtcore/logger_default.cpp.o
[INFO] [stderr]   [ 18%] Building CXX object CMakeFiles/srt_virtual.dir/srtcore/core.cpp.o
[INFO] [stderr]   [ 21%] Building CXX object CMakeFiles/srt_virtual.dir/srtcore/crypto.cpp.o
[INFO] [stderr]   [ 23%] Building CXX object CMakeFiles/srt_virtual.dir/srtcore/list.cpp.o
[INFO] [stderr]   [ 26%] Building CXX object CMakeFiles/srt_virtual.dir/srtcore/logger_defs.cpp.o
[INFO] [stderr]   [ 28%] Building CXX object CMakeFiles/srt_virtual.dir/srtcore/packet.cpp.o
[INFO] [stderr]   [ 31%] Building CXX object CMakeFiles/srt_virtual.dir/srtcore/epoll.cpp.o
[INFO] [stderr]   [ 34%] Building CXX object CMakeFiles/srt_virtual.dir/srtcore/packetfilter.cpp.o
[INFO] [stderr]   [ 36%] Building CXX object CMakeFiles/srt_virtual.dir/srtcore/handshake.cpp.o
[INFO] [stderr]   [ 39%] Building CXX object CMakeFiles/srt_virtual.dir/srtcore/cache.cpp.o
[INFO] [stderr]   [ 42%] Building CXX object CMakeFiles/srt_virtual.dir/srtcore/md5.cpp.o
[INFO] [stderr]   [ 44%] Building CXX object CMakeFiles/srt_virtual.dir/srtcore/queue.cpp.o
[INFO] [stderr]   [ 47%] Building CXX object CMakeFiles/srt_virtual.dir/srtcore/congctl.cpp.o
[INFO] [stderr]   [ 50%] Building CXX object CMakeFiles/srt_virtual.dir/srtcore/socketconfig.cpp.o
[INFO] [stderr] 
[INFO] [stderr]   --- stderr
[INFO] [stderr]   running: cd "/opt/rustwide/target/debug/build/srt-sys/184d8197033c0dfb/out/build" && CMAKE_PREFIX_PATH="" LC_ALL="C" "cmake" "/opt/rustwide/workdir/vendor/srt-1.4.4" "-B" "/opt/rustwide/target/debug/build/srt-sys/184d8197033c0dfb/out/build" "-DENABLE_APPS=OFF" "-DENABLE_SHARED=OFF" "-DCMAKE_POLICY_VERSION_MINIMUM=3.5" "-DCMAKE_INSTALL_PREFIX=/opt/rustwide/target/debug/build/srt-sys/184d8197033c0dfb/out" "-DCMAKE_C_FLAGS= -ffunction-sections -fdata-sections -fPIC -m64 -w" "-DCMAKE_C_COMPILER=/usr/bin/cc" "-DCMAKE_CXX_FLAGS= -ffunction-sections -fdata-sections -fPIC -m64 -w" "-DCMAKE_CXX_COMPILER=/usr/bin/c++" "-DCMAKE_ASM_FLAGS= -ffunction-sections -fdata-sections -fPIC -m64 -w" "-DCMAKE_ASM_COMPILER=/usr/bin/cc" "-DCMAKE_BUILD_TYPE=Debug"
[INFO] [stderr]   CMake Deprecation Warning at CMakeLists.txt:10 (cmake_minimum_required):
[INFO] [stderr]     Compatibility with CMake < 3.10 will be removed from a future version of
[INFO] [stderr]     CMake.
[INFO] [stderr] 
[INFO] [stderr]     Update the VERSION argument <min> value.  Or, use the <min>...<max> syntax
[INFO] [stderr]     to tell CMake that the project requires at least <min> but has been updated
[INFO] [stderr]     to work with policies introduced by <max> or earlier.
[INFO] [stderr] 
[INFO] [stderr] 
[INFO] [stderr]   CMake Warning:
[INFO] [stderr]     Manually-specified variables were not used by the project:
[INFO] [stderr] 
[INFO] [stderr]       CMAKE_ASM_COMPILER
[INFO] [stderr]       CMAKE_ASM_FLAGS
[INFO] [stderr] 
[INFO] [stderr] 
[INFO] [stderr]   running: cd "/opt/rustwide/target/debug/build/srt-sys/184d8197033c0dfb/out/build" && LC_ALL="C" MAKEFLAGS="-j --jobserver-fds=4,5 --jobserver-auth=4,5" "cmake" "--build" "/opt/rustwide/target/debug/build/srt-sys/184d8197033c0dfb/out/build" "--target" "install" "--config" "Debug"
[INFO] [stderr]   c++: fatal error: Killed signal terminated program cc1plus
[INFO] [stderr]   compilation terminated.
[INFO] [stderr]   gmake[2]: *** [CMakeFiles/srt_virtual.dir/build.make:149: CMakeFiles/srt_virtual.dir/srtcore/core.cpp.o] Error 1
[INFO] [stderr]   gmake[2]: *** Waiting for unfinished jobs....
[INFO] [stderr]   c++: fatal error: Killed signal terminated program cc1plus
[INFO] [stderr]   compilation terminated.
[INFO] [stderr]   gmake[2]: *** [CMakeFiles/srt_virtual.dir/build.make:93: CMakeFiles/srt_virtual.dir/srtcore/buffer.cpp.o] Error 1
[INFO] [stderr]   gmake[1]: *** [CMakeFiles/Makefile2:90: CMakeFiles/srt_virtual.dir/all] Error 2
[INFO] [stderr]   gmake: *** [Makefile:136: all] Error 2
[INFO] [stderr] 
[INFO] [stderr]   thread 'main' (248) panicked at /opt/rustwide/cargo-home/registry/src/index.crates.io-1949cf8c6b5b557f/cmake-0.1.58/src/lib.rs:1132:5:
[INFO] [stderr] 
[INFO] [stderr]   command did not execute successfully, got: exit status: 2
[INFO] [stderr] 
[INFO] [stderr]   build script failed, must exit now
[INFO] [stderr]   stack backtrace:
[INFO] [stderr]      0:     0x56525fead791 - std[617be2ca0a6fd877]::backtrace_rs::backtrace::libunwind::trace
[INFO] [stderr]                                  at /rustc/e3feeb59cd1bdd011a2bfcc0747b55125d9b8527/library/std/src/../../backtrace/src/backtrace/libunwind.rs:117:9
[INFO] [stderr]      1:     0x56525fead791 - std[617be2ca0a6fd877]::backtrace_rs::backtrace::trace_unsynchronized::<std[617be2ca0a6fd877]::sys::backtrace::_print_fmt::{closure#1}>
[INFO] [stderr]                                  at /rustc/e3feeb59cd1bdd011a2bfcc0747b55125d9b8527/library/std/src/../../backtrace/src/backtrace/mod.rs:66:14
[INFO] [stderr]      2:     0x56525fead791 - std[617be2ca0a6fd877]::sys::backtrace::_print_fmt
[INFO] [stderr]                                  at /rustc/e3feeb59cd1bdd011a2bfcc0747b55125d9b8527/library/std/src/sys/backtrace.rs:74:9
[INFO] [stderr]      3:     0x56525fead791 - <<std[617be2ca0a6fd877]::sys::backtrace::BacktraceLock>::print::DisplayBacktrace as core[a373ad73a504971]::fmt::Display>::fmt
[INFO] [stderr]                                  at /rustc/e3feeb59cd1bdd011a2bfcc0747b55125d9b8527/library/std/src/sys/backtrace.rs:44:26
[INFO] [stderr]      4:     0x56525fec54fa - <core[a373ad73a504971]::fmt::rt::Argument>::fmt
[INFO] [stderr]                                  at /rustc/e3feeb59cd1bdd011a2bfcc0747b55125d9b8527/library/core/src/fmt/rt.rs:152:76
[INFO] [stderr]      5:     0x56525fec54fa - core[a373ad73a504971]::fmt::write
[INFO] [stderr]      6:     0x56525feb38bc - core[a373ad73a504971]::io::write::default_write_fmt::<std[617be2ca0a6fd877]::sys::stdio::unix::Stderr>
[INFO] [stderr]                                  at /rustc/e3feeb59cd1bdd011a2bfcc0747b55125d9b8527/library/core/src/io/write.rs:402:11
[INFO] [stderr]      7:     0x56525feb38bc - <std[617be2ca0a6fd877]::sys::stdio::unix::Stderr as core[a373ad73a504971]::io::write::Write>::write_fmt
[INFO] [stderr]                                  at /rustc/e3feeb59cd1bdd011a2bfcc0747b55125d9b8527/library/core/src/io/write.rs:335:13
[INFO] [stderr]      8:     0x56525fe86de6 - <std[617be2ca0a6fd877]::sys::backtrace::BacktraceLock>::print
[INFO] [stderr]                                  at /rustc/e3feeb59cd1bdd011a2bfcc0747b55125d9b8527/library/std/src/sys/backtrace.rs:47:9
[INFO] [stderr]      9:     0x56525fe86de6 - std[617be2ca0a6fd877]::panicking::default_hook::{closure#0}
[INFO] [stderr]                                  at /rustc/e3feeb59cd1bdd011a2bfcc0747b55125d9b8527/library/std/src/panicking.rs:289:27
[INFO] [stderr]     10:     0x56525fea5071 - std[617be2ca0a6fd877]::panicking::default_hook
[INFO] [stderr]                                  at /rustc/e3feeb59cd1bdd011a2bfcc0747b55125d9b8527/library/std/src/panicking.rs:316:9
[INFO] [stderr]     11:     0x56525fea539b - std[617be2ca0a6fd877]::panicking::panic_with_hook
[INFO] [stderr]                                  at /rustc/e3feeb59cd1bdd011a2bfcc0747b55125d9b8527/library/std/src/panicking.rs:811:13
[INFO] [stderr]     12:     0x56525fe86e92 - std[617be2ca0a6fd877]::panicking::panic_handler::{closure#0}
[INFO] [stderr]                                  at /rustc/e3feeb59cd1bdd011a2bfcc0747b55125d9b8527/library/std/src/panicking.rs:685:13
[INFO] [stderr]     13:     0x56525fe7f9e9 - std[617be2ca0a6fd877]::sys::backtrace::__rust_end_short_backtrace::<std[617be2ca0a6fd877]::panicking::panic_handler::{closure#0}, !>
[INFO] [stderr]                                  at /rustc/e3feeb59cd1bdd011a2bfcc0747b55125d9b8527/library/std/src/sys/backtrace.rs:182:18
[INFO] [stderr]     14:     0x56525fe87a8d - __rustc[ea4f61d10b84890b]::rust_begin_unwind
[INFO] [stderr]                                  at /rustc/e3feeb59cd1bdd011a2bfcc0747b55125d9b8527/library/std/src/panicking.rs:676:5
[INFO] [stderr]     15:     0x56525fec5d9c - core[a373ad73a504971]::panicking::panic_fmt
[INFO] [stderr]                                  at /rustc/e3feeb59cd1bdd011a2bfcc0747b55125d9b8527/library/core/src/panicking.rs:80:14
[INFO] [stderr]     16:     0x56525fdfe797 - cmake[bb5b0d631a5414b6]::fail
[INFO] [stderr]     17:     0x56525fdfe423 - cmake[bb5b0d631a5414b6]::run
[INFO] [stderr]     18:     0x56525fe043f5 - <cmake[bb5b0d631a5414b6]::Config>::build
[INFO] [stderr]     19:     0x56525f8ca7c8 - build_script_build[e9c9b688f24c2ef2]::main
[INFO] [stderr]     20:     0x56525f8cc23b - <fn() as core[a373ad73a504971]::ops::function::FnOnce<()>>::call_once
[INFO] [stderr]     21:     0x56525f8ca52e - std[617be2ca0a6fd877]::sys::backtrace::__rust_begin_short_backtrace::<fn(), ()>
[INFO] [stderr]     22:     0x56525f8ca539 - std[617be2ca0a6fd877]::rt::lang_start::<()>::{closure#0}
[INFO] [stderr]     23:     0x56525fea3fd8 - <&dyn core[a373ad73a504971]::ops::function::Fn<(), Output = i32> + core[a373ad73a504971]::marker::Sync + core[a373ad73a504971]::panic::unwind_safe::RefUnwindSafe as core[a373ad73a504971]::ops::function::FnOnce<()>>::call_once
[INFO] [stderr]                                  at /rustc/e3feeb59cd1bdd011a2bfcc0747b55125d9b8527/library/core/src/ops/function.rs:287:21
[INFO] [stderr]     24:     0x56525fea3fd8 - std[617be2ca0a6fd877]::panicking::catch_unwind::do_call::<&dyn core[a373ad73a504971]::ops::function::Fn<(), Output = i32> + core[a373ad73a504971]::marker::Sync + core[a373ad73a504971]::panic::unwind_safe::RefUnwindSafe, i32>
[INFO] [stderr]                                  at /rustc/e3feeb59cd1bdd011a2bfcc0747b55125d9b8527/library/std/src/panicking.rs:573:43
[INFO] [stderr]     25:     0x56525fea3fd8 - std[617be2ca0a6fd877]::panicking::catch_unwind::<i32, &dyn core[a373ad73a504971]::ops::function::Fn<(), Output = i32> + core[a373ad73a504971]::marker::Sync + core[a373ad73a504971]::panic::unwind_safe::RefUnwindSafe>
[INFO] [stderr]                                  at /rustc/e3feeb59cd1bdd011a2bfcc0747b55125d9b8527/library/std/src/panicking.rs:541:19
[INFO] [stderr]     26:     0x56525fea3fd8 - std[617be2ca0a6fd877]::panic::catch_unwind::<&dyn core[a373ad73a504971]::ops::function::Fn<(), Output = i32> + core[a373ad73a504971]::marker::Sync + core[a373ad73a504971]::panic::unwind_safe::RefUnwindSafe, i32>
[INFO] [stderr]                                  at /rustc/e3feeb59cd1bdd011a2bfcc0747b55125d9b8527/library/std/src/panic.rs:359:14
[INFO] [stderr]     27:     0x56525fea3fd8 - std[617be2ca0a6fd877]::rt::lang_start_internal::{closure#0}
[INFO] [stderr]                                  at /rustc/e3feeb59cd1bdd011a2bfcc0747b55125d9b8527/library/std/src/rt.rs:175:24
[INFO] [stderr]     28:     0x56525fea3fd8 - std[617be2ca0a6fd877]::panicking::catch_unwind::do_call::<std[617be2ca0a6fd877]::rt::lang_start_internal::{closure#0}, isize>
[INFO] [stderr]                                  at /rustc/e3feeb59cd1bdd011a2bfcc0747b55125d9b8527/library/std/src/panicking.rs:573:43
[INFO] [stderr]     29:     0x56525fea3fd8 - std[617be2ca0a6fd877]::panicking::catch_unwind::<isize, std[617be2ca0a6fd877]::rt::lang_start_internal::{closure#0}>
[INFO] [stderr]                                  at /rustc/e3feeb59cd1bdd011a2bfcc0747b55125d9b8527/library/std/src/panicking.rs:541:19
[INFO] [stderr]     30:     0x56525fea3fd8 - std[617be2ca0a6fd877]::panic::catch_unwind::<std[617be2ca0a6fd877]::rt::lang_start_internal::{closure#0}, isize>
[INFO] [stderr]                                  at /rustc/e3feeb59cd1bdd011a2bfcc0747b55125d9b8527/library/std/src/panic.rs:359:14
[INFO] [stderr]     31:     0x56525fea3fd8 - std[617be2ca0a6fd877]::rt::lang_start_internal
[INFO] [stderr]                                  at /rustc/e3feeb59cd1bdd011a2bfcc0747b55125d9b8527/library/std/src/rt.rs:171:5
[INFO] [stderr]     32:     0x56525f8c9f31 - std[617be2ca0a6fd877]::rt::lang_start::<()>
[INFO] [stderr]     33:     0x56525f8cc2a5 - main
[INFO] [stderr]     34:     0x7a0fdbedc601 - <unknown>
[INFO] [stderr]     35:     0x7a0fdbedc718 - __libc_start_main
[INFO] [stderr]     36:     0x56525f8c8415 - _start
[INFO] [stderr]     37:                0x0 - <unknown>
[INFO] running `Command { std: "docker" "inspect" "805572281ebaef6ec4c107b30ddf6820ea9e2b85e2658d2ad223f96ce2dbb210", kill_on_drop: false }`
[INFO] running `Command { std: "docker" "rm" "-f" "805572281ebaef6ec4c107b30ddf6820ea9e2b85e2658d2ad223f96ce2dbb210", kill_on_drop: false }`
[INFO] [stdout] 805572281ebaef6ec4c107b30ddf6820ea9e2b85e2658d2ad223f96ce2dbb210
