[INFO] fetching crate srfits 0.1.2...
[INFO] testing srfits-0.1.2 against 1.100.0-beta.1 for beta-1.100-2
[INFO] extracting crate srfits 0.1.2 into /workspace/builds/worker-4-tc2/source
[INFO] started tweaking crates.io crate srfits 0.1.2
[INFO] removed 0 missing examples
[INFO] removed 0 missing tests
[INFO] finished tweaking crates.io crate srfits 0.1.2
[INFO] tweaked toml for crates.io crate srfits 0.1.2 written to /workspace/builds/worker-4-tc2/source/Cargo.toml
[INFO] validating manifest of crates.io crate srfits 0.1.2 on toolchain 1.100.0-beta.1
[INFO] running `Command { std: CARGO_HOME="/workspace/cargo-home" RUSTUP_HOME="/workspace/rustup-home" "/workspace/cargo-home/bin/cargo" "+1.100.0-beta.1" "metadata" "--manifest-path" "Cargo.toml" "--no-deps", kill_on_drop: false }`
[INFO] crate crates.io crate srfits 0.1.2 already has a lockfile, it will not be regenerated
[INFO] running `Command { std: CARGO_HOME="/workspace/cargo-home" RUSTUP_HOME="/workspace/rustup-home" "/workspace/cargo-home/bin/cargo" "+1.100.0-beta.1" "fetch" "--manifest-path" "Cargo.toml", kill_on_drop: false }`
[INFO] [stderr] warning: `package.homepage` is redundant with `package.repository`
[INFO] [stderr]   --> Cargo.toml:38:12
[INFO] [stderr]    |
[INFO] [stderr] 38 | homepage = "https://github.com/Stratogen-Applied-Research/rfitsio"
[INFO] [stderr]    |            ^^^^^^^^^^^^^^^^^^^^^^^^^^^^^^^^^^^^^^^^^^^^^^^^^^^^^^^
[INFO] [stderr] ...
[INFO] [stderr] 43 | repository = "https://github.com/Stratogen-Applied-Research/rfitsio"
[INFO] [stderr]    |              -------------------------------------------------------
[INFO] [stderr]    |
[INFO] [stderr]    = note: `cargo::redundant_homepage` is set to `warn` by default
[INFO] [stderr] help: consider removing `package.homepage`
[INFO] [stderr] warning: `srfits` (manifest) generated 1 warning
[INFO] running `Command { std: "docker" "create" "-v" "/var/lib/crater-agent-workspace/builds/worker-4-tc2/source:/opt/rustwide/workdir:ro,Z" "-v" "/var/lib/crater-agent-workspace/builds/worker-4-tc2/target:/opt/rustwide/target:rw,Z" "-v" "/var/lib/crater-agent-workspace/cargo-home:/opt/rustwide/cargo-home:ro,Z" "-v" "/var/lib/crater-agent-workspace/rustup-home:/opt/rustwide/rustup-home:ro,Z" "-m" "1610612736" "--network" "none" "ghcr.io/rust-lang/crates-build-env/linux@sha256:3111399a4047eeb3a02b7a90e478d715f38a8c6669b5c4b49d30a17385265909" "sleep" "infinity", kill_on_drop: false }`
[INFO] [stdout] 731fefc97033e87d3aacc0e7ccd16edbfd0f10b8d2ad25db404d163e3ab17961
[INFO] running `Command { std: "docker" "start" "731fefc97033e87d3aacc0e7ccd16edbfd0f10b8d2ad25db404d163e3ab17961", kill_on_drop: false }`
[INFO] running `Command { std: "docker" "inspect" "731fefc97033e87d3aacc0e7ccd16edbfd0f10b8d2ad25db404d163e3ab17961", kill_on_drop: false }`
[INFO] running `Command { std: "docker" "exec" "-e" "SOURCE_DIR=/opt/rustwide/workdir" "-e" "CARGO_HOME=/opt/rustwide/cargo-home" "-e" "RUSTUP_HOME=/opt/rustwide/rustup-home" "-e" "CARGO_TARGET_DIR=/opt/rustwide/target" "-w" "/opt/rustwide/workdir" "--user" "0:0" "731fefc97033e87d3aacc0e7ccd16edbfd0f10b8d2ad25db404d163e3ab17961" "/opt/rustwide/cargo-home/bin/cargo" "+1.100.0-beta.1" "metadata" "--no-deps" "--format-version=1", kill_on_drop: false }`
[INFO] running `Command { std: "docker" "inspect" "731fefc97033e87d3aacc0e7ccd16edbfd0f10b8d2ad25db404d163e3ab17961", kill_on_drop: false }`
[INFO] running `Command { std: "docker" "exec" "-e" "SOURCE_DIR=/opt/rustwide/workdir" "-e" "CARGO_HOME=/opt/rustwide/cargo-home" "-e" "RUSTUP_HOME=/opt/rustwide/rustup-home" "-e" "CARGO_TARGET_DIR=/opt/rustwide/target" "-e" "CARGO_INCREMENTAL=0" "-e" "RUST_BACKTRACE=full" "-e" "RUSTFLAGS=--cap-lints=warn" "-e" "RUSTDOCFLAGS=--cap-lints=warn" "-w" "/opt/rustwide/workdir" "--user" "0:0" "731fefc97033e87d3aacc0e7ccd16edbfd0f10b8d2ad25db404d163e3ab17961" "/opt/rustwide/cargo-home/bin/cargo" "+1.100.0-beta.1" "build" "--frozen" "--message-format=json", kill_on_drop: false }`
[INFO] [stderr] warning: `package.homepage` is redundant with `package.repository`
[INFO] [stderr]   --> Cargo.toml:38:12
[INFO] [stderr]    |
[INFO] [stderr] 38 | homepage = "https://github.com/Stratogen-Applied-Research/rfitsio"
[INFO] [stderr]    |            ^^^^^^^^^^^^^^^^^^^^^^^^^^^^^^^^^^^^^^^^^^^^^^^^^^^^^^^
[INFO] [stderr] ...
[INFO] [stderr] 43 | repository = "https://github.com/Stratogen-Applied-Research/rfitsio"
[INFO] [stderr]    |              -------------------------------------------------------
[INFO] [stderr]    |
[INFO] [stderr]    = note: `cargo::redundant_homepage` is set to `warn` by default
[INFO] [stderr] help: consider removing `package.homepage`
[INFO] [stderr] warning: `srfits` (manifest) generated 1 warning
[INFO] [stderr]    Compiling crc32fast v1.5.1
[INFO] [stderr]    Compiling miniz_oxide v0.8.9
[INFO] [stderr]    Compiling flate2 v1.1.9
[INFO] [stderr]    Compiling srfits v0.1.2 (/opt/rustwide/workdir)
[INFO] [stderr]     Finished `dev` profile [unoptimized + debuginfo] target(s) in 5.56s
[INFO] running `Command { std: "docker" "inspect" "731fefc97033e87d3aacc0e7ccd16edbfd0f10b8d2ad25db404d163e3ab17961", kill_on_drop: false }`
[INFO] running `Command { std: "docker" "exec" "-e" "SOURCE_DIR=/opt/rustwide/workdir" "-e" "CARGO_HOME=/opt/rustwide/cargo-home" "-e" "RUSTUP_HOME=/opt/rustwide/rustup-home" "-e" "CARGO_TARGET_DIR=/opt/rustwide/target" "-e" "CARGO_INCREMENTAL=0" "-e" "RUST_BACKTRACE=full" "-e" "RUSTFLAGS=--cap-lints=warn" "-e" "RUSTDOCFLAGS=--cap-lints=warn" "-w" "/opt/rustwide/workdir" "--user" "0:0" "731fefc97033e87d3aacc0e7ccd16edbfd0f10b8d2ad25db404d163e3ab17961" "/opt/rustwide/cargo-home/bin/cargo" "+1.100.0-beta.1" "test" "--frozen" "--no-run" "--message-format=json", kill_on_drop: false }`
[INFO] [stderr] warning: `package.homepage` is redundant with `package.repository`
[INFO] [stderr]   --> Cargo.toml:38:12
[INFO] [stderr]    |
[INFO] [stderr] 38 | homepage = "https://github.com/Stratogen-Applied-Research/rfitsio"
[INFO] [stderr]    |            ^^^^^^^^^^^^^^^^^^^^^^^^^^^^^^^^^^^^^^^^^^^^^^^^^^^^^^^
[INFO] [stderr] ...
[INFO] [stderr] 43 | repository = "https://github.com/Stratogen-Applied-Research/rfitsio"
[INFO] [stderr]    |              -------------------------------------------------------
[INFO] [stderr]    |
[INFO] [stderr]    = note: `cargo::redundant_homepage` is set to `warn` by default
[INFO] [stderr] help: consider removing `package.homepage`
[INFO] [stderr] warning: `srfits` (manifest) generated 1 warning
[INFO] [stderr]    Compiling libc v0.2.189
[INFO] [stderr]    Compiling getrandom v0.4.3
[INFO] [stderr]    Compiling tempfile v3.27.0
[INFO] [stderr]    Compiling srfits v0.1.2 (/opt/rustwide/workdir)
[INFO] [stdout] error: couldn't read `tests/../vendor/cfitsio/testprog.out`: No such file or directory (os error 2)
[INFO] [stdout]   --> tests/testprog.rs:12:5
[INFO] [stdout]    |
[INFO] [stdout] 12 |     include_str!("../vendor/cfitsio/testprog.out")
[INFO] [stdout]    |     ^^^^^^^^^^^^^^^^^^^^^^^^^^^^^^^^^^^^^^^^^^^^^^
[INFO] [stdout] 
[INFO] [stdout] 
[INFO] [stdout] error[E0433]: cannot find module or crate `cfitsio_sys` in this scope
[INFO] [stdout]   --> tests/oracle_compress.rs:29:17
[INFO] [stdout]    |
[INFO] [stdout] 29 |     let mut f = cfitsio_sys::CFile::create_empty(path.to_str().unwrap()).unwrap();
[INFO] [stdout]    |                 ^^^^^^^^^^^ use of unresolved module or unlinked crate `cfitsio_sys`
[INFO] [stdout]    |
[INFO] [stdout]    = help: if you wanted to use a crate named `cfitsio_sys`, use `cargo add cfitsio_sys` to add it to your `Cargo.toml`
[INFO] [stdout] 
[INFO] [stdout] 
[INFO] [stdout] error[E0433]: cannot find module or crate `cfitsio_sys` in this scope
[INFO] [stdout]   --> tests/oracle_file.rs:15:5
[INFO] [stdout]    |
[INFO] [stdout] 15 |     cfitsio_sys::write_empty_primary(c_path.to_str().unwrap()).expect("cfitsio write");
[INFO] [stdout]    |     ^^^^^^^^^^^ use of unresolved module or unlinked crate `cfitsio_sys`
[INFO] [stdout]    |
[INFO] [stdout]    = help: if you wanted to use a crate named `cfitsio_sys`, use `cargo add cfitsio_sys` to add it to your `Cargo.toml`
[INFO] [stdout] 
[INFO] [stdout] 
[INFO] [stdout] error[E0433]: cannot find module or crate `cfitsio_sys` in this scope
[INFO] [stdout]   --> tests/oracle_compress.rs:62:17
[INFO] [stdout]    |
[INFO] [stdout] 62 |     let mut f = cfitsio_sys::CFile::open(path.to_str().unwrap(), 0).unwrap();
[INFO] [stdout]    |                 ^^^^^^^^^^^ use of unresolved module or unlinked crate `cfitsio_sys`
[INFO] [stdout]    |
[INFO] [stdout]    = help: if you wanted to use a crate named `cfitsio_sys`, use `cargo add cfitsio_sys` to add it to your `Cargo.toml`
[INFO] [stdout] 
[INFO] [stdout] 
[INFO] [stdout] error[E0433]: cannot find module or crate `cfitsio_sys` in this scope
[INFO] [stdout]   --> tests/oracle_compress.rs:78:17
[INFO] [stdout]    |
[INFO] [stdout] 78 |     let mut f = cfitsio_sys::CFile::open(path.to_str().unwrap(), 0).unwrap();
[INFO] [stdout]    |                 ^^^^^^^^^^^ use of unresolved module or unlinked crate `cfitsio_sys`
[INFO] [stdout]    |
[INFO] [stdout]    = help: if you wanted to use a crate named `cfitsio_sys`, use `cargo add cfitsio_sys` to add it to your `Cargo.toml`
[INFO] [stdout] 
[INFO] [stdout] 
[INFO] [stdout] error[E0433]: cannot find module or crate `cfitsio_sys` in this scope
[INFO] [stdout]    --> tests/oracle_psrfits.rs:152:17
[INFO] [stdout]     |
[INFO] [stdout] 152 |     let mut c = cfitsio_sys::CFile::open(path.to_str().unwrap(), 0).unwrap();
[INFO] [stdout]     |                 ^^^^^^^^^^^ use of unresolved module or unlinked crate `cfitsio_sys`
[INFO] [stdout]     |
[INFO] [stdout]     = help: if you wanted to use a crate named `cfitsio_sys`, use `cargo add cfitsio_sys` to add it to your `Cargo.toml`
[INFO] [stdout] 
[INFO] [stdout] 
[INFO] [stdout] For more information about this error, try `rustc --explain E0433`.
[INFO] [stdout] 
[INFO] [stderr] error: could not compile `srfits` (test "oracle_file") due to 1 previous error
[INFO] [stderr] warning: build failed, waiting for other jobs to finish...
[INFO] [stdout] error[E0433]: cannot find module or crate `cfitsio_sys` in this scope
[INFO] [stdout]   --> tests/oracle_vector.rs:26:17
[INFO] [stdout]    |
[INFO] [stdout] 26 |     let mut c = cfitsio_sys::CFile::create_empty(c_path.to_str().unwrap()).unwrap();
[INFO] [stdout]    |                 ^^^^^^^^^^^ use of unresolved module or unlinked crate `cfitsio_sys`
[INFO] [stdout]    |
[INFO] [stdout]    = help: if you wanted to use a crate named `cfitsio_sys`, use `cargo add cfitsio_sys` to add it to your `Cargo.toml`
[INFO] [stdout] 
[INFO] [stdout] 
[INFO] [stdout] error[E0433]: cannot find module or crate `cfitsio_sys` in this scope
[INFO] [stdout]   --> tests/oracle_compress.rs:94:17
[INFO] [stdout]    |
[INFO] [stdout] 94 |     let mut f = cfitsio_sys::CFile::open(path.to_str().unwrap(), 0).unwrap();
[INFO] [stdout]    |                 ^^^^^^^^^^^ use of unresolved module or unlinked crate `cfitsio_sys`
[INFO] [stdout]    |
[INFO] [stdout]    = help: if you wanted to use a crate named `cfitsio_sys`, use `cargo add cfitsio_sys` to add it to your `Cargo.toml`
[INFO] [stdout] 
[INFO] [stdout] 
[INFO] [stdout] error[E0433]: cannot find module or crate `cfitsio_sys` in this scope
[INFO] [stdout]   --> tests/oracle_keys.rs:62:17
[INFO] [stdout]    |
[INFO] [stdout] 62 |     let mut c = cfitsio_sys::CFile::create_empty(c_path.to_str().unwrap()).unwrap();
[INFO] [stdout]    |                 ^^^^^^^^^^^ use of unresolved module or unlinked crate `cfitsio_sys`
[INFO] [stdout]    |
[INFO] [stdout]    = help: if you wanted to use a crate named `cfitsio_sys`, use `cargo add cfitsio_sys` to add it to your `Cargo.toml`
[INFO] [stdout] 
[INFO] [stdout] 
[INFO] [stderr] error: could not compile `srfits` (test "testprog") due to 1 previous error
[INFO] [stdout] error[E0433]: cannot find module or crate `cfitsio_sys` in this scope
[INFO] [stdout]    --> tests/oracle_keys.rs:103:17
[INFO] [stdout]     |
[INFO] [stdout] 103 |     let mut c = cfitsio_sys::CFile::create_empty(c_path.to_str().unwrap()).unwrap();
[INFO] [stdout]     |                 ^^^^^^^^^^^ use of unresolved module or unlinked crate `cfitsio_sys`
[INFO] [stdout]     |
[INFO] [stdout]     = help: if you wanted to use a crate named `cfitsio_sys`, use `cargo add cfitsio_sys` to add it to your `Cargo.toml`
[INFO] [stdout] 
[INFO] [stdout] 
[INFO] [stdout] error[E0433]: cannot find module or crate `cfitsio_sys` in this scope
[INFO] [stdout]   --> tests/oracle_bintable.rs:84:17
[INFO] [stdout]    |
[INFO] [stdout] 84 |     let mut c = cfitsio_sys::CFile::create_empty(c_path.to_str().unwrap()).unwrap();
[INFO] [stdout]    |                 ^^^^^^^^^^^ use of unresolved module or unlinked crate `cfitsio_sys`
[INFO] [stdout]    |
[INFO] [stdout]    = help: if you wanted to use a crate named `cfitsio_sys`, use `cargo add cfitsio_sys` to add it to your `Cargo.toml`
[INFO] [stdout] 
[INFO] [stdout] 
[INFO] [stdout] error[E0433]: cannot find module or crate `cfitsio_sys` in this scope
[INFO] [stdout]   --> tests/oracle_vector.rs:63:17
[INFO] [stdout]    |
[INFO] [stdout] 63 |     let mut c = cfitsio_sys::CFile::create_empty(path.to_str().unwrap()).unwrap();
[INFO] [stdout]    |                 ^^^^^^^^^^^ use of unresolved module or unlinked crate `cfitsio_sys`
[INFO] [stdout]    |
[INFO] [stdout]    = help: if you wanted to use a crate named `cfitsio_sys`, use `cargo add cfitsio_sys` to add it to your `Cargo.toml`
[INFO] [stdout] 
[INFO] [stdout] 
[INFO] [stdout] error[E0433]: cannot find module or crate `cfitsio_sys` in this scope
[INFO] [stdout]    --> tests/oracle_compress.rs:249:17
[INFO] [stdout]     |
[INFO] [stdout] 249 |     let mut f = cfitsio_sys::CFile::create_empty(c.to_str().unwrap()).unwrap();
[INFO] [stdout]     |                 ^^^^^^^^^^^ use of unresolved module or unlinked crate `cfitsio_sys`
[INFO] [stdout]     |
[INFO] [stdout]     = help: if you wanted to use a crate named `cfitsio_sys`, use `cargo add cfitsio_sys` to add it to your `Cargo.toml`
[INFO] [stdout] 
[INFO] [stdout] 
[INFO] [stdout] error[E0433]: cannot find module or crate `cfitsio_sys` in this scope
[INFO] [stdout]    --> tests/oracle_keys.rs:141:17
[INFO] [stdout]     |
[INFO] [stdout] 141 |     let mut c = cfitsio_sys::CFile::create_empty(c_path.to_str().unwrap()).unwrap();
[INFO] [stdout]     |                 ^^^^^^^^^^^ use of unresolved module or unlinked crate `cfitsio_sys`
[INFO] [stdout]     |
[INFO] [stdout]     = help: if you wanted to use a crate named `cfitsio_sys`, use `cargo add cfitsio_sys` to add it to your `Cargo.toml`
[INFO] [stdout] 
[INFO] [stdout] 
[INFO] [stdout] error[E0433]: cannot find module or crate `cfitsio_sys` in this scope
[INFO] [stdout]   --> tests/oracle_vector.rs:97:17
[INFO] [stdout]    |
[INFO] [stdout] 97 |     let mut c = cfitsio_sys::CFile::create_empty(c_path.to_str().unwrap()).unwrap();
[INFO] [stdout]    |                 ^^^^^^^^^^^ use of unresolved module or unlinked crate `cfitsio_sys`
[INFO] [stdout]    |
[INFO] [stdout]    = help: if you wanted to use a crate named `cfitsio_sys`, use `cargo add cfitsio_sys` to add it to your `Cargo.toml`
[INFO] [stdout] 
[INFO] [stdout] 
[INFO] [stdout] error[E0433]: cannot find module or crate `cfitsio_sys` in this scope
[INFO] [stdout]    --> tests/oracle_compress.rs:267:18
[INFO] [stdout]     |
[INFO] [stdout] 267 |     let mut cf = cfitsio_sys::CFile::open(r.to_str().unwrap(), 0).unwrap();
[INFO] [stdout]     |                  ^^^^^^^^^^^ use of unresolved module or unlinked crate `cfitsio_sys`
[INFO] [stdout]     |
[INFO] [stdout]     = help: if you wanted to use a crate named `cfitsio_sys`, use `cargo add cfitsio_sys` to add it to your `Cargo.toml`
[INFO] [stdout] 
[INFO] [stdout] 
[INFO] [stdout] error[E0433]: cannot find module or crate `cfitsio_sys` in this scope
[INFO] [stdout]   --> tests/oracle_keys.rs:41:23
[INFO] [stdout]    |
[INFO] [stdout] 41 |         let (c, st) = cfitsio_sys::ffd2e_str(v, d);
[INFO] [stdout]    |                       ^^^^^^^^^^^ use of unresolved module or unlinked crate `cfitsio_sys`
[INFO] [stdout]    |
[INFO] [stdout]    = help: if you wanted to use a crate named `cfitsio_sys`, use `cargo add cfitsio_sys` to add it to your `Cargo.toml`
[INFO] [stdout] 
[INFO] [stdout] 
[INFO] [stdout] error[E0433]: cannot find module or crate `cfitsio_sys` in this scope
[INFO] [stdout]    --> tests/oracle_compress.rs:328:17
[INFO] [stdout]     |
[INFO] [stdout] 328 |     let mut f = cfitsio_sys::CFile::create_empty(c.to_str().unwrap()).unwrap();
[INFO] [stdout]     |                 ^^^^^^^^^^^ use of unresolved module or unlinked crate `cfitsio_sys`
[INFO] [stdout]     |
[INFO] [stdout]     = help: if you wanted to use a crate named `cfitsio_sys`, use `cargo add cfitsio_sys` to add it to your `Cargo.toml`
[INFO] [stdout] 
[INFO] [stdout] 
[INFO] [stdout] For more information about this error, try `rustc --explain E0433`.
[INFO] [stdout] 
[INFO] [stdout] error[E0433]: cannot find module or crate `cfitsio_sys` in this scope
[INFO] [stdout]   --> tests/oracle_keys.rs:50:23
[INFO] [stdout]    |
[INFO] [stdout] 50 |         let (c, st) = cfitsio_sys::ffd2f_str(v, d);
[INFO] [stdout]    |                       ^^^^^^^^^^^ use of unresolved module or unlinked crate `cfitsio_sys`
[INFO] [stdout]    |
[INFO] [stdout]    = help: if you wanted to use a crate named `cfitsio_sys`, use `cargo add cfitsio_sys` to add it to your `Cargo.toml`
[INFO] [stdout] 
[INFO] [stdout] 
[INFO] [stdout] error[E0433]: cannot find module or crate `cfitsio_sys` in this scope
[INFO] [stdout]    --> tests/oracle_vector.rs:190:17
[INFO] [stdout]     |
[INFO] [stdout] 190 |     let mut c = cfitsio_sys::CFile::open(r_path.to_str().unwrap(), 0).unwrap();
[INFO] [stdout]     |                 ^^^^^^^^^^^ use of unresolved module or unlinked crate `cfitsio_sys`
[INFO] [stdout]     |
[INFO] [stdout]     = help: if you wanted to use a crate named `cfitsio_sys`, use `cargo add cfitsio_sys` to add it to your `Cargo.toml`
[INFO] [stdout] 
[INFO] [stdout] 
[INFO] [stdout] error[E0433]: cannot find module or crate `cfitsio_sys` in this scope
[INFO] [stdout]    --> tests/oracle_compress.rs:335:18
[INFO] [stdout]     |
[INFO] [stdout] 335 |     let mut cf = cfitsio_sys::CFile::open(c.to_str().unwrap(), 0).unwrap();
[INFO] [stdout]     |                  ^^^^^^^^^^^ use of unresolved module or unlinked crate `cfitsio_sys`
[INFO] [stdout]     |
[INFO] [stdout]     = help: if you wanted to use a crate named `cfitsio_sys`, use `cargo add cfitsio_sys` to add it to your `Cargo.toml`
[INFO] [stdout] 
[INFO] [stdout] 
[INFO] [stderr] error: could not compile `srfits` (test "oracle_psrfits") due to 1 previous error
[INFO] [stdout] error[E0433]: cannot find module or crate `cfitsio_sys` in this scope
[INFO] [stdout]    --> tests/oracle_bintable.rs:120:17
[INFO] [stdout]     |
[INFO] [stdout] 120 |     let mut c = cfitsio_sys::CFile::create_empty(c_path.to_str().unwrap()).unwrap();
[INFO] [stdout]     |                 ^^^^^^^^^^^ use of unresolved module or unlinked crate `cfitsio_sys`
[INFO] [stdout]     |
[INFO] [stdout]     = help: if you wanted to use a crate named `cfitsio_sys`, use `cargo add cfitsio_sys` to add it to your `Cargo.toml`
[INFO] [stdout] 
[INFO] [stdout] 
[INFO] [stdout] error[E0433]: cannot find module or crate `cfitsio_sys` in this scope
[INFO] [stdout]   --> tests/oracle_vector.rs:29:13
[INFO] [stdout]    |
[INFO] [stdout] 29 |             cfitsio_sys::BINARY_TBL,
[INFO] [stdout]    |             ^^^^^^^^^^^ use of unresolved module or unlinked crate `cfitsio_sys`
[INFO] [stdout]    |
[INFO] [stdout]    = help: if you wanted to use a crate named `cfitsio_sys`, use `cargo add cfitsio_sys` to add it to your `Cargo.toml`
[INFO] [stdout] 
[INFO] [stdout] 
[INFO] [stdout] error[E0433]: cannot find module or crate `cfitsio_sys` in this scope
[INFO] [stdout]    --> tests/oracle_compress.rs:371:21
[INFO] [stdout]     |
[INFO] [stdout] 371 |         let mut f = cfitsio_sys::CFile::create_empty(cpath.to_str().unwrap()).unwrap();
[INFO] [stdout]     |                     ^^^^^^^^^^^ use of unresolved module or unlinked crate `cfitsio_sys`
[INFO] [stdout]     |
[INFO] [stdout]     = help: if you wanted to use a crate named `cfitsio_sys`, use `cargo add cfitsio_sys` to add it to your `Cargo.toml`
[INFO] [stdout] 
[INFO] [stdout] 
[INFO] [stdout] error[E0433]: cannot find module or crate `cfitsio_sys` in this scope
[INFO] [stdout]   --> tests/oracle_vector.rs:66:13
[INFO] [stdout]    |
[INFO] [stdout] 66 |             cfitsio_sys::BINARY_TBL,
[INFO] [stdout]    |             ^^^^^^^^^^^ use of unresolved module or unlinked crate `cfitsio_sys`
[INFO] [stdout]    |
[INFO] [stdout]    = help: if you wanted to use a crate named `cfitsio_sys`, use `cargo add cfitsio_sys` to add it to your `Cargo.toml`
[INFO] [stdout] 
[INFO] [stdout] 
[INFO] [stdout] error[E0433]: cannot find module or crate `cfitsio_sys` in this scope
[INFO] [stdout]    --> tests/oracle_vector.rs:100:13
[INFO] [stdout]     |
[INFO] [stdout] 100 |             cfitsio_sys::BINARY_TBL,
[INFO] [stdout]     |             ^^^^^^^^^^^ use of unresolved module or unlinked crate `cfitsio_sys`
[INFO] [stdout]     |
[INFO] [stdout]     = help: if you wanted to use a crate named `cfitsio_sys`, use `cargo add cfitsio_sys` to add it to your `Cargo.toml`
[INFO] [stdout] 
[INFO] [stdout] 
[INFO] [stdout] For more information about this error, try `rustc --explain E0433`.
[INFO] [stdout] 
[INFO] [stderr] error: could not compile `srfits` (test "oracle_keys") due to 5 previous errors
[INFO] [stdout] error[E0433]: cannot find module or crate `cfitsio_sys` in this scope
[INFO] [stdout]    --> tests/oracle_bintable.rs:166:17
[INFO] [stdout]     |
[INFO] [stdout] 166 |     let mut c = cfitsio_sys::CFile::create_empty(c_path.to_str().unwrap()).unwrap();
[INFO] [stdout]     |                 ^^^^^^^^^^^ use of unresolved module or unlinked crate `cfitsio_sys`
[INFO] [stdout]     |
[INFO] [stdout]     = help: if you wanted to use a crate named `cfitsio_sys`, use `cargo add cfitsio_sys` to add it to your `Cargo.toml`
[INFO] [stdout] 
[INFO] [stdout] 
[INFO] [stdout] For more information about this error, try `rustc --explain E0433`.
[INFO] [stdout] 
[INFO] [stderr] error: could not compile `srfits` (test "oracle_vector") due to 7 previous errors
[INFO] [stdout] error[E0433]: cannot find module or crate `cfitsio_sys` in this scope
[INFO] [stdout]    --> tests/oracle_bintable.rs:200:17
[INFO] [stdout]     |
[INFO] [stdout] 200 |     let mut c = cfitsio_sys::CFile::create_empty(c_path.to_str().unwrap()).unwrap();
[INFO] [stdout]     |                 ^^^^^^^^^^^ use of unresolved module or unlinked crate `cfitsio_sys`
[INFO] [stdout]     |
[INFO] [stdout]     = help: if you wanted to use a crate named `cfitsio_sys`, use `cargo add cfitsio_sys` to add it to your `Cargo.toml`
[INFO] [stdout] 
[INFO] [stdout] 
[INFO] [stdout] error[E0433]: cannot find module or crate `cfitsio_sys` in this scope
[INFO] [stdout]    --> tests/oracle_bintable.rs:257:17
[INFO] [stdout]     |
[INFO] [stdout] 257 |     let mut c = cfitsio_sys::CFile::create_empty(c_path.to_str().unwrap()).unwrap();
[INFO] [stdout]     |                 ^^^^^^^^^^^ use of unresolved module or unlinked crate `cfitsio_sys`
[INFO] [stdout]     |
[INFO] [stdout]     = help: if you wanted to use a crate named `cfitsio_sys`, use `cargo add cfitsio_sys` to add it to your `Cargo.toml`
[INFO] [stdout] 
[INFO] [stdout] 
[INFO] [stdout] error[E0433]: cannot find module or crate `cfitsio_sys` in this scope
[INFO] [stdout]   --> tests/oracle_bintable.rs:60:37
[INFO] [stdout]    |
[INFO] [stdout] 60 |         let (code, repeat, width) = cfitsio_sys::ffbnfm_parse(tf).unwrap();
[INFO] [stdout]    |                                     ^^^^^^^^^^^ use of unresolved module or unlinked crate `cfitsio_sys`
[INFO] [stdout]    |
[INFO] [stdout]    = help: if you wanted to use a crate named `cfitsio_sys`, use `cargo add cfitsio_sys` to add it to your `Cargo.toml`
[INFO] [stdout] 
[INFO] [stdout] 
[INFO] [stdout] error[E0433]: cannot find module or crate `cfitsio_sys` in this scope
[INFO] [stdout]   --> tests/oracle_bintable.rs:87:13
[INFO] [stdout]    |
[INFO] [stdout] 87 |             cfitsio_sys::BINARY_TBL,
[INFO] [stdout]    |             ^^^^^^^^^^^ use of unresolved module or unlinked crate `cfitsio_sys`
[INFO] [stdout]    |
[INFO] [stdout]    = help: if you wanted to use a crate named `cfitsio_sys`, use `cargo add cfitsio_sys` to add it to your `Cargo.toml`
[INFO] [stdout] 
[INFO] [stdout] 
[INFO] [stdout] For more information about this error, try `rustc --explain E0433`.
[INFO] [stdout] 
[INFO] [stderr] error: could not compile `srfits` (test "oracle_compress") due to 9 previous errors
[INFO] [stdout] error[E0433]: cannot find module or crate `cfitsio_sys` in this scope
[INFO] [stdout]    --> tests/oracle_bintable.rs:123:13
[INFO] [stdout]     |
[INFO] [stdout] 123 |             cfitsio_sys::BINARY_TBL,
[INFO] [stdout]     |             ^^^^^^^^^^^ use of unresolved module or unlinked crate `cfitsio_sys`
[INFO] [stdout]     |
[INFO] [stdout]     = help: if you wanted to use a crate named `cfitsio_sys`, use `cargo add cfitsio_sys` to add it to your `Cargo.toml`
[INFO] [stdout] 
[INFO] [stdout] 
[INFO] [stdout] error[E0433]: cannot find module or crate `cfitsio_sys` in this scope
[INFO] [stdout]    --> tests/oracle_bintable.rs:169:13
[INFO] [stdout]     |
[INFO] [stdout] 169 |             cfitsio_sys::BINARY_TBL,
[INFO] [stdout]     |             ^^^^^^^^^^^ use of unresolved module or unlinked crate `cfitsio_sys`
[INFO] [stdout]     |
[INFO] [stdout]     = help: if you wanted to use a crate named `cfitsio_sys`, use `cargo add cfitsio_sys` to add it to your `Cargo.toml`
[INFO] [stdout] 
[INFO] [stdout] 
[INFO] [stdout] error[E0433]: cannot find module or crate `cfitsio_sys` in this scope
[INFO] [stdout]    --> tests/oracle_bintable.rs:203:13
[INFO] [stdout]     |
[INFO] [stdout] 203 |             cfitsio_sys::BINARY_TBL,
[INFO] [stdout]     |             ^^^^^^^^^^^ use of unresolved module or unlinked crate `cfitsio_sys`
[INFO] [stdout]     |
[INFO] [stdout]     = help: if you wanted to use a crate named `cfitsio_sys`, use `cargo add cfitsio_sys` to add it to your `Cargo.toml`
[INFO] [stdout] 
[INFO] [stdout] 
[INFO] [stdout] error[E0433]: cannot find module or crate `cfitsio_sys` in this scope
[INFO] [stdout]    --> tests/oracle_bintable.rs:260:13
[INFO] [stdout]     |
[INFO] [stdout] 260 |             cfitsio_sys::BINARY_TBL,
[INFO] [stdout]     |             ^^^^^^^^^^^ use of unresolved module or unlinked crate `cfitsio_sys`
[INFO] [stdout]     |
[INFO] [stdout]     = help: if you wanted to use a crate named `cfitsio_sys`, use `cargo add cfitsio_sys` to add it to your `Cargo.toml`
[INFO] [stdout] 
[INFO] [stdout] 
[INFO] [stdout] For more information about this error, try `rustc --explain E0433`.
[INFO] [stdout] 
[INFO] [stderr] error: could not compile `srfits` (test "oracle_bintable") due to 11 previous errors
[INFO] running `Command { std: "docker" "inspect" "731fefc97033e87d3aacc0e7ccd16edbfd0f10b8d2ad25db404d163e3ab17961", kill_on_drop: false }`
[INFO] running `Command { std: "docker" "rm" "-f" "731fefc97033e87d3aacc0e7ccd16edbfd0f10b8d2ad25db404d163e3ab17961", kill_on_drop: false }`
[INFO] [stdout] 731fefc97033e87d3aacc0e7ccd16edbfd0f10b8d2ad25db404d163e3ab17961
