[INFO] fetching crate sqry-mcp-redaction 32.0.1...
[INFO] testing sqry-mcp-redaction-32.0.1 against 1.99.0-beta.8 for beta-1.100-2
[INFO] extracting crate sqry-mcp-redaction 32.0.1 into /workspace/builds/worker-5-tc1/source
[INFO] started tweaking crates.io crate sqry-mcp-redaction 32.0.1
[INFO] removed 0 missing tests
[INFO] finished tweaking crates.io crate sqry-mcp-redaction 32.0.1
[INFO] tweaked toml for crates.io crate sqry-mcp-redaction 32.0.1 written to /workspace/builds/worker-5-tc1/source/Cargo.toml
[INFO] validating manifest of crates.io crate sqry-mcp-redaction 32.0.1 on toolchain 1.99.0-beta.8
[INFO] running `Command { std: CARGO_HOME="/workspace/cargo-home" RUSTUP_HOME="/workspace/rustup-home" "/workspace/cargo-home/bin/cargo" "+1.99.0-beta.8" "metadata" "--manifest-path" "Cargo.toml" "--no-deps", kill_on_drop: false }`
[INFO] crate crates.io crate sqry-mcp-redaction 32.0.1 already has a lockfile, it will not be regenerated
[INFO] running `Command { std: CARGO_HOME="/workspace/cargo-home" RUSTUP_HOME="/workspace/rustup-home" "/workspace/cargo-home/bin/cargo" "+1.99.0-beta.8" "fetch" "--manifest-path" "Cargo.toml", kill_on_drop: false }`
[INFO] running `Command { std: "docker" "create" "-v" "/var/lib/crater-agent-workspace/builds/worker-5-tc1/source:/opt/rustwide/workdir:ro,Z" "-v" "/var/lib/crater-agent-workspace/builds/worker-5-tc1/target:/opt/rustwide/target:rw,Z" "-v" "/var/lib/crater-agent-workspace/cargo-home:/opt/rustwide/cargo-home:ro,Z" "-v" "/var/lib/crater-agent-workspace/rustup-home:/opt/rustwide/rustup-home:ro,Z" "-m" "1610612736" "--network" "none" "ghcr.io/rust-lang/crates-build-env/linux@sha256:3111399a4047eeb3a02b7a90e478d715f38a8c6669b5c4b49d30a17385265909" "sleep" "infinity", kill_on_drop: false }`
[INFO] [stdout] 996b4cfffa7a93c545c81fbbf5827d9157d666488aa1d205ade5439f3cb8650c
[INFO] running `Command { std: "docker" "start" "996b4cfffa7a93c545c81fbbf5827d9157d666488aa1d205ade5439f3cb8650c", kill_on_drop: false }`
[INFO] running `Command { std: "docker" "inspect" "996b4cfffa7a93c545c81fbbf5827d9157d666488aa1d205ade5439f3cb8650c", kill_on_drop: false }`
[INFO] running `Command { std: "docker" "exec" "-e" "SOURCE_DIR=/opt/rustwide/workdir" "-e" "CARGO_HOME=/opt/rustwide/cargo-home" "-e" "RUSTUP_HOME=/opt/rustwide/rustup-home" "-e" "CARGO_TARGET_DIR=/opt/rustwide/target" "-w" "/opt/rustwide/workdir" "--user" "0:0" "996b4cfffa7a93c545c81fbbf5827d9157d666488aa1d205ade5439f3cb8650c" "/opt/rustwide/cargo-home/bin/cargo" "+1.99.0-beta.8" "metadata" "--no-deps" "--format-version=1", kill_on_drop: false }`
[INFO] running `Command { std: "docker" "inspect" "996b4cfffa7a93c545c81fbbf5827d9157d666488aa1d205ade5439f3cb8650c", kill_on_drop: false }`
[INFO] running `Command { std: "docker" "exec" "-e" "SOURCE_DIR=/opt/rustwide/workdir" "-e" "CARGO_HOME=/opt/rustwide/cargo-home" "-e" "RUSTUP_HOME=/opt/rustwide/rustup-home" "-e" "CARGO_TARGET_DIR=/opt/rustwide/target" "-e" "CARGO_INCREMENTAL=0" "-e" "RUST_BACKTRACE=full" "-e" "RUSTFLAGS=--cap-lints=warn" "-e" "RUSTDOCFLAGS=--cap-lints=warn" "-w" "/opt/rustwide/workdir" "--user" "0:0" "996b4cfffa7a93c545c81fbbf5827d9157d666488aa1d205ade5439f3cb8650c" "/opt/rustwide/cargo-home/bin/cargo" "+1.99.0-beta.8" "build" "--frozen" "--message-format=json", kill_on_drop: false }`
[INFO] [stderr]    Compiling serde_core v1.0.229
[INFO] [stderr]    Compiling serde_json v1.0.151
[INFO] [stderr]    Compiling thiserror v2.0.21
[INFO] [stderr]    Compiling cpufeatures v0.3.1
[INFO] [stderr]    Compiling hybrid-array v0.4.15
[INFO] [stderr]    Compiling aho-corasick v1.1.5
[INFO] [stderr]    Compiling syn v3.0.6
[INFO] [stderr]    Compiling block-buffer v0.12.1
[INFO] [stderr]    Compiling crypto-common v0.2.2
[INFO] [stderr]    Compiling regex-automata v0.4.18
[INFO] [stderr]    Compiling digest v0.11.3
[INFO] [stderr]    Compiling sha2 v0.11.0
[INFO] [stderr]    Compiling thiserror-impl v2.0.21
[INFO] [stderr]    Compiling regex v1.13.1
[INFO] [stderr]    Compiling sqry-mcp-redaction v32.0.1 (/opt/rustwide/workdir)
[INFO] [stderr]     Finished `dev` profile [unoptimized + debuginfo] target(s) in 12.16s
[INFO] running `Command { std: "docker" "inspect" "996b4cfffa7a93c545c81fbbf5827d9157d666488aa1d205ade5439f3cb8650c", kill_on_drop: false }`
[INFO] running `Command { std: "docker" "exec" "-e" "SOURCE_DIR=/opt/rustwide/workdir" "-e" "CARGO_HOME=/opt/rustwide/cargo-home" "-e" "RUSTUP_HOME=/opt/rustwide/rustup-home" "-e" "CARGO_TARGET_DIR=/opt/rustwide/target" "-e" "CARGO_INCREMENTAL=0" "-e" "RUST_BACKTRACE=full" "-e" "RUSTFLAGS=--cap-lints=warn" "-e" "RUSTDOCFLAGS=--cap-lints=warn" "-w" "/opt/rustwide/workdir" "--user" "0:0" "996b4cfffa7a93c545c81fbbf5827d9157d666488aa1d205ade5439f3cb8650c" "/opt/rustwide/cargo-home/bin/cargo" "+1.99.0-beta.8" "test" "--frozen" "--no-run" "--message-format=json", kill_on_drop: false }`
[INFO] [stderr]    Compiling getrandom v0.4.3
[INFO] [stderr]    Compiling rustix v1.1.5
[INFO] [stderr]    Compiling libc v0.2.189
[INFO] [stderr]    Compiling bitflags v2.13.2
[INFO] [stderr]    Compiling once_cell v1.21.4
[INFO] [stderr]    Compiling serde_json v1.0.151
[INFO] [stderr]    Compiling serde_derive v1.0.229
[INFO] [stderr]    Compiling sqry-mcp-redaction v32.0.1 (/opt/rustwide/workdir)
[INFO] [stderr]    Compiling tempfile v3.27.0
[INFO] [stderr]    Compiling serde v1.0.229
[INFO] [stdout] error[E0433]: cannot find module or crate `sqry_core` in this scope
[INFO] [stdout]    --> tests/workspace_aware_paths.rs:227:9
[INFO] [stdout]     |
[INFO] [stdout] 227 |     use sqry_core::workspace::{Classification, LogicalWorkspace};
[INFO] [stdout]     |         ^^^^^^^^^ use of unresolved module or unlinked crate `sqry_core`
[INFO] [stdout]     |
[INFO] [stdout]     = help: if you wanted to use a crate named `sqry_core`, use `cargo add sqry_core` to add it to your `Cargo.toml`
[INFO] [stdout] 
[INFO] [stdout] 
[INFO] [stdout] error[E0433]: cannot find module or crate `sqry_core` in this scope
[INFO] [stdout]    --> tests/workspace_aware_paths.rs:281:17
[INFO] [stdout]     |
[INFO] [stdout] 281 |     workspace: &sqry_core::workspace::LogicalWorkspace,
[INFO] [stdout]     |                 ^^^^^^^^^ use of unresolved module or unlinked crate `sqry_core`
[INFO] [stdout]     |
[INFO] [stdout]     = help: if you wanted to use a crate named `sqry_core`, use `cargo add sqry_core` to add it to your `Cargo.toml`
[INFO] [stdout] 
[INFO] [stdout] 
[INFO] [stdout] error[E0433]: cannot find module or crate `sqry_core` in this scope
[INFO] [stdout]    --> tests/workspace_aware_paths.rs:283:6
[INFO] [stdout]     |
[INFO] [stdout] 283 | ) -> sqry_core::workspace::LogicalWorkspace {
[INFO] [stdout]     |      ^^^^^^^^^ use of unresolved module or unlinked crate `sqry_core`
[INFO] [stdout]     |
[INFO] [stdout]     = help: if you wanted to use a crate named `sqry_core`, use `cargo add sqry_core` to add it to your `Cargo.toml`
[INFO] [stdout] 
[INFO] [stdout] 
[INFO] [stdout] For more information about this error, try `rustc --explain E0433`.
[INFO] [stdout] 
[INFO] [stderr] error: could not compile `sqry-mcp-redaction` (test "workspace_aware_paths") due to 3 previous errors
[INFO] [stderr] warning: build failed, waiting for other jobs to finish...
[INFO] running `Command { std: "docker" "inspect" "996b4cfffa7a93c545c81fbbf5827d9157d666488aa1d205ade5439f3cb8650c", kill_on_drop: false }`
[INFO] running `Command { std: "docker" "rm" "-f" "996b4cfffa7a93c545c81fbbf5827d9157d666488aa1d205ade5439f3cb8650c", kill_on_drop: false }`
[INFO] [stdout] 996b4cfffa7a93c545c81fbbf5827d9157d666488aa1d205ade5439f3cb8650c
