[INFO] fetching crate sqlsonnet 0.1.14...
[INFO] testing sqlsonnet-0.1.14 against 1.100.0-beta.1 for beta-1.100-2
[INFO] extracting crate sqlsonnet 0.1.14 into /workspace/builds/worker-2-tc2/source
[INFO] started tweaking crates.io crate sqlsonnet 0.1.14
[INFO] removed 0 missing tests
[INFO] finished tweaking crates.io crate sqlsonnet 0.1.14
[INFO] tweaked toml for crates.io crate sqlsonnet 0.1.14 written to /workspace/builds/worker-2-tc2/source/Cargo.toml
[INFO] validating manifest of crates.io crate sqlsonnet 0.1.14 on toolchain 1.100.0-beta.1
[INFO] running `Command { std: CARGO_HOME="/workspace/cargo-home" RUSTUP_HOME="/workspace/rustup-home" "/workspace/cargo-home/bin/cargo" "+1.100.0-beta.1" "metadata" "--manifest-path" "Cargo.toml" "--no-deps", kill_on_drop: false }`
[INFO] running `Command { std: CARGO_HOME="/workspace/cargo-home" RUSTUP_HOME="/workspace/rustup-home" "/workspace/cargo-home/bin/cargo" "+1.100.0-beta.1" "generate-lockfile" "--manifest-path" "Cargo.toml", kill_on_drop: false }`
[INFO] [stderr]     Updating crates.io index
[INFO] [stderr]      Locking 276 packages to highest compatible versions
[INFO] [stderr]       Adding itertools v0.13.0 (available: v0.15.0)
[INFO] [stderr]       Adding jrsonnet-gcmodule v0.3.10 (available: v0.5.0)
[INFO] [stderr]       Adding js-sys v0.3.83 (available: v0.3.106)
[INFO] [stderr]       Adding smallvec v1.15.2 (available: v1.16.2)
[INFO] [stderr]       Adding thiserror v1.0.69 (available: v2.0.21)
[INFO] [stderr]       Adding thiserror v2.0.18 (available: v2.0.21)
[INFO] [stderr]       Adding thiserror-impl v2.0.18 (available: v2.0.21)
[INFO] [stderr]       Adding wasm-bindgen v0.2.106 (available: v0.2.129)
[INFO] [stderr]       Adding wasm-bindgen-macro v0.2.106 (available: v0.2.129)
[INFO] [stderr]       Adding wasm-bindgen-macro-support v0.2.106 (available: v0.2.129)
[INFO] [stderr]       Adding wasm-bindgen-shared v0.2.106 (available: v0.2.129)
[INFO] running `Command { std: CARGO_HOME="/workspace/cargo-home" RUSTUP_HOME="/workspace/rustup-home" "/workspace/cargo-home/bin/cargo" "+1.100.0-beta.1" "fetch" "--manifest-path" "Cargo.toml", kill_on_drop: false }`
[INFO] running `Command { std: "docker" "create" "-v" "/var/lib/crater-agent-workspace/builds/worker-2-tc2/source:/opt/rustwide/workdir:ro,Z" "-v" "/var/lib/crater-agent-workspace/builds/worker-2-tc2/target:/opt/rustwide/target:rw,Z" "-v" "/var/lib/crater-agent-workspace/cargo-home:/opt/rustwide/cargo-home:ro,Z" "-v" "/var/lib/crater-agent-workspace/rustup-home:/opt/rustwide/rustup-home:ro,Z" "-m" "1610612736" "--network" "none" "ghcr.io/rust-lang/crates-build-env/linux@sha256:3111399a4047eeb3a02b7a90e478d715f38a8c6669b5c4b49d30a17385265909" "sleep" "infinity", kill_on_drop: false }`
[INFO] [stdout] b995e8e079e9e5c9299a61ffdecdf4be7342fb302a4e95a186ced384fab64582
[INFO] running `Command { std: "docker" "start" "b995e8e079e9e5c9299a61ffdecdf4be7342fb302a4e95a186ced384fab64582", kill_on_drop: false }`
[INFO] running `Command { std: "docker" "inspect" "b995e8e079e9e5c9299a61ffdecdf4be7342fb302a4e95a186ced384fab64582", kill_on_drop: false }`
[INFO] running `Command { std: "docker" "exec" "-e" "SOURCE_DIR=/opt/rustwide/workdir" "-e" "CARGO_HOME=/opt/rustwide/cargo-home" "-e" "RUSTUP_HOME=/opt/rustwide/rustup-home" "-e" "CARGO_TARGET_DIR=/opt/rustwide/target" "-w" "/opt/rustwide/workdir" "--user" "0:0" "b995e8e079e9e5c9299a61ffdecdf4be7342fb302a4e95a186ced384fab64582" "/opt/rustwide/cargo-home/bin/cargo" "+1.100.0-beta.1" "metadata" "--no-deps" "--format-version=1", kill_on_drop: false }`
[INFO] running `Command { std: "docker" "inspect" "b995e8e079e9e5c9299a61ffdecdf4be7342fb302a4e95a186ced384fab64582", kill_on_drop: false }`
[INFO] running `Command { std: "docker" "exec" "-e" "SOURCE_DIR=/opt/rustwide/workdir" "-e" "CARGO_HOME=/opt/rustwide/cargo-home" "-e" "RUSTUP_HOME=/opt/rustwide/rustup-home" "-e" "CARGO_TARGET_DIR=/opt/rustwide/target" "-e" "CARGO_INCREMENTAL=0" "-e" "RUST_BACKTRACE=full" "-e" "RUSTFLAGS=--cap-lints=warn" "-e" "RUSTDOCFLAGS=--cap-lints=warn" "-w" "/opt/rustwide/workdir" "--user" "0:0" "b995e8e079e9e5c9299a61ffdecdf4be7342fb302a4e95a186ced384fab64582" "/opt/rustwide/cargo-home/bin/cargo" "+1.100.0-beta.1" "build" "--frozen" "--message-format=json", kill_on_drop: false }`
[INFO] [stderr]    Compiling unicode-ident v1.0.26
[INFO] [stderr]    Compiling cfg-if v1.0.5
[INFO] [stderr]    Compiling libc v0.2.190
[INFO] [stderr]    Compiling stable_deref_trait v1.2.1
[INFO] [stderr]    Compiling getrandom v0.3.4
[INFO] [stderr]    Compiling zerocopy v0.8.60
[INFO] [stderr]    Compiling version_check v0.9.5
[INFO] [stderr]    Compiling once_cell v1.21.4
[INFO] [stderr]    Compiling smallvec v1.15.2
[INFO] [stderr]    Compiling proc-macro2 v1.0.107
[INFO] [stderr]    Compiling litemap v0.8.3
[INFO] [stderr]    Compiling writeable v0.6.4
[INFO] [stderr]    Compiling icu_properties_data v2.3.0
[INFO] [stderr]    Compiling icu_normalizer_data v2.3.0
[INFO] [stderr]    Compiling utf8_iter v1.0.4
[INFO] [stderr]    Compiling find-msvc-tools v0.1.14
[INFO] [stderr]    Compiling static_assertions v1.1.0
[INFO] [stderr]    Compiling peg-runtime v0.8.6
[INFO] [stderr]    Compiling shlex v2.0.1
[INFO] [stderr]    Compiling object v0.39.1
[INFO] [stderr]    Compiling proc-macro2-diagnostics v0.10.1
[INFO] [stderr]    Compiling cc v1.6.0
[INFO] [stderr]    Compiling aho-corasick v1.1.5
[INFO] [stderr]    Compiling quote v1.0.47
[INFO] [stderr]    Compiling regex-syntax v0.8.11
[INFO] [stderr]    Compiling syn v2.0.119
[INFO] [stderr]    Compiling syn v3.0.6
[INFO] [stderr]    Compiling rand_core v0.9.5
[INFO] [stderr]    Compiling peg-macros v0.8.6
[INFO] [stderr]    Compiling equivalent v1.0.2
[INFO] [stderr]    Compiling foldhash v0.2.0
[INFO] [stderr]    Compiling wasm-bindgen-shared v0.2.106
[INFO] [stderr]    Compiling typenum v1.20.1
[INFO] [stderr]    Compiling allocator-api2 v0.2.21
[INFO] [stderr]    Compiling regex-automata v0.4.18
[INFO] [stderr]    Compiling hashbrown v0.17.1
[INFO] [stderr]    Compiling hybrid-array v0.4.15
[INFO] [stderr]    Compiling peg v0.8.6
[INFO] [stderr]    Compiling strsim v0.11.1
[INFO] [stderr]    Compiling ppv-lite86 v0.2.21
[INFO] [stderr]    Compiling log v0.4.34
[INFO] [stderr]    Compiling rand_chacha v0.9.0
[INFO] [stderr]    Compiling rustc-hash v2.1.3
[INFO] [stderr]    Compiling getrandom v0.4.3
[INFO] [stderr]    Compiling synstructure v0.14.0
[INFO] [stderr]    Compiling rustix v1.1.5
[INFO] [stderr]    Compiling fnv v1.0.7
[INFO] [stderr]    Compiling rand v0.9.5
[INFO] [stderr]    Compiling heck v0.4.1
[INFO] [stderr]    Compiling either v1.19.0
[INFO] [stderr]    Compiling percent-encoding v2.3.2
[INFO] [stderr]    Compiling linux-raw-sys v0.12.1
[INFO] [stderr]    Compiling bitflags v2.13.2
[INFO] [stderr]    Compiling jrsonnet-gcmodule-derive v0.4.6
[INFO] [stderr]    Compiling thiserror-impl v2.0.18
[INFO] [stderr]    Compiling ouroboros_macro v0.18.5
[INFO] [stderr]    Compiling jrsonnet-gcmodule v0.4.6
[INFO] [stderr]    Compiling jrsonnet-interner v0.5.0-pre98
[INFO] [stderr]    Compiling zerofrom-derive v0.1.8
[INFO] [stderr]    Compiling yoke-derive v0.8.4
[INFO] [stderr]    Compiling zerovec-derive v0.11.6
[INFO] [stderr]    Compiling displaydoc v0.2.7
[INFO] [stderr]    Compiling logos-codegen v0.16.1
[INFO] [stderr]    Compiling thiserror v2.0.18
[INFO] [stderr]    Compiling ar_archive_writer v0.5.3
[INFO] [stderr]    Compiling zerofrom v0.1.8
[INFO] [stderr]    Compiling yoke v0.8.3
[INFO] [stderr]    Compiling form_urlencoded v1.2.2
[INFO] [stderr]    Compiling zerovec v0.11.8
[INFO] [stderr]    Compiling zerotrie v0.2.5
[INFO] [stderr]    Compiling crypto-common v0.2.2
[INFO] [stderr]    Compiling block-buffer v0.12.1
[INFO] [stderr]    Compiling encoding_rs v0.8.42
[INFO] [stderr]    Compiling bstr v1.13.1
[INFO] [stderr]    Compiling tinystr v0.8.4
[INFO] [stderr]    Compiling potential_utf v0.1.6
[INFO] [stderr]    Compiling psm v0.1.32
[INFO] [stderr]    Compiling fastrand v2.5.0
[INFO] [stderr]    Compiling icu_collections v2.3.0
[INFO] [stderr]    Compiling icu_locale_core v2.3.0
[INFO] [stderr]    Compiling const-oid v0.10.2
[INFO] [stderr]    Compiling serde v1.0.229
[INFO] [stderr]    Compiling bumpalo v3.20.3
[INFO] [stderr]    Compiling aliasable v0.1.3
[INFO] [stderr]    Compiling ident_case v1.0.1
[INFO] [stderr]    Compiling str_indices v0.4.4
[INFO] [stderr]    Compiling wasm-bindgen-macro-support v0.2.106
[INFO] [stderr]    Compiling darling_core v0.24.1
[INFO] [stderr]    Compiling logos-derive v0.16.1
[INFO] [stderr]    Compiling hi-doc-jumprope v1.2.1
[INFO] [stderr]    Compiling logos v0.16.1
[INFO] [stderr]    Compiling digest v0.11.3
[INFO] [stderr]    Compiling ouroboros v0.18.5
[INFO] [stderr]    Compiling globset v0.4.20
[INFO] [stderr]    Compiling tempfile v3.27.0
[INFO] [stderr]    Compiling enum-ordinalize-derive v4.4.2
[INFO] [stderr]    Compiling serde_derive v1.0.229
[INFO] [stderr]    Compiling icu_provider v2.3.1
[INFO] [stderr]    Compiling itertools v0.14.0
[INFO] [stderr]    Compiling stacker v0.1.25
[INFO] [stderr]    Compiling console v0.16.6
[INFO] [stderr]    Compiling icu_normalizer v2.3.0
[INFO] [stderr]    Compiling icu_properties v2.3.0
[INFO] [stderr]    Compiling ahash v0.8.12
[INFO] [stderr]    Compiling wasm-bindgen v0.2.106
[INFO] [stderr]    Compiling multiversion_no_op v1.0.0
[INFO] [stderr]    Compiling similar v2.7.0
[INFO] [stderr]    Compiling core_detect v1.0.0
[INFO] [stderr]    Compiling scopeguard v1.2.0
[INFO] [stderr]    Compiling simdutf8 v0.1.5
[INFO] [stderr]    Compiling enum-ordinalize v4.4.2
[INFO] [stderr]    Compiling insta v1.49.0
[INFO] [stderr]    Compiling annotated-string v0.3.1
[INFO] [stderr]    Compiling idna_adapter v1.2.2
[INFO] [stderr]    Compiling idna v1.1.0
[INFO] [stderr]    Compiling jrsonnet-lexer v0.5.0-pre98
[INFO] [stderr]    Compiling range-map v0.2.0
[INFO] [stderr]    Compiling url v2.5.8
[INFO] [stderr]    Compiling wasm-bindgen-macro v0.2.106
[INFO] [stderr]    Compiling random_color v1.1.0
[INFO] [stderr]    Compiling darling_macro v0.24.1
[INFO] [stderr]    Compiling extension-trait v1.0.2
[INFO] [stderr]    Compiling jrsonnet-ir v0.5.0-pre98
[INFO] [stderr]    Compiling jrsonnet-gcmodule-derive v0.3.10
[INFO] [stderr]    Compiling syn-dissect-closure v0.1.0
[INFO] [stderr]    Compiling tracing-core v0.1.36
[INFO] [stderr]    Compiling jrsonnet-evaluator v0.5.0-pre98
[INFO] [stderr]    Compiling unicode-width v0.2.2
[INFO] [stderr]    Compiling anstyle v1.0.14
[INFO] [stderr]    Compiling unicode-box-drawing v0.3.1
[INFO] [stderr]    Compiling arraydeque v0.5.1
[INFO] [stderr]    Compiling cpufeatures v0.3.1
[INFO] [stderr]    Compiling hi-doc v0.3.1
[INFO] [stderr]    Compiling jrsonnet-macros v0.5.0-pre98
[INFO] [stderr]    Compiling saphyr-parser-bw v0.0.611
[INFO] [stderr]    Compiling annotate-snippets v0.12.16
[INFO] [stderr]    Compiling jrsonnet-gcmodule v0.3.10
[INFO] [stderr]    Compiling jrsonnet-ir-parser v0.5.0-pre98
[INFO] [stderr]    Compiling darling v0.24.1
[INFO] [stderr]    Compiling encoding_rs_io v0.1.8
[INFO] [stderr]    Compiling educe v0.6.0
[INFO] [stderr]    Compiling jrsonnet-types v0.5.0-pre98
[INFO] [stderr]    Compiling keccak v0.2.2
[INFO] [stderr]    Compiling base64 v0.22.1
[INFO] [stderr]    Compiling pin-project-lite v0.2.17
[INFO] [stderr]    Compiling thiserror v1.0.69
[INFO] [stderr]    Compiling pathdiff v0.2.3
[INFO] [stderr]    Compiling drop_bomb v0.1.5
[INFO] [stderr]    Compiling lazy_static v1.5.1
[INFO] [stderr]    Compiling sharded-slab v0.1.7
[INFO] [stderr]    Compiling tracing v0.1.44
[INFO] [stderr]    Compiling serde-saphyr v0.0.25
[INFO] [stderr]    Compiling sha3 v0.11.0
[INFO] [stderr]    Compiling serde_with_macros v3.24.0
[INFO] [stderr]    Compiling jrsonnet-parser v0.5.0-pre97
[INFO] [stderr]    Compiling tracing-log v0.2.0
[INFO] [stderr]    Compiling sha1 v0.11.0
[INFO] [stdout] error[E0277]: the trait bound `jrsonnet_interner::IStr: Trace` is not satisfied
[INFO] [stdout]   --> /opt/rustwide/cargo-home/registry/src/index.crates.io-1949cf8c6b5b557f/jrsonnet-parser-0.5.0-pre97/src/expr.rs:12:28
[INFO] [stdout]    |
[INFO] [stdout] 12 | #[derive(Debug, PartialEq, Trace)]
[INFO] [stdout]    |                            ^^^^^ the trait `Trace` is not implemented for `jrsonnet_interner::IStr`
[INFO] [stdout]    |
[INFO] [stdout] note: there are multiple different versions of crate `jrsonnet_gcmodule` in the dependency graph
[INFO] [stdout]   --> /opt/rustwide/cargo-home/registry/src/index.crates.io-1949cf8c6b5b557f/jrsonnet-gcmodule-0.3.10/src/trace.rs:22:1
[INFO] [stdout]    |
[INFO] [stdout] 22 | pub trait Trace: 'static {
[INFO] [stdout]    | ^^^^^^^^^^^^^^^^^^^^^^^^ this is the expected trait
[INFO] [stdout]    |
[INFO] [stdout]   ::: /opt/rustwide/cargo-home/registry/src/index.crates.io-1949cf8c6b5b557f/jrsonnet-gcmodule-0.4.6/src/trace.rs:22:1
[INFO] [stdout]    |
[INFO] [stdout] 22 | pub trait Trace: 'static {
[INFO] [stdout]    | ------------------------ this is the found trait
[INFO] [stdout]    = help: you can use `cargo tree` to explore your dependency tree
[INFO] [stdout]    = help: the following other types implement trait `Trace`:
[INFO] [stdout]              &'static str
[INFO] [stdout]              ()
[INFO] [stdout]              (A, B)
[INFO] [stdout]              (A, B, C)
[INFO] [stdout]              (A, B, C, D)
[INFO] [stdout]              (A, B, C, D, E)
[INFO] [stdout]              (A, B, C, D, E, F)
[INFO] [stdout]              (A, B, C, D, E, F, G)
[INFO] [stdout]            and 123 others
[INFO] [stdout]    = note: this error originates in the derive macro `Trace` (in Nightly builds, run with -Z macro-backtrace for more info)
[INFO] [stdout] 
[INFO] [stdout] 
[INFO] [stdout] error[E0277]: the trait bound `jrsonnet_interner::IStr: Trace` is not satisfied
[INFO] [stdout]   --> /opt/rustwide/cargo-home/registry/src/index.crates.io-1949cf8c6b5b557f/jrsonnet-parser-0.5.0-pre97/src/expr.rs:15:8
[INFO] [stdout]    |
[INFO] [stdout] 15 |     Fixed(IStr),
[INFO] [stdout]    |           ^^^^ the trait `Trace` is not implemented for `jrsonnet_interner::IStr`
[INFO] [stdout]    |
[INFO] [stdout] note: there are multiple different versions of crate `jrsonnet_gcmodule` in the dependency graph
[INFO] [stdout]   --> /opt/rustwide/cargo-home/registry/src/index.crates.io-1949cf8c6b5b557f/jrsonnet-gcmodule-0.3.10/src/trace.rs:22:1
[INFO] [stdout]    |
[INFO] [stdout] 22 | pub trait Trace: 'static {
[INFO] [stdout]    | ^^^^^^^^^^^^^^^^^^^^^^^^ this is the expected trait
[INFO] [stdout]    |
[INFO] [stdout]   ::: /opt/rustwide/cargo-home/registry/src/index.crates.io-1949cf8c6b5b557f/jrsonnet-gcmodule-0.4.6/src/trace.rs:22:1
[INFO] [stdout]    |
[INFO] [stdout] 22 | pub trait Trace: 'static {
[INFO] [stdout]    | ------------------------ this is the found trait
[INFO] [stdout]    = help: you can use `cargo tree` to explore your dependency tree
[INFO] [stdout]    = help: the following other types implement trait `Trace`:
[INFO] [stdout]              &'static str
[INFO] [stdout]              ()
[INFO] [stdout]              (A, B)
[INFO] [stdout]              (A, B, C)
[INFO] [stdout]              (A, B, C, D)
[INFO] [stdout]              (A, B, C, D, E)
[INFO] [stdout]              (A, B, C, D, E, F)
[INFO] [stdout]              (A, B, C, D, E, F, G)
[INFO] [stdout]            and 123 others
[INFO] [stdout] 
[INFO] [stdout] 
[INFO] [stdout] error[E0277]: the trait bound `jrsonnet_interner::IStr: Trace` is not satisfied
[INFO] [stdout]    --> /opt/rustwide/cargo-home/registry/src/index.crates.io-1949cf8c6b5b557f/jrsonnet-parser-0.5.0-pre97/src/expr.rs:166:6
[INFO] [stdout]     |
[INFO] [stdout] 163 | #[derive(Debug, PartialEq, Trace)]
[INFO] [stdout]     |                            ----- required by a bound introduced by this call
[INFO] [stdout] ...
[INFO] [stdout] 166 |     pub named: Vec<(IStr, LocExpr)>,
[INFO] [stdout]     |         ^^^^^ the trait `Trace` is not implemented for `jrsonnet_interner::IStr`
[INFO] [stdout]     |
[INFO] [stdout] note: there are multiple different versions of crate `jrsonnet_gcmodule` in the dependency graph
[INFO] [stdout]    --> /opt/rustwide/cargo-home/registry/src/index.crates.io-1949cf8c6b5b557f/jrsonnet-gcmodule-0.3.10/src/trace.rs:22:1
[INFO] [stdout]     |
[INFO] [stdout]  22 | pub trait Trace: 'static {
[INFO] [stdout]     | ^^^^^^^^^^^^^^^^^^^^^^^^ this is the expected trait
[INFO] [stdout]     |
[INFO] [stdout]    ::: /opt/rustwide/cargo-home/registry/src/index.crates.io-1949cf8c6b5b557f/jrsonnet-gcmodule-0.4.6/src/trace.rs:22:1
[INFO] [stdout]     |
[INFO] [stdout]  22 | pub trait Trace: 'static {
[INFO] [stdout]     | ------------------------ this is the found trait
[INFO] [stdout]     = help: you can use `cargo tree` to explore your dependency tree
[INFO] [stdout]     = help: the following other types implement trait `Trace`:
[INFO] [stdout]               &'static str
[INFO] [stdout]               ()
[INFO] [stdout]               (A, B)
[INFO] [stdout]               (A, B, C)
[INFO] [stdout]               (A, B, C, D)
[INFO] [stdout]               (A, B, C, D, E)
[INFO] [stdout]               (A, B, C, D, E, F)
[INFO] [stdout]               (A, B, C, D, E, F, G)
[INFO] [stdout]             and 123 others
[INFO] [stdout]     = note: required for `(jrsonnet_interner::IStr, expr::LocExpr)` to implement `Trace`
[INFO] [stdout]     = note: 1 redundant requirement hidden
[INFO] [stdout]     = note: required for `Vec<(jrsonnet_interner::IStr, expr::LocExpr)>` to implement `Trace`
[INFO] [stdout] 
[INFO] [stdout] 
[INFO] [stdout] error[E0277]: the trait bound `jrsonnet_interner::IStr: Trace` is not satisfied
[INFO] [stdout]    --> /opt/rustwide/cargo-home/registry/src/index.crates.io-1949cf8c6b5b557f/jrsonnet-parser-0.5.0-pre97/src/expr.rs:166:13
[INFO] [stdout]     |
[INFO] [stdout] 166 |     pub named: Vec<(IStr, LocExpr)>,
[INFO] [stdout]     |                ^^^^^^^^^^^^^^^^^^^^ the trait `Trace` is not implemented for `jrsonnet_interner::IStr`
[INFO] [stdout]     |
[INFO] [stdout] note: there are multiple different versions of crate `jrsonnet_gcmodule` in the dependency graph
[INFO] [stdout]    --> /opt/rustwide/cargo-home/registry/src/index.crates.io-1949cf8c6b5b557f/jrsonnet-gcmodule-0.3.10/src/trace.rs:22:1
[INFO] [stdout]     |
[INFO] [stdout]  22 | pub trait Trace: 'static {
[INFO] [stdout]     | ^^^^^^^^^^^^^^^^^^^^^^^^ this is the expected trait
[INFO] [stdout]     |
[INFO] [stdout]    ::: /opt/rustwide/cargo-home/registry/src/index.crates.io-1949cf8c6b5b557f/jrsonnet-gcmodule-0.4.6/src/trace.rs:22:1
[INFO] [stdout]     |
[INFO] [stdout]  22 | pub trait Trace: 'static {
[INFO] [stdout]     | ------------------------ this is the found trait
[INFO] [stdout]     = help: you can use `cargo tree` to explore your dependency tree
[INFO] [stdout]     = help: the following other types implement trait `Trace`:
[INFO] [stdout]               &'static str
[INFO] [stdout]               ()
[INFO] [stdout]               (A, B)
[INFO] [stdout]               (A, B, C)
[INFO] [stdout]               (A, B, C, D)
[INFO] [stdout]               (A, B, C, D, E)
[INFO] [stdout]               (A, B, C, D, E, F)
[INFO] [stdout]               (A, B, C, D, E, F, G)
[INFO] [stdout]             and 123 others
[INFO] [stdout]     = note: required for `(jrsonnet_interner::IStr, expr::LocExpr)` to implement `Trace`
[INFO] [stdout]     = note: 1 redundant requirement hidden
[INFO] [stdout]     = note: required for `Vec<(jrsonnet_interner::IStr, expr::LocExpr)>` to implement `Trace`
[INFO] [stdout] 
[INFO] [stdout] 
[INFO] [stdout] error[E0277]: the trait bound `jrsonnet_interner::IStr: Trace` is not satisfied
[INFO] [stdout]    --> /opt/rustwide/cargo-home/registry/src/index.crates.io-1949cf8c6b5b557f/jrsonnet-parser-0.5.0-pre97/src/expr.rs:174:39
[INFO] [stdout]     |
[INFO] [stdout] 174 | #[derive(Debug, Clone, PartialEq, Eq, Trace)]
[INFO] [stdout]     |                                       ^^^^^ the trait `Trace` is not implemented for `jrsonnet_interner::IStr`
[INFO] [stdout]     |
[INFO] [stdout] note: there are multiple different versions of crate `jrsonnet_gcmodule` in the dependency graph
[INFO] [stdout]    --> /opt/rustwide/cargo-home/registry/src/index.crates.io-1949cf8c6b5b557f/jrsonnet-gcmodule-0.3.10/src/trace.rs:22:1
[INFO] [stdout]     |
[INFO] [stdout]  22 | pub trait Trace: 'static {
[INFO] [stdout]     | ^^^^^^^^^^^^^^^^^^^^^^^^ this is the expected trait
[INFO] [stdout]     |
[INFO] [stdout]    ::: /opt/rustwide/cargo-home/registry/src/index.crates.io-1949cf8c6b5b557f/jrsonnet-gcmodule-0.4.6/src/trace.rs:22:1
[INFO] [stdout]     |
[INFO] [stdout]  22 | pub trait Trace: 'static {
[INFO] [stdout]     | ------------------------ this is the found trait
[INFO] [stdout]     = help: you can use `cargo tree` to explore your dependency tree
[INFO] [stdout]     = help: the following other types implement trait `Trace`:
[INFO] [stdout]               &'static str
[INFO] [stdout]               ()
[INFO] [stdout]               (A, B)
[INFO] [stdout]               (A, B, C)
[INFO] [stdout]               (A, B, C, D)
[INFO] [stdout]               (A, B, C, D, E)
[INFO] [stdout]               (A, B, C, D, E, F)
[INFO] [stdout]               (A, B, C, D, E, F, G)
[INFO] [stdout]             and 123 others
[INFO] [stdout]     = note: this error originates in the derive macro `Trace` (in Nightly builds, run with -Z macro-backtrace for more info)
[INFO] [stdout] 
[INFO] [stdout] 
[INFO] [stdout] error[E0277]: the trait bound `jrsonnet_interner::IStr: Trace` is not satisfied
[INFO] [stdout]    --> /opt/rustwide/cargo-home/registry/src/index.crates.io-1949cf8c6b5b557f/jrsonnet-parser-0.5.0-pre97/src/expr.rs:177:7
[INFO] [stdout]     |
[INFO] [stdout] 177 |     Keep(IStr),
[INFO] [stdout]     |          ^^^^ the trait `Trace` is not implemented for `jrsonnet_interner::IStr`
[INFO] [stdout]     |
[INFO] [stdout] note: there are multiple different versions of crate `jrsonnet_gcmodule` in the dependency graph
[INFO] [stdout]    --> /opt/rustwide/cargo-home/registry/src/index.crates.io-1949cf8c6b5b557f/jrsonnet-gcmodule-0.3.10/src/trace.rs:22:1
[INFO] [stdout]     |
[INFO] [stdout]  22 | pub trait Trace: 'static {
[INFO] [stdout]     | ^^^^^^^^^^^^^^^^^^^^^^^^ this is the expected trait
[INFO] [stdout]     |
[INFO] [stdout]    ::: /opt/rustwide/cargo-home/registry/src/index.crates.io-1949cf8c6b5b557f/jrsonnet-gcmodule-0.4.6/src/trace.rs:22:1
[INFO] [stdout]     |
[INFO] [stdout]  22 | pub trait Trace: 'static {
[INFO] [stdout]     | ------------------------ this is the found trait
[INFO] [stdout]     = help: you can use `cargo tree` to explore your dependency tree
[INFO] [stdout]     = help: the following other types implement trait `Trace`:
[INFO] [stdout]               &'static str
[INFO] [stdout]               ()
[INFO] [stdout]               (A, B)
[INFO] [stdout]               (A, B, C)
[INFO] [stdout]               (A, B, C, D)
[INFO] [stdout]               (A, B, C, D, E)
[INFO] [stdout]               (A, B, C, D, E, F)
[INFO] [stdout]               (A, B, C, D, E, F, G)
[INFO] [stdout]             and 123 others
[INFO] [stdout] 
[INFO] [stdout] 
[INFO] [stdout] error[E0277]: the trait bound `jrsonnet_interner::IStr: Trace` is not satisfied
[INFO] [stdout]    --> /opt/rustwide/cargo-home/registry/src/index.crates.io-1949cf8c6b5b557f/jrsonnet-parser-0.5.0-pre97/src/expr.rs:182:35
[INFO] [stdout]     |
[INFO] [stdout] 182 | #[derive(Debug, Clone, PartialEq, Trace)]
[INFO] [stdout]     |                                   ^^^^^ the trait `Trace` is not implemented for `jrsonnet_interner::IStr`
[INFO] [stdout]     |
[INFO] [stdout] note: there are multiple different versions of crate `jrsonnet_gcmodule` in the dependency graph
[INFO] [stdout]    --> /opt/rustwide/cargo-home/registry/src/index.crates.io-1949cf8c6b5b557f/jrsonnet-gcmodule-0.3.10/src/trace.rs:22:1
[INFO] [stdout]     |
[INFO] [stdout]  22 | pub trait Trace: 'static {
[INFO] [stdout]     | ^^^^^^^^^^^^^^^^^^^^^^^^ this is the expected trait
[INFO] [stdout]     |
[INFO] [stdout]    ::: /opt/rustwide/cargo-home/registry/src/index.crates.io-1949cf8c6b5b557f/jrsonnet-gcmodule-0.4.6/src/trace.rs:22:1
[INFO] [stdout]     |
[INFO] [stdout]  22 | pub trait Trace: 'static {
[INFO] [stdout]     | ------------------------ this is the found trait
[INFO] [stdout]     = help: you can use `cargo tree` to explore your dependency tree
[INFO] [stdout]     = help: the following other types implement trait `Trace`:
[INFO] [stdout]               &'static str
[INFO] [stdout]               ()
[INFO] [stdout]               (A, B)
[INFO] [stdout]               (A, B, C)
[INFO] [stdout]               (A, B, C, D)
[INFO] [stdout]               (A, B, C, D, E)
[INFO] [stdout]               (A, B, C, D, E, F)
[INFO] [stdout]               (A, B, C, D, E, F, G)
[INFO] [stdout]             and 123 others
[INFO] [stdout]     = note: this error originates in the derive macro `Trace` (in Nightly builds, run with -Z macro-backtrace for more info)
[INFO] [stdout] 
[INFO] [stdout] 
[INFO] [stderr]    Compiling sha2 v0.11.0
[INFO] [stderr]    Compiling matchers v0.2.0
[INFO] [stdout] error[E0277]: the trait bound `jrsonnet_interner::IStr: Trace` is not satisfied
[INFO] [stdout]    --> /opt/rustwide/cargo-home/registry/src/index.crates.io-1949cf8c6b5b557f/jrsonnet-parser-0.5.0-pre97/src/expr.rs:184:7
[INFO] [stdout]     |
[INFO] [stdout] 184 |     Full(IStr),
[INFO] [stdout]     |          ^^^^ the trait `Trace` is not implemented for `jrsonnet_interner::IStr`
[INFO] [stdout]     |
[INFO] [stdout] note: there are multiple different versions of crate `jrsonnet_gcmodule` in the dependency graph
[INFO] [stdout]    --> /opt/rustwide/cargo-home/registry/src/index.crates.io-1949cf8c6b5b557f/jrsonnet-gcmodule-0.3.10/src/trace.rs:22:1
[INFO] [stdout]     |
[INFO] [stdout]  22 | pub trait Trace: 'static {
[INFO] [stdout]     | ^^^^^^^^^^^^^^^^^^^^^^^^ this is the expected trait
[INFO] [stdout]     |
[INFO] [stdout]    ::: /opt/rustwide/cargo-home/registry/src/index.crates.io-1949cf8c6b5b557f/jrsonnet-gcmodule-0.4.6/src/trace.rs:22:1
[INFO] [stdout]     |
[INFO] [stdout]  22 | pub trait Trace: 'static {
[INFO] [stdout]     | ------------------------ this is the found trait
[INFO] [stdout]     = help: you can use `cargo tree` to explore your dependency tree
[INFO] [stdout]     = help: the following other types implement trait `Trace`:
[INFO] [stdout]               &'static str
[INFO] [stdout]               ()
[INFO] [stdout]               (A, B)
[INFO] [stdout]               (A, B, C)
[INFO] [stdout]               (A, B, C, D)
[INFO] [stdout]               (A, B, C, D, E)
[INFO] [stdout]               (A, B, C, D, E, F)
[INFO] [stdout]               (A, B, C, D, E, F, G)
[INFO] [stdout]             and 123 others
[INFO] [stdout] 
[INFO] [stdout] 
[INFO] [stdout] error[E0277]: the trait bound `jrsonnet_interner::IStr: Trace` is not satisfied
[INFO] [stdout]    --> /opt/rustwide/cargo-home/registry/src/index.crates.io-1949cf8c6b5b557f/jrsonnet-parser-0.5.0-pre97/src/expr.rs:250:3
[INFO] [stdout]     |
[INFO] [stdout] 243 | #[derive(Debug, Clone, PartialEq, Trace)]
[INFO] [stdout]     |                                   ----- required by a bound introduced by this call
[INFO] [stdout] ...
[INFO] [stdout] 250 |         name: IStr,
[INFO] [stdout]     |         ^^^^ the trait `Trace` is not implemented for `jrsonnet_interner::IStr`
[INFO] [stdout]     |
[INFO] [stdout] note: there are multiple different versions of crate `jrsonnet_gcmodule` in the dependency graph
[INFO] [stdout]    --> /opt/rustwide/cargo-home/registry/src/index.crates.io-1949cf8c6b5b557f/jrsonnet-gcmodule-0.3.10/src/trace.rs:22:1
[INFO] [stdout]     |
[INFO] [stdout]  22 | pub trait Trace: 'static {
[INFO] [stdout]     | ^^^^^^^^^^^^^^^^^^^^^^^^ this is the expected trait
[INFO] [stdout]     |
[INFO] [stdout]    ::: /opt/rustwide/cargo-home/registry/src/index.crates.io-1949cf8c6b5b557f/jrsonnet-gcmodule-0.4.6/src/trace.rs:22:1
[INFO] [stdout]     |
[INFO] [stdout]  22 | pub trait Trace: 'static {
[INFO] [stdout]     | ------------------------ this is the found trait
[INFO] [stdout]     = help: you can use `cargo tree` to explore your dependency tree
[INFO] [stdout]     = help: the following other types implement trait `Trace`:
[INFO] [stdout]               &'static str
[INFO] [stdout]               ()
[INFO] [stdout]               (A, B)
[INFO] [stdout]               (A, B, C)
[INFO] [stdout]               (A, B, C, D)
[INFO] [stdout]               (A, B, C, D, E)
[INFO] [stdout]               (A, B, C, D, E, F)
[INFO] [stdout]               (A, B, C, D, E, F, G)
[INFO] [stdout]             and 123 others
[INFO] [stdout] 
[INFO] [stdout] 
[INFO] [stdout] error[E0277]: the trait bound `jrsonnet_interner::IStr: Trace` is not satisfied
[INFO] [stdout]    --> /opt/rustwide/cargo-home/registry/src/index.crates.io-1949cf8c6b5b557f/jrsonnet-parser-0.5.0-pre97/src/expr.rs:250:9
[INFO] [stdout]     |
[INFO] [stdout] 250 |         name: IStr,
[INFO] [stdout]     |               ^^^^ the trait `Trace` is not implemented for `jrsonnet_interner::IStr`
[INFO] [stdout]     |
[INFO] [stdout] note: there are multiple different versions of crate `jrsonnet_gcmodule` in the dependency graph
[INFO] [stdout]    --> /opt/rustwide/cargo-home/registry/src/index.crates.io-1949cf8c6b5b557f/jrsonnet-gcmodule-0.3.10/src/trace.rs:22:1
[INFO] [stdout]     |
[INFO] [stdout]  22 | pub trait Trace: 'static {
[INFO] [stdout]     | ^^^^^^^^^^^^^^^^^^^^^^^^ this is the expected trait
[INFO] [stdout]     |
[INFO] [stdout]    ::: /opt/rustwide/cargo-home/registry/src/index.crates.io-1949cf8c6b5b557f/jrsonnet-gcmodule-0.4.6/src/trace.rs:22:1
[INFO] [stdout]     |
[INFO] [stdout]  22 | pub trait Trace: 'static {
[INFO] [stdout]     | ------------------------ this is the found trait
[INFO] [stdout]     = help: you can use `cargo tree` to explore your dependency tree
[INFO] [stdout]     = help: the following other types implement trait `Trace`:
[INFO] [stdout]               &'static str
[INFO] [stdout]               ()
[INFO] [stdout]               (A, B)
[INFO] [stdout]               (A, B, C)
[INFO] [stdout]               (A, B, C, D)
[INFO] [stdout]               (A, B, C, D, E)
[INFO] [stdout]               (A, B, C, D, E, F)
[INFO] [stdout]               (A, B, C, D, E, F, G)
[INFO] [stdout]             and 123 others
[INFO] [stdout] 
[INFO] [stdout] 
[INFO] [stdout] error[E0277]: the trait bound `jrsonnet_interner::IStr: Trace` is not satisfied
[INFO] [stdout]    --> /opt/rustwide/cargo-home/registry/src/index.crates.io-1949cf8c6b5b557f/jrsonnet-parser-0.5.0-pre97/src/expr.rs:308:28
[INFO] [stdout]     |
[INFO] [stdout] 308 | #[derive(Debug, PartialEq, Trace)]
[INFO] [stdout]     |                            ^^^^^ the trait `Trace` is not implemented for `jrsonnet_interner::IStr`
[INFO] [stdout]     |
[INFO] [stdout] note: there are multiple different versions of crate `jrsonnet_gcmodule` in the dependency graph
[INFO] [stdout]    --> /opt/rustwide/cargo-home/registry/src/index.crates.io-1949cf8c6b5b557f/jrsonnet-gcmodule-0.3.10/src/trace.rs:22:1
[INFO] [stdout]     |
[INFO] [stdout]  22 | pub trait Trace: 'static {
[INFO] [stdout]     | ^^^^^^^^^^^^^^^^^^^^^^^^ this is the expected trait
[INFO] [stdout]     |
[INFO] [stdout]    ::: /opt/rustwide/cargo-home/registry/src/index.crates.io-1949cf8c6b5b557f/jrsonnet-gcmodule-0.4.6/src/trace.rs:22:1
[INFO] [stdout]     |
[INFO] [stdout]  22 | pub trait Trace: 'static {
[INFO] [stdout]     | ------------------------ this is the found trait
[INFO] [stdout]     = help: you can use `cargo tree` to explore your dependency tree
[INFO] [stdout]     = help: the following other types implement trait `Trace`:
[INFO] [stdout]               &'static str
[INFO] [stdout]               ()
[INFO] [stdout]               (A, B)
[INFO] [stdout]               (A, B, C)
[INFO] [stdout]               (A, B, C, D)
[INFO] [stdout]               (A, B, C, D, E)
[INFO] [stdout]               (A, B, C, D, E, F)
[INFO] [stdout]               (A, B, C, D, E, F, G)
[INFO] [stdout]             and 123 others
[INFO] [stdout]     = note: this error originates in the derive macro `Trace` (in Nightly builds, run with -Z macro-backtrace for more info)
[INFO] [stdout] 
[INFO] [stdout] 
[INFO] [stdout] error[E0277]: the trait bound `jrsonnet_interner::IStr: Trace` is not satisfied
[INFO] [stdout]    --> /opt/rustwide/cargo-home/registry/src/index.crates.io-1949cf8c6b5b557f/jrsonnet-parser-0.5.0-pre97/src/expr.rs:313:6
[INFO] [stdout]     |
[INFO] [stdout] 313 |     Str(IStr),
[INFO] [stdout]     |         ^^^^ the trait `Trace` is not implemented for `jrsonnet_interner::IStr`
[INFO] [stdout]     |
[INFO] [stdout] note: there are multiple different versions of crate `jrsonnet_gcmodule` in the dependency graph
[INFO] [stdout]    --> /opt/rustwide/cargo-home/registry/src/index.crates.io-1949cf8c6b5b557f/jrsonnet-gcmodule-0.3.10/src/trace.rs:22:1
[INFO] [stdout]     |
[INFO] [stdout]  22 | pub trait Trace: 'static {
[INFO] [stdout]     | ^^^^^^^^^^^^^^^^^^^^^^^^ this is the expected trait
[INFO] [stdout]     |
[INFO] [stdout]    ::: /opt/rustwide/cargo-home/registry/src/index.crates.io-1949cf8c6b5b557f/jrsonnet-gcmodule-0.4.6/src/trace.rs:22:1
[INFO] [stdout]     |
[INFO] [stdout]  22 | pub trait Trace: 'static {
[INFO] [stdout]     | ------------------------ this is the found trait
[INFO] [stdout]     = help: you can use `cargo tree` to explore your dependency tree
[INFO] [stdout]     = help: the following other types implement trait `Trace`:
[INFO] [stdout]               &'static str
[INFO] [stdout]               ()
[INFO] [stdout]               (A, B)
[INFO] [stdout]               (A, B, C)
[INFO] [stdout]               (A, B, C, D)
[INFO] [stdout]               (A, B, C, D, E)
[INFO] [stdout]               (A, B, C, D, E, F)
[INFO] [stdout]               (A, B, C, D, E, F, G)
[INFO] [stdout]             and 123 others
[INFO] [stdout] 
[INFO] [stdout] 
[INFO] [stdout] error[E0277]: the trait bound `jrsonnet_interner::IStr: Trace` is not satisfied
[INFO] [stdout]    --> /opt/rustwide/cargo-home/registry/src/index.crates.io-1949cf8c6b5b557f/jrsonnet-parser-0.5.0-pre97/src/expr.rs:317:6
[INFO] [stdout]     |
[INFO] [stdout] 317 |     Var(IStr),
[INFO] [stdout]     |         ^^^^ the trait `Trace` is not implemented for `jrsonnet_interner::IStr`
[INFO] [stdout]     |
[INFO] [stdout] note: there are multiple different versions of crate `jrsonnet_gcmodule` in the dependency graph
[INFO] [stdout]    --> /opt/rustwide/cargo-home/registry/src/index.crates.io-1949cf8c6b5b557f/jrsonnet-gcmodule-0.3.10/src/trace.rs:22:1
[INFO] [stdout]     |
[INFO] [stdout]  22 | pub trait Trace: 'static {
[INFO] [stdout]     | ^^^^^^^^^^^^^^^^^^^^^^^^ this is the expected trait
[INFO] [stdout]     |
[INFO] [stdout]    ::: /opt/rustwide/cargo-home/registry/src/index.crates.io-1949cf8c6b5b557f/jrsonnet-gcmodule-0.4.6/src/trace.rs:22:1
[INFO] [stdout]     |
[INFO] [stdout]  22 | pub trait Trace: 'static {
[INFO] [stdout]     | ------------------------ this is the found trait
[INFO] [stdout]     = help: you can use `cargo tree` to explore your dependency tree
[INFO] [stdout]     = help: the following other types implement trait `Trace`:
[INFO] [stdout]               &'static str
[INFO] [stdout]               ()
[INFO] [stdout]               (A, B)
[INFO] [stdout]               (A, B, C)
[INFO] [stdout]               (A, B, C, D)
[INFO] [stdout]               (A, B, C, D, E)
[INFO] [stdout]               (A, B, C, D, E, F)
[INFO] [stdout]               (A, B, C, D, E, F, G)
[INFO] [stdout]             and 123 others
[INFO] [stdout] 
[INFO] [stdout] 
[INFO] [stdout] error[E0277]: the trait bound `jrsonnet_interner::IStr: Trace` is not satisfied
[INFO] [stdout]    --> /opt/rustwide/cargo-home/registry/src/index.crates.io-1949cf8c6b5b557f/jrsonnet-parser-0.5.0-pre97/src/source.rs:211:10
[INFO] [stdout]     |
[INFO] [stdout] 211 | #[derive(Trace, Hash, PartialEq, Eq, Debug, Clone)]
[INFO] [stdout]     |          ^^^^^ the trait `Trace` is not implemented for `jrsonnet_interner::IStr`
[INFO] [stdout]     |
[INFO] [stdout] note: there are multiple different versions of crate `jrsonnet_gcmodule` in the dependency graph
[INFO] [stdout]    --> /opt/rustwide/cargo-home/registry/src/index.crates.io-1949cf8c6b5b557f/jrsonnet-gcmodule-0.3.10/src/trace.rs:22:1
[INFO] [stdout]     |
[INFO] [stdout]  22 | pub trait Trace: 'static {
[INFO] [stdout]     | ^^^^^^^^^^^^^^^^^^^^^^^^ this is the expected trait
[INFO] [stdout]     |
[INFO] [stdout]    ::: /opt/rustwide/cargo-home/registry/src/index.crates.io-1949cf8c6b5b557f/jrsonnet-gcmodule-0.4.6/src/trace.rs:22:1
[INFO] [stdout]     |
[INFO] [stdout]  22 | pub trait Trace: 'static {
[INFO] [stdout]     | ------------------------ this is the found trait
[INFO] [stdout]     = help: you can use `cargo tree` to explore your dependency tree
[INFO] [stdout]     = help: the following other types implement trait `Trace`:
[INFO] [stdout]               &'static str
[INFO] [stdout]               ()
[INFO] [stdout]               (A, B)
[INFO] [stdout]               (A, B, C)
[INFO] [stdout]               (A, B, C, D)
[INFO] [stdout]               (A, B, C, D, E)
[INFO] [stdout]               (A, B, C, D, E, F)
[INFO] [stdout]               (A, B, C, D, E, F, G)
[INFO] [stdout]             and 124 others
[INFO] [stdout]     = note: this error originates in the derive macro `Trace` (in Nightly builds, run with -Z macro-backtrace for more info)
[INFO] [stdout] 
[INFO] [stdout] 
[INFO] [stdout] error[E0277]: the trait bound `jrsonnet_interner::IStr: Trace` is not satisfied
[INFO] [stdout]    --> /opt/rustwide/cargo-home/registry/src/index.crates.io-1949cf8c6b5b557f/jrsonnet-parser-0.5.0-pre97/src/source.rs:212:30
[INFO] [stdout]     |
[INFO] [stdout] 212 | pub struct SourceVirtual(pub IStr);
[INFO] [stdout]     |                              ^^^^ the trait `Trace` is not implemented for `jrsonnet_interner::IStr`
[INFO] [stdout]     |
[INFO] [stdout] note: there are multiple different versions of crate `jrsonnet_gcmodule` in the dependency graph
[INFO] [stdout]    --> /opt/rustwide/cargo-home/registry/src/index.crates.io-1949cf8c6b5b557f/jrsonnet-gcmodule-0.3.10/src/trace.rs:22:1
[INFO] [stdout]     |
[INFO] [stdout]  22 | pub trait Trace: 'static {
[INFO] [stdout]     | ^^^^^^^^^^^^^^^^^^^^^^^^ this is the expected trait
[INFO] [stdout]     |
[INFO] [stdout]    ::: /opt/rustwide/cargo-home/registry/src/index.crates.io-1949cf8c6b5b557f/jrsonnet-gcmodule-0.4.6/src/trace.rs:22:1
[INFO] [stdout]     |
[INFO] [stdout]  22 | pub trait Trace: 'static {
[INFO] [stdout]     | ------------------------ this is the found trait
[INFO] [stdout]     = help: you can use `cargo tree` to explore your dependency tree
[INFO] [stdout]     = help: the following other types implement trait `Trace`:
[INFO] [stdout]               &'static str
[INFO] [stdout]               ()
[INFO] [stdout]               (A, B)
[INFO] [stdout]               (A, B, C)
[INFO] [stdout]               (A, B, C, D)
[INFO] [stdout]               (A, B, C, D, E)
[INFO] [stdout]               (A, B, C, D, E, F)
[INFO] [stdout]               (A, B, C, D, E, F, G)
[INFO] [stdout]             and 124 others
[INFO] [stdout] 
[INFO] [stdout] 
[INFO] [stdout] error[E0277]: the trait bound `IBytes: Trace` is not satisfied
[INFO] [stdout]    --> /opt/rustwide/cargo-home/registry/src/index.crates.io-1949cf8c6b5b557f/jrsonnet-parser-0.5.0-pre97/src/source.rs:234:10
[INFO] [stdout]     |
[INFO] [stdout] 234 | #[derive(Trace, Debug, Hash)]
[INFO] [stdout]     |          ^^^^^ the trait `Trace` is not implemented for `IBytes`
[INFO] [stdout]     |
[INFO] [stdout] note: there are multiple different versions of crate `jrsonnet_gcmodule` in the dependency graph
[INFO] [stdout]    --> /opt/rustwide/cargo-home/registry/src/index.crates.io-1949cf8c6b5b557f/jrsonnet-gcmodule-0.3.10/src/trace.rs:22:1
[INFO] [stdout]     |
[INFO] [stdout]  22 | pub trait Trace: 'static {
[INFO] [stdout]     | ^^^^^^^^^^^^^^^^^^^^^^^^ this is the expected trait
[INFO] [stdout]     |
[INFO] [stdout]    ::: /opt/rustwide/cargo-home/registry/src/index.crates.io-1949cf8c6b5b557f/jrsonnet-gcmodule-0.4.6/src/trace.rs:22:1
[INFO] [stdout]     |
[INFO] [stdout]  22 | pub trait Trace: 'static {
[INFO] [stdout]     | ------------------------ this is the found trait
[INFO] [stdout]     = help: you can use `cargo tree` to explore your dependency tree
[INFO] [stdout]     = help: the following other types implement trait `Trace`:
[INFO] [stdout]               &'static str
[INFO] [stdout]               ()
[INFO] [stdout]               (A, B)
[INFO] [stdout]               (A, B, C)
[INFO] [stdout]               (A, B, C, D)
[INFO] [stdout]               (A, B, C, D, E)
[INFO] [stdout]               (A, B, C, D, E, F)
[INFO] [stdout]               (A, B, C, D, E, F, G)
[INFO] [stdout]             and 124 others
[INFO] [stdout]     = note: this error originates in the derive macro `Trace` (in Nightly builds, run with -Z macro-backtrace for more info)
[INFO] [stdout] 
[INFO] [stdout] 
[INFO] [stderr]    Compiling thiserror-impl v1.0.69
[INFO] [stdout] error[E0277]: the trait bound `IBytes: Trace` is not satisfied
[INFO] [stdout]    --> /opt/rustwide/cargo-home/registry/src/index.crates.io-1949cf8c6b5b557f/jrsonnet-parser-0.5.0-pre97/src/source.rs:235:39
[INFO] [stdout]     |
[INFO] [stdout] 235 | pub struct SourceFifo(pub String, pub IBytes);
[INFO] [stdout]     |                                       ^^^^^^ the trait `Trace` is not implemented for `IBytes`
[INFO] [stdout]     |
[INFO] [stdout] note: there are multiple different versions of crate `jrsonnet_gcmodule` in the dependency graph
[INFO] [stdout]    --> /opt/rustwide/cargo-home/registry/src/index.crates.io-1949cf8c6b5b557f/jrsonnet-gcmodule-0.3.10/src/trace.rs:22:1
[INFO] [stdout]     |
[INFO] [stdout]  22 | pub trait Trace: 'static {
[INFO] [stdout]     | ^^^^^^^^^^^^^^^^^^^^^^^^ this is the expected trait
[INFO] [stdout]     |
[INFO] [stdout]    ::: /opt/rustwide/cargo-home/registry/src/index.crates.io-1949cf8c6b5b557f/jrsonnet-gcmodule-0.4.6/src/trace.rs:22:1
[INFO] [stdout]     |
[INFO] [stdout]  22 | pub trait Trace: 'static {
[INFO] [stdout]     | ------------------------ this is the found trait
[INFO] [stdout]     = help: you can use `cargo tree` to explore your dependency tree
[INFO] [stdout]     = help: the following other types implement trait `Trace`:
[INFO] [stdout]               &'static str
[INFO] [stdout]               ()
[INFO] [stdout]               (A, B)
[INFO] [stdout]               (A, B, C)
[INFO] [stdout]               (A, B, C, D)
[INFO] [stdout]               (A, B, C, D, E)
[INFO] [stdout]               (A, B, C, D, E, F)
[INFO] [stdout]               (A, B, C, D, E, F, G)
[INFO] [stdout]             and 124 others
[INFO] [stdout] 
[INFO] [stdout] 
[INFO] [stderr]    Compiling miette-derive v7.6.0
[INFO] [stderr]    Compiling thread_local v1.1.10
[INFO] [stderr]    Compiling nu-ansi-term v0.50.3
[INFO] [stdout] For more information about this error, try `rustc --explain E0277`.
[INFO] [stdout] 
[INFO] [stderr] error: could not compile `jrsonnet-parser` (lib) due to 17 previous errors
[INFO] [stderr] warning: build failed, waiting for other jobs to finish...
[INFO] running `Command { std: "docker" "inspect" "b995e8e079e9e5c9299a61ffdecdf4be7342fb302a4e95a186ced384fab64582", kill_on_drop: false }`
[INFO] running `Command { std: "docker" "rm" "-f" "b995e8e079e9e5c9299a61ffdecdf4be7342fb302a4e95a186ced384fab64582", kill_on_drop: false }`
[INFO] [stdout] b995e8e079e9e5c9299a61ffdecdf4be7342fb302a4e95a186ced384fab64582
