[INFO] fetching crate sqlrite 1.0.2...
[INFO] testing sqlrite-1.0.2 against 1.99.0-beta.8 for beta-1.100-2
[INFO] extracting crate sqlrite 1.0.2 into /workspace/builds/worker-7-tc1/source
[INFO] started tweaking crates.io crate sqlrite 1.0.2
[INFO] removed 0 missing examples
[INFO] finished tweaking crates.io crate sqlrite 1.0.2
[INFO] tweaked toml for crates.io crate sqlrite 1.0.2 written to /workspace/builds/worker-7-tc1/source/Cargo.toml
[INFO] validating manifest of crates.io crate sqlrite 1.0.2 on toolchain 1.99.0-beta.8
[INFO] running `Command { std: CARGO_HOME="/workspace/cargo-home" RUSTUP_HOME="/workspace/rustup-home" "/workspace/cargo-home/bin/cargo" "+1.99.0-beta.8" "metadata" "--manifest-path" "Cargo.toml" "--no-deps", kill_on_drop: false }`
[INFO] crate crates.io crate sqlrite 1.0.2 already has a lockfile, it will not be regenerated
[INFO] running `Command { std: CARGO_HOME="/workspace/cargo-home" RUSTUP_HOME="/workspace/rustup-home" "/workspace/cargo-home/bin/cargo" "+1.99.0-beta.8" "fetch" "--manifest-path" "Cargo.toml", kill_on_drop: false }`
[INFO] [stderr]     Updating crates.io index
[INFO] [stderr]  Downloading crates ...
[INFO] [stderr]   Downloaded sqlrite-sdk-core v1.0.2
[INFO] [stderr]   Downloaded roaring v0.10.12
[INFO] [stderr]   Downloaded env_logger v0.11.10
[INFO] [stderr]   Downloaded env_filter v1.0.1
[INFO] [stderr]   Downloaded cpu-time v1.0.0
[INFO] [stderr]   Downloaded hnsw_rs v0.3.4
[INFO] [stderr]   Downloaded mmap-rs v0.7.0
[INFO] [stderr]   Downloaded anndists v0.1.4
[INFO] [stderr]   Downloaded rusqlite v0.33.0
[INFO] [stderr]   Downloaded libsqlite3-sys v0.31.0
[INFO] running `Command { std: "docker" "create" "-v" "/var/lib/crater-agent-workspace/builds/worker-7-tc1/source:/opt/rustwide/workdir:ro,Z" "-v" "/var/lib/crater-agent-workspace/builds/worker-7-tc1/target:/opt/rustwide/target:rw,Z" "-v" "/var/lib/crater-agent-workspace/cargo-home:/opt/rustwide/cargo-home:ro,Z" "-v" "/var/lib/crater-agent-workspace/rustup-home:/opt/rustwide/rustup-home:ro,Z" "-m" "1610612736" "--network" "none" "ghcr.io/rust-lang/crates-build-env/linux@sha256:3111399a4047eeb3a02b7a90e478d715f38a8c6669b5c4b49d30a17385265909" "sleep" "infinity", kill_on_drop: false }`
[INFO] [stdout] dcb991d603d3df16ce35eb88c2ad0669231647600e69de809e2fb12dff6bf448
[INFO] running `Command { std: "docker" "start" "dcb991d603d3df16ce35eb88c2ad0669231647600e69de809e2fb12dff6bf448", kill_on_drop: false }`
[INFO] running `Command { std: "docker" "inspect" "dcb991d603d3df16ce35eb88c2ad0669231647600e69de809e2fb12dff6bf448", kill_on_drop: false }`
[INFO] running `Command { std: "docker" "exec" "-e" "SOURCE_DIR=/opt/rustwide/workdir" "-e" "CARGO_HOME=/opt/rustwide/cargo-home" "-e" "RUSTUP_HOME=/opt/rustwide/rustup-home" "-e" "CARGO_TARGET_DIR=/opt/rustwide/target" "-w" "/opt/rustwide/workdir" "--user" "0:0" "dcb991d603d3df16ce35eb88c2ad0669231647600e69de809e2fb12dff6bf448" "/opt/rustwide/cargo-home/bin/cargo" "+1.99.0-beta.8" "metadata" "--no-deps" "--format-version=1", kill_on_drop: false }`
[INFO] running `Command { std: "docker" "inspect" "dcb991d603d3df16ce35eb88c2ad0669231647600e69de809e2fb12dff6bf448", kill_on_drop: false }`
[INFO] running `Command { std: "docker" "exec" "-e" "SOURCE_DIR=/opt/rustwide/workdir" "-e" "CARGO_HOME=/opt/rustwide/cargo-home" "-e" "RUSTUP_HOME=/opt/rustwide/rustup-home" "-e" "CARGO_TARGET_DIR=/opt/rustwide/target" "-e" "CARGO_INCREMENTAL=0" "-e" "RUST_BACKTRACE=full" "-e" "RUSTFLAGS=--cap-lints=warn" "-e" "RUSTDOCFLAGS=--cap-lints=warn" "-w" "/opt/rustwide/workdir" "--user" "0:0" "dcb991d603d3df16ce35eb88c2ad0669231647600e69de809e2fb12dff6bf448" "/opt/rustwide/cargo-home/bin/cargo" "+1.99.0-beta.8" "build" "--frozen" "--message-format=json", kill_on_drop: false }`
[INFO] [stderr]    Compiling syn v2.0.117
[INFO] [stderr]    Compiling libc v0.2.183
[INFO] [stderr]    Compiling zerocopy v0.8.48
[INFO] [stderr]    Compiling either v1.15.0
[INFO] [stderr]    Compiling futures-util v0.3.32
[INFO] [stderr]    Compiling http-body v1.0.1
[INFO] [stderr]    Compiling aho-corasick v1.1.4
[INFO] [stderr]    Compiling getrandom v0.4.2
[INFO] [stderr]    Compiling rustix v1.1.4
[INFO] [stderr]    Compiling bitflags v2.11.0
[INFO] [stderr]    Compiling regex-syntax v0.8.10
[INFO] [stderr]    Compiling bytes v1.11.1
[INFO] [stderr]    Compiling fastrand v2.3.0
[INFO] [stderr]    Compiling nix v0.30.1
[INFO] [stderr]    Compiling petgraph v0.7.1
[INFO] [stderr]    Compiling num-traits v0.2.19
[INFO] [stderr]    Compiling indexmap v1.9.3
[INFO] [stderr]    Compiling libsqlite3-sys v0.31.0
[INFO] [stderr]    Compiling anstream v1.0.0
[INFO] [stderr]    Compiling itertools v0.14.0
[INFO] [stderr]    Compiling http-body-util v0.1.3
[INFO] [stderr]    Compiling jiff v0.2.23
[INFO] [stderr]    Compiling combine v4.6.7
[INFO] [stderr]    Compiling matchit v0.7.3
[INFO] [stderr]    Compiling serde_json v1.0.149
[INFO] [stderr]    Compiling hashlink v0.10.0
[INFO] [stderr]    Compiling fallible-iterator v0.3.0
[INFO] [stderr]    Compiling regex-automata v0.4.14
[INFO] [stderr]    Compiling bytemuck v1.25.0
[INFO] [stderr]    Compiling fallible-streaming-iterator v0.1.9
[INFO] [stderr]    Compiling roaring v0.10.12
[INFO] [stderr]    Compiling tempfile v3.27.0
[INFO] [stderr]    Compiling mio v1.2.0
[INFO] [stderr]    Compiling socket2 v0.6.3
[INFO] [stderr]    Compiling getrandom v0.2.17
[INFO] [stderr]    Compiling getrandom v0.3.4
[INFO] [stderr]    Compiling parking_lot_core v0.9.12
[INFO] [stderr]    Compiling num_cpus v1.17.0
[INFO] [stderr]    Compiling rand_core v0.6.4
[INFO] [stderr]    Compiling rand_core v0.9.5
[INFO] [stderr]    Compiling cpu-time v1.0.0
[INFO] [stderr]    Compiling parking_lot v0.12.5
[INFO] [stderr]    Compiling socket2 v0.5.10
[INFO] [stderr]    Compiling memmap2 v0.9.10
[INFO] [stderr]    Compiling tower v0.5.3
[INFO] [stderr]    Compiling regex v1.12.3
[INFO] [stderr]    Compiling prettyplease v0.2.37
[INFO] [stderr]    Compiling env_filter v1.0.1
[INFO] [stderr]    Compiling env_logger v0.11.10
[INFO] [stderr]    Compiling anndists v0.1.4
[INFO] [stderr]    Compiling zerocopy-derive v0.8.48
[INFO] [stderr]    Compiling tokio-macros v2.6.1
[INFO] [stderr]    Compiling prost-derive v0.13.5
[INFO] [stderr]    Compiling tracing-attributes v0.1.31
[INFO] [stderr]    Compiling serde_derive v1.0.228
[INFO] [stderr]    Compiling thiserror-impl v1.0.69
[INFO] [stderr]    Compiling thiserror-impl v2.0.18
[INFO] [stderr]    Compiling pin-project-internal v1.1.11
[INFO] [stderr]    Compiling async-trait v0.1.89
[INFO] [stderr]    Compiling enum-as-inner v0.6.1
[INFO] [stderr]    Compiling async-stream-impl v0.3.6
[INFO] [stderr]    Compiling async-stream v0.3.6
[INFO] [stderr]    Compiling axum-core v0.4.5
[INFO] [stderr]    Compiling tokio v1.50.0
[INFO] [stderr]    Compiling thiserror v1.0.69
[INFO] [stderr]    Compiling thiserror v2.0.18
[INFO] [stderr]    Compiling sysctl v0.6.0
[INFO] [stderr]    Compiling pin-project v1.1.11
[INFO] [stderr]    Compiling prost v0.13.5
[INFO] [stderr]    Compiling mmap-rs v0.7.0
[INFO] [stderr]    Compiling tracing v0.1.44
[INFO] [stderr]    Compiling prost-types v0.13.5
[INFO] [stderr]    Compiling prost-build v0.13.5
[INFO] [stderr]    Compiling serde v1.0.228
[INFO] [stderr]    Compiling tonic-build v0.12.3
[INFO] [stderr]    Compiling bincode v1.3.3
[INFO] [stderr]    Compiling axum v0.7.9
[INFO] [stderr]    Compiling sqlrite-sdk-core v1.0.2
[INFO] [stderr]    Compiling sqlrite v1.0.2 (/opt/rustwide/workdir)
[INFO] [stderr]    Compiling ppv-lite86 v0.2.21
[INFO] [stderr]    Compiling half v2.7.1
[INFO] [stderr]    Compiling tokio-util v0.7.18
[INFO] [stderr]    Compiling tokio-stream v0.1.18
[INFO] [stderr]    Compiling rand_chacha v0.3.1
[INFO] [stderr]    Compiling rand_chacha v0.9.0
[INFO] [stderr]    Compiling rusqlite v0.33.0
[INFO] [stderr]    Compiling rand v0.8.5
[INFO] [stderr]    Compiling rand v0.9.2
[INFO] [stderr]    Compiling h2 v0.4.13
[INFO] [stderr]    Compiling hnsw_rs v0.3.4
[INFO] [stderr]    Compiling tower v0.4.13
[INFO] [stderr]    Compiling hyper v1.8.1
[INFO] [stderr]    Compiling hyper-util v0.1.20
[INFO] [stderr]    Compiling hyper-timeout v0.5.2
[INFO] [stderr]    Compiling tonic v0.12.3
[INFO] [stderr] error: could not compile `sqlrite` (bin "sqlrite")
[INFO] [stderr] 
[INFO] [stderr] Caused by:
[INFO] [stderr]   process didn't exit successfully: `/opt/rustwide/rustup-home/toolchains/1.99.0-beta.8-x86_64-unknown-linux-gnu/bin/rustc --crate-name sqlrite --edition=2024 src/main.rs --error-format=json --json=diagnostic-rendered-ansi,artifacts,future-incompat --crate-type bin --emit=dep-info,link -C embed-bitcode=no -C debuginfo=2 --check-cfg 'cfg(docsrs,test)' --check-cfg 'cfg(feature, values())' -C metadata=4ec7a12083fbb07d -C extra-filename=-ed23b674ea35eb4f --out-dir /opt/rustwide/target/debug/deps -L dependency=/opt/rustwide/target/debug/deps --extern half=/opt/rustwide/target/debug/deps/libhalf-383a1d1792986bf1.rlib --extern hnsw_rs=/opt/rustwide/target/debug/deps/libhnsw_rs-fca6f5caeeab22d6.rlib --extern memmap2=/opt/rustwide/target/debug/deps/libmemmap2-63558244e1be4686.rlib --extern prost=/opt/rustwide/target/debug/deps/libprost-fb0f908b029370b8.rlib --extern rayon=/opt/rustwide/target/debug/deps/librayon-f14587bbf0e4b44d.rlib --extern roaring=/opt/rustwide/target/debug/deps/libroaring-7e6a013628244756.rlib --extern rusqlite=/opt/rustwide/target/debug/deps/librusqlite-86f3b4b75682ba9c.rlib --extern serde=/opt/rustwide/target/debug/deps/libserde-73c4154dc7eb1f10.rlib --extern serde_json=/opt/rustwide/target/debug/deps/libserde_json-508bd9f2e6d37d72.rlib --extern sqlrite=/opt/rustwide/target/debug/deps/libsqlrite-38bb15c769f21ece.rlib --extern sqlrite_sdk_core=/opt/rustwide/target/debug/deps/libsqlrite_sdk_core-8d3f8a36b6f64e44.rlib --extern thiserror=/opt/rustwide/target/debug/deps/libthiserror-02986025785daeb4.rlib --extern tokio=/opt/rustwide/target/debug/deps/libtokio-54d388f74027a72f.rlib --extern tokio_stream=/opt/rustwide/target/debug/deps/libtokio_stream-0bea4f2a6393168d.rlib --extern tonic=/opt/rustwide/target/debug/deps/libtonic-c8a65d475599036e.rlib --cap-lints=warn -L native=/opt/rustwide/target/debug/build/libsqlite3-sys-ebd250e38d7b28ae/out` (signal: 9, SIGKILL: kill)
[INFO] [stderr] warning: build failed, waiting for other jobs to finish...
[INFO] [stderr] error: could not compile `sqlrite` (bin "sqlrite-grpc-client")
[INFO] [stderr] 
[INFO] [stderr] Caused by:
[INFO] [stderr]   process didn't exit successfully: `/opt/rustwide/rustup-home/toolchains/1.99.0-beta.8-x86_64-unknown-linux-gnu/bin/rustc --crate-name sqlrite_grpc_client --edition=2024 src/bin/sqlrite-grpc-client.rs --error-format=json --json=diagnostic-rendered-ansi,artifacts,future-incompat --crate-type bin --emit=dep-info,link -C embed-bitcode=no -C debuginfo=2 --check-cfg 'cfg(docsrs,test)' --check-cfg 'cfg(feature, values())' -C metadata=b233136f577c36d7 -C extra-filename=-4a5aea7b10759bca --out-dir /opt/rustwide/target/debug/deps -L dependency=/opt/rustwide/target/debug/deps --extern half=/opt/rustwide/target/debug/deps/libhalf-383a1d1792986bf1.rlib --extern hnsw_rs=/opt/rustwide/target/debug/deps/libhnsw_rs-fca6f5caeeab22d6.rlib --extern memmap2=/opt/rustwide/target/debug/deps/libmemmap2-63558244e1be4686.rlib --extern prost=/opt/rustwide/target/debug/deps/libprost-fb0f908b029370b8.rlib --extern rayon=/opt/rustwide/target/debug/deps/librayon-f14587bbf0e4b44d.rlib --extern roaring=/opt/rustwide/target/debug/deps/libroaring-7e6a013628244756.rlib --extern rusqlite=/opt/rustwide/target/debug/deps/librusqlite-86f3b4b75682ba9c.rlib --extern serde=/opt/rustwide/target/debug/deps/libserde-73c4154dc7eb1f10.rlib --extern serde_json=/opt/rustwide/target/debug/deps/libserde_json-508bd9f2e6d37d72.rlib --extern sqlrite=/opt/rustwide/target/debug/deps/libsqlrite-38bb15c769f21ece.rlib --extern sqlrite_sdk_core=/opt/rustwide/target/debug/deps/libsqlrite_sdk_core-8d3f8a36b6f64e44.rlib --extern thiserror=/opt/rustwide/target/debug/deps/libthiserror-02986025785daeb4.rlib --extern tokio=/opt/rustwide/target/debug/deps/libtokio-54d388f74027a72f.rlib --extern tokio_stream=/opt/rustwide/target/debug/deps/libtokio_stream-0bea4f2a6393168d.rlib --extern tonic=/opt/rustwide/target/debug/deps/libtonic-c8a65d475599036e.rlib --cap-lints=warn -L native=/opt/rustwide/target/debug/build/libsqlite3-sys-ebd250e38d7b28ae/out` (signal: 9, SIGKILL: kill)
[INFO] [stdout] error: linking with `cc` failed: exit status: 1
[INFO] [stdout]   |
[INFO] [stdout]   = note:  "cc" "-m64" "/opt/rustwide/target/debug/deps/rustck2fzJu/symbols.o" "<3 object files omitted>" "-Wl,--as-needed" "-Wl,-Bstatic" "/opt/rustwide/target/debug/deps/{libsqlrite-38bb15c769f21ece,libroaring-7e6a013628244756,libbytemuck-6bf6ebae036d989e,libmemmap2-63558244e1be4686,libhnsw_rs-fca6f5caeeab22d6,libbincode-8170834f62bf4d26,libanyhow-9e4c44ac98d8e4ea,librand-4186bba100b46aea,librand_chacha-83583083eed728a8,librand_core-2b84eea7f3696fdd,libgetrandom-62d23754873c434b,libparking_lot-d9067b2d0f81513c,libparking_lot_core-5075494ad5a2ee93,liblock_api-16d46fed645f7bff,libscopeguard-7ec2214574194454,libcpu_time-94de4ecb19bc7d6d,libmmap_rs-9babe928f09be071,libsysctl-bb22c46280beddb5,libwalkdir-7cc6f300a6f0bf06,libsame_file-ff49545450c0b63c,libthiserror-780fad957a3b08cc,libbyteorder-8f59b6d1bfdaa844,libcombine-217e3000301da812,libnix-846b852221028fb4,libanndists-190113a36c5c862d,libnum_traits-8025aadba3f5277e,liblazy_static-3674be3f4245d19b,libenv_logger-652c19c2c5a4e393,libjiff-399991df1e8ac102,libanstream-d5b8336a150f3920,libanstyle_query-635080b1d6343734,libis_terminal_polyfill-3ca4268cb2568267,libcolorchoice-33c0bd1745dd5ace,libanstyle_parse-88399b635fc44f8e,libutf8parse-92d0158219063202,libenv_filter-c35722c83c3da5e8,libregex-1de3dae6a18d5817,libregex_automata-0e6434fb7d89a300,libaho_corasick-fa94425a423a79cf,libregex_syntax-ed1802775772b5d0,libanstyle-9beaeb754742faae,liblog-b262261d47bd2eba,libhalf-383a1d1792986bf1,librusqlite-86f3b4b75682ba9c,libbitflags-89a023adeebf44a1,libhashlink-f007fbd3ee912335,libhashbrown-621f4a290160b487,libfoldhash-07f233db1c671507,liballocator_api2-8d9c1e895dea53bd,liblibsqlite3_sys-b6b70b409d4d6cdd,libfallible_streaming_iterator-4b12442690f53239,libfallible_iterator-6e888fb96d72e3e0,libtonic-c8a65d475599036e,libsocket2-d20ced85f0c03014,libhyper_timeout-8e70a3d235ba858a,libasync_stream-045b0b88566e3202,libhyper_util-f43a049773b54b8a,libhyper-8efa231c8e27f479,libwant-7a6260b9c50f1479,libtry_lock-8fa2f6971035be84,libsmallvec-bc3128fdd57228fc,libhttparse-8c9b827b8f345444,libh2-d87855069e66ada6,libindexmap-f006485b143d2676,libequivalent-6a754676e6af62ae,libhashbrown-25abce2d85979e8d,libfnv-79e2cbfbe03dcd16,libpin_utils-3860774ad9b215b5,libatomic_waker-06950c8c08d2b8fa,libhttpdate-331798cefc82cc7e,libfutures_channel-94289a78f74303ed,libaxum-17c13d6f5faf8681,libpercent_encoding-fa055ecaa1e57cfa,libmatchit-616cb01453b9e7d4,libaxum_core-729e01a3773692b8,libmime-0188e0814ca7ddbf,libtower-36f5c4f44c711761,libsync_wrapper-b4537d9de714f6d1,libtower-10244a3795b011a0,libindexmap-6b78b4e29f1e99d4,libhashbrown-cae2cd0d9cc0a6cf,libtokio_util-31e3ea3c4d78c8a6,libfutures_sink-3971bde37bb30e19,libslab-0582d648e59ab406,librand-26e386d5e77281f0,librand_chacha-0e4b47c6b2eef785,libppv_lite86-045fc624388e6333,libzerocopy-37fccb2b358ae540,librand_core-9c3e2f8addd45a4f,libgetrandom-f9fab7b64b8f58a1,libcfg_if-83060ec5685761ae,libfutures_util-752a6150962dbfa8,libfutures_task-5326a9841e0a3cd0,libtower_layer-d908dd771b239ecd,libbase64-32787b0325ea6df8,libprost-fb0f908b029370b8,libpin_project-1966eda8fe48628c,libtracing-904ed6b7605081f8,libtracing_core-89b602bc4a7d7f8a,libonce_cell-b5bdc597ed9676b3,libtower_service-3fb88d28c2218805,libtokio_stream-0bea4f2a6393168d,libtokio-54d388f74027a72f,libsocket2-13d3bb5190c2b954,libmio-10d5c69cb4dd484f,liblibc-b8a79d0f534195c5,libhttp_body_util-ed5fbd1db1f6d6fc,libpin_project_lite-0a15d51c77964692,libfutures_core-1121ff913ed87f93,libhttp_body-8d8f9f8398f09fa7,libhttp-563f2cb150350555,libbytes-2ed9460101f17bbf,libsqlrite_sdk_core-8d3f8a36b6f64e44,libthiserror-02986025785daeb4,libserde_json-508bd9f2e6d37d72,libmemchr-5cfa70d22cb32987,libitoa-5de11b3b23bfe572,libzmij-ef63f1da73704b4c,librayon-f14587bbf0e4b44d,librayon_core-e986c1d1845fe6c3,libcrossbeam_deque-e71c6317821167fb,libcrossbeam_epoch-5fdcd5978a9f0010,libcrossbeam_utils-f696a08ab1e94e7a,libeither-40b894c145b6eae5,libserde-73c4154dc7eb1f10,libserde_core-2c928ee17a7447a4}.rlib" "<sysroot>/lib/rustlib/x86_64-unknown-linux-gnu/lib/{libstd-*,libpanic_unwind-*,libobject-*,libmemchr-*,libaddr2line-*,libgimli-*,libcfg_if-*,librustc_demangle-*,libstd_detect-*,libhashbrown-*,librustc_std_workspace_alloc-*,libminiz_oxide-*,libadler2-*,libunwind-*,liblibc-*,librustc_std_workspace_core-*,liballoc-*,libcore-*,libcompiler_builtins-*}.rlib" "-Wl,-Bdynamic" "-lgcc_s" "-lutil" "-lrt" "-lpthread" "-lm" "-ldl" "-lc" "-L" "/opt/rustwide/target/debug/deps/rustck2fzJu/raw-dylibs" "-B<sysroot>/lib/rustlib/x86_64-unknown-linux-gnu/bin/gcc-ld" "-fuse-ld=lld" "-Wl,--eh-frame-hdr" "-Wl,-z,noexecstack" "-L" "/opt/rustwide/target/debug/build/libsqlite3-sys-ebd250e38d7b28ae/out" "-L" "<sysroot>/lib/rustlib/x86_64-unknown-linux-gnu/lib" "-o" "/opt/rustwide/target/debug/deps/sqlrite_reindex-a215733af79271fd" "-Wl,--gc-sections" "-pie" "-Wl,-z,relro,-z,now" "-nodefaultlibs"
[INFO] [stdout]   = note: some arguments are omitted. use `--verbose` to show all linker arguments
[INFO] [stdout]   = note: collect2: fatal error: ld terminated with signal 9 [Killed]
[INFO] [stdout]           compilation terminated.
[INFO] [stdout]           
[INFO] [stdout] 
[INFO] [stdout] 
[INFO] [stderr] error: could not compile `sqlrite` (bin "sqlrite-reindex") due to 1 previous error
[INFO] [stderr] error: could not compile `sqlrite` (bin "sqlrite-security")
[INFO] [stderr] 
[INFO] [stderr] Caused by:
[INFO] [stderr]   process didn't exit successfully: `/opt/rustwide/rustup-home/toolchains/1.99.0-beta.8-x86_64-unknown-linux-gnu/bin/rustc --crate-name sqlrite_security --edition=2024 src/bin/sqlrite-security.rs --error-format=json --json=diagnostic-rendered-ansi,artifacts,future-incompat --crate-type bin --emit=dep-info,link -C embed-bitcode=no -C debuginfo=2 --check-cfg 'cfg(docsrs,test)' --check-cfg 'cfg(feature, values())' -C metadata=c7a2d257114071f1 -C extra-filename=-b41988a9fee8015b --out-dir /opt/rustwide/target/debug/deps -L dependency=/opt/rustwide/target/debug/deps --extern half=/opt/rustwide/target/debug/deps/libhalf-383a1d1792986bf1.rlib --extern hnsw_rs=/opt/rustwide/target/debug/deps/libhnsw_rs-fca6f5caeeab22d6.rlib --extern memmap2=/opt/rustwide/target/debug/deps/libmemmap2-63558244e1be4686.rlib --extern prost=/opt/rustwide/target/debug/deps/libprost-fb0f908b029370b8.rlib --extern rayon=/opt/rustwide/target/debug/deps/librayon-f14587bbf0e4b44d.rlib --extern roaring=/opt/rustwide/target/debug/deps/libroaring-7e6a013628244756.rlib --extern rusqlite=/opt/rustwide/target/debug/deps/librusqlite-86f3b4b75682ba9c.rlib --extern serde=/opt/rustwide/target/debug/deps/libserde-73c4154dc7eb1f10.rlib --extern serde_json=/opt/rustwide/target/debug/deps/libserde_json-508bd9f2e6d37d72.rlib --extern sqlrite=/opt/rustwide/target/debug/deps/libsqlrite-38bb15c769f21ece.rlib --extern sqlrite_sdk_core=/opt/rustwide/target/debug/deps/libsqlrite_sdk_core-8d3f8a36b6f64e44.rlib --extern thiserror=/opt/rustwide/target/debug/deps/libthiserror-02986025785daeb4.rlib --extern tokio=/opt/rustwide/target/debug/deps/libtokio-54d388f74027a72f.rlib --extern tokio_stream=/opt/rustwide/target/debug/deps/libtokio_stream-0bea4f2a6393168d.rlib --extern tonic=/opt/rustwide/target/debug/deps/libtonic-c8a65d475599036e.rlib --cap-lints=warn -L native=/opt/rustwide/target/debug/build/libsqlite3-sys-ebd250e38d7b28ae/out` (signal: 9, SIGKILL: kill)
[INFO] [stdout] error: linking with `cc` failed: exit status: 1
[INFO] [stdout]   |
[INFO] [stdout]   = note:  "cc" "-m64" "/opt/rustwide/target/debug/deps/rustca1ozxC/symbols.o" "<2 object files omitted>" "-Wl,--as-needed" "-Wl,-Bstatic" "/opt/rustwide/target/debug/deps/{libsqlrite-38bb15c769f21ece,libroaring-7e6a013628244756,libbytemuck-6bf6ebae036d989e,libmemmap2-63558244e1be4686,libhnsw_rs-fca6f5caeeab22d6,libbincode-8170834f62bf4d26,libanyhow-9e4c44ac98d8e4ea,librand-4186bba100b46aea,librand_chacha-83583083eed728a8,librand_core-2b84eea7f3696fdd,libgetrandom-62d23754873c434b,libparking_lot-d9067b2d0f81513c,libparking_lot_core-5075494ad5a2ee93,liblock_api-16d46fed645f7bff,libscopeguard-7ec2214574194454,libcpu_time-94de4ecb19bc7d6d,libmmap_rs-9babe928f09be071,libsysctl-bb22c46280beddb5,libwalkdir-7cc6f300a6f0bf06,libsame_file-ff49545450c0b63c,libthiserror-780fad957a3b08cc,libbyteorder-8f59b6d1bfdaa844,libcombine-217e3000301da812,libnix-846b852221028fb4,libanndists-190113a36c5c862d,libnum_traits-8025aadba3f5277e,liblazy_static-3674be3f4245d19b,libenv_logger-652c19c2c5a4e393,libjiff-399991df1e8ac102,libanstream-d5b8336a150f3920,libanstyle_query-635080b1d6343734,libis_terminal_polyfill-3ca4268cb2568267,libcolorchoice-33c0bd1745dd5ace,libanstyle_parse-88399b635fc44f8e,libutf8parse-92d0158219063202,libenv_filter-c35722c83c3da5e8,libregex-1de3dae6a18d5817,libregex_automata-0e6434fb7d89a300,libaho_corasick-fa94425a423a79cf,libregex_syntax-ed1802775772b5d0,libanstyle-9beaeb754742faae,liblog-b262261d47bd2eba,libhalf-383a1d1792986bf1,librusqlite-86f3b4b75682ba9c,libbitflags-89a023adeebf44a1,libhashlink-f007fbd3ee912335,libhashbrown-621f4a290160b487,libfoldhash-07f233db1c671507,liballocator_api2-8d9c1e895dea53bd,liblibsqlite3_sys-b6b70b409d4d6cdd,libfallible_streaming_iterator-4b12442690f53239,libfallible_iterator-6e888fb96d72e3e0,libtonic-c8a65d475599036e,libsocket2-d20ced85f0c03014,libhyper_timeout-8e70a3d235ba858a,libasync_stream-045b0b88566e3202,libhyper_util-f43a049773b54b8a,libhyper-8efa231c8e27f479,libwant-7a6260b9c50f1479,libtry_lock-8fa2f6971035be84,libsmallvec-bc3128fdd57228fc,libhttparse-8c9b827b8f345444,libh2-d87855069e66ada6,libindexmap-f006485b143d2676,libequivalent-6a754676e6af62ae,libhashbrown-25abce2d85979e8d,libfnv-79e2cbfbe03dcd16,libpin_utils-3860774ad9b215b5,libatomic_waker-06950c8c08d2b8fa,libhttpdate-331798cefc82cc7e,libfutures_channel-94289a78f74303ed,libaxum-17c13d6f5faf8681,libpercent_encoding-fa055ecaa1e57cfa,libmatchit-616cb01453b9e7d4,libaxum_core-729e01a3773692b8,libmime-0188e0814ca7ddbf,libtower-36f5c4f44c711761,libsync_wrapper-b4537d9de714f6d1,libtower-10244a3795b011a0,libindexmap-6b78b4e29f1e99d4,libhashbrown-cae2cd0d9cc0a6cf,libtokio_util-31e3ea3c4d78c8a6,libfutures_sink-3971bde37bb30e19,libslab-0582d648e59ab406,librand-26e386d5e77281f0,librand_chacha-0e4b47c6b2eef785,libppv_lite86-045fc624388e6333,libzerocopy-37fccb2b358ae540,librand_core-9c3e2f8addd45a4f,libgetrandom-f9fab7b64b8f58a1,libcfg_if-83060ec5685761ae,libfutures_util-752a6150962dbfa8,libfutures_task-5326a9841e0a3cd0,libtower_layer-d908dd771b239ecd,libbase64-32787b0325ea6df8,libprost-fb0f908b029370b8,libpin_project-1966eda8fe48628c,libtracing-904ed6b7605081f8,libtracing_core-89b602bc4a7d7f8a,libonce_cell-b5bdc597ed9676b3,libtower_service-3fb88d28c2218805,libtokio_stream-0bea4f2a6393168d,libtokio-54d388f74027a72f,libsocket2-13d3bb5190c2b954,libmio-10d5c69cb4dd484f,liblibc-b8a79d0f534195c5,libhttp_body_util-ed5fbd1db1f6d6fc,libpin_project_lite-0a15d51c77964692,libfutures_core-1121ff913ed87f93,libhttp_body-8d8f9f8398f09fa7,libhttp-563f2cb150350555,libbytes-2ed9460101f17bbf,libsqlrite_sdk_core-8d3f8a36b6f64e44,libthiserror-02986025785daeb4,libserde_json-508bd9f2e6d37d72,libmemchr-5cfa70d22cb32987,libitoa-5de11b3b23bfe572,libzmij-ef63f1da73704b4c,librayon-f14587bbf0e4b44d,librayon_core-e986c1d1845fe6c3,libcrossbeam_deque-e71c6317821167fb,libcrossbeam_epoch-5fdcd5978a9f0010,libcrossbeam_utils-f696a08ab1e94e7a,libeither-40b894c145b6eae5,libserde-73c4154dc7eb1f10,libserde_core-2c928ee17a7447a4}.rlib" "<sysroot>/lib/rustlib/x86_64-unknown-linux-gnu/lib/{libstd-*,libpanic_unwind-*,libobject-*,libmemchr-*,libaddr2line-*,libgimli-*,libcfg_if-*,librustc_demangle-*,libstd_detect-*,libhashbrown-*,librustc_std_workspace_alloc-*,libminiz_oxide-*,libadler2-*,libunwind-*,liblibc-*,librustc_std_workspace_core-*,liballoc-*,libcore-*,libcompiler_builtins-*}.rlib" "-Wl,-Bdynamic" "-lgcc_s" "-lutil" "-lrt" "-lpthread" "-lm" "-ldl" "-lc" "-L" "/opt/rustwide/target/debug/deps/rustca1ozxC/raw-dylibs" "-B<sysroot>/lib/rustlib/x86_64-unknown-linux-gnu/bin/gcc-ld" "-fuse-ld=lld" "-Wl,--eh-frame-hdr" "-Wl,-z,noexecstack" "-L" "/opt/rustwide/target/debug/build/libsqlite3-sys-ebd250e38d7b28ae/out" "-L" "<sysroot>/lib/rustlib/x86_64-unknown-linux-gnu/lib" "-o" "/opt/rustwide/target/debug/deps/sqlrite_mcp-e736191fbe19e0a9" "-Wl,--gc-sections" "-pie" "-Wl,-z,relro,-z,now" "-nodefaultlibs"
[INFO] [stdout]   = note: some arguments are omitted. use `--verbose` to show all linker arguments
[INFO] [stdout]   = note: collect2: fatal error: ld terminated with signal 9 [Killed]
[INFO] [stdout]           compilation terminated.
[INFO] [stdout]           
[INFO] [stdout] 
[INFO] [stdout] 
[INFO] [stderr] error: could not compile `sqlrite` (bin "sqlrite-mcp") due to 1 previous error
[INFO] [stdout] error: linking with `cc` failed: exit status: 1
[INFO] [stdout]   |
[INFO] [stdout]   = note:  "cc" "-m64" "/opt/rustwide/target/debug/deps/rustc8vShsu/symbols.o" "<3 object files omitted>" "-Wl,--as-needed" "-Wl,-Bstatic" "/opt/rustwide/target/debug/deps/{libsqlrite-38bb15c769f21ece,libroaring-7e6a013628244756,libbytemuck-6bf6ebae036d989e,libmemmap2-63558244e1be4686,libhnsw_rs-fca6f5caeeab22d6,libbincode-8170834f62bf4d26,libanyhow-9e4c44ac98d8e4ea,librand-4186bba100b46aea,librand_chacha-83583083eed728a8,librand_core-2b84eea7f3696fdd,libgetrandom-62d23754873c434b,libparking_lot-d9067b2d0f81513c,libparking_lot_core-5075494ad5a2ee93,liblock_api-16d46fed645f7bff,libscopeguard-7ec2214574194454,libcpu_time-94de4ecb19bc7d6d,libmmap_rs-9babe928f09be071,libsysctl-bb22c46280beddb5,libwalkdir-7cc6f300a6f0bf06,libsame_file-ff49545450c0b63c,libthiserror-780fad957a3b08cc,libbyteorder-8f59b6d1bfdaa844,libcombine-217e3000301da812,libnix-846b852221028fb4,libanndists-190113a36c5c862d,libnum_traits-8025aadba3f5277e,liblazy_static-3674be3f4245d19b,libenv_logger-652c19c2c5a4e393,libjiff-399991df1e8ac102,libanstream-d5b8336a150f3920,libanstyle_query-635080b1d6343734,libis_terminal_polyfill-3ca4268cb2568267,libcolorchoice-33c0bd1745dd5ace,libanstyle_parse-88399b635fc44f8e,libutf8parse-92d0158219063202,libenv_filter-c35722c83c3da5e8,libregex-1de3dae6a18d5817,libregex_automata-0e6434fb7d89a300,libaho_corasick-fa94425a423a79cf,libregex_syntax-ed1802775772b5d0,libanstyle-9beaeb754742faae,liblog-b262261d47bd2eba,libhalf-383a1d1792986bf1,librusqlite-86f3b4b75682ba9c,libbitflags-89a023adeebf44a1,libhashlink-f007fbd3ee912335,libhashbrown-621f4a290160b487,libfoldhash-07f233db1c671507,liballocator_api2-8d9c1e895dea53bd,liblibsqlite3_sys-b6b70b409d4d6cdd,libfallible_streaming_iterator-4b12442690f53239,libfallible_iterator-6e888fb96d72e3e0,libtonic-c8a65d475599036e,libsocket2-d20ced85f0c03014,libhyper_timeout-8e70a3d235ba858a,libasync_stream-045b0b88566e3202,libhyper_util-f43a049773b54b8a,libhyper-8efa231c8e27f479,libwant-7a6260b9c50f1479,libtry_lock-8fa2f6971035be84,libsmallvec-bc3128fdd57228fc,libhttparse-8c9b827b8f345444,libh2-d87855069e66ada6,libindexmap-f006485b143d2676,libequivalent-6a754676e6af62ae,libhashbrown-25abce2d85979e8d,libfnv-79e2cbfbe03dcd16,libpin_utils-3860774ad9b215b5,libatomic_waker-06950c8c08d2b8fa,libhttpdate-331798cefc82cc7e,libfutures_channel-94289a78f74303ed,libaxum-17c13d6f5faf8681,libpercent_encoding-fa055ecaa1e57cfa,libmatchit-616cb01453b9e7d4,libaxum_core-729e01a3773692b8,libmime-0188e0814ca7ddbf,libtower-36f5c4f44c711761,libsync_wrapper-b4537d9de714f6d1,libtower-10244a3795b011a0,libindexmap-6b78b4e29f1e99d4,libhashbrown-cae2cd0d9cc0a6cf,libtokio_util-31e3ea3c4d78c8a6,libfutures_sink-3971bde37bb30e19,libslab-0582d648e59ab406,librand-26e386d5e77281f0,librand_chacha-0e4b47c6b2eef785,libppv_lite86-045fc624388e6333,libzerocopy-37fccb2b358ae540,librand_core-9c3e2f8addd45a4f,libgetrandom-f9fab7b64b8f58a1,libcfg_if-83060ec5685761ae,libfutures_util-752a6150962dbfa8,libfutures_task-5326a9841e0a3cd0,libtower_layer-d908dd771b239ecd,libbase64-32787b0325ea6df8,libprost-fb0f908b029370b8,libpin_project-1966eda8fe48628c,libtracing-904ed6b7605081f8,libtracing_core-89b602bc4a7d7f8a,libonce_cell-b5bdc597ed9676b3,libtower_service-3fb88d28c2218805,libtokio_stream-0bea4f2a6393168d,libtokio-54d388f74027a72f,libsocket2-13d3bb5190c2b954,libmio-10d5c69cb4dd484f,liblibc-b8a79d0f534195c5,libhttp_body_util-ed5fbd1db1f6d6fc,libpin_project_lite-0a15d51c77964692,libfutures_core-1121ff913ed87f93,libhttp_body-8d8f9f8398f09fa7,libhttp-563f2cb150350555,libbytes-2ed9460101f17bbf,libsqlrite_sdk_core-8d3f8a36b6f64e44,libthiserror-02986025785daeb4,libserde_json-508bd9f2e6d37d72,libmemchr-5cfa70d22cb32987,libitoa-5de11b3b23bfe572,libzmij-ef63f1da73704b4c,librayon-f14587bbf0e4b44d,librayon_core-e986c1d1845fe6c3,libcrossbeam_deque-e71c6317821167fb,libcrossbeam_epoch-5fdcd5978a9f0010,libcrossbeam_utils-f696a08ab1e94e7a,libeither-40b894c145b6eae5,libserde-73c4154dc7eb1f10,libserde_core-2c928ee17a7447a4}.rlib" "<sysroot>/lib/rustlib/x86_64-unknown-linux-gnu/lib/{libstd-*,libpanic_unwind-*,libobject-*,libmemchr-*,libaddr2line-*,libgimli-*,libcfg_if-*,librustc_demangle-*,libstd_detect-*,libhashbrown-*,librustc_std_workspace_alloc-*,libminiz_oxide-*,libadler2-*,libunwind-*,liblibc-*,librustc_std_workspace_core-*,liballoc-*,libcore-*,libcompiler_builtins-*}.rlib" "-Wl,-Bdynamic" "-lgcc_s" "-lutil" "-lrt" "-lpthread" "-lm" "-ldl" "-lc" "-L" "/opt/rustwide/target/debug/deps/rustc8vShsu/raw-dylibs" "-B<sysroot>/lib/rustlib/x86_64-unknown-linux-gnu/bin/gcc-ld" "-fuse-ld=lld" "-Wl,--eh-frame-hdr" "-Wl,-z,noexecstack" "-L" "/opt/rustwide/target/debug/build/libsqlite3-sys-ebd250e38d7b28ae/out" "-L" "<sysroot>/lib/rustlib/x86_64-unknown-linux-gnu/lib" "-o" "/opt/rustwide/target/debug/deps/sqlrite_bench_assert-acbebc4cec3eb741" "-Wl,--gc-sections" "-pie" "-Wl,-z,relro,-z,now" "-nodefaultlibs"
[INFO] [stdout]   = note: some arguments are omitted. use `--verbose` to show all linker arguments
[INFO] [stdout]   = note: collect2: fatal error: ld terminated with signal 9 [Killed]
[INFO] [stdout]           compilation terminated.
[INFO] [stdout]           
[INFO] [stdout] 
[INFO] [stdout] 
[INFO] [stderr] error: could not compile `sqlrite` (bin "sqlrite-bench-assert") due to 1 previous error
[INFO] [stdout] error: linking with `cc` failed: exit status: 1
[INFO] [stdout]   |
[INFO] [stdout]   = note:  "cc" "-m64" "/opt/rustwide/target/debug/deps/rustcNqIi12/symbols.o" "<2 object files omitted>" "-Wl,--as-needed" "-Wl,-Bstatic" "/opt/rustwide/target/debug/deps/{libsqlrite-38bb15c769f21ece,libroaring-7e6a013628244756,libbytemuck-6bf6ebae036d989e,libmemmap2-63558244e1be4686,libhnsw_rs-fca6f5caeeab22d6,libbincode-8170834f62bf4d26,libanyhow-9e4c44ac98d8e4ea,librand-4186bba100b46aea,librand_chacha-83583083eed728a8,librand_core-2b84eea7f3696fdd,libgetrandom-62d23754873c434b,libparking_lot-d9067b2d0f81513c,libparking_lot_core-5075494ad5a2ee93,liblock_api-16d46fed645f7bff,libscopeguard-7ec2214574194454,libcpu_time-94de4ecb19bc7d6d,libmmap_rs-9babe928f09be071,libsysctl-bb22c46280beddb5,libwalkdir-7cc6f300a6f0bf06,libsame_file-ff49545450c0b63c,libthiserror-780fad957a3b08cc,libbyteorder-8f59b6d1bfdaa844,libcombine-217e3000301da812,libnix-846b852221028fb4,libanndists-190113a36c5c862d,libnum_traits-8025aadba3f5277e,liblazy_static-3674be3f4245d19b,libenv_logger-652c19c2c5a4e393,libjiff-399991df1e8ac102,libanstream-d5b8336a150f3920,libanstyle_query-635080b1d6343734,libis_terminal_polyfill-3ca4268cb2568267,libcolorchoice-33c0bd1745dd5ace,libanstyle_parse-88399b635fc44f8e,libutf8parse-92d0158219063202,libenv_filter-c35722c83c3da5e8,libregex-1de3dae6a18d5817,libregex_automata-0e6434fb7d89a300,libaho_corasick-fa94425a423a79cf,libregex_syntax-ed1802775772b5d0,libanstyle-9beaeb754742faae,liblog-b262261d47bd2eba,libhalf-383a1d1792986bf1,librusqlite-86f3b4b75682ba9c,libbitflags-89a023adeebf44a1,libhashlink-f007fbd3ee912335,libhashbrown-621f4a290160b487,libfoldhash-07f233db1c671507,liballocator_api2-8d9c1e895dea53bd,liblibsqlite3_sys-b6b70b409d4d6cdd,libfallible_streaming_iterator-4b12442690f53239,libfallible_iterator-6e888fb96d72e3e0,libtonic-c8a65d475599036e,libsocket2-d20ced85f0c03014,libhyper_timeout-8e70a3d235ba858a,libasync_stream-045b0b88566e3202,libhyper_util-f43a049773b54b8a,libhyper-8efa231c8e27f479,libwant-7a6260b9c50f1479,libtry_lock-8fa2f6971035be84,libsmallvec-bc3128fdd57228fc,libhttparse-8c9b827b8f345444,libh2-d87855069e66ada6,libindexmap-f006485b143d2676,libequivalent-6a754676e6af62ae,libhashbrown-25abce2d85979e8d,libfnv-79e2cbfbe03dcd16,libpin_utils-3860774ad9b215b5,libatomic_waker-06950c8c08d2b8fa,libhttpdate-331798cefc82cc7e,libfutures_channel-94289a78f74303ed,libaxum-17c13d6f5faf8681,libpercent_encoding-fa055ecaa1e57cfa,libmatchit-616cb01453b9e7d4,libaxum_core-729e01a3773692b8,libmime-0188e0814ca7ddbf,libtower-36f5c4f44c711761,libsync_wrapper-b4537d9de714f6d1,libtower-10244a3795b011a0,libindexmap-6b78b4e29f1e99d4,libhashbrown-cae2cd0d9cc0a6cf,libtokio_util-31e3ea3c4d78c8a6,libfutures_sink-3971bde37bb30e19,libslab-0582d648e59ab406,librand-26e386d5e77281f0,librand_chacha-0e4b47c6b2eef785,libppv_lite86-045fc624388e6333,libzerocopy-37fccb2b358ae540,librand_core-9c3e2f8addd45a4f,libgetrandom-f9fab7b64b8f58a1,libcfg_if-83060ec5685761ae,libfutures_util-752a6150962dbfa8,libfutures_task-5326a9841e0a3cd0,libtower_layer-d908dd771b239ecd,libbase64-32787b0325ea6df8,libprost-fb0f908b029370b8,libpin_project-1966eda8fe48628c,libtracing-904ed6b7605081f8,libtracing_core-89b602bc4a7d7f8a,libonce_cell-b5bdc597ed9676b3,libtower_service-3fb88d28c2218805,libtokio_stream-0bea4f2a6393168d,libtokio-54d388f74027a72f,libsocket2-13d3bb5190c2b954,libmio-10d5c69cb4dd484f,liblibc-b8a79d0f534195c5,libhttp_body_util-ed5fbd1db1f6d6fc,libpin_project_lite-0a15d51c77964692,libfutures_core-1121ff913ed87f93,libhttp_body-8d8f9f8398f09fa7,libhttp-563f2cb150350555,libbytes-2ed9460101f17bbf,libsqlrite_sdk_core-8d3f8a36b6f64e44,libthiserror-02986025785daeb4,libserde_json-508bd9f2e6d37d72,libmemchr-5cfa70d22cb32987,libitoa-5de11b3b23bfe572,libzmij-ef63f1da73704b4c,librayon-f14587bbf0e4b44d,librayon_core-e986c1d1845fe6c3,libcrossbeam_deque-e71c6317821167fb,libcrossbeam_epoch-5fdcd5978a9f0010,libcrossbeam_utils-f696a08ab1e94e7a,libeither-40b894c145b6eae5,libserde-73c4154dc7eb1f10,libserde_core-2c928ee17a7447a4}.rlib" "<sysroot>/lib/rustlib/x86_64-unknown-linux-gnu/lib/{libstd-*,libpanic_unwind-*,libobject-*,libmemchr-*,libaddr2line-*,libgimli-*,libcfg_if-*,librustc_demangle-*,libstd_detect-*,libhashbrown-*,librustc_std_workspace_alloc-*,libminiz_oxide-*,libadler2-*,libunwind-*,liblibc-*,librustc_std_workspace_core-*,liballoc-*,libcore-*,libcompiler_builtins-*}.rlib" "-Wl,-Bdynamic" "-lgcc_s" "-lutil" "-lrt" "-lpthread" "-lm" "-ldl" "-lc" "-L" "/opt/rustwide/target/debug/deps/rustcNqIi12/raw-dylibs" "-B<sysroot>/lib/rustlib/x86_64-unknown-linux-gnu/bin/gcc-ld" "-fuse-ld=lld" "-Wl,--eh-frame-hdr" "-Wl,-z,noexecstack" "-L" "/opt/rustwide/target/debug/build/libsqlite3-sys-ebd250e38d7b28ae/out" "-L" "<sysroot>/lib/rustlib/x86_64-unknown-linux-gnu/lib" "-o" "/opt/rustwide/target/debug/deps/sqlrite_grpc-e5e99e2170a1b292" "-Wl,--gc-sections" "-pie" "-Wl,-z,relro,-z,now" "-nodefaultlibs"
[INFO] [stdout]   = note: some arguments are omitted. use `--verbose` to show all linker arguments
[INFO] [stdout]   = note: collect2: fatal error: ld terminated with signal 9 [Killed]
[INFO] [stdout]           compilation terminated.
[INFO] [stdout]           
[INFO] [stdout] 
[INFO] [stdout] 
[INFO] [stderr] error: could not compile `sqlrite` (bin "sqlrite-grpc") due to 1 previous error
[ERROR] error running command: no output for 300 seconds
[INFO] running `Command { std: "docker" "inspect" "dcb991d603d3df16ce35eb88c2ad0669231647600e69de809e2fb12dff6bf448", kill_on_drop: false }`
[INFO] running `Command { std: "docker" "rm" "-f" "dcb991d603d3df16ce35eb88c2ad0669231647600e69de809e2fb12dff6bf448", kill_on_drop: false }`
[INFO] [stdout] dcb991d603d3df16ce35eb88c2ad0669231647600e69de809e2fb12dff6bf448
