[INFO] fetching crate spring-lsp 0.1.0...
[INFO] testing spring-lsp-0.1.0 against 1.99.0-beta.8 for beta-1.100-2
[INFO] extracting crate spring-lsp 0.1.0 into /workspace/builds/worker-6-tc1/source
[INFO] started tweaking crates.io crate spring-lsp 0.1.0
[INFO] removed 0 missing examples
[INFO] removed 0 missing tests
[INFO] finished tweaking crates.io crate spring-lsp 0.1.0
[INFO] tweaked toml for crates.io crate spring-lsp 0.1.0 written to /workspace/builds/worker-6-tc1/source/Cargo.toml
[INFO] validating manifest of crates.io crate spring-lsp 0.1.0 on toolchain 1.99.0-beta.8
[INFO] running `Command { std: CARGO_HOME="/workspace/cargo-home" RUSTUP_HOME="/workspace/rustup-home" "/workspace/cargo-home/bin/cargo" "+1.99.0-beta.8" "metadata" "--manifest-path" "Cargo.toml" "--no-deps", kill_on_drop: false }`
[INFO] crate crates.io crate spring-lsp 0.1.0 already has a lockfile, it will not be regenerated
[INFO] running `Command { std: CARGO_HOME="/workspace/cargo-home" RUSTUP_HOME="/workspace/rustup-home" "/workspace/cargo-home/bin/cargo" "+1.99.0-beta.8" "fetch" "--manifest-path" "Cargo.toml", kill_on_drop: false }`
[INFO] [stderr]     Updating crates.io index
[INFO] [stderr]  Downloading crates ...
[INFO] [stderr]   Downloaded idna_adapter v1.2.1
[INFO] [stderr]   Downloaded tracing-serde v0.2.0
[INFO] [stderr]   Downloaded quote v1.0.44
[INFO] [stderr]   Downloaded zerofrom-derive v0.1.6
[INFO] [stderr]   Downloaded itoa v1.0.17
[INFO] [stderr]   Downloaded icu_properties v2.1.2
[INFO] [stderr]   Downloaded zmij v1.0.18
[INFO] [stderr]   Downloaded matchers v0.2.0
[INFO] [stderr]   Downloaded signal-hook-registry v1.4.8
[INFO] [stderr]   Downloaded num-conv v0.2.0
[INFO] [stderr]   Downloaded globset v0.4.18
[INFO] [stderr]   Downloaded futures-sink v0.3.31
[INFO] [stderr]   Downloaded wait-timeout v0.2.1
[INFO] [stderr]   Downloaded dirs v5.0.1
[INFO] [stderr]   Downloaded zerovec-derive v0.11.2
[INFO] [stderr]   Downloaded time-core v0.1.8
[INFO] [stderr]   Downloaded countme v3.0.1
[INFO] [stderr]   Downloaded unarray v0.1.4
[INFO] [stderr]   Downloaded rand_xorshift v0.4.0
[INFO] [stderr]   Downloaded yoke-derive v0.8.1
[INFO] [stderr]   Downloaded fastrand v2.3.0
[INFO] [stderr]   Downloaded logos v0.12.1
[INFO] [stderr]   Downloaded beef v0.5.2
[INFO] [stderr]   Downloaded wasm-bindgen-shared v0.2.108
[INFO] [stderr]   Downloaded potential_utf v0.1.4
[INFO] [stderr]   Downloaded nu-ansi-term v0.50.3
[INFO] [stderr]   Downloaded text-size v1.1.1
[INFO] [stderr]   Downloaded logos-derive v0.12.1
[INFO] [stderr]   Downloaded wasm-bindgen-macro v0.2.108
[INFO] [stderr]   Downloaded futures-task v0.3.31
[INFO] [stderr]   Downloaded yoke v0.8.1
[INFO] [stderr]   Downloaded futures-core v0.3.31
[INFO] [stderr]   Downloaded crossbeam-utils v0.8.21
[INFO] [stderr]   Downloaded zerofrom v0.1.6
[INFO] [stderr]   Downloaded windows-targets v0.53.5
[INFO] [stderr]   Downloaded either v1.15.0
[INFO] [stderr]   Downloaded ipnet v2.11.0
[INFO] [stderr]   Downloaded rand_chacha v0.9.0
[INFO] [stderr]   Downloaded thread_local v1.1.9
[INFO] [stderr]   Downloaded tokio-macros v2.6.0
[INFO] [stderr]   Downloaded bitflags v2.10.0
[INFO] [stderr]   Downloaded time-macros v0.2.26
[INFO] [stderr]   Downloaded rustversion v1.0.22
[INFO] [stderr]   Downloaded futures-channel v0.3.31
[INFO] [stderr]   Downloaded rusty-fork v0.3.1
[INFO] [stderr]   Downloaded rand_core v0.9.5
[INFO] [stderr]   Downloaded bit-vec v0.8.0
[INFO] [stderr]   Downloaded serde_repr v0.1.20
[INFO] [stderr]   Downloaded lsp-server v0.7.9
[INFO] [stderr]   Downloaded icu_provider v2.1.1
[INFO] [stderr]   Downloaded writeable v0.6.2
[INFO] [stderr]   Downloaded tinystr v0.8.2
[INFO] [stderr]   Downloaded litemap v0.8.1
[INFO] [stderr]   Downloaded valuable v0.1.1
[INFO] [stderr]   Downloaded pin-project-lite v0.2.16
[INFO] [stderr]   Downloaded bytes v1.11.0
[INFO] [stderr]   Downloaded tempfile v3.24.0
[INFO] [stderr]   Downloaded deranged v0.5.5
[INFO] [stderr]   Downloaded rowan v0.15.17
[INFO] [stderr]   Downloaded wasm-bindgen v0.2.108
[INFO] [stderr]   Downloaded wasm-bindgen-futures v0.4.58
[INFO] [stderr]   Downloaded bit-set v0.8.0
[INFO] [stderr]   Downloaded dirs-sys v0.4.1
[INFO] [stderr]   Downloaded redox_users v0.4.6
[INFO] [stderr]   Downloaded libredox v0.1.12
[INFO] [stderr]   Downloaded option-ext v0.2.0
[INFO] [stderr]   Downloaded zerovec v0.11.5
[INFO] [stderr]   Downloaded once_cell v1.21.3
[INFO] [stderr]   Downloaded socket2 v0.6.2
[INFO] [stderr]   Downloaded taplo v0.13.2
[INFO] [stderr]   Downloaded arc-swap v1.8.0
[INFO] [stderr]   Downloaded wasm-bindgen-macro-support v0.2.108
[INFO] [stderr]   Downloaded js-sys v0.3.85
[INFO] [stderr]   Downloaded ryu v1.0.22
[INFO] [stderr]   Downloaded dashmap v5.5.3
[INFO] [stderr]   Downloaded zerotrie v0.2.3
[INFO] [stderr]   Downloaded icu_locale_core v2.1.1
[INFO] [stderr]   Downloaded icu_normalizer v2.1.1
[INFO] [stderr]   Downloaded icu_normalizer_data v2.1.1
[INFO] [stderr]   Downloaded indexmap v2.13.0
[INFO] [stderr]   Downloaded bumpalo v3.19.1
[INFO] [stderr]   Downloaded yansi v1.0.1
[INFO] [stderr]   Downloaded diff v0.1.13
[INFO] [stderr]   Downloaded anyhow v1.0.100
[INFO] [stderr]   Downloaded icu_collections v2.1.1
[INFO] [stderr]   Downloaded mio v1.1.1
[INFO] [stderr]   Downloaded wasip2 v1.0.2+wasi-0.2.9
[INFO] [stderr]   Downloaded zerocopy-derive v0.8.37
[INFO] [stderr]   Downloaded cc v1.2.55
[INFO] [stderr]   Downloaded rand v0.9.2
[INFO] [stderr]   Downloaded lsp-types v0.95.1
[INFO] [stderr]   Downloaded crossbeam-channel v0.5.15
[INFO] [stderr]   Downloaded pretty_assertions v1.4.1
[INFO] [stderr]   Downloaded futures-util v0.3.31
[INFO] [stderr]   Downloaded icu_properties_data v2.1.2
[INFO] [stderr]   Downloaded regex v1.12.2
[INFO] [stderr]   Downloaded winnow v0.7.14
[INFO] [stderr]   Downloaded proptest v1.9.0
[INFO] [stderr]   Downloaded time v0.3.46
[INFO] [stderr]   Downloaded tracing-subscriber v0.3.22
[INFO] [stderr]   Downloaded syn v2.0.114
[INFO] [stderr]   Downloaded zerocopy v0.8.37
[INFO] [stderr]   Downloaded regex-syntax v0.8.8
[INFO] [stderr]   Downloaded bstr v1.12.1
[INFO] [stderr]   Downloaded rustix v1.1.3
[INFO] [stderr]   Downloaded regex-automata v0.4.13
[INFO] [stderr]   Downloaded web-sys v0.3.85
[INFO] [stderr]   Downloaded windows_aarch64_gnullvm v0.53.1
[INFO] [stderr]   Downloaded libc v0.2.180
[INFO] [stderr]   Downloaded windows_x86_64_gnullvm v0.53.1
[INFO] [stderr]   Downloaded windows_i686_gnullvm v0.53.1
[INFO] [stderr]   Downloaded windows_aarch64_msvc v0.53.1
[INFO] [stderr]   Downloaded windows_x86_64_msvc v0.53.1
[INFO] [stderr]   Downloaded tokio v1.49.0
[INFO] [stderr]   Downloaded windows_x86_64_gnu v0.53.1
[INFO] [stderr]   Downloaded windows_i686_msvc v0.53.1
[INFO] [stderr]   Downloaded windows_i686_gnu v0.53.1
[INFO] [stderr]   Downloaded windows-sys v0.60.2
[INFO] [stderr]   Downloaded linux-raw-sys v0.11.0
[INFO] running `Command { std: "docker" "create" "-v" "/var/lib/crater-agent-workspace/builds/worker-6-tc1/source:/opt/rustwide/workdir:ro,Z" "-v" "/var/lib/crater-agent-workspace/builds/worker-6-tc1/target:/opt/rustwide/target:rw,Z" "-v" "/var/lib/crater-agent-workspace/cargo-home:/opt/rustwide/cargo-home:ro,Z" "-v" "/var/lib/crater-agent-workspace/rustup-home:/opt/rustwide/rustup-home:ro,Z" "-m" "1610612736" "--network" "none" "ghcr.io/rust-lang/crates-build-env/linux@sha256:3111399a4047eeb3a02b7a90e478d715f38a8c6669b5c4b49d30a17385265909" "sleep" "infinity", kill_on_drop: false }`
[INFO] [stdout] d2a6997cb2385cc61c4ad58f135c5069c4dfb0ef918db3d1c2e272d013ba58ff
[INFO] running `Command { std: "docker" "start" "d2a6997cb2385cc61c4ad58f135c5069c4dfb0ef918db3d1c2e272d013ba58ff", kill_on_drop: false }`
[INFO] running `Command { std: "docker" "inspect" "d2a6997cb2385cc61c4ad58f135c5069c4dfb0ef918db3d1c2e272d013ba58ff", kill_on_drop: false }`
[INFO] running `Command { std: "docker" "exec" "-e" "SOURCE_DIR=/opt/rustwide/workdir" "-e" "CARGO_HOME=/opt/rustwide/cargo-home" "-e" "RUSTUP_HOME=/opt/rustwide/rustup-home" "-e" "CARGO_TARGET_DIR=/opt/rustwide/target" "-w" "/opt/rustwide/workdir" "--user" "0:0" "d2a6997cb2385cc61c4ad58f135c5069c4dfb0ef918db3d1c2e272d013ba58ff" "/opt/rustwide/cargo-home/bin/cargo" "+1.99.0-beta.8" "metadata" "--no-deps" "--format-version=1", kill_on_drop: false }`
[INFO] running `Command { std: "docker" "inspect" "d2a6997cb2385cc61c4ad58f135c5069c4dfb0ef918db3d1c2e272d013ba58ff", kill_on_drop: false }`
[INFO] running `Command { std: "docker" "exec" "-e" "SOURCE_DIR=/opt/rustwide/workdir" "-e" "CARGO_HOME=/opt/rustwide/cargo-home" "-e" "RUSTUP_HOME=/opt/rustwide/rustup-home" "-e" "CARGO_TARGET_DIR=/opt/rustwide/target" "-e" "CARGO_INCREMENTAL=0" "-e" "RUST_BACKTRACE=full" "-e" "RUSTFLAGS=--cap-lints=warn" "-e" "RUSTDOCFLAGS=--cap-lints=warn" "-w" "/opt/rustwide/workdir" "--user" "0:0" "d2a6997cb2385cc61c4ad58f135c5069c4dfb0ef918db3d1c2e272d013ba58ff" "/opt/rustwide/cargo-home/bin/cargo" "+1.99.0-beta.8" "build" "--frozen" "--message-format=json", kill_on_drop: false }`
[INFO] [stderr]    Compiling unicode-ident v1.0.22
[INFO] [stderr]    Compiling quote v1.0.44
[INFO] [stderr]    Compiling libc v0.2.180
[INFO] [stderr]    Compiling smallvec v1.15.1
[INFO] [stderr]    Compiling stable_deref_trait v1.2.1
[INFO] [stderr]    Compiling itoa v1.0.17
[INFO] [stderr]    Compiling pin-project-lite v0.2.16
[INFO] [stderr]    Compiling memchr v2.7.6
[INFO] [stderr]    Compiling once_cell v1.21.3
[INFO] [stderr]    Compiling shlex v1.3.0
[INFO] [stderr]    Compiling find-msvc-tools v0.1.9
[INFO] [stderr]    Compiling bytes v1.11.0
[INFO] [stderr]    Compiling log v0.4.29
[INFO] [stderr]    Compiling writeable v0.6.2
[INFO] [stderr]    Compiling litemap v0.8.1
[INFO] [stderr]    Compiling icu_normalizer_data v2.1.1
[INFO] [stderr]    Compiling zmij v1.0.18
[INFO] [stderr]    Compiling proc-macro2 v1.0.106
[INFO] [stderr]    Compiling icu_properties_data v2.1.2
[INFO] [stderr]    Compiling hashbrown v0.16.1
[INFO] [stderr]    Compiling equivalent v1.0.2
[INFO] [stderr]    Compiling untrusted v0.9.0
[INFO] [stderr]    Compiling tracing-core v0.1.36
[INFO] [stderr]    Compiling serde_json v1.0.149
[INFO] [stderr]    Compiling cc v1.2.55
[INFO] [stderr]    Compiling futures-core v0.3.31
[INFO] [stderr]    Compiling regex-syntax v0.8.8
[INFO] [stderr]    Compiling rustls v0.21.12
[INFO] [stderr]    Compiling futures-task v0.3.31
[INFO] [stderr]    Compiling httparse v1.10.1
[INFO] [stderr]    Compiling percent-encoding v2.3.2
[INFO] [stderr]    Compiling syn v1.0.109
[INFO] [stderr]    Compiling autocfg v1.5.0
[INFO] [stderr]    Compiling futures-sink v0.3.31
[INFO] [stderr]    Compiling pin-utils v0.1.0
[INFO] [stderr]    Compiling futures-util v0.3.31
[INFO] [stderr]    Compiling try-lock v0.2.5
[INFO] [stderr]    Compiling aho-corasick v1.1.4
[INFO] [stderr]    Compiling http v0.2.12
[INFO] [stderr]    Compiling form_urlencoded v1.2.2
[INFO] [stderr]    Compiling rustversion v1.0.22
[INFO] [stderr]    Compiling crossbeam-utils v0.8.21
[INFO] [stderr]    Compiling zerocopy v0.8.37
[INFO] [stderr]    Compiling indexmap v2.13.0
[INFO] [stderr]    Compiling slab v0.4.12
[INFO] [stderr]    Compiling memoffset v0.9.1
[INFO] [stderr]    Compiling getrandom v0.3.4
[INFO] [stderr]    Compiling utf8_iter v1.0.4
[INFO] [stderr]    Compiling ahash v0.8.12
[INFO] [stderr]    Compiling want v0.3.1
[INFO] [stderr]    Compiling futures-channel v0.3.31
[INFO] [stderr]    Compiling regex-syntax v0.6.29
[INFO] [stderr]    Compiling syn v2.0.114
[INFO] [stderr]    Compiling powerfmt v0.2.0
[INFO] [stderr]    Compiling num-conv v0.2.0
[INFO] [stderr]    Compiling http-body v0.4.6
[INFO] [stderr]    Compiling hashbrown v0.14.5
[INFO] [stderr]    Compiling httpdate v1.0.3
[INFO] [stderr]    Compiling time-core v0.1.8
[INFO] [stderr]    Compiling tower-service v0.3.3
[INFO] [stderr]    Compiling beef v0.5.2
[INFO] [stderr]    Compiling deranged v0.5.5
[INFO] [stderr]    Compiling time-macros v0.2.26
[INFO] [stderr]    Compiling bstr v1.12.1
[INFO] [stderr]    Compiling ring v0.17.14
[INFO] [stderr]    Compiling base64 v0.21.7
[INFO] [stderr]    Compiling parking_lot_core v0.9.12
[INFO] [stderr]    Compiling errno v0.3.14
[INFO] [stderr]    Compiling socket2 v0.6.2
[INFO] [stderr]    Compiling mio v1.1.1
[INFO] [stderr]    Compiling signal-hook-registry v1.4.8
[INFO] [stderr]    Compiling getrandom v0.2.17
[INFO] [stderr]    Compiling parking_lot v0.12.5
[INFO] [stderr]    Compiling regex-automata v0.4.13
[INFO] [stderr]    Compiling socket2 v0.5.10
[INFO] [stderr]    Compiling anyhow v1.0.100
[INFO] [stderr]    Compiling option-ext v0.2.0
[INFO] [stderr]    Compiling toml_write v0.1.2
[INFO] [stderr]    Compiling countme v3.0.1
[INFO] [stderr]    Compiling lazy_static v1.5.0
[INFO] [stderr]    Compiling winnow v0.7.14
[INFO] [stderr]    Compiling either v1.15.0
[INFO] [stderr]    Compiling ryu v1.0.22
[INFO] [stderr]    Compiling text-size v1.1.1
[INFO] [stderr]    Compiling rustc-hash v1.1.0
[INFO] [stderr]    Compiling sharded-slab v0.1.7
[INFO] [stderr]    Compiling rowan v0.15.17
[INFO] [stderr]    Compiling dirs-sys v0.4.1
[INFO] [stderr]    Compiling time v0.3.46
[INFO] [stderr]    Compiling itertools v0.10.5
[INFO] [stderr]    Compiling rustls-pemfile v1.0.4
[INFO] [stderr]    Compiling arc-swap v1.8.0
[INFO] [stderr]    Compiling crossbeam-channel v0.5.15
[INFO] [stderr]    Compiling tracing-log v0.2.0
[INFO] [stderr]    Compiling thread_local v1.1.9
[INFO] [stderr]    Compiling encoding_rs v0.8.35
[INFO] [stderr]    Compiling mime v0.3.17
[INFO] [stderr]    Compiling webpki-roots v0.25.4
[INFO] [stderr]    Compiling sync_wrapper v0.1.2
[INFO] [stderr]    Compiling bitflags v1.3.2
[INFO] [stderr]    Compiling ipnet v2.11.0
[INFO] [stderr]    Compiling nu-ansi-term v0.50.3
[INFO] [stderr]    Compiling dirs v5.0.1
[INFO] [stderr]    Compiling dashmap v5.5.3
[INFO] [stderr]    Compiling atty v0.2.14
[INFO] [stderr]    Compiling logos-derive v0.12.1
[INFO] [stderr]    Compiling synstructure v0.13.2
[INFO] [stderr]    Compiling logos v0.12.1
[INFO] [stderr]    Compiling zerofrom-derive v0.1.6
[INFO] [stderr]    Compiling yoke-derive v0.8.1
[INFO] [stderr]    Compiling serde_derive v1.0.228
[INFO] [stderr]    Compiling zerovec-derive v0.11.2
[INFO] [stderr]    Compiling displaydoc v0.2.5
[INFO] [stderr]    Compiling tracing-attributes v0.1.31
[INFO] [stderr]    Compiling tokio-macros v2.6.0
[INFO] [stderr]    Compiling thiserror-impl v1.0.69
[INFO] [stderr]    Compiling serde_repr v0.1.20
[INFO] [stderr]    Compiling globset v0.4.18
[INFO] [stderr]    Compiling tokio v1.49.0
[INFO] [stderr]    Compiling matchers v0.2.0
[INFO] [stderr]    Compiling regex v1.12.2
[INFO] [stderr]    Compiling rustls-webpki v0.101.7
[INFO] [stderr]    Compiling zerofrom v0.1.6
[INFO] [stderr]    Compiling sct v0.7.1
[INFO] [stderr]    Compiling thiserror v1.0.69
[INFO] [stderr]    Compiling yoke v0.8.1
[INFO] [stderr]    Compiling zerotrie v0.2.3
[INFO] [stderr]    Compiling tracing v0.1.44
[INFO] [stderr]    Compiling zerovec v0.11.5
[INFO] [stderr]    Compiling tinystr v0.8.2
[INFO] [stderr]    Compiling potential_utf v0.1.4
[INFO] [stderr]    Compiling icu_collections v2.1.1
[INFO] [stderr]    Compiling icu_locale_core v2.1.1
[INFO] [stderr]    Compiling serde v1.0.228
[INFO] [stderr]    Compiling icu_provider v2.1.1
[INFO] [stderr]    Compiling serde_spanned v0.6.9
[INFO] [stderr]    Compiling toml_datetime v0.6.11
[INFO] [stderr]    Compiling serde_urlencoded v0.7.1
[INFO] [stderr]    Compiling tracing-serde v0.2.0
[INFO] [stderr]    Compiling lsp-server v0.7.9
[INFO] [stderr]    Compiling taplo v0.13.2
[INFO] [stderr]    Compiling tracing-subscriber v0.3.22
[INFO] [stderr]    Compiling toml_edit v0.22.27
[INFO] [stderr]    Compiling icu_normalizer v2.1.1
[INFO] [stderr]    Compiling icu_properties v2.1.2
[INFO] [stderr]    Compiling idna_adapter v1.2.1
[INFO] [stderr]    Compiling idna v1.1.0
[INFO] [stderr]    Compiling url v2.5.8
[INFO] [stderr]    Compiling toml v0.8.23
[INFO] [stderr]    Compiling lsp-types v0.95.1
[INFO] [stderr]    Compiling tokio-util v0.7.18
[INFO] [stderr]    Compiling tokio-rustls v0.24.1
[INFO] [stderr]    Compiling h2 v0.3.27
[INFO] [stderr]    Compiling hyper v0.14.32
[INFO] [stderr]    Compiling hyper-rustls v0.24.2
[INFO] [stderr]    Compiling reqwest v0.11.27
[INFO] [stderr]    Compiling spring-lsp v0.1.0 (/opt/rustwide/workdir)
[INFO] [stderr]     Finished `dev` profile [unoptimized + debuginfo] target(s) in 1m 31s
[INFO] running `Command { std: "docker" "inspect" "d2a6997cb2385cc61c4ad58f135c5069c4dfb0ef918db3d1c2e272d013ba58ff", kill_on_drop: false }`
[INFO] running `Command { std: "docker" "exec" "-e" "SOURCE_DIR=/opt/rustwide/workdir" "-e" "CARGO_HOME=/opt/rustwide/cargo-home" "-e" "RUSTUP_HOME=/opt/rustwide/rustup-home" "-e" "CARGO_TARGET_DIR=/opt/rustwide/target" "-e" "CARGO_INCREMENTAL=0" "-e" "RUST_BACKTRACE=full" "-e" "RUSTFLAGS=--cap-lints=warn" "-e" "RUSTDOCFLAGS=--cap-lints=warn" "-w" "/opt/rustwide/workdir" "--user" "0:0" "d2a6997cb2385cc61c4ad58f135c5069c4dfb0ef918db3d1c2e272d013ba58ff" "/opt/rustwide/cargo-home/bin/cargo" "+1.99.0-beta.8" "test" "--frozen" "--no-run" "--message-format=json", kill_on_drop: false }`
[INFO] [stderr]    Compiling getrandom v0.3.4
[INFO] [stderr]    Compiling rustix v1.1.3
[INFO] [stderr]    Compiling bitflags v2.10.0
[INFO] [stderr]    Compiling linux-raw-sys v0.11.0
[INFO] [stderr]    Compiling num-traits v0.2.19
[INFO] [stderr]    Compiling fastrand v2.3.0
[INFO] [stderr]    Compiling ppv-lite86 v0.2.21
[INFO] [stderr]    Compiling wait-timeout v0.2.1
[INFO] [stderr]    Compiling bit-vec v0.8.0
[INFO] [stderr]    Compiling quick-error v1.2.3
[INFO] [stderr]    Compiling diff v0.1.13
[INFO] [stderr]    Compiling unarray v0.1.4
[INFO] [stderr]    Compiling yansi v1.0.1
[INFO] [stderr]    Compiling rand_core v0.9.5
[INFO] [stderr]    Compiling ahash v0.8.12
[INFO] [stderr]    Compiling pretty_assertions v1.4.1
[INFO] [stderr]    Compiling bit-set v0.8.0
[INFO] [stderr]    Compiling rand_xorshift v0.4.0
[INFO] [stderr]    Compiling rand v0.9.2
[INFO] [stderr]    Compiling rand_chacha v0.9.0
[INFO] [stderr]    Compiling taplo v0.13.2
[INFO] [stderr]    Compiling tempfile v3.24.0
[INFO] [stderr]    Compiling rusty-fork v0.3.1
[INFO] [stderr]    Compiling proptest v1.9.0
[INFO] [stderr]    Compiling spring-lsp v0.1.0 (/opt/rustwide/workdir)
[INFO] [stdout] warning: function `test_url` is never used
[INFO] [stdout]   --> src/completion/tests.rs:27:4
[INFO] [stdout]    |
[INFO] [stdout] 27 | fn test_url() -> Url {
[INFO] [stdout]    |    ^^^^^^^^
[INFO] [stdout]    |
[INFO] [stdout]    = note: `#[warn(dead_code)]` (part of `#[warn(unused)]`) on by default
[INFO] [stdout] 
[INFO] [stdout] 
[INFO] [stdout] warning: function `env_var_name` is never used
[INFO] [stdout]     --> src/completion/tests.rs:1002:8
[INFO] [stdout]      |
[INFO] [stdout] 1002 |     fn env_var_name() -> impl Strategy<Value = String> {
[INFO] [stdout]      |        ^^^^^^^^^^^^
[INFO] [stdout] 
[INFO] [stdout] 
[INFO] [stdout] warning: comparison is useless due to type limits
[INFO] [stdout]    --> tests/status_query_property_test.rs:150:26
[INFO] [stdout]     |
[INFO] [stdout] 150 |             prop_assert!(metrics.uptime_seconds >= 0,
[INFO] [stdout]     |                          ^^^^^^^^^^^^^^^^^^^^^^^^^^^
[INFO] [stdout]     |
[INFO] [stdout]     = note: `#[warn(unused_comparisons)]` on by default
[INFO] [stdout] 
[INFO] [stdout] 
[INFO] [stdout] warning: function `integer_value` is never used
[INFO] [stdout]   --> tests/example_display_property_test.rs:41:4
[INFO] [stdout]    |
[INFO] [stdout] 41 | fn integer_value() -> impl Strategy<Value = i64> {
[INFO] [stdout]    |    ^^^^^^^^^^^^^
[INFO] [stdout]    |
[INFO] [stdout]    = note: `#[warn(dead_code)]` (part of `#[warn(unused)]`) on by default
[INFO] [stdout] 
[INFO] [stdout] 
[INFO] [stdout] warning: function `single_line_example` is never used
[INFO] [stdout]   --> tests/example_display_property_test.rs:46:4
[INFO] [stdout]    |
[INFO] [stdout] 46 | fn single_line_example() -> impl Strategy<Value = String> {
[INFO] [stdout]    |    ^^^^^^^^^^^^^^^^^^^
[INFO] [stdout] 
[INFO] [stdout] 
[INFO] [stdout] warning: function `multiline_example` is never used
[INFO] [stdout]   --> tests/example_display_property_test.rs:51:4
[INFO] [stdout]    |
[INFO] [stdout] 51 | fn multiline_example() -> impl Strategy<Value = String> {
[INFO] [stdout]    |    ^^^^^^^^^^^^^^^^^
[INFO] [stdout] 
[INFO] [stdout] 
[INFO] [stdout] warning: function `property_schema_with_example` is never used
[INFO] [stdout]   --> tests/example_display_property_test.rs:72:4
[INFO] [stdout]    |
[INFO] [stdout] 72 | fn property_schema_with_example(
[INFO] [stdout]    |    ^^^^^^^^^^^^^^^^^^^^^^^^^^^^
[INFO] [stdout] 
[INFO] [stdout] 
[INFO] [stdout] warning: function `plugin_schema_with_examples` is never used
[INFO] [stdout]    --> tests/example_display_property_test.rs:113:4
[INFO] [stdout]     |
[INFO] [stdout] 113 | fn plugin_schema_with_examples(prefix: String) -> impl Strategy<Value = PluginSchema> {
[INFO] [stdout]     |    ^^^^^^^^^^^^^^^^^^^^^^^^^^^
[INFO] [stdout] 
[INFO] [stdout] 
[INFO] [stdout] warning: function `config_schema_with_examples` is never used
[INFO] [stdout]    --> tests/example_display_property_test.rs:148:4
[INFO] [stdout]     |
[INFO] [stdout] 148 | fn config_schema_with_examples() -> impl Strategy<Value = ConfigSchema> {
[INFO] [stdout]     |    ^^^^^^^^^^^^^^^^^^^^^^^^^^^
[INFO] [stdout] 
[INFO] [stdout] 
[INFO] [stdout] warning: function `toml_document_content` is never used
[INFO] [stdout]    --> tests/example_display_property_test.rs:173:4
[INFO] [stdout]     |
[INFO] [stdout] 173 | fn toml_document_content(schema: &ConfigSchema) -> String {
[INFO] [stdout]     |    ^^^^^^^^^^^^^^^^^^^^^
[INFO] [stdout] 
[INFO] [stdout] 
[INFO] [stdout] warning: function `valid_config_prefix` is never used
[INFO] [stdout]   --> tests/di_validator_property_test.rs:27:4
[INFO] [stdout]    |
[INFO] [stdout] 27 | fn valid_config_prefix() -> impl Strategy<Value = String> {
[INFO] [stdout]    |    ^^^^^^^^^^^^^^^^^^^
[INFO] [stdout]    |
[INFO] [stdout]    = note: `#[warn(dead_code)]` (part of `#[warn(unused)]`) on by default
[INFO] [stdout] 
[INFO] [stdout] 
[INFO] [stdout] warning: function `valid_uri` is never used
[INFO] [stdout]   --> tests/di_validator_property_test.rs:32:4
[INFO] [stdout]    |
[INFO] [stdout] 32 | fn valid_uri() -> impl Strategy<Value = Url> {
[INFO] [stdout]    |    ^^^^^^^^^
[INFO] [stdout] 
[INFO] [stdout] 
[INFO] [stdout] warning: function `valid_range` is never used
[INFO] [stdout]   --> tests/di_validator_property_test.rs:37:4
[INFO] [stdout]    |
[INFO] [stdout] 37 | fn valid_range() -> impl Strategy<Value = Range> {
[INFO] [stdout]    |    ^^^^^^^^^^^
[INFO] [stdout] 
[INFO] [stdout] 
[INFO] [stdout] warning: function `valid_location` is never used
[INFO] [stdout]   --> tests/di_validator_property_test.rs:53:4
[INFO] [stdout]    |
[INFO] [stdout] 53 | fn valid_location() -> impl Strategy<Value = Location> {
[INFO] [stdout]    |    ^^^^^^^^^^^^^^
[INFO] [stdout] 
[INFO] [stdout] 
[INFO] [stdout] warning: function `inject_type` is never used
[INFO] [stdout]   --> tests/di_validator_property_test.rs:58:4
[INFO] [stdout]    |
[INFO] [stdout] 58 | fn inject_type() -> impl Strategy<Value = InjectType> {
[INFO] [stdout]    |    ^^^^^^^^^^^
[INFO] [stdout] 
[INFO] [stdout] 
[INFO] [stdout] warning: function `inject_macro` is never used
[INFO] [stdout]   --> tests/di_validator_property_test.rs:63:4
[INFO] [stdout]    |
[INFO] [stdout] 63 | fn inject_macro() -> impl Strategy<Value = InjectMacro> {
[INFO] [stdout]    |    ^^^^^^^^^^^^
[INFO] [stdout] 
[INFO] [stdout] 
[INFO] [stdout] warning: function `field` is never used
[INFO] [stdout]   --> tests/di_validator_property_test.rs:77:4
[INFO] [stdout]    |
[INFO] [stdout] 77 | fn field() -> impl Strategy<Value = Field> {
[INFO] [stdout]    |    ^^^^^
[INFO] [stdout] 
[INFO] [stdout] 
[INFO] [stdout] warning: function `service_macro` is never used
[INFO] [stdout]   --> tests/di_validator_property_test.rs:91:4
[INFO] [stdout]    |
[INFO] [stdout] 91 | fn service_macro() -> impl Strategy<Value = ServiceMacro> {
[INFO] [stdout]    |    ^^^^^^^^^^^^^
[INFO] [stdout] 
[INFO] [stdout] 
[INFO] [stdout] warning: function `rust_document` is never used
[INFO] [stdout]    --> tests/di_validator_property_test.rs:105:4
[INFO] [stdout]     |
[INFO] [stdout] 105 | fn rust_document() -> impl Strategy<Value = RustDocument> {
[INFO] [stdout]     |    ^^^^^^^^^^^^^
[INFO] [stdout] 
[INFO] [stdout] 
[INFO] [stdout] warning: function `component_info` is never used
[INFO] [stdout]    --> tests/di_validator_property_test.rs:120:4
[INFO] [stdout]     |
[INFO] [stdout] 120 | fn component_info() -> impl Strategy<Value = ComponentInfo> {
[INFO] [stdout]     |    ^^^^^^^^^^^^^^
[INFO] [stdout] 
[INFO] [stdout] 
[INFO] [stdout] warning: function `symbol_info` is never used
[INFO] [stdout]    --> tests/di_validator_property_test.rs:136:4
[INFO] [stdout]     |
[INFO] [stdout] 136 | fn symbol_info() -> impl Strategy<Value = SymbolInfo> {
[INFO] [stdout]     |    ^^^^^^^^^^^
[INFO] [stdout] 
[INFO] [stdout] 
[INFO] [stdout] warning: function `config_section` is never used
[INFO] [stdout]    --> tests/di_validator_property_test.rs:145:4
[INFO] [stdout]     |
[INFO] [stdout] 145 | fn config_section() -> impl Strategy<Value = ConfigSection> {
[INFO] [stdout]     |    ^^^^^^^^^^^^^^
[INFO] [stdout] 
[INFO] [stdout] 
[INFO] [stdout] warning: function `toml_document` is never used
[INFO] [stdout]    --> tests/di_validator_property_test.rs:154:4
[INFO] [stdout]     |
[INFO] [stdout] 154 | fn toml_document() -> impl Strategy<Value = TomlDocument> {
[INFO] [stdout]     |    ^^^^^^^^^^^^^
[INFO] [stdout] 
[INFO] [stdout] 
[INFO] [stdout] warning: function `create_index_manager_with_components` is never used
[INFO] [stdout]    --> tests/di_validator_property_test.rs:176:4
[INFO] [stdout]     |
[INFO] [stdout] 176 | fn create_index_manager_with_components(components: Vec<ComponentInfo>) -> IndexManager {
[INFO] [stdout]     |    ^^^^^^^^^^^^^^^^^^^^^^^^^^^^^^^^^^^^
[INFO] [stdout] 
[INFO] [stdout] 
[INFO] [stdout] warning: function `create_index_manager_with_symbols` is never used
[INFO] [stdout]    --> tests/di_validator_property_test.rs:192:4
[INFO] [stdout]     |
[INFO] [stdout] 192 | fn create_index_manager_with_symbols(symbols: Vec<SymbolInfo>) -> IndexManager {
[INFO] [stdout]     |    ^^^^^^^^^^^^^^^^^^^^^^^^^^^^^^^^^
[INFO] [stdout] 
[INFO] [stdout] 
[INFO] [stdout] warning: function `test_uri` is never used
[INFO] [stdout]   --> tests/route_hover_property_test.rs:90:4
[INFO] [stdout]    |
[INFO] [stdout] 90 | fn test_uri() -> impl Strategy<Value = Url> {
[INFO] [stdout]    |    ^^^^^^^^
[INFO] [stdout]    |
[INFO] [stdout]    = note: `#[warn(dead_code)]` (part of `#[warn(unused)]`) on by default
[INFO] [stdout] 
[INFO] [stdout] 
[INFO] [stdout] warning: unused doc comment
[INFO] [stdout]    --> tests/config_property_test.rs:127:1
[INFO] [stdout]     |
[INFO] [stdout] 127 | / /// **Property 57: 自定义触发字符应用**
[INFO] [stdout] 128 | | ///
[INFO] [stdout] 129 | | /// *For any* 用户配置的补全触发字符，补全引擎应该在该字符输入时触发补全。
[INFO] [stdout] 130 | | ///
[INFO] [stdout] ...   |
[INFO] [stdout] 135 | | /// 2. 所有配置的触发字符都应该被保留
[INFO] [stdout] 136 | | /// 3. 触发字符列表应该与配置的列表完全一致
[INFO] [stdout]     | |_------------------------------------------^
[INFO] [stdout]     |   |
[INFO] [stdout]     |   rustdoc does not generate documentation for macro invocations
[INFO] [stdout]     |
[INFO] [stdout]     = help: to document an item produced by a macro, the macro must produce the documentation as part of its expansion
[INFO] [stdout]     = note: `#[warn(unused_doc_comments)]` (part of `#[warn(unused)]`) on by default
[INFO] [stdout] 
[INFO] [stdout] 
[INFO] [stdout] warning: unused doc comment
[INFO] [stdout]    --> tests/config_property_test.rs:169:1
[INFO] [stdout]     |
[INFO] [stdout] 169 | /// 验证空触发字符列表应该被拒绝
[INFO] [stdout]     | ^^^^^^^^^^^^^^^^^^^^^^^^^^^^^^^^ rustdoc does not generate documentation for macro invocations
[INFO] [stdout]     |
[INFO] [stdout]     = help: to document an item produced by a macro, the macro must produce the documentation as part of its expansion
[INFO] [stdout] 
[INFO] [stdout] 
[INFO] [stdout] warning: unused doc comment
[INFO] [stdout]    --> tests/config_property_test.rs:184:1
[INFO] [stdout]     |
[INFO] [stdout] 184 | /// 验证触发字符配置合并
[INFO] [stdout]     | ^^^^^^^^^^^^^^^^^^^^^^^^ rustdoc does not generate documentation for macro invocations
[INFO] [stdout]     |
[INFO] [stdout]     = help: to document an item produced by a macro, the macro must produce the documentation as part of its expansion
[INFO] [stdout] 
[INFO] [stdout] 
[INFO] [stdout] warning: unused doc comment
[INFO] [stdout]    --> tests/config_property_test.rs:212:1
[INFO] [stdout]     |
[INFO] [stdout] 212 | / /// **Property 58: 诊断过滤**
[INFO] [stdout] 213 | | ///
[INFO] [stdout] 214 | | /// *For any* 用户禁用的诊断类型，诊断引擎不应该生成该类型的诊断。
[INFO] [stdout] 215 | | ///
[INFO] [stdout] ...   |
[INFO] [stdout] 220 | | /// 2. 未禁用的诊断类型不应该被过滤
[INFO] [stdout] 221 | | /// 3. 诊断过滤应该区分大小写
[INFO] [stdout]     | |_----------------------------^
[INFO] [stdout]     |   |
[INFO] [stdout]     |   rustdoc does not generate documentation for macro invocations
[INFO] [stdout]     |
[INFO] [stdout]     = help: to document an item produced by a macro, the macro must produce the documentation as part of its expansion
[INFO] [stdout] 
[INFO] [stdout] 
[INFO] [stdout] warning: unused doc comment
[INFO] [stdout]    --> tests/config_property_test.rs:251:1
[INFO] [stdout]     |
[INFO] [stdout] 251 | /// 验证诊断过滤的精确匹配
[INFO] [stdout]     | ^^^^^^^^^^^^^^^^^^^^^^^^^^ rustdoc does not generate documentation for macro invocations
[INFO] [stdout]     |
[INFO] [stdout]     = help: to document an item produced by a macro, the macro must produce the documentation as part of its expansion
[INFO] [stdout] 
[INFO] [stdout] 
[INFO] [stdout] warning: unused doc comment
[INFO] [stdout]    --> tests/config_property_test.rs:283:1
[INFO] [stdout]     |
[INFO] [stdout] 283 | /// 验证诊断配置合并
[INFO] [stdout]     | ^^^^^^^^^^^^^^^^^^^^ rustdoc does not generate documentation for macro invocations
[INFO] [stdout]     |
[INFO] [stdout]     = help: to document an item produced by a macro, the macro must produce the documentation as part of its expansion
[INFO] [stdout] 
[INFO] [stdout] 
[INFO] [stdout] warning: unused doc comment
[INFO] [stdout]    --> tests/config_property_test.rs:316:1
[INFO] [stdout]     |
[INFO] [stdout] 316 | / /// **Property 59: 自定义 Schema URL**
[INFO] [stdout] 317 | | ///
[INFO] [stdout] 318 | | /// *For any* 用户配置的 Schema URL，Schema Provider 应该从该 URL 加载 Schema。
[INFO] [stdout] 319 | | ///
[INFO] [stdout] ...   |
[INFO] [stdout] 325 | | /// 3. 无效的 URL 协议应该被拒绝
[INFO] [stdout] 326 | | /// 4. 空 URL 应该被拒绝
[INFO] [stdout]     | |_-----------------------^
[INFO] [stdout]     |   |
[INFO] [stdout]     |   rustdoc does not generate documentation for macro invocations
[INFO] [stdout]     |
[INFO] [stdout]     = help: to document an item produced by a macro, the macro must produce the documentation as part of its expansion
[INFO] [stdout] 
[INFO] [stdout] 
[INFO] [stdout] warning: unused doc comment
[INFO] [stdout]    --> tests/config_property_test.rs:348:1
[INFO] [stdout]     |
[INFO] [stdout] 348 | /// 验证无效 Schema URL 被拒绝
[INFO] [stdout]     | ^^^^^^^^^^^^^^^^^^^^^^^^^^^^^^ rustdoc does not generate documentation for macro invocations
[INFO] [stdout]     |
[INFO] [stdout]     = help: to document an item produced by a macro, the macro must produce the documentation as part of its expansion
[INFO] [stdout] 
[INFO] [stdout] 
[INFO] [stdout] warning: unused doc comment
[INFO] [stdout]    --> tests/config_property_test.rs:367:1
[INFO] [stdout]     |
[INFO] [stdout] 367 | /// 验证空 Schema URL 被拒绝
[INFO] [stdout]     | ^^^^^^^^^^^^^^^^^^^^^^^^^^^^ rustdoc does not generate documentation for macro invocations
[INFO] [stdout]     |
[INFO] [stdout]     = help: to document an item produced by a macro, the macro must produce the documentation as part of its expansion
[INFO] [stdout] 
[INFO] [stdout] 
[INFO] [stdout] warning: unused doc comment
[INFO] [stdout]    --> tests/config_property_test.rs:382:1
[INFO] [stdout]     |
[INFO] [stdout] 382 | /// 验证 Schema URL 配置合并
[INFO] [stdout]     | ^^^^^^^^^^^^^^^^^^^^^^^^^^^^ rustdoc does not generate documentation for macro invocations
[INFO] [stdout]     |
[INFO] [stdout]     = help: to document an item produced by a macro, the macro must produce the documentation as part of its expansion
[INFO] [stdout] 
[INFO] [stdout] 
[INFO] [stdout] warning: unused doc comment
[INFO] [stdout]    --> tests/config_property_test.rs:407:1
[INFO] [stdout]     |
[INFO] [stdout] 407 | / /// **Property 60: 日志级别配置**
[INFO] [stdout] 408 | | ///
[INFO] [stdout] 409 | | /// *For any* 用户配置的日志级别，服务器应该使用该级别过滤日志输出。
[INFO] [stdout] 410 | | ///
[INFO] [stdout] ...   |
[INFO] [stdout] 415 | | /// 2. 无效的日志级别应该被拒绝
[INFO] [stdout] 416 | | /// 3. 日志级别应该不区分大小写
[INFO] [stdout]     | |_------------------------------^
[INFO] [stdout]     |   |
[INFO] [stdout]     |   rustdoc does not generate documentation for macro invocations
[INFO] [stdout]     |
[INFO] [stdout]     = help: to document an item produced by a macro, the macro must produce the documentation as part of its expansion
[INFO] [stdout] 
[INFO] [stdout] 
[INFO] [stdout] warning: unused doc comment
[INFO] [stdout]    --> tests/config_property_test.rs:446:1
[INFO] [stdout]     |
[INFO] [stdout] 446 | /// 验证无效日志级别被拒绝
[INFO] [stdout]     | ^^^^^^^^^^^^^^^^^^^^^^^^^^ rustdoc does not generate documentation for macro invocations
[INFO] [stdout]     |
[INFO] [stdout]     = help: to document an item produced by a macro, the macro must produce the documentation as part of its expansion
[INFO] [stdout] 
[INFO] [stdout] 
[INFO] [stdout] warning: unused doc comment
[INFO] [stdout]    --> tests/config_property_test.rs:469:1
[INFO] [stdout]     |
[INFO] [stdout] 469 | /// 验证日志配置合并
[INFO] [stdout]     | ^^^^^^^^^^^^^^^^^^^^ rustdoc does not generate documentation for macro invocations
[INFO] [stdout]     |
[INFO] [stdout]     = help: to document an item produced by a macro, the macro must produce the documentation as part of its expansion
[INFO] [stdout] 
[INFO] [stdout] 
[INFO] [stdout] warning: unused doc comment
[INFO] [stdout]    --> tests/config_property_test.rs:504:1
[INFO] [stdout]     |
[INFO] [stdout] 504 | /// 验证完整配置的验证
[INFO] [stdout]     | ^^^^^^^^^^^^^^^^^^^^^^ rustdoc does not generate documentation for macro invocations
[INFO] [stdout]     |
[INFO] [stdout]     = help: to document an item produced by a macro, the macro must produce the documentation as part of its expansion
[INFO] [stdout] 
[INFO] [stdout] 
[INFO] [stdout] warning: unused doc comment
[INFO] [stdout]    --> tests/config_property_test.rs:520:1
[INFO] [stdout]     |
[INFO] [stdout] 520 | /// 验证配置合并的正确性
[INFO] [stdout]     | ^^^^^^^^^^^^^^^^^^^^^^^^ rustdoc does not generate documentation for macro invocations
[INFO] [stdout]     |
[INFO] [stdout]     = help: to document an item produced by a macro, the macro must produce the documentation as part of its expansion
[INFO] [stdout] 
[INFO] [stdout] 
[INFO] [stdout] warning: unused doc comment
[INFO] [stdout]    --> tests/config_property_test.rs:556:1
[INFO] [stdout]     |
[INFO] [stdout] 556 | /// 验证配置的幂等性（合并自身应该不变）
[INFO] [stdout]     | ^^^^^^^^^^^^^^^^^^^^^^^^^^^^^^^^^^^^^^^^ rustdoc does not generate documentation for macro invocations
[INFO] [stdout]     |
[INFO] [stdout]     = help: to document an item produced by a macro, the macro must produce the documentation as part of its expansion
[INFO] [stdout] 
[INFO] [stdout] 
[INFO] [stderr] error: could not compile `spring-lsp` (lib test); 2 warnings emitted
[INFO] [stderr] 
[INFO] [stderr] Caused by:
[INFO] [stderr]   process didn't exit successfully: `/opt/rustwide/rustup-home/toolchains/1.99.0-beta.8-x86_64-unknown-linux-gnu/bin/rustc --crate-name spring_lsp --edition=2021 src/lib.rs --error-format=json --json=diagnostic-rendered-ansi,artifacts,future-incompat --emit=dep-info,link -C embed-bitcode=no -C debuginfo=2 --test --check-cfg 'cfg(docsrs,test)' --check-cfg 'cfg(feature, values())' -C metadata=5fb22a03ae93d900 -C extra-filename=-8e9801199d0d56c2 --out-dir /opt/rustwide/target/debug/deps -L dependency=/opt/rustwide/target/debug/deps --extern anyhow=/opt/rustwide/target/debug/deps/libanyhow-4342eda19ce54c8e.rlib --extern atty=/opt/rustwide/target/debug/deps/libatty-9fb0e5c1dbf21814.rlib --extern dashmap=/opt/rustwide/target/debug/deps/libdashmap-a9e7ed66bcb3a5cd.rlib --extern dirs=/opt/rustwide/target/debug/deps/libdirs-c155e9e59ba64789.rlib --extern lsp_server=/opt/rustwide/target/debug/deps/liblsp_server-c589132a8e85f7a1.rlib --extern lsp_types=/opt/rustwide/target/debug/deps/liblsp_types-e959ce7f1b03bb04.rlib --extern pretty_assertions=/opt/rustwide/target/debug/deps/libpretty_assertions-f9155d341562357e.rlib --extern proptest=/opt/rustwide/target/debug/deps/libproptest-f4bcbfcc2e2bf80f.rlib --extern quote=/opt/rustwide/target/debug/deps/libquote-c07757da3ec5ab9d.rlib --extern regex=/opt/rustwide/target/debug/deps/libregex-920c76835ff8f85b.rlib --extern reqwest=/opt/rustwide/target/debug/deps/libreqwest-0b1466ace05afc0f.rlib --extern serde=/opt/rustwide/target/debug/deps/libserde-2795b4db7f391623.rlib --extern serde_json=/opt/rustwide/target/debug/deps/libserde_json-e787609645c0d233.rlib --extern syn=/opt/rustwide/target/debug/deps/libsyn-1ecbc60357da4c02.rlib --extern taplo=/opt/rustwide/target/debug/deps/libtaplo-33ddedd69ae42ad4.rlib --extern tempfile=/opt/rustwide/target/debug/deps/libtempfile-34e522948c7d06bb.rlib --extern thiserror=/opt/rustwide/target/debug/deps/libthiserror-2aefb201a7777d0f.rlib --extern tokio=/opt/rustwide/target/debug/deps/libtokio-cdab03880c83f715.rlib --extern toml=/opt/rustwide/target/debug/deps/libtoml-51aaca089742c37f.rlib --extern tracing=/opt/rustwide/target/debug/deps/libtracing-769f860bf024fe2d.rlib --extern tracing_subscriber=/opt/rustwide/target/debug/deps/libtracing_subscriber-72faa41ef3f0d7ab.rlib --extern url=/opt/rustwide/target/debug/deps/liburl-a70aa42485c56a76.rlib --cap-lints=warn -L native=/opt/rustwide/target/debug/build/ring-e6d7591df5303779/out` (signal: 9, SIGKILL: kill)
[INFO] [stderr] warning: build failed, waiting for other jobs to finish...
[INFO] [stderr] error: could not compile `spring-lsp` (test "route_validation_property_test")
[INFO] [stderr] 
[INFO] [stderr] Caused by:
[INFO] [stderr]   process didn't exit successfully: `/opt/rustwide/rustup-home/toolchains/1.99.0-beta.8-x86_64-unknown-linux-gnu/bin/rustc --crate-name route_validation_property_test --edition=2021 tests/route_validation_property_test.rs --error-format=json --json=diagnostic-rendered-ansi,artifacts,future-incompat --emit=dep-info,link -C embed-bitcode=no -C debuginfo=2 --test --check-cfg 'cfg(docsrs,test)' --check-cfg 'cfg(feature, values())' -C metadata=4cbcf387de11a4be -C extra-filename=-e6b1b0636a6a4eca --out-dir /opt/rustwide/target/debug/deps -L dependency=/opt/rustwide/target/debug/deps --extern anyhow=/opt/rustwide/target/debug/deps/libanyhow-4342eda19ce54c8e.rlib --extern atty=/opt/rustwide/target/debug/deps/libatty-9fb0e5c1dbf21814.rlib --extern dashmap=/opt/rustwide/target/debug/deps/libdashmap-a9e7ed66bcb3a5cd.rlib --extern dirs=/opt/rustwide/target/debug/deps/libdirs-c155e9e59ba64789.rlib --extern lsp_server=/opt/rustwide/target/debug/deps/liblsp_server-c589132a8e85f7a1.rlib --extern lsp_types=/opt/rustwide/target/debug/deps/liblsp_types-e959ce7f1b03bb04.rlib --extern pretty_assertions=/opt/rustwide/target/debug/deps/libpretty_assertions-f9155d341562357e.rlib --extern proptest=/opt/rustwide/target/debug/deps/libproptest-f4bcbfcc2e2bf80f.rlib --extern quote=/opt/rustwide/target/debug/deps/libquote-c07757da3ec5ab9d.rlib --extern regex=/opt/rustwide/target/debug/deps/libregex-920c76835ff8f85b.rlib --extern reqwest=/opt/rustwide/target/debug/deps/libreqwest-0b1466ace05afc0f.rlib --extern serde=/opt/rustwide/target/debug/deps/libserde-2795b4db7f391623.rlib --extern serde_json=/opt/rustwide/target/debug/deps/libserde_json-e787609645c0d233.rlib --extern spring_lsp=/opt/rustwide/target/debug/deps/libspring_lsp-ff880ee5d49755bd.rlib --extern syn=/opt/rustwide/target/debug/deps/libsyn-1ecbc60357da4c02.rlib --extern taplo=/opt/rustwide/target/debug/deps/libtaplo-33ddedd69ae42ad4.rlib --extern tempfile=/opt/rustwide/target/debug/deps/libtempfile-34e522948c7d06bb.rlib --extern thiserror=/opt/rustwide/target/debug/deps/libthiserror-2aefb201a7777d0f.rlib --extern tokio=/opt/rustwide/target/debug/deps/libtokio-cdab03880c83f715.rlib --extern toml=/opt/rustwide/target/debug/deps/libtoml-51aaca089742c37f.rlib --extern tracing=/opt/rustwide/target/debug/deps/libtracing-769f860bf024fe2d.rlib --extern tracing_subscriber=/opt/rustwide/target/debug/deps/libtracing_subscriber-72faa41ef3f0d7ab.rlib --extern url=/opt/rustwide/target/debug/deps/liburl-a70aa42485c56a76.rlib --cap-lints=warn -L native=/opt/rustwide/target/debug/build/ring-e6d7591df5303779/out` (signal: 9, SIGKILL: kill)
[INFO] [stderr] error: could not compile `spring-lsp` (test "route_hover_property_test"); 1 warning emitted
[INFO] [stderr] 
[INFO] [stderr] Caused by:
[INFO] [stderr]   process didn't exit successfully: `/opt/rustwide/rustup-home/toolchains/1.99.0-beta.8-x86_64-unknown-linux-gnu/bin/rustc --crate-name route_hover_property_test --edition=2021 tests/route_hover_property_test.rs --error-format=json --json=diagnostic-rendered-ansi,artifacts,future-incompat --emit=dep-info,link -C embed-bitcode=no -C debuginfo=2 --test --check-cfg 'cfg(docsrs,test)' --check-cfg 'cfg(feature, values())' -C metadata=30ebc7befc840ba8 -C extra-filename=-c87f9f4451e24d04 --out-dir /opt/rustwide/target/debug/deps -L dependency=/opt/rustwide/target/debug/deps --extern anyhow=/opt/rustwide/target/debug/deps/libanyhow-4342eda19ce54c8e.rlib --extern atty=/opt/rustwide/target/debug/deps/libatty-9fb0e5c1dbf21814.rlib --extern dashmap=/opt/rustwide/target/debug/deps/libdashmap-a9e7ed66bcb3a5cd.rlib --extern dirs=/opt/rustwide/target/debug/deps/libdirs-c155e9e59ba64789.rlib --extern lsp_server=/opt/rustwide/target/debug/deps/liblsp_server-c589132a8e85f7a1.rlib --extern lsp_types=/opt/rustwide/target/debug/deps/liblsp_types-e959ce7f1b03bb04.rlib --extern pretty_assertions=/opt/rustwide/target/debug/deps/libpretty_assertions-f9155d341562357e.rlib --extern proptest=/opt/rustwide/target/debug/deps/libproptest-f4bcbfcc2e2bf80f.rlib --extern quote=/opt/rustwide/target/debug/deps/libquote-c07757da3ec5ab9d.rlib --extern regex=/opt/rustwide/target/debug/deps/libregex-920c76835ff8f85b.rlib --extern reqwest=/opt/rustwide/target/debug/deps/libreqwest-0b1466ace05afc0f.rlib --extern serde=/opt/rustwide/target/debug/deps/libserde-2795b4db7f391623.rlib --extern serde_json=/opt/rustwide/target/debug/deps/libserde_json-e787609645c0d233.rlib --extern spring_lsp=/opt/rustwide/target/debug/deps/libspring_lsp-ff880ee5d49755bd.rlib --extern syn=/opt/rustwide/target/debug/deps/libsyn-1ecbc60357da4c02.rlib --extern taplo=/opt/rustwide/target/debug/deps/libtaplo-33ddedd69ae42ad4.rlib --extern tempfile=/opt/rustwide/target/debug/deps/libtempfile-34e522948c7d06bb.rlib --extern thiserror=/opt/rustwide/target/debug/deps/libthiserror-2aefb201a7777d0f.rlib --extern tokio=/opt/rustwide/target/debug/deps/libtokio-cdab03880c83f715.rlib --extern toml=/opt/rustwide/target/debug/deps/libtoml-51aaca089742c37f.rlib --extern tracing=/opt/rustwide/target/debug/deps/libtracing-769f860bf024fe2d.rlib --extern tracing_subscriber=/opt/rustwide/target/debug/deps/libtracing_subscriber-72faa41ef3f0d7ab.rlib --extern url=/opt/rustwide/target/debug/deps/liburl-a70aa42485c56a76.rlib --cap-lints=warn -L native=/opt/rustwide/target/debug/build/ring-e6d7591df5303779/out` (signal: 9, SIGKILL: kill)
[INFO] [stderr] error: could not compile `spring-lsp` (test "config_property_test"); 16 warnings emitted
[INFO] [stderr] 
[INFO] [stderr] Caused by:
[INFO] [stderr]   process didn't exit successfully: `/opt/rustwide/rustup-home/toolchains/1.99.0-beta.8-x86_64-unknown-linux-gnu/bin/rustc --crate-name config_property_test --edition=2021 tests/config_property_test.rs --error-format=json --json=diagnostic-rendered-ansi,artifacts,future-incompat --emit=dep-info,link -C embed-bitcode=no -C debuginfo=2 --test --check-cfg 'cfg(docsrs,test)' --check-cfg 'cfg(feature, values())' -C metadata=95cefea03d58252e -C extra-filename=-5fccfdcc3533e06a --out-dir /opt/rustwide/target/debug/deps -L dependency=/opt/rustwide/target/debug/deps --extern anyhow=/opt/rustwide/target/debug/deps/libanyhow-4342eda19ce54c8e.rlib --extern atty=/opt/rustwide/target/debug/deps/libatty-9fb0e5c1dbf21814.rlib --extern dashmap=/opt/rustwide/target/debug/deps/libdashmap-a9e7ed66bcb3a5cd.rlib --extern dirs=/opt/rustwide/target/debug/deps/libdirs-c155e9e59ba64789.rlib --extern lsp_server=/opt/rustwide/target/debug/deps/liblsp_server-c589132a8e85f7a1.rlib --extern lsp_types=/opt/rustwide/target/debug/deps/liblsp_types-e959ce7f1b03bb04.rlib --extern pretty_assertions=/opt/rustwide/target/debug/deps/libpretty_assertions-f9155d341562357e.rlib --extern proptest=/opt/rustwide/target/debug/deps/libproptest-f4bcbfcc2e2bf80f.rlib --extern quote=/opt/rustwide/target/debug/deps/libquote-c07757da3ec5ab9d.rlib --extern regex=/opt/rustwide/target/debug/deps/libregex-920c76835ff8f85b.rlib --extern reqwest=/opt/rustwide/target/debug/deps/libreqwest-0b1466ace05afc0f.rlib --extern serde=/opt/rustwide/target/debug/deps/libserde-2795b4db7f391623.rlib --extern serde_json=/opt/rustwide/target/debug/deps/libserde_json-e787609645c0d233.rlib --extern spring_lsp=/opt/rustwide/target/debug/deps/libspring_lsp-ff880ee5d49755bd.rlib --extern syn=/opt/rustwide/target/debug/deps/libsyn-1ecbc60357da4c02.rlib --extern taplo=/opt/rustwide/target/debug/deps/libtaplo-33ddedd69ae42ad4.rlib --extern tempfile=/opt/rustwide/target/debug/deps/libtempfile-34e522948c7d06bb.rlib --extern thiserror=/opt/rustwide/target/debug/deps/libthiserror-2aefb201a7777d0f.rlib --extern tokio=/opt/rustwide/target/debug/deps/libtokio-cdab03880c83f715.rlib --extern toml=/opt/rustwide/target/debug/deps/libtoml-51aaca089742c37f.rlib --extern tracing=/opt/rustwide/target/debug/deps/libtracing-769f860bf024fe2d.rlib --extern tracing_subscriber=/opt/rustwide/target/debug/deps/libtracing_subscriber-72faa41ef3f0d7ab.rlib --extern url=/opt/rustwide/target/debug/deps/liburl-a70aa42485c56a76.rlib --cap-lints=warn -L native=/opt/rustwide/target/debug/build/ring-e6d7591df5303779/out` (signal: 9, SIGKILL: kill)
[INFO] [stdout] error: linking with `cc` failed: exit status: 1
[INFO] [stdout]   |
[INFO] [stdout]   = note:  "cc" "-m64" "/opt/rustwide/target/debug/deps/rustcUC4icE/symbols.o" "<2 object files omitted>" "-Wl,--as-needed" "-Wl,-Bstatic" "/opt/rustwide/target/debug/deps/{libspring_lsp-ff880ee5d49755bd,libregex-920c76835ff8f85b,libatty-9fb0e5c1dbf21814,libreqwest-0b1466ace05afc0f,librustls_pemfile-30aaf682314043cb,libhyper_rustls-0f46f9d3fa6913e7,libserde_urlencoded-7dc478c3a2f78e4e,libryu-25f59e4cd0d23219,libwebpki_roots-da6c00699c81e448,libbase64-13144a1f1e192158,libipnet-a38805d99c19843f,libtokio_rustls-cb0015a6e9d0d5f0,libmime-0188e0814ca7ddbf,libencoding_rs-c7a67ac351c2b19f,librustls-7866efd36cae7d8f,libsct-f57d50cde4b173c1,libwebpki-2523e3cd385bf1f6,libring-e5912a4a0d599d89,libgetrandom-5197717e746d5ea8,libuntrusted-b2f816886faf2178,libhyper-0cce7691ca71646d,libwant-7a6260b9c50f1479,libtry_lock-8fa2f6971035be84,libsocket2-838f35a805bfad85,libhttparse-8c9b827b8f345444,libh2-c8e239a45be7a799,libslab-0582d648e59ab406,libtokio_util-377e3c9dc496ff71,libfutures_sink-ae1eb2d060de53a2,libtower_service-3fb88d28c2218805,libfutures_channel-0897301d97903da3,libfutures_util-68fa7dac50fb9729,libfutures_task-c06a259e538c6480,libpin_utils-3860774ad9b215b5,libtokio-cdab03880c83f715,libsignal_hook_registry-cddd50aee5c69024,liberrno-c497d64a4571af83,libsocket2-1aadc0729249d3be,libmio-fc0f5b7715002b05,libparking_lot-e45469444b822e00,libsync_wrapper-b5d3a794a1e9deea,libhttp_body-5b4c2cb792fd5230,libfutures_core-3b920243fce8fec0,libhttp-fffc47198b88a73f,libbytes-3529dc27cc7678fe,libfnv-79e2cbfbe03dcd16,libdirs-c155e9e59ba64789,libdirs_sys-46fb4fa430eb4a55,liboption_ext-61303ef911796993,libtoml-51aaca089742c37f,libtoml_edit-839fc83a372d70bf,libserde_spanned-7332b06206243d0a,libindexmap-f006485b143d2676,libequivalent-6a754676e6af62ae,libhashbrown-25abce2d85979e8d,libwinnow-ff325613e0e6d4a9,libtoml_write-2c704ffd35684d73,libtoml_datetime-33169f6bd39f5138,libanyhow-4342eda19ce54c8e,libtaplo-33ddedd69ae42ad4,libahash-e23bedc07057fcae,libzerocopy-df297b99db9e5bc1,libglobset-c7e97aeb2122fc9f,libbstr-c6b1b9093617a0ee,libarc_swap-19f0b0b4b5e5f930,libitertools-547aa333ea6c8a9a,libtime-009a5e0aa6e5a2f6,libtime_core-031b6ab885a7634b,libnum_conv-9ace8b7f2a214982,libderanged-0497f8a63ebb66e0,libpowerfmt-f6019a2766e431f7,librowan-664ca37532eaa0c8,libmemoffset-d5728f86d1484854,libtext_size-dddad08085c6b846,librustc_hash-d7c4a66f98a2548f,libcountme-274fc52838de187e,liblogos-8970ff123e9d1c10,libeither-971932073343a62d,libsyn-1ecbc60357da4c02,libquote-c07757da3ec5ab9d,libproc_macro2-3e7e74452f146eaf,libunicode_ident-e2d52eba11085272}.rlib" "<sysroot>/lib/rustlib/x86_64-unknown-linux-gnu/lib/{libproc_macro-*,librustc_literal_escaper-*}.rlib" "/opt/rustwide/target/debug/deps/{libtracing_subscriber-72faa41ef3f0d7ab,libtracing_serde-93493c7b24e8862c,libsharded_slab-bd3e89e1e50b7c87,liblazy_static-3674be3f4245d19b,libmatchers-108d83d1828b8a4f,libregex_automata-72ff15c513856b8d,libaho_corasick-609934fb09bd6b82,libregex_syntax-21c69862a9074e56,libnu_ansi_term-745c727bb3e87c52,libthread_local-b4f6fe44d641c0b1,libtracing_log-ec4da570862f46db,libthiserror-2aefb201a7777d0f,liblsp_server-c589132a8e85f7a1,liblog-b262261d47bd2eba,libcrossbeam_channel-a54b30448774328c,libcrossbeam_utils-076f45bf81d9c2d2,libdashmap-a9e7ed66bcb3a5cd,liblock_api-16d46fed645f7bff,libscopeguard-7ec2214574194454,libparking_lot_core-5e997d9424f63dbf,libhashbrown-d212151049f8b41a,liblsp_types-e959ce7f1b03bb04,liburl-a70aa42485c56a76,libidna-22c9033ab3882b84,libutf8_iter-51566bbad89f3a68,libidna_adapter-94a301d1b516b25a,libicu_properties-7ca30ff414c65189,libicu_properties_data-b217809bf575558a,libicu_normalizer-b51b27e34083583f,libsmallvec-3281308869c19c4b,libicu_normalizer_data-ab8997d7cbbb3306,libicu_collections-d76e3082dea6dde8,libpotential_utf-ac7f540345c870e8,libicu_provider-15ce9766b8f8c2ea,libicu_locale_core-18e77d826a2941ba,libtinystr-07200a02f5cec94e,liblitemap-cd9b5b2aa04e2018,libwriteable-4f74a67d38fff78e,libzerovec-cb2b3f869097c1c8,libzerotrie-d858baf581bbab74,libyoke-dc97079288868b51,libstable_deref_trait-63cbf3f3d3f94e56,libzerofrom-2d08bede4c99dde3,libform_urlencoded-58b0f0edb59b40d2,libpercent_encoding-fa055ecaa1e57cfa,libserde_json-e787609645c0d233,libmemchr-60b408e76a46f254,libitoa-f3a70a1441f7f89b,libzmij-6ea76cb949df0b83,libserde-2795b4db7f391623,libserde_core-2c928ee17a7447a4,libbitflags-dde12b0d7d495b50,libtracing-769f860bf024fe2d,libpin_project_lite-72bf04572caa1c84,libtracing_core-4cc82aeb094c2c39}.rlib" "<sysroot>/lib/rustlib/x86_64-unknown-linux-gnu/lib/{libtest-*,libgetopts-*,librustc_std_workspace_std-*}.rlib" "/opt/rustwide/target/debug/deps/{libtempfile-34e522948c7d06bb,libgetrandom-7f3b074ce05a9c1f,liblibc-11f5a30dc24875fb,libcfg_if-83060ec5685761ae,libfastrand-751bcde24b8aa073,libonce_cell-e9252a7b5119f3eb,librustix-bcbc58348a6e2b95,libbitflags-9362e66b8880981a,liblinux_raw_sys-7c0af75954695899}.rlib" "<sysroot>/lib/rustlib/x86_64-unknown-linux-gnu/lib/{libstd-*,libpanic_unwind-*,libobject-*,libmemchr-*,libaddr2line-*,libgimli-*,libcfg_if-*,librustc_demangle-*,libstd_detect-*,libhashbrown-*,librustc_std_workspace_alloc-*,libminiz_oxide-*,libadler2-*,libunwind-*,liblibc-*,librustc_std_workspace_core-*,liballoc-*,libcore-*,libcompiler_builtins-*}.rlib" "-Wl,-Bdynamic" "-lgcc_s" "-lutil" "-lrt" "-lpthread" "-lm" "-ldl" "-lc" "-L" "/opt/rustwide/target/debug/deps/rustcUC4icE/raw-dylibs" "-B<sysroot>/lib/rustlib/x86_64-unknown-linux-gnu/bin/gcc-ld" "-fuse-ld=lld" "-Wl,--eh-frame-hdr" "-Wl,-z,noexecstack" "-L" "/opt/rustwide/target/debug/build/ring-e6d7591df5303779/out" "-L" "<sysroot>/lib/rustlib/x86_64-unknown-linux-gnu/lib" "-o" "/opt/rustwide/target/debug/deps/logging_test-7b721c8721447981" "-Wl,--gc-sections" "-pie" "-Wl,-z,relro,-z,now" "-nodefaultlibs"
[INFO] [stdout]   = note: some arguments are omitted. use `--verbose` to show all linker arguments
[INFO] [stdout]   = note: collect2: fatal error: ld terminated with signal 9 [Killed]
[INFO] [stdout]           compilation terminated.
[INFO] [stdout]           
[INFO] [stdout] 
[INFO] [stdout] 
[INFO] [stderr] error: could not compile `spring-lsp` (test "logging_test") due to 1 previous error
[INFO] [stdout] error: linking with `cc` failed: exit status: 1
[INFO] [stdout]   |
[INFO] [stdout]   = note:  "cc" "-m64" "/opt/rustwide/target/debug/deps/rustc4QkRsk/symbols.o" "<2 object files omitted>" "-Wl,--as-needed" "-Wl,-Bstatic" "<sysroot>/lib/rustlib/x86_64-unknown-linux-gnu/lib/{libtest-*,libgetopts-*,librustc_std_workspace_std-*}.rlib" "/opt/rustwide/target/debug/deps/{libspring_lsp-ff880ee5d49755bd,libregex-920c76835ff8f85b,libatty-9fb0e5c1dbf21814,libreqwest-0b1466ace05afc0f,librustls_pemfile-30aaf682314043cb,libhyper_rustls-0f46f9d3fa6913e7,libserde_urlencoded-7dc478c3a2f78e4e,libryu-25f59e4cd0d23219,libwebpki_roots-da6c00699c81e448,libbase64-13144a1f1e192158,libipnet-a38805d99c19843f,libtokio_rustls-cb0015a6e9d0d5f0,libmime-0188e0814ca7ddbf,libencoding_rs-c7a67ac351c2b19f,librustls-7866efd36cae7d8f,libsct-f57d50cde4b173c1,libwebpki-2523e3cd385bf1f6,libring-e5912a4a0d599d89,libgetrandom-5197717e746d5ea8,libuntrusted-b2f816886faf2178,libhyper-0cce7691ca71646d,libwant-7a6260b9c50f1479,libtry_lock-8fa2f6971035be84,libsocket2-838f35a805bfad85,libhttparse-8c9b827b8f345444,libh2-c8e239a45be7a799,libslab-0582d648e59ab406,libtokio_util-377e3c9dc496ff71,libfutures_sink-ae1eb2d060de53a2,libtower_service-3fb88d28c2218805,libfutures_channel-0897301d97903da3,libfutures_util-68fa7dac50fb9729,libfutures_task-c06a259e538c6480,libpin_utils-3860774ad9b215b5,libtokio-cdab03880c83f715,libsignal_hook_registry-cddd50aee5c69024,liberrno-c497d64a4571af83,libsocket2-1aadc0729249d3be,libmio-fc0f5b7715002b05,libparking_lot-e45469444b822e00,libsync_wrapper-b5d3a794a1e9deea,libhttp_body-5b4c2cb792fd5230,libfutures_core-3b920243fce8fec0,libhttp-fffc47198b88a73f,libbytes-3529dc27cc7678fe,libfnv-79e2cbfbe03dcd16,libdirs-c155e9e59ba64789,libdirs_sys-46fb4fa430eb4a55,liboption_ext-61303ef911796993,libtoml-51aaca089742c37f,libtoml_edit-839fc83a372d70bf,libserde_spanned-7332b06206243d0a,libindexmap-f006485b143d2676,libequivalent-6a754676e6af62ae,libhashbrown-25abce2d85979e8d,libwinnow-ff325613e0e6d4a9,libtoml_write-2c704ffd35684d73,libtoml_datetime-33169f6bd39f5138,libanyhow-4342eda19ce54c8e,libtaplo-33ddedd69ae42ad4,libahash-e23bedc07057fcae,libgetrandom-7f3b074ce05a9c1f,libzerocopy-df297b99db9e5bc1,libglobset-c7e97aeb2122fc9f,libbstr-c6b1b9093617a0ee,libarc_swap-19f0b0b4b5e5f930,libitertools-547aa333ea6c8a9a,libtime-009a5e0aa6e5a2f6,libtime_core-031b6ab885a7634b,libnum_conv-9ace8b7f2a214982,libderanged-0497f8a63ebb66e0,libpowerfmt-f6019a2766e431f7,librowan-664ca37532eaa0c8,libmemoffset-d5728f86d1484854,libtext_size-dddad08085c6b846,librustc_hash-d7c4a66f98a2548f,libcountme-274fc52838de187e,liblogos-8970ff123e9d1c10,libeither-971932073343a62d,libsyn-1ecbc60357da4c02,libquote-c07757da3ec5ab9d,libproc_macro2-3e7e74452f146eaf,libunicode_ident-e2d52eba11085272}.rlib" "<sysroot>/lib/rustlib/x86_64-unknown-linux-gnu/lib/{libproc_macro-*,librustc_literal_escaper-*}.rlib" "/opt/rustwide/target/debug/deps/{libtracing_subscriber-72faa41ef3f0d7ab,libtracing_serde-93493c7b24e8862c,libsharded_slab-bd3e89e1e50b7c87,liblazy_static-3674be3f4245d19b,libmatchers-108d83d1828b8a4f,libregex_automata-72ff15c513856b8d,libaho_corasick-609934fb09bd6b82,libregex_syntax-21c69862a9074e56,libnu_ansi_term-745c727bb3e87c52,libtracing-769f860bf024fe2d,libpin_project_lite-72bf04572caa1c84,libthread_local-b4f6fe44d641c0b1,libtracing_log-ec4da570862f46db,libtracing_core-4cc82aeb094c2c39,libthiserror-2aefb201a7777d0f,liblsp_server-c589132a8e85f7a1,liblog-b262261d47bd2eba,libcrossbeam_channel-a54b30448774328c,libcrossbeam_utils-076f45bf81d9c2d2,libdashmap-a9e7ed66bcb3a5cd,liblock_api-16d46fed645f7bff,libscopeguard-7ec2214574194454,libonce_cell-e9252a7b5119f3eb,libparking_lot_core-5e997d9424f63dbf,liblibc-11f5a30dc24875fb,libcfg_if-83060ec5685761ae,libhashbrown-d212151049f8b41a,liblsp_types-e959ce7f1b03bb04,liburl-a70aa42485c56a76,libidna-22c9033ab3882b84,libutf8_iter-51566bbad89f3a68,libidna_adapter-94a301d1b516b25a,libicu_properties-7ca30ff414c65189,libicu_properties_data-b217809bf575558a,libicu_normalizer-b51b27e34083583f,libsmallvec-3281308869c19c4b,libicu_normalizer_data-ab8997d7cbbb3306,libicu_collections-d76e3082dea6dde8,libpotential_utf-ac7f540345c870e8,libicu_provider-15ce9766b8f8c2ea,libicu_locale_core-18e77d826a2941ba,libtinystr-07200a02f5cec94e,liblitemap-cd9b5b2aa04e2018,libwriteable-4f74a67d38fff78e,libzerovec-cb2b3f869097c1c8,libzerotrie-d858baf581bbab74,libyoke-dc97079288868b51,libstable_deref_trait-63cbf3f3d3f94e56,libzerofrom-2d08bede4c99dde3,libform_urlencoded-58b0f0edb59b40d2,libpercent_encoding-fa055ecaa1e57cfa,libserde_json-e787609645c0d233,libmemchr-60b408e76a46f254,libitoa-f3a70a1441f7f89b,libzmij-6ea76cb949df0b83,libserde-2795b4db7f391623,libserde_core-2c928ee17a7447a4,libbitflags-dde12b0d7d495b50}.rlib" "<sysroot>/lib/rustlib/x86_64-unknown-linux-gnu/lib/{libstd-*,libpanic_unwind-*,libobject-*,libmemchr-*,libaddr2line-*,libgimli-*,libcfg_if-*,librustc_demangle-*,libstd_detect-*,libhashbrown-*,librustc_std_workspace_alloc-*,libminiz_oxide-*,libadler2-*,libunwind-*,liblibc-*,librustc_std_workspace_core-*,liballoc-*,libcore-*,libcompiler_builtins-*}.rlib" "-Wl,-Bdynamic" "-lgcc_s" "-lutil" "-lrt" "-lpthread" "-lm" "-ldl" "-lc" "-L" "/opt/rustwide/target/debug/deps/rustc4QkRsk/raw-dylibs" "-B<sysroot>/lib/rustlib/x86_64-unknown-linux-gnu/bin/gcc-ld" "-fuse-ld=lld" "-Wl,--eh-frame-hdr" "-Wl,-z,noexecstack" "-L" "/opt/rustwide/target/debug/build/ring-e6d7591df5303779/out" "-L" "<sysroot>/lib/rustlib/x86_64-unknown-linux-gnu/lib" "-o" "/opt/rustwide/target/debug/deps/toml_validation_test-0ab00ff8e8649ca0" "-Wl,--gc-sections" "-pie" "-Wl,-z,relro,-z,now" "-nodefaultlibs"
[INFO] [stdout]   = note: some arguments are omitted. use `--verbose` to show all linker arguments
[INFO] [stdout]   = note: collect2: fatal error: ld terminated with signal 9 [Killed]
[INFO] [stdout]           compilation terminated.
[INFO] [stdout]           
[INFO] [stdout] 
[INFO] [stdout] 
[INFO] [stderr] error: could not compile `spring-lsp` (test "toml_validation_test") due to 1 previous error
[INFO] [stdout] error: linking with `cc` failed: exit status: 1
[INFO] [stdout]   |
[INFO] [stdout]   = note:  "cc" "-m64" "/opt/rustwide/target/debug/deps/rustcaQR3H9/symbols.o" "<7 object files omitted>" "-Wl,--as-needed" "-Wl,-Bstatic" "<sysroot>/lib/rustlib/x86_64-unknown-linux-gnu/lib/{libtest-*,libgetopts-*,librustc_std_workspace_std-*}.rlib" "/opt/rustwide/target/debug/deps/{libspring_lsp-ff880ee5d49755bd,libregex-920c76835ff8f85b,libatty-9fb0e5c1dbf21814,libreqwest-0b1466ace05afc0f,librustls_pemfile-30aaf682314043cb,libhyper_rustls-0f46f9d3fa6913e7,libserde_urlencoded-7dc478c3a2f78e4e,libryu-25f59e4cd0d23219,libwebpki_roots-da6c00699c81e448,libbase64-13144a1f1e192158,libipnet-a38805d99c19843f,libtokio_rustls-cb0015a6e9d0d5f0,libmime-0188e0814ca7ddbf,libencoding_rs-c7a67ac351c2b19f,librustls-7866efd36cae7d8f,libsct-f57d50cde4b173c1,libwebpki-2523e3cd385bf1f6,libring-e5912a4a0d599d89,libgetrandom-5197717e746d5ea8,libuntrusted-b2f816886faf2178,libhyper-0cce7691ca71646d,libwant-7a6260b9c50f1479,libtry_lock-8fa2f6971035be84,libsocket2-838f35a805bfad85,libhttparse-8c9b827b8f345444,libh2-c8e239a45be7a799,libslab-0582d648e59ab406,libtokio_util-377e3c9dc496ff71,libfutures_sink-ae1eb2d060de53a2,libtower_service-3fb88d28c2218805,libfutures_channel-0897301d97903da3,libfutures_util-68fa7dac50fb9729,libfutures_task-c06a259e538c6480,libpin_utils-3860774ad9b215b5,libtokio-cdab03880c83f715,libsignal_hook_registry-cddd50aee5c69024,liberrno-c497d64a4571af83,libsocket2-1aadc0729249d3be,libmio-fc0f5b7715002b05,libparking_lot-e45469444b822e00,libsync_wrapper-b5d3a794a1e9deea,libhttp_body-5b4c2cb792fd5230,libfutures_core-3b920243fce8fec0,libhttp-fffc47198b88a73f,libbytes-3529dc27cc7678fe,libdirs-c155e9e59ba64789,libdirs_sys-46fb4fa430eb4a55,liboption_ext-61303ef911796993,libtoml-51aaca089742c37f,libtoml_edit-839fc83a372d70bf,libserde_spanned-7332b06206243d0a,libindexmap-f006485b143d2676,libequivalent-6a754676e6af62ae,libhashbrown-25abce2d85979e8d,libwinnow-ff325613e0e6d4a9,libtoml_write-2c704ffd35684d73,libtoml_datetime-33169f6bd39f5138,libanyhow-4342eda19ce54c8e,libtaplo-33ddedd69ae42ad4,libahash-e23bedc07057fcae,libglobset-c7e97aeb2122fc9f,libbstr-c6b1b9093617a0ee,libarc_swap-19f0b0b4b5e5f930,libitertools-547aa333ea6c8a9a,libtime-009a5e0aa6e5a2f6,libtime_core-031b6ab885a7634b,libnum_conv-9ace8b7f2a214982,libderanged-0497f8a63ebb66e0,libpowerfmt-f6019a2766e431f7,librowan-664ca37532eaa0c8,libmemoffset-d5728f86d1484854,libtext_size-dddad08085c6b846,librustc_hash-d7c4a66f98a2548f,libcountme-274fc52838de187e,liblogos-8970ff123e9d1c10,libeither-971932073343a62d,libsyn-1ecbc60357da4c02,libquote-c07757da3ec5ab9d,libproc_macro2-3e7e74452f146eaf,libunicode_ident-e2d52eba11085272}.rlib" "<sysroot>/lib/rustlib/x86_64-unknown-linux-gnu/lib/{libproc_macro-*,librustc_literal_escaper-*}.rlib" "/opt/rustwide/target/debug/deps/{libtracing_subscriber-72faa41ef3f0d7ab,libtracing_serde-93493c7b24e8862c,libsharded_slab-bd3e89e1e50b7c87,liblazy_static-3674be3f4245d19b,libmatchers-108d83d1828b8a4f,libregex_automata-72ff15c513856b8d,libaho_corasick-609934fb09bd6b82,libnu_ansi_term-745c727bb3e87c52,libtracing-769f860bf024fe2d,libpin_project_lite-72bf04572caa1c84,libthread_local-b4f6fe44d641c0b1,libtracing_log-ec4da570862f46db,libtracing_core-4cc82aeb094c2c39,libthiserror-2aefb201a7777d0f,liblsp_server-c589132a8e85f7a1,liblog-b262261d47bd2eba,libcrossbeam_channel-a54b30448774328c,libcrossbeam_utils-076f45bf81d9c2d2,libdashmap-a9e7ed66bcb3a5cd,liblock_api-16d46fed645f7bff,libscopeguard-7ec2214574194454,libparking_lot_core-5e997d9424f63dbf,libhashbrown-d212151049f8b41a,libproptest-f4bcbfcc2e2bf80f,libunarray-2b0ca735f001c2fa,libregex_syntax-21c69862a9074e56,librand_xorshift-add3edce5d885f4a,librand_chacha-4b1ac0641ca67dd1,libppv_lite86-1e0f8b35bc85c796,libzerocopy-df297b99db9e5bc1,librand-34c13d76d9dc35e1,librand_core-50bd4813a8213623,librusty_fork-62549e0eaa931946,libwait_timeout-3c74e907cf7638ca,libtempfile-34e522948c7d06bb,libgetrandom-7f3b074ce05a9c1f,liblibc-11f5a30dc24875fb,libcfg_if-83060ec5685761ae,libfastrand-751bcde24b8aa073,libonce_cell-e9252a7b5119f3eb,librustix-bcbc58348a6e2b95,liblinux_raw_sys-7c0af75954695899,libfnv-79e2cbfbe03dcd16,libquick_error-9f96d0cb10ca2956,libbit_set-1fa6ab292f9512d1,libbit_vec-46bedad1cbb6f5b7,libbitflags-9362e66b8880981a,liblsp_types-e959ce7f1b03bb04,liburl-a70aa42485c56a76,libidna-22c9033ab3882b84,libutf8_iter-51566bbad89f3a68,libidna_adapter-94a301d1b516b25a,libicu_properties-7ca30ff414c65189,libicu_properties_data-b217809bf575558a,libicu_normalizer-b51b27e34083583f,libsmallvec-3281308869c19c4b,libicu_normalizer_data-ab8997d7cbbb3306,libicu_collections-d76e3082dea6dde8,libpotential_utf-ac7f540345c870e8,libicu_provider-15ce9766b8f8c2ea,libicu_locale_core-18e77d826a2941ba,libtinystr-07200a02f5cec94e,liblitemap-cd9b5b2aa04e2018,libwriteable-4f74a67d38fff78e,libzerovec-cb2b3f869097c1c8,libzerotrie-d858baf581bbab74,libyoke-dc97079288868b51,libstable_deref_trait-63cbf3f3d3f94e56,libzerofrom-2d08bede4c99dde3,libform_urlencoded-58b0f0edb59b40d2,libpercent_encoding-fa055ecaa1e57cfa,libserde_json-e787609645c0d233,libmemchr-60b408e76a46f254,libitoa-f3a70a1441f7f89b,libzmij-6ea76cb949df0b83,libserde-2795b4db7f391623,libserde_core-2c928ee17a7447a4,libbitflags-dde12b0d7d495b50}.rlib" "<sysroot>/lib/rustlib/x86_64-unknown-linux-gnu/lib/{libstd-*,libpanic_unwind-*,libobject-*,libmemchr-*,libaddr2line-*,libgimli-*,libcfg_if-*,librustc_demangle-*,libstd_detect-*,libhashbrown-*,librustc_std_workspace_alloc-*,libminiz_oxide-*,libadler2-*,libunwind-*,liblibc-*,librustc_std_workspace_core-*,liballoc-*,libcore-*,libcompiler_builtins-*}.rlib" "-Wl,-Bdynamic" "-lgcc_s" "-lutil" "-lrt" "-lpthread" "-lm" "-ldl" "-lc" "-L" "/opt/rustwide/target/debug/deps/rustcaQR3H9/raw-dylibs" "-B<sysroot>/lib/rustlib/x86_64-unknown-linux-gnu/bin/gcc-ld" "-fuse-ld=lld" "-Wl,--eh-frame-hdr" "-Wl,-z,noexecstack" "-L" "/opt/rustwide/target/debug/build/ring-e6d7591df5303779/out" "-L" "<sysroot>/lib/rustlib/x86_64-unknown-linux-gnu/lib" "-o" "/opt/rustwide/target/debug/deps/example_display_property_test-9c24a551be237c8e" "-Wl,--gc-sections" "-pie" "-Wl,-z,relro,-z,now" "-nodefaultlibs"
[INFO] [stdout]   = note: some arguments are omitted. use `--verbose` to show all linker arguments
[INFO] [stdout]   = note: collect2: fatal error: ld terminated with signal 9 [Killed]
[INFO] [stdout]           compilation terminated.
[INFO] [stdout]           
[INFO] [stdout] 
[INFO] [stdout] 
[INFO] [stderr] error: could not compile `spring-lsp` (test "example_display_property_test") due to 1 previous error; 7 warnings emitted
[INFO] [stdout] error: linking with `cc` failed: exit status: 1
[INFO] [stdout]   |
[INFO] [stdout]   = note:  "cc" "-m64" "/opt/rustwide/target/debug/deps/rustcQ5Hokr/symbols.o" "<6 object files omitted>" "-Wl,--as-needed" "-Wl,-Bstatic" "<sysroot>/lib/rustlib/x86_64-unknown-linux-gnu/lib/{libtest-*,libgetopts-*,librustc_std_workspace_std-*}.rlib" "/opt/rustwide/target/debug/deps/{libspring_lsp-ff880ee5d49755bd,libregex-920c76835ff8f85b,libatty-9fb0e5c1dbf21814,libreqwest-0b1466ace05afc0f,librustls_pemfile-30aaf682314043cb,libhyper_rustls-0f46f9d3fa6913e7,libserde_urlencoded-7dc478c3a2f78e4e,libryu-25f59e4cd0d23219,libwebpki_roots-da6c00699c81e448,libbase64-13144a1f1e192158,libipnet-a38805d99c19843f,libtokio_rustls-cb0015a6e9d0d5f0,libmime-0188e0814ca7ddbf,libencoding_rs-c7a67ac351c2b19f,librustls-7866efd36cae7d8f,libsct-f57d50cde4b173c1,libwebpki-2523e3cd385bf1f6,libring-e5912a4a0d599d89,libgetrandom-5197717e746d5ea8,libuntrusted-b2f816886faf2178,libhyper-0cce7691ca71646d,libwant-7a6260b9c50f1479,libtry_lock-8fa2f6971035be84,libsocket2-838f35a805bfad85,libhttparse-8c9b827b8f345444,libh2-c8e239a45be7a799,libslab-0582d648e59ab406,libtokio_util-377e3c9dc496ff71,libfutures_sink-ae1eb2d060de53a2,libtower_service-3fb88d28c2218805,libfutures_channel-0897301d97903da3,libfutures_util-68fa7dac50fb9729,libfutures_task-c06a259e538c6480,libpin_utils-3860774ad9b215b5,libtokio-cdab03880c83f715,libsignal_hook_registry-cddd50aee5c69024,liberrno-c497d64a4571af83,libsocket2-1aadc0729249d3be,libmio-fc0f5b7715002b05,libparking_lot-e45469444b822e00,libsync_wrapper-b5d3a794a1e9deea,libhttp_body-5b4c2cb792fd5230,libfutures_core-3b920243fce8fec0,libhttp-fffc47198b88a73f,libbytes-3529dc27cc7678fe,libdirs-c155e9e59ba64789,libdirs_sys-46fb4fa430eb4a55,liboption_ext-61303ef911796993,libtoml-51aaca089742c37f,libtoml_edit-839fc83a372d70bf,libserde_spanned-7332b06206243d0a,libindexmap-f006485b143d2676,libequivalent-6a754676e6af62ae,libhashbrown-25abce2d85979e8d,libwinnow-ff325613e0e6d4a9,libtoml_write-2c704ffd35684d73,libtoml_datetime-33169f6bd39f5138,libanyhow-4342eda19ce54c8e,libtaplo-33ddedd69ae42ad4,libahash-e23bedc07057fcae,libglobset-c7e97aeb2122fc9f,libbstr-c6b1b9093617a0ee,libarc_swap-19f0b0b4b5e5f930,libitertools-547aa333ea6c8a9a,libtime-009a5e0aa6e5a2f6,libtime_core-031b6ab885a7634b,libnum_conv-9ace8b7f2a214982,libderanged-0497f8a63ebb66e0,libpowerfmt-f6019a2766e431f7,librowan-664ca37532eaa0c8,libmemoffset-d5728f86d1484854,libtext_size-dddad08085c6b846,librustc_hash-d7c4a66f98a2548f,libcountme-274fc52838de187e,liblogos-8970ff123e9d1c10,libeither-971932073343a62d,libsyn-1ecbc60357da4c02,libquote-c07757da3ec5ab9d,libproc_macro2-3e7e74452f146eaf,libunicode_ident-e2d52eba11085272}.rlib" "<sysroot>/lib/rustlib/x86_64-unknown-linux-gnu/lib/{libproc_macro-*,librustc_literal_escaper-*}.rlib" "/opt/rustwide/target/debug/deps/{libtracing_subscriber-72faa41ef3f0d7ab,libtracing_serde-93493c7b24e8862c,libsharded_slab-bd3e89e1e50b7c87,liblazy_static-3674be3f4245d19b,libmatchers-108d83d1828b8a4f,libregex_automata-72ff15c513856b8d,libaho_corasick-609934fb09bd6b82,libnu_ansi_term-745c727bb3e87c52,libtracing-769f860bf024fe2d,libpin_project_lite-72bf04572caa1c84,libthread_local-b4f6fe44d641c0b1,libtracing_log-ec4da570862f46db,libtracing_core-4cc82aeb094c2c39,libthiserror-2aefb201a7777d0f,liblsp_server-c589132a8e85f7a1,liblog-b262261d47bd2eba,libcrossbeam_channel-a54b30448774328c,libcrossbeam_utils-076f45bf81d9c2d2,libdashmap-a9e7ed66bcb3a5cd,liblock_api-16d46fed645f7bff,libscopeguard-7ec2214574194454,libparking_lot_core-5e997d9424f63dbf,libhashbrown-d212151049f8b41a,libproptest-f4bcbfcc2e2bf80f,libunarray-2b0ca735f001c2fa,libregex_syntax-21c69862a9074e56,librand_xorshift-add3edce5d885f4a,librand_chacha-4b1ac0641ca67dd1,libppv_lite86-1e0f8b35bc85c796,libzerocopy-df297b99db9e5bc1,librand-34c13d76d9dc35e1,librand_core-50bd4813a8213623,librusty_fork-62549e0eaa931946,libwait_timeout-3c74e907cf7638ca,libtempfile-34e522948c7d06bb,libgetrandom-7f3b074ce05a9c1f,liblibc-11f5a30dc24875fb,libcfg_if-83060ec5685761ae,libfastrand-751bcde24b8aa073,libonce_cell-e9252a7b5119f3eb,librustix-bcbc58348a6e2b95,liblinux_raw_sys-7c0af75954695899,libfnv-79e2cbfbe03dcd16,libquick_error-9f96d0cb10ca2956,libbit_set-1fa6ab292f9512d1,libbit_vec-46bedad1cbb6f5b7,libbitflags-9362e66b8880981a,liblsp_types-e959ce7f1b03bb04,liburl-a70aa42485c56a76,libidna-22c9033ab3882b84,libutf8_iter-51566bbad89f3a68,libidna_adapter-94a301d1b516b25a,libicu_properties-7ca30ff414c65189,libicu_properties_data-b217809bf575558a,libicu_normalizer-b51b27e34083583f,libsmallvec-3281308869c19c4b,libicu_normalizer_data-ab8997d7cbbb3306,libicu_collections-d76e3082dea6dde8,libpotential_utf-ac7f540345c870e8,libicu_provider-15ce9766b8f8c2ea,libicu_locale_core-18e77d826a2941ba,libtinystr-07200a02f5cec94e,liblitemap-cd9b5b2aa04e2018,libwriteable-4f74a67d38fff78e,libzerovec-cb2b3f869097c1c8,libzerotrie-d858baf581bbab74,libyoke-dc97079288868b51,libstable_deref_trait-63cbf3f3d3f94e56,libzerofrom-2d08bede4c99dde3,libform_urlencoded-58b0f0edb59b40d2,libpercent_encoding-fa055ecaa1e57cfa,libserde_json-e787609645c0d233,libmemchr-60b408e76a46f254,libitoa-f3a70a1441f7f89b,libzmij-6ea76cb949df0b83,libserde-2795b4db7f391623,libserde_core-2c928ee17a7447a4,libbitflags-dde12b0d7d495b50}.rlib" "<sysroot>/lib/rustlib/x86_64-unknown-linux-gnu/lib/{libstd-*,libpanic_unwind-*,libobject-*,libmemchr-*,libaddr2line-*,libgimli-*,libcfg_if-*,librustc_demangle-*,libstd_detect-*,libhashbrown-*,librustc_std_workspace_alloc-*,libminiz_oxide-*,libadler2-*,libunwind-*,liblibc-*,librustc_std_workspace_core-*,liballoc-*,libcore-*,libcompiler_builtins-*}.rlib" "-Wl,-Bdynamic" "-lgcc_s" "-lutil" "-lrt" "-lpthread" "-lm" "-ldl" "-lc" "-L" "/opt/rustwide/target/debug/deps/rustcQ5Hokr/raw-dylibs" "-B<sysroot>/lib/rustlib/x86_64-unknown-linux-gnu/bin/gcc-ld" "-fuse-ld=lld" "-Wl,--eh-frame-hdr" "-Wl,-z,noexecstack" "-L" "/opt/rustwide/target/debug/build/ring-e6d7591df5303779/out" "-L" "<sysroot>/lib/rustlib/x86_64-unknown-linux-gnu/lib" "-o" "/opt/rustwide/target/debug/deps/di_validator_property_test-c92437fc4bad750d" "-Wl,--gc-sections" "-pie" "-Wl,-z,relro,-z,now" "-nodefaultlibs"
[INFO] [stdout]   = note: some arguments are omitted. use `--verbose` to show all linker arguments
[INFO] [stdout]   = note: collect2: fatal error: ld terminated with signal 9 [Killed]
[INFO] [stdout]           compilation terminated.
[INFO] [stdout]           
[INFO] [stdout] 
[INFO] [stdout] 
[INFO] [stderr] error: could not compile `spring-lsp` (test "di_validator_property_test") due to 1 previous error; 15 warnings emitted
[INFO] running `Command { std: "docker" "inspect" "d2a6997cb2385cc61c4ad58f135c5069c4dfb0ef918db3d1c2e272d013ba58ff", kill_on_drop: false }`
[INFO] running `Command { std: "docker" "rm" "-f" "d2a6997cb2385cc61c4ad58f135c5069c4dfb0ef918db3d1c2e272d013ba58ff", kill_on_drop: false }`
[INFO] [stdout] d2a6997cb2385cc61c4ad58f135c5069c4dfb0ef918db3d1c2e272d013ba58ff
