[INFO] fetching crate spine-protocol 2.0.1...
[INFO] testing spine-protocol-2.0.1 against 1.100.0-beta.1 for beta-1.100-2
[INFO] extracting crate spine-protocol 2.0.1 into /workspace/builds/worker-6-tc2/source
[INFO] started tweaking crates.io crate spine-protocol 2.0.1
[INFO] removed 0 missing examples
[INFO] removed 0 missing tests
[INFO] finished tweaking crates.io crate spine-protocol 2.0.1
[INFO] tweaked toml for crates.io crate spine-protocol 2.0.1 written to /workspace/builds/worker-6-tc2/source/Cargo.toml
[INFO] validating manifest of crates.io crate spine-protocol 2.0.1 on toolchain 1.100.0-beta.1
[INFO] running `Command { std: CARGO_HOME="/workspace/cargo-home" RUSTUP_HOME="/workspace/rustup-home" "/workspace/cargo-home/bin/cargo" "+1.100.0-beta.1" "metadata" "--manifest-path" "Cargo.toml" "--no-deps", kill_on_drop: false }`
[INFO] crate crates.io crate spine-protocol 2.0.1 already has a lockfile, it will not be regenerated
[INFO] running `Command { std: CARGO_HOME="/workspace/cargo-home" RUSTUP_HOME="/workspace/rustup-home" "/workspace/cargo-home/bin/cargo" "+1.100.0-beta.1" "fetch" "--manifest-path" "Cargo.toml", kill_on_drop: false }`
[INFO] [stderr] warning: `package.homepage` is redundant with `package.repository`
[INFO] [stderr]    --> Cargo.toml:146:12
[INFO] [stderr]     |
[INFO] [stderr] 146 | homepage = "https://github.com/nervosys/SPINE"
[INFO] [stderr]     |            ^^^^^^^^^^^^^^^^^^^^^^^^^^^^^^^^^^^
[INFO] [stderr] ...
[INFO] [stderr] 151 | repository = "https://github.com/nervosys/SPINE"
[INFO] [stderr]     |              -----------------------------------
[INFO] [stderr]     |
[INFO] [stderr]     = note: `cargo::redundant_homepage` is set to `warn` by default
[INFO] [stderr] help: consider removing `package.homepage`
[INFO] [stderr] warning: `spine-protocol` (manifest) generated 1 warning
[INFO] running `Command { std: "docker" "create" "-v" "/var/lib/crater-agent-workspace/builds/worker-6-tc2/source:/opt/rustwide/workdir:ro,Z" "-v" "/var/lib/crater-agent-workspace/builds/worker-6-tc2/target:/opt/rustwide/target:rw,Z" "-v" "/var/lib/crater-agent-workspace/cargo-home:/opt/rustwide/cargo-home:ro,Z" "-v" "/var/lib/crater-agent-workspace/rustup-home:/opt/rustwide/rustup-home:ro,Z" "-m" "1610612736" "--network" "none" "ghcr.io/rust-lang/crates-build-env/linux@sha256:3111399a4047eeb3a02b7a90e478d715f38a8c6669b5c4b49d30a17385265909" "sleep" "infinity", kill_on_drop: false }`
[INFO] [stdout] 37209b06da59a706de52468a1f59c90fc7ffad6c062090d2f3aab468fade55ec
[INFO] running `Command { std: "docker" "start" "37209b06da59a706de52468a1f59c90fc7ffad6c062090d2f3aab468fade55ec", kill_on_drop: false }`
[INFO] running `Command { std: "docker" "inspect" "37209b06da59a706de52468a1f59c90fc7ffad6c062090d2f3aab468fade55ec", kill_on_drop: false }`
[INFO] running `Command { std: "docker" "exec" "-e" "SOURCE_DIR=/opt/rustwide/workdir" "-e" "CARGO_HOME=/opt/rustwide/cargo-home" "-e" "RUSTUP_HOME=/opt/rustwide/rustup-home" "-e" "CARGO_TARGET_DIR=/opt/rustwide/target" "-w" "/opt/rustwide/workdir" "--user" "0:0" "37209b06da59a706de52468a1f59c90fc7ffad6c062090d2f3aab468fade55ec" "/opt/rustwide/cargo-home/bin/cargo" "+1.100.0-beta.1" "metadata" "--no-deps" "--format-version=1", kill_on_drop: false }`
[INFO] running `Command { std: "docker" "inspect" "37209b06da59a706de52468a1f59c90fc7ffad6c062090d2f3aab468fade55ec", kill_on_drop: false }`
[INFO] running `Command { std: "docker" "exec" "-e" "SOURCE_DIR=/opt/rustwide/workdir" "-e" "CARGO_HOME=/opt/rustwide/cargo-home" "-e" "RUSTUP_HOME=/opt/rustwide/rustup-home" "-e" "CARGO_TARGET_DIR=/opt/rustwide/target" "-e" "CARGO_INCREMENTAL=0" "-e" "RUST_BACKTRACE=full" "-e" "RUSTFLAGS=--cap-lints=warn" "-e" "RUSTDOCFLAGS=--cap-lints=warn" "-w" "/opt/rustwide/workdir" "--user" "0:0" "37209b06da59a706de52468a1f59c90fc7ffad6c062090d2f3aab468fade55ec" "/opt/rustwide/cargo-home/bin/cargo" "+1.100.0-beta.1" "build" "--frozen" "--message-format=json", kill_on_drop: false }`
[INFO] [stderr] warning: `package.homepage` is redundant with `package.repository`
[INFO] [stderr]    --> Cargo.toml:146:12
[INFO] [stderr]     |
[INFO] [stderr] 146 | homepage = "https://github.com/nervosys/SPINE"
[INFO] [stderr]     |            ^^^^^^^^^^^^^^^^^^^^^^^^^^^^^^^^^^^
[INFO] [stderr] ...
[INFO] [stderr] 151 | repository = "https://github.com/nervosys/SPINE"
[INFO] [stderr]     |              -----------------------------------
[INFO] [stderr]     |
[INFO] [stderr]     = note: `cargo::redundant_homepage` is set to `warn` by default
[INFO] [stderr] help: consider removing `package.homepage`
[INFO] [stderr] warning: `spine-protocol` (manifest) generated 1 warning
[INFO] [stderr]    Compiling syn v2.0.117
[INFO] [stderr]    Compiling getrandom v0.2.17
[INFO] [stderr]    Compiling jobserver v0.1.34
[INFO] [stderr]    Compiling zerocopy v0.8.50
[INFO] [stderr]    Compiling aws-lc-rs v1.17.0
[INFO] [stderr]    Compiling log v0.4.31
[INFO] [stderr]    Compiling rustls v0.23.40
[INFO] [stderr]    Compiling curve25519-dalek v4.1.3
[INFO] [stderr]    Compiling inout v0.1.4
[INFO] [stderr]    Compiling rand_core v0.9.5
[INFO] [stderr]    Compiling zstd-safe v6.0.6
[INFO] [stderr]    Compiling memchr v2.8.1
[INFO] [stderr]    Compiling time v0.3.47
[INFO] [stderr]    Compiling quinn v0.11.9
[INFO] [stderr]    Compiling hybrid-array v0.2.3
[INFO] [stderr]    Compiling base64 v0.22.1
[INFO] [stderr]    Compiling rustc-hash v2.1.2
[INFO] [stderr]    Compiling uuid v1.23.2
[INFO] [stderr]    Compiling rand_core v0.6.4
[INFO] [stderr]    Compiling crypto-common v0.1.7
[INFO] [stderr]    Compiling digest v0.10.7
[INFO] [stderr]    Compiling universal-hash v0.5.1
[INFO] [stderr]    Compiling cipher v0.4.4
[INFO] [stderr]    Compiling aead v0.5.2
[INFO] [stderr]    Compiling polyval v0.6.2
[INFO] [stderr]    Compiling pem v3.0.6
[INFO] [stderr]    Compiling cc v1.2.63
[INFO] [stderr]    Compiling ghash v0.5.1
[INFO] [stderr]    Compiling aes v0.8.4
[INFO] [stderr]    Compiling ctr v0.9.2
[INFO] [stderr]    Compiling sha3 v0.10.9
[INFO] [stderr]    Compiling hmac v0.12.1
[INFO] [stderr]    Compiling sha2 v0.10.9
[INFO] [stderr]    Compiling serde_json v1.0.150
[INFO] [stderr]    Compiling hkdf v0.12.4
[INFO] [stderr]    Compiling yasna v0.5.2
[INFO] [stderr]    Compiling aes-gcm v0.10.3
[INFO] [stderr]    Compiling cmake v0.1.58
[INFO] [stderr]    Compiling ring v0.17.14
[INFO] [stderr]    Compiling zstd-sys v2.0.16+zstd.1.5.7
[INFO] [stderr]    Compiling aws-lc-sys v0.41.0
[INFO] [stderr]    Compiling zeroize_derive v1.4.3
[INFO] [stderr]    Compiling zerocopy-derive v0.8.50
[INFO] [stderr]    Compiling serde_derive v1.0.228
[INFO] [stderr]    Compiling tracing-attributes v0.1.31
[INFO] [stderr]    Compiling thiserror-impl v1.0.69
[INFO] [stderr]    Compiling curve25519-dalek-derive v0.1.1
[INFO] [stderr]    Compiling thiserror-impl v2.0.18
[INFO] [stderr]    Compiling tokio-macros v2.7.0
[INFO] [stderr]    Compiling bytemuck_derive v1.10.2
[INFO] [stderr]    Compiling zeroize v1.8.2
[INFO] [stderr]    Compiling rustls-pki-types v1.14.1
[INFO] [stderr]    Compiling kem v0.3.0-pre.0
[INFO] [stderr]    Compiling ml-kem v0.2.3
[INFO] [stderr]    Compiling rcgen v0.12.1
[INFO] [stderr]    Compiling zstd v0.12.4
[INFO] [stderr]    Compiling rustls-native-certs v0.8.4
[INFO] [stderr]    Compiling thiserror v2.0.18
[INFO] [stderr]    Compiling thiserror v1.0.69
[INFO] [stderr]    Compiling bytemuck v1.25.0
[INFO] [stderr]    Compiling tracing v0.1.44
[INFO] [stderr]    Compiling quinn-udp v0.5.14
[INFO] [stderr]    Compiling ed25519-dalek v2.2.0
[INFO] [stderr]    Compiling serde v1.0.228
[INFO] [stderr]    Compiling smallvec v1.15.1
[INFO] [stderr]    Compiling bincode v1.3.3
[INFO] [stderr]    Compiling parking_lot_core v0.9.12
[INFO] [stderr]    Compiling parking_lot v0.12.5
[INFO] [stderr]    Compiling tokio v1.52.3
[INFO] [stderr]    Compiling ppv-lite86 v0.2.21
[INFO] [stderr]    Compiling half v2.7.1
[INFO] [stderr]    Compiling ciborium-ll v0.2.2
[INFO] [stderr]    Compiling ciborium v0.2.2
[INFO] [stderr]    Compiling rand_chacha v0.9.0
[INFO] [stderr]    Compiling rand_chacha v0.3.1
[INFO] [stderr]    Compiling rand v0.8.6
[INFO] [stderr]    Compiling rand v0.9.4
[INFO] [stderr]    Compiling spine-neural v2.0.1
[INFO] [stderr]    Compiling fastbloom v0.14.1
[INFO] [stderr]    Compiling spine-crypto v2.0.1
[INFO] [stderr]    Compiling rustls-webpki v0.103.13
[INFO] [stderr]    Compiling rustls-platform-verifier v0.6.2
[INFO] [stderr]    Compiling tokio-rustls v0.26.4
[INFO] [stderr]    Compiling quinn-proto v0.11.14
[INFO] [stderr]    Compiling spine-protocol v2.0.1 (/opt/rustwide/workdir)
[INFO] [stderr] warning: unused dependency `tokio-rustls`
[INFO] [stderr]   --> Cargo.toml:88:15
[INFO] [stderr]    |
[INFO] [stderr] 88 | [dependencies.tokio-rustls]
[INFO] [stderr]    |               ^^^^^^^^^^^^^
[INFO] [stderr]    |
[INFO] [stderr]    = note: `cargo::unused_dependencies` is set to `warn` by default
[INFO] [stderr] help: consider removing the dependency on `tokio-rustls`
[INFO] [stderr] warning: `spine-protocol` (manifest) generated 1 warning
[INFO] [stderr]     Finished `dev` profile [unoptimized + debuginfo] target(s) in 1m 19s
[INFO] [stderr] warning: the following packages contain code that will be rejected by a future version of Rust: quinn v0.11.9, quinn-udp v0.5.14
[INFO] [stderr] note: to see what the problems were, use the option `--future-incompat-report`, or run `cargo report future-incompatibilities --id 4`
[INFO] running `Command { std: "docker" "inspect" "37209b06da59a706de52468a1f59c90fc7ffad6c062090d2f3aab468fade55ec", kill_on_drop: false }`
[INFO] running `Command { std: "docker" "exec" "-e" "SOURCE_DIR=/opt/rustwide/workdir" "-e" "CARGO_HOME=/opt/rustwide/cargo-home" "-e" "RUSTUP_HOME=/opt/rustwide/rustup-home" "-e" "CARGO_TARGET_DIR=/opt/rustwide/target" "-e" "CARGO_INCREMENTAL=0" "-e" "RUST_BACKTRACE=full" "-e" "RUSTFLAGS=--cap-lints=warn" "-e" "RUSTDOCFLAGS=--cap-lints=warn" "-w" "/opt/rustwide/workdir" "--user" "0:0" "37209b06da59a706de52468a1f59c90fc7ffad6c062090d2f3aab468fade55ec" "/opt/rustwide/cargo-home/bin/cargo" "+1.100.0-beta.1" "test" "--frozen" "--no-run" "--message-format=json", kill_on_drop: false }`
[INFO] [stderr] warning: `package.homepage` is redundant with `package.repository`
[INFO] [stderr]    --> Cargo.toml:146:12
[INFO] [stderr]     |
[INFO] [stderr] 146 | homepage = "https://github.com/nervosys/SPINE"
[INFO] [stderr]     |            ^^^^^^^^^^^^^^^^^^^^^^^^^^^^^^^^^^^
[INFO] [stderr] ...
[INFO] [stderr] 151 | repository = "https://github.com/nervosys/SPINE"
[INFO] [stderr]     |              -----------------------------------
[INFO] [stderr]     |
[INFO] [stderr]     = note: `cargo::redundant_homepage` is set to `warn` by default
[INFO] [stderr] help: consider removing `package.homepage`
[INFO] [stderr] warning: `spine-protocol` (manifest) generated 1 warning
[INFO] [stderr]    Compiling tokio v1.52.3
[INFO] [stderr]    Compiling regex-syntax v0.8.10
[INFO] [stderr]    Compiling bitflags v2.12.1
[INFO] [stderr]    Compiling plotters-backend v0.3.7
[INFO] [stderr]    Compiling clap_builder v4.6.0
[INFO] [stderr]    Compiling itertools v0.10.5
[INFO] [stderr]    Compiling wait-timeout v0.2.1
[INFO] [stderr]    Compiling quick-error v1.2.3
[INFO] [stderr]    Compiling cast v0.3.0
[INFO] [stderr]    Compiling bit-vec v0.8.0
[INFO] [stderr]    Compiling rayon v1.12.0
[INFO] [stderr]    Compiling tinytemplate v1.2.1
[INFO] [stderr]    Compiling rand_xorshift v0.4.0
[INFO] [stderr]    Compiling is-terminal v0.4.17
[INFO] [stderr]    Compiling oorandom v11.1.5
[INFO] [stderr]    Compiling unarray v0.1.4
[INFO] [stderr]    Compiling anes v0.1.6
[INFO] [stderr]    Compiling rustix v1.1.4
[INFO] [stderr]    Compiling plotters-svg v0.3.7
[INFO] [stderr]    Compiling bit-set v0.8.0
[INFO] [stderr]    Compiling plotters v0.3.7
[INFO] [stderr]    Compiling criterion-plot v0.5.0
[INFO] [stderr]    Compiling regex-automata v0.4.14
[INFO] [stderr]    Compiling tempfile v3.27.0
[INFO] [stderr]    Compiling clap v4.6.1
[INFO] [stderr]    Compiling rusty-fork v0.3.1
[INFO] [stderr]    Compiling proptest v1.11.0
[INFO] [stderr]    Compiling regex v1.12.3
[INFO] [stderr]    Compiling criterion v0.5.1
[INFO] [stderr]    Compiling quinn v0.11.9
[INFO] [stderr]    Compiling tokio-rustls v0.26.4
[INFO] [stderr]    Compiling tokio-stream v0.1.18
[INFO] [stderr]    Compiling tokio-test v0.4.5
[INFO] [stderr]    Compiling spine-protocol v2.0.1 (/opt/rustwide/workdir)
[INFO] [stdout] error[E0433]: cannot find module or crate `spine_nostd` in this scope
[INFO] [stdout]    --> tests/e2e_protocol.rs:365:9
[INFO] [stdout]     |
[INFO] [stdout] 365 |     use spine_nostd::codec::{decode_frame_header, encode_frame_header};
[INFO] [stdout]     |         ^^^^^^^^^^^ use of unresolved module or unlinked crate `spine_nostd`
[INFO] [stdout]     |
[INFO] [stdout]     = help: if you wanted to use a crate named `spine_nostd`, use `cargo add spine_nostd` to add it to your `Cargo.toml`
[INFO] [stdout] 
[INFO] [stdout] 
[INFO] [stdout] error[E0433]: cannot find module or crate `spine_nostd` in this scope
[INFO] [stdout]    --> tests/e2e_protocol.rs:366:9
[INFO] [stdout]     |
[INFO] [stdout] 366 |     use spine_nostd::types::FrameHeader;
[INFO] [stdout]     |         ^^^^^^^^^^^ use of unresolved module or unlinked crate `spine_nostd`
[INFO] [stdout]     |
[INFO] [stdout]     = help: if you wanted to use a crate named `spine_nostd`, use `cargo add spine_nostd` to add it to your `Cargo.toml`
[INFO] [stdout] 
[INFO] [stdout] 
[INFO] [stdout] error[E0433]: cannot find module or crate `spine_nostd` in this scope
[INFO] [stdout]    --> tests/e2e_protocol.rs:382:9
[INFO] [stdout]     |
[INFO] [stdout] 382 |     use spine_nostd::codec::decode_frame_header;
[INFO] [stdout]     |         ^^^^^^^^^^^ use of unresolved module or unlinked crate `spine_nostd`
[INFO] [stdout]     |
[INFO] [stdout]     = help: if you wanted to use a crate named `spine_nostd`, use `cargo add spine_nostd` to add it to your `Cargo.toml`
[INFO] [stdout] 
[INFO] [stdout] 
[INFO] [stdout] error[E0433]: cannot find module or crate `spine_nostd` in this scope
[INFO] [stdout]    --> tests/e2e_protocol.rs:383:9
[INFO] [stdout]     |
[INFO] [stdout] 383 |     use spine_nostd::types::AgentIdBytes;
[INFO] [stdout]     |         ^^^^^^^^^^^ use of unresolved module or unlinked crate `spine_nostd`
[INFO] [stdout]     |
[INFO] [stdout]     = help: if you wanted to use a crate named `spine_nostd`, use `cargo add spine_nostd` to add it to your `Cargo.toml`
[INFO] [stdout] 
[INFO] [stdout] 
[INFO] [stdout] error[E0433]: cannot find module or crate `spine_nostd` in this scope
[INFO] [stdout]    --> tests/e2e_protocol.rs:402:9
[INFO] [stdout]     |
[INFO] [stdout] 402 |     use spine_nostd::math::{cosine_similarity_fixed, dot_product_fixed};
[INFO] [stdout]     |         ^^^^^^^^^^^ use of unresolved module or unlinked crate `spine_nostd`
[INFO] [stdout]     |
[INFO] [stdout]     = help: if you wanted to use a crate named `spine_nostd`, use `cargo add spine_nostd` to add it to your `Cargo.toml`
[INFO] [stdout] 
[INFO] [stdout] 
[INFO] [stdout] error[E0433]: cannot find module or crate `spine_nostd` in this scope
[INFO] [stdout]    --> tests/e2e_protocol.rs:403:9
[INFO] [stdout]     |
[INFO] [stdout] 403 |     use spine_nostd::types::LatentVectorFixed;
[INFO] [stdout]     |         ^^^^^^^^^^^ use of unresolved module or unlinked crate `spine_nostd`
[INFO] [stdout]     |
[INFO] [stdout]     = help: if you wanted to use a crate named `spine_nostd`, use `cargo add spine_nostd` to add it to your `Cargo.toml`
[INFO] [stdout] 
[INFO] [stdout] 
[INFO] [stdout] error[E0432]: unresolved import `spine_embedded`
[INFO] [stdout]    --> tests/e2e_protocol.rs:381:9
[INFO] [stdout]     |
[INFO] [stdout] 381 |     use spine_embedded::EmbeddedMessage;
[INFO] [stdout]     |         ^^^^^^^^^^^^^^ use of unresolved module or unlinked crate `spine_embedded`
[INFO] [stdout]     |
[INFO] [stdout]     = help: if you wanted to use a crate named `spine_embedded`, use `cargo add spine_embedded` to add it to your `Cargo.toml`
[INFO] [stdout] 
[INFO] [stdout] 
[INFO] [stdout] Some errors have detailed explanations: E0432, E0433.
[INFO] [stdout] 
[INFO] [stdout] For more information about an error, try `rustc --explain E0432`.
[INFO] [stdout] 
[INFO] [stderr] error: could not compile `spine-protocol` (test "e2e_protocol") due to 7 previous errors
[INFO] [stderr] warning: build failed, waiting for other jobs to finish...
[INFO] [stderr] warning: unused dependency `tokio-rustls`
[INFO] [stderr]   --> Cargo.toml:88:15
[INFO] [stderr]    |
[INFO] [stderr] 88 | [dependencies.tokio-rustls]
[INFO] [stderr]    |               ^^^^^^^^^^^^^
[INFO] [stderr]    |
[INFO] [stderr]    = note: `cargo::unused_dependencies` is set to `warn` by default
[INFO] [stderr] help: consider removing the dependency on `tokio-rustls`
[INFO] [stderr] warning: `spine-protocol` (manifest) generated 1 warning
[INFO] running `Command { std: "docker" "inspect" "37209b06da59a706de52468a1f59c90fc7ffad6c062090d2f3aab468fade55ec", kill_on_drop: false }`
[INFO] running `Command { std: "docker" "rm" "-f" "37209b06da59a706de52468a1f59c90fc7ffad6c062090d2f3aab468fade55ec", kill_on_drop: false }`
[INFO] [stdout] 37209b06da59a706de52468a1f59c90fc7ffad6c062090d2f3aab468fade55ec
