[INFO] fetching crate spatial_codec_draco 0.2.5...
[INFO] testing spatial_codec_draco-0.2.5 against 1.100.0-beta.1 for beta-1.100-2
[INFO] extracting crate spatial_codec_draco 0.2.5 into /workspace/builds/worker-7-tc2/source
[INFO] started tweaking crates.io crate spatial_codec_draco 0.2.5
[INFO] removed 0 missing examples
[INFO] removed 0 missing tests
[INFO] finished tweaking crates.io crate spatial_codec_draco 0.2.5
[INFO] tweaked toml for crates.io crate spatial_codec_draco 0.2.5 written to /workspace/builds/worker-7-tc2/source/Cargo.toml
[INFO] validating manifest of crates.io crate spatial_codec_draco 0.2.5 on toolchain 1.100.0-beta.1
[INFO] running `Command { std: CARGO_HOME="/workspace/cargo-home" RUSTUP_HOME="/workspace/rustup-home" "/workspace/cargo-home/bin/cargo" "+1.100.0-beta.1" "metadata" "--manifest-path" "Cargo.toml" "--no-deps", kill_on_drop: false }`
[INFO] crate crates.io crate spatial_codec_draco 0.2.5 already has a lockfile, it will not be regenerated
[INFO] running `Command { std: CARGO_HOME="/workspace/cargo-home" RUSTUP_HOME="/workspace/rustup-home" "/workspace/cargo-home/bin/cargo" "+1.100.0-beta.1" "fetch" "--manifest-path" "Cargo.toml", kill_on_drop: false }`
[INFO] [stderr]     Blocking waiting for file lock on package cache
[INFO] [stderr]     Blocking waiting for file lock on package cache
[INFO] running `Command { std: "docker" "create" "-v" "/var/lib/crater-agent-workspace/builds/worker-7-tc2/source:/opt/rustwide/workdir:ro,Z" "-v" "/var/lib/crater-agent-workspace/builds/worker-7-tc2/target:/opt/rustwide/target:rw,Z" "-v" "/var/lib/crater-agent-workspace/cargo-home:/opt/rustwide/cargo-home:ro,Z" "-v" "/var/lib/crater-agent-workspace/rustup-home:/opt/rustwide/rustup-home:ro,Z" "-m" "1610612736" "--network" "none" "ghcr.io/rust-lang/crates-build-env/linux@sha256:3111399a4047eeb3a02b7a90e478d715f38a8c6669b5c4b49d30a17385265909" "sleep" "infinity", kill_on_drop: false }`
[INFO] [stdout] 2251683fec45a389cf25dbdf9a9768c4fe8fd60e906cbc2bab072f5be2b92ebb
[INFO] running `Command { std: "docker" "start" "2251683fec45a389cf25dbdf9a9768c4fe8fd60e906cbc2bab072f5be2b92ebb", kill_on_drop: false }`
[INFO] running `Command { std: "docker" "inspect" "2251683fec45a389cf25dbdf9a9768c4fe8fd60e906cbc2bab072f5be2b92ebb", kill_on_drop: false }`
[INFO] running `Command { std: "docker" "exec" "-e" "SOURCE_DIR=/opt/rustwide/workdir" "-e" "CARGO_HOME=/opt/rustwide/cargo-home" "-e" "RUSTUP_HOME=/opt/rustwide/rustup-home" "-e" "CARGO_TARGET_DIR=/opt/rustwide/target" "-w" "/opt/rustwide/workdir" "--user" "0:0" "2251683fec45a389cf25dbdf9a9768c4fe8fd60e906cbc2bab072f5be2b92ebb" "/opt/rustwide/cargo-home/bin/cargo" "+1.100.0-beta.1" "metadata" "--no-deps" "--format-version=1", kill_on_drop: false }`
[INFO] running `Command { std: "docker" "inspect" "2251683fec45a389cf25dbdf9a9768c4fe8fd60e906cbc2bab072f5be2b92ebb", kill_on_drop: false }`
[INFO] running `Command { std: "docker" "exec" "-e" "SOURCE_DIR=/opt/rustwide/workdir" "-e" "CARGO_HOME=/opt/rustwide/cargo-home" "-e" "RUSTUP_HOME=/opt/rustwide/rustup-home" "-e" "CARGO_TARGET_DIR=/opt/rustwide/target" "-e" "CARGO_INCREMENTAL=0" "-e" "RUST_BACKTRACE=full" "-e" "RUSTFLAGS=--cap-lints=warn" "-e" "RUSTDOCFLAGS=--cap-lints=warn" "-w" "/opt/rustwide/workdir" "--user" "0:0" "2251683fec45a389cf25dbdf9a9768c4fe8fd60e906cbc2bab072f5be2b92ebb" "/opt/rustwide/cargo-home/bin/cargo" "+1.100.0-beta.1" "build" "--frozen" "--message-format=json", kill_on_drop: false }`
[INFO] [stderr]    Compiling serde_core v1.0.228
[INFO] [stderr]    Compiling libc v0.2.182
[INFO] [stderr]    Compiling utf8parse v0.2.2
[INFO] [stderr]    Compiling colorchoice v1.0.4
[INFO] [stderr]    Compiling anstyle v1.0.13
[INFO] [stderr]    Compiling is_terminal_polyfill v1.70.2
[INFO] [stderr]    Compiling anstyle-query v1.1.5
[INFO] [stderr]    Compiling getrandom v0.4.1
[INFO] [stderr]    Compiling serde v1.0.228
[INFO] [stderr]    Compiling linux-raw-sys v0.12.1
[INFO] [stderr]    Compiling bitflags v2.11.0
[INFO] [stderr]    Compiling rustix v1.1.4
[INFO] [stderr]    Compiling zmij v1.0.21
[INFO] [stderr]    Compiling clap_lex v1.0.0
[INFO] [stderr]    Compiling quote v1.0.44
[INFO] [stderr]    Compiling cfg-if v1.0.4
[INFO] [stderr]    Compiling winnow v0.7.14
[INFO] [stderr]    Compiling anstyle-parse v0.2.7
[INFO] [stderr]    Compiling itoa v1.0.17
[INFO] [stderr]    Compiling hashbrown v0.16.1
[INFO] [stderr]    Compiling once_cell v1.21.3
[INFO] [stderr]    Compiling memchr v2.8.0
[INFO] [stderr]    Compiling cbindgen v0.29.2
[INFO] [stderr]    Compiling cc v1.2.56
[INFO] [stderr]    Compiling anstream v0.6.21
[INFO] [stderr]    Compiling syn v2.0.117
[INFO] [stderr]    Compiling clap_builder v4.5.60
[INFO] [stderr]    Compiling indexmap v2.13.0
[INFO] [stderr]    Compiling cmake v0.1.57
[INFO] [stderr]    Compiling toml_parser v1.0.9+spec-1.1.0
[INFO] [stderr]    Compiling tempfile v3.26.0
[INFO] [stderr]    Compiling clap v4.5.60
[INFO] [stderr]    Compiling serde_spanned v1.0.4
[INFO] [stderr]    Compiling toml_datetime v0.7.5+spec-1.1.0
[INFO] [stderr]    Compiling serde_json v1.0.149
[INFO] [stderr]    Compiling toml v0.9.12+spec-1.1.0
[INFO] [stderr]    Compiling serde_derive v1.0.228
[INFO] [stderr]    Compiling spatial_codec_draco v0.2.5 (/opt/rustwide/workdir)
[INFO] [stderr] error: failed to run custom build command for `spatial_codec_draco v0.2.5 (/opt/rustwide/workdir)`
[INFO] [stderr] note: To improve backtraces for build dependencies, set the CARGO_PROFILE_DEV_BUILD_OVERRIDE_DEBUG=true environment variable to enable debug information generation.
[INFO] [stderr] 
[INFO] [stderr] Caused by:
[INFO] [stderr]   process didn't exit successfully: `/opt/rustwide/target/debug/build/spatial_codec_draco/fec61c2eae9b8fbd/out/build_script_build` (exit status: 101)
[INFO] [stderr]   --- stdout
[INFO] [stderr]   cargo:rerun-if-env-changed=SPATIAL_DRACO_OUT_DIR
[INFO] [stderr]   cargo:rerun-if-env-changed=CARGO_TARGET_DIR
[INFO] [stderr]   cargo:rerun-if-env-changed=PROFILE
[INFO] [stderr]   cargo:rerun-if-env-changed=TARGET
[INFO] [stderr]   cargo:rerun-if-changed=draco/CMakeLists.txt
[INFO] [stderr]   cargo:rerun-if-changed=draco/src
[INFO] [stderr]   cargo:rerun-if-changed=draco/cmake
[INFO] [stderr]   cargo:rerun-if-changed=draco_wrapper_cpp/CMakeLists.txt
[INFO] [stderr]   cargo:rerun-if-changed=draco_wrapper_cpp/src
[INFO] [stderr]   cargo:rerun-if-changed=draco_wrapper_cpp/include
[INFO] [stderr]   cargo:rerun-if-changed=build.rs
[INFO] [stderr]   cargo:rerun-if-env-changed=DRACO_CMAKE_GENERATOR
[INFO] [stderr]   cargo:rerun-if-env-changed=DRACO_CMAKE_TOOLCHAIN_FILE
[INFO] [stderr]   cargo:rerun-if-env-changed=DRACO_CMAKE_C_COMPILER
[INFO] [stderr]   cargo:rerun-if-env-changed=DRACO_CMAKE_CXX_COMPILER
[INFO] [stderr]   cargo:rerun-if-env-changed=DRACO_ENABLE_NATIVE_OPTIMIZATIONS
[INFO] [stderr]   cargo:rerun-if-env-changed=DRACO_STATIC_STDLIB
[INFO] [stderr]   cargo:rerun-if-env-changed=DRACO_MSVC_STATIC_RUNTIME
[INFO] [stderr]   cargo:rerun-if-env-changed=DRACO_WERROR
[INFO] [stderr]   cargo:rerun-if-env-changed=CC
[INFO] [stderr]   cargo:rerun-if-env-changed=CXX
[INFO] [stderr]   CMAKE_TOOLCHAIN_FILE_x86_64-unknown-linux-gnu = None
[INFO] [stderr]   CMAKE_TOOLCHAIN_FILE_x86_64_unknown_linux_gnu = None
[INFO] [stderr]   HOST_CMAKE_TOOLCHAIN_FILE = None
[INFO] [stderr]   CMAKE_TOOLCHAIN_FILE = None
[INFO] [stderr]   CMAKE_GENERATOR_x86_64-unknown-linux-gnu = None
[INFO] [stderr]   CMAKE_GENERATOR_x86_64_unknown_linux_gnu = None
[INFO] [stderr]   HOST_CMAKE_GENERATOR = None
[INFO] [stderr]   CMAKE_GENERATOR = None
[INFO] [stderr]   CMAKE_PREFIX_PATH_x86_64-unknown-linux-gnu = None
[INFO] [stderr]   CMAKE_PREFIX_PATH_x86_64_unknown_linux_gnu = None
[INFO] [stderr]   HOST_CMAKE_PREFIX_PATH = None
[INFO] [stderr]   CMAKE_PREFIX_PATH = None
[INFO] [stderr]   CMAKE_x86_64-unknown-linux-gnu = None
[INFO] [stderr]   CMAKE_x86_64_unknown_linux_gnu = None
[INFO] [stderr]   HOST_CMAKE = None
[INFO] [stderr]   CMAKE = None
[INFO] [stderr]   -- The C compiler identification is GNU 15.2.0
[INFO] [stderr]   -- The CXX compiler identification is GNU 15.2.0
[INFO] [stderr]   -- Detecting C compiler ABI info
[INFO] [stderr]   -- Detecting C compiler ABI info - done
[INFO] [stderr]   -- Check for working C compiler: /usr/bin/cc - skipped
[INFO] [stderr]   -- Detecting C compile features
[INFO] [stderr]   -- Detecting C compile features - done
[INFO] [stderr]   -- Detecting CXX compiler ABI info
[INFO] [stderr]   -- Detecting CXX compiler ABI info - done
[INFO] [stderr]   -- Check for working CXX compiler: /usr/bin/c++ - skipped
[INFO] [stderr]   -- Detecting CXX compile features
[INFO] [stderr]   -- Detecting CXX compile features - done
[INFO] [stderr]   -- Found PythonInterp: /usr/bin/python3 (found version "3.14.4")
[INFO] [stderr]   -- Configuring done (1.4s)
[INFO] [stderr]   -- Generating done (0.1s)
[INFO] [stderr]   -- Build files have been written to: /opt/rustwide/target/cmake-out/spatial_codec_draco/x86_64-unknown-linux-gnu/debug/build
[INFO] [stderr]   [  1%] Building CXX object draco/CMakeFiles/draco_compression_point_cloud_dec.dir/src/draco/compression/point_cloud/point_cloud_decoder.cc.o
[INFO] [stderr]   [  2%] Building CXX object draco/CMakeFiles/draco_compression_point_cloud_enc.dir/src/draco/compression/point_cloud/point_cloud_encoder.cc.o
[INFO] [stderr]   [  2%] Building CXX object draco/CMakeFiles/draco_compression_mesh_enc.dir/src/draco/compression/mesh/mesh_edgebreaker_encoder.cc.o
[INFO] [stderr]   [  4%] Building CXX object draco/CMakeFiles/draco_compression_attributes_enc.dir/src/draco/compression/attributes/attributes_encoder.cc.o
[INFO] [stderr]   [  4%] Building CXX object draco/CMakeFiles/draco_compression_mesh_dec.dir/src/draco/compression/mesh/mesh_decoder.cc.o
[INFO] [stderr]   [  5%] Building CXX object draco/CMakeFiles/draco_compression_attributes_dec.dir/src/draco/compression/attributes/attributes_decoder.cc.o
[INFO] [stderr]   [  6%] Building CXX object draco/CMakeFiles/draco_core.dir/src/draco/core/bit_utils.cc.o
[INFO] [stderr]   [  8%] Building CXX object draco/CMakeFiles/draco_mesh.dir/src/draco/mesh/corner_table.cc.o
[INFO] [stderr]   [  8%] Building CXX object draco/CMakeFiles/draco_io.dir/src/draco/io/file_reader_factory.cc.o
[INFO] [stderr]   [  9%] Building CXX object draco/CMakeFiles/draco_compression_options.dir/src/draco/compression/draco_compression_options.cc.o
[INFO] [stderr]   [ 10%] Building CXX object draco/CMakeFiles/draco_metadata.dir/src/draco/metadata/geometry_metadata.cc.o
[INFO] [stderr]   [ 12%] Building CXX object draco/CMakeFiles/draco_animation_enc.dir/src/draco/animation/keyframe_animation_encoder.cc.o
[INFO] [stderr]   [ 14%] Building CXX object draco/CMakeFiles/draco_animation_dec.dir/src/draco/animation/keyframe_animation_decoder.cc.o
[INFO] [stderr]   [ 14%] Building CXX object draco/CMakeFiles/draco_points_enc.dir/src/draco/compression/point_cloud/algorithms/dynamic_integer_points_kd_tree_encoder.cc.o
[INFO] [stderr]   [ 14%] Building CXX object draco/CMakeFiles/draco_metadata_dec.dir/src/draco/metadata/metadata_decoder.cc.o
[INFO] [stderr]   [ 16%] Building CXX object draco/CMakeFiles/draco_metadata_enc.dir/src/draco/metadata/metadata_encoder.cc.o
[INFO] [stderr]   [ 16%] Built target draco_compression_options
[INFO] [stderr]   [ 17%] Building CXX object draco/CMakeFiles/draco_compression_point_cloud_dec.dir/src/draco/compression/point_cloud/point_cloud_kd_tree_decoder.cc.o
[INFO] [stderr]   [ 18%] Building CXX object draco/CMakeFiles/draco_core.dir/src/draco/core/bounding_box.cc.o
[INFO] [stderr]   [ 20%] Building CXX object draco/CMakeFiles/draco_io.dir/src/draco/io/file_utils.cc.o
[INFO] [stderr]   [ 21%] Building CXX object draco/CMakeFiles/draco_core.dir/src/draco/core/cycle_timer.cc.o
[INFO] [stderr]   [ 21%] Building CXX object draco/CMakeFiles/draco_core.dir/src/draco/core/data_buffer.cc.o
[INFO] [stderr]   [ 22%] Building CXX object draco/CMakeFiles/draco_metadata.dir/src/draco/metadata/metadata.cc.o
[INFO] [stderr]   [ 24%] Building CXX object draco/CMakeFiles/draco_io.dir/src/draco/io/file_writer_factory.cc.o
[INFO] [stderr]   [ 24%] Building CXX object draco/CMakeFiles/draco_compression_point_cloud_dec.dir/src/draco/compression/point_cloud/point_cloud_sequential_decoder.cc.o
[INFO] [stderr]   [ 24%] Building CXX object draco/CMakeFiles/draco_mesh.dir/src/draco/mesh/mesh.cc.o
[INFO] [stderr]   [ 24%] Built target draco_metadata_dec
[INFO] [stderr]   [ 25%] Building CXX object draco/CMakeFiles/draco_compression_attributes_enc.dir/src/draco/compression/attributes/kd_tree_attributes_encoder.cc.o
[INFO] [stderr]   [ 25%] Built target draco_metadata_enc
[INFO] [stderr]   [ 27%] Building CXX object draco/CMakeFiles/draco_compression_mesh_enc.dir/src/draco/compression/mesh/mesh_edgebreaker_encoder_impl.cc.o
[INFO] [stderr]   [ 27%] Building CXX object draco/CMakeFiles/draco_points_enc.dir/src/draco/compression/point_cloud/algorithms/float_points_tree_encoder.cc.o
[INFO] [stderr]   [ 28%] Building CXX object draco/CMakeFiles/draco_core.dir/src/draco/core/decoder_buffer.cc.o
[INFO] [stderr]   [ 28%] Built target draco_animation_enc
[INFO] [stderr]   [ 29%] Building CXX object draco/CMakeFiles/draco_metadata.dir/src/draco/metadata/property_attribute.cc.o
[INFO] [stderr]   [ 31%] Building CXX object draco/CMakeFiles/draco_compression_attributes_dec.dir/src/draco/compression/attributes/kd_tree_attributes_decoder.cc.o
[INFO] [stderr]   [ 31%] Built target draco_animation_dec
[INFO] [stderr]   [ 32%] Building CXX object draco/CMakeFiles/draco_compression_mesh_dec.dir/src/draco/compression/mesh/mesh_edgebreaker_decoder.cc.o
[INFO] [stderr]   [ 33%] Building CXX object draco/CMakeFiles/draco_io.dir/src/draco/io/file_writer_utils.cc.o
[INFO] [stderr]   [ 33%] Building CXX object draco/CMakeFiles/draco_compression_attributes_enc.dir/src/draco/compression/attributes/sequential_attribute_encoder.cc.o
[INFO] [stderr]   [ 35%] Building CXX object draco/CMakeFiles/draco_core.dir/src/draco/core/divide.cc.o
[INFO] [stderr]   [ 36%] Building CXX object draco/CMakeFiles/draco_mesh.dir/src/draco/mesh/mesh_are_equivalent.cc.o
[INFO] [stderr]   [ 36%] Building CXX object draco/CMakeFiles/draco_metadata.dir/src/draco/metadata/property_table.cc.o
[INFO] [stderr]   [ 37%] Building CXX object draco/CMakeFiles/draco_compression_mesh_enc.dir/src/draco/compression/mesh/mesh_encoder.cc.o
[INFO] [stderr]   [ 37%] Building CXX object draco/CMakeFiles/draco_io.dir/src/draco/io/mesh_io.cc.o
[INFO] [stderr]   [ 37%] Building CXX object draco/CMakeFiles/draco_core.dir/src/draco/core/draco_types.cc.o
[INFO] [stderr]   [ 37%] Building CXX object draco/CMakeFiles/draco_compression_mesh_enc.dir/src/draco/compression/mesh/mesh_sequential_encoder.cc.o
[INFO] [stderr]   [ 39%] Building CXX object draco/CMakeFiles/draco_compression_mesh_dec.dir/src/draco/compression/mesh/mesh_edgebreaker_decoder_impl.cc.o
[INFO] [stderr]   [ 40%] Building CXX object draco/CMakeFiles/draco_metadata.dir/src/draco/metadata/structural_metadata.cc.o
[INFO] [stderr]   [ 41%] Building CXX object draco/CMakeFiles/draco_mesh.dir/src/draco/mesh/mesh_attribute_corner_table.cc.o
[INFO] [stderr]   [ 43%] Building CXX object draco/CMakeFiles/draco_core.dir/src/draco/core/encoder_buffer.cc.o
[INFO] [stderr]   [ 44%] Building CXX object draco/CMakeFiles/draco_metadata.dir/src/draco/metadata/structural_metadata_schema.cc.o
[INFO] [stderr]   [ 47%] Building CXX object draco/CMakeFiles/draco_compression_mesh_dec.dir/src/draco/compression/mesh/mesh_sequential_decoder.cc.o
[INFO] [stderr]   [ 47%] Building CXX object draco/CMakeFiles/draco_compression_attributes_enc.dir/src/draco/compression/attributes/sequential_attribute_encoders_controller.cc.o
[INFO] [stderr]   [ 47%] Building CXX object draco/CMakeFiles/draco_compression_attributes_dec.dir/src/draco/compression/attributes/sequential_attribute_decoder.cc.o
[INFO] [stderr]   [ 47%] Built target draco_metadata
[INFO] [stderr]   [ 48%] Building CXX object draco/CMakeFiles/draco_io.dir/src/draco/io/obj_decoder.cc.o
[INFO] [stderr]   [ 50%] Building CXX object draco/CMakeFiles/draco_mesh.dir/src/draco/mesh/mesh_cleanup.cc.o
[INFO] [stderr]   [ 51%] Building CXX object draco/CMakeFiles/draco_core.dir/src/draco/core/hash_utils.cc.o
[INFO] [stderr]   [ 52%] Building CXX object draco/CMakeFiles/draco_io.dir/src/draco/io/obj_encoder.cc.o
[INFO] [stderr]   [ 52%] Building CXX object draco/CMakeFiles/draco_mesh.dir/src/draco/mesh/mesh_features.cc.o
[INFO] [stderr]   [ 52%] Building CXX object draco/CMakeFiles/draco_core.dir/src/draco/core/options.cc.o
[INFO] [stderr]   [ 54%] Building CXX object draco/CMakeFiles/draco_mesh.dir/src/draco/mesh/mesh_misc_functions.cc.o
[INFO] [stderr]   [ 55%] Building CXX object draco/CMakeFiles/draco_core.dir/src/draco/core/quantization_utils.cc.o
[INFO] [stderr]   [ 56%] Building CXX object draco/CMakeFiles/draco_io.dir/src/draco/io/ply_decoder.cc.o
[INFO] [stderr]   [ 56%] Building CXX object draco/CMakeFiles/draco_io.dir/src/draco/io/parser_utils.cc.o
[INFO] [stderr]   [ 58%] Building CXX object draco/CMakeFiles/draco_io.dir/src/draco/io/ply_encoder.cc.o
[INFO] [stderr]   [ 58%] Built target draco_core
[INFO] [stderr] 
[INFO] [stderr]   --- stderr
[INFO] [stderr]   running: cd "/opt/rustwide/target/cmake-out/spatial_codec_draco/x86_64-unknown-linux-gnu/debug/build" && CMAKE_PREFIX_PATH="" LC_ALL="C" "cmake" "/opt/rustwide/workdir/draco_wrapper_cpp" "-B" "/opt/rustwide/target/cmake-out/spatial_codec_draco/x86_64-unknown-linux-gnu/debug/build" "-DSPATIAL_DRACO_ENABLE_NATIVE_OPTIMIZATIONS=OFF" "-DSPATIAL_DRACO_STATIC_STDLIB=OFF" "-DSPATIAL_DRACO_MSVC_STATIC_RUNTIME=OFF" "-DSPATIAL_DRACO_WERROR=OFF" "-DCMAKE_POSITION_INDEPENDENT_CODE=ON" "-DCMAKE_INSTALL_PREFIX=/opt/rustwide/target/cmake-out/spatial_codec_draco/x86_64-unknown-linux-gnu/debug" "-DCMAKE_C_FLAGS= -ffunction-sections -fdata-sections -fPIC -m64 -w" "-DCMAKE_C_COMPILER=/usr/bin/cc" "-DCMAKE_CXX_FLAGS= -ffunction-sections -fdata-sections -fPIC -m64 -w" "-DCMAKE_CXX_COMPILER=/usr/bin/c++" "-DCMAKE_ASM_FLAGS= -ffunction-sections -fdata-sections -fPIC -m64 -w" "-DCMAKE_ASM_COMPILER=/usr/bin/cc" "-DCMAKE_BUILD_TYPE=Debug"
[INFO] [stderr]   CMake Warning (dev) at /opt/rustwide/workdir/draco/CMakeLists.txt:40 (include):
[INFO] [stderr]     Policy CMP0148 is not set: The FindPythonInterp and FindPythonLibs modules
[INFO] [stderr]     are removed.  Run "cmake --help-policy CMP0148" for policy details.  Use
[INFO] [stderr]     the cmake_policy command to set the policy and suppress this warning.
[INFO] [stderr] 
[INFO] [stderr]   This warning is for project developers.  Use -Wno-dev to suppress it.
[INFO] [stderr] 
[INFO] [stderr]   CMake Warning (dev) at /opt/rustwide/workdir/draco/cmake/draco_options.cmake:42 (option):
[INFO] [stderr]     Policy CMP0077 is not set: option() honors normal variables.  Run "cmake
[INFO] [stderr]     --help-policy CMP0077" for policy details.  Use the cmake_policy command to
[INFO] [stderr]     set the policy and suppress this warning.
[INFO] [stderr] 
[INFO] [stderr]     For compatibility with older versions of CMake, option is clearing the
[INFO] [stderr]     normal variable 'DRACO_FAST'.
[INFO] [stderr]   Call Stack (most recent call first):
[INFO] [stderr]     /opt/rustwide/workdir/draco/cmake/draco_options.cmake:66 (draco_option)
[INFO] [stderr]     /opt/rustwide/workdir/draco/cmake/draco_options.cmake:360 (draco_set_default_options)
[INFO] [stderr]     /opt/rustwide/workdir/draco/CMakeLists.txt:85 (draco_setup_options)
[INFO] [stderr]   This warning is for project developers.  Use -Wno-dev to suppress it.
[INFO] [stderr] 
[INFO] [stderr]   CMake Warning (dev) at /opt/rustwide/workdir/draco/cmake/draco_options.cmake:42 (option):
[INFO] [stderr]     Policy CMP0077 is not set: option() honors normal variables.  Run "cmake
[INFO] [stderr]     --help-policy CMP0077" for policy details.  Use the cmake_policy command to
[INFO] [stderr]     set the policy and suppress this warning.
[INFO] [stderr] 
[INFO] [stderr]     For compatibility with older versions of CMake, option is clearing the
[INFO] [stderr]     normal variable 'DRACO_TESTS'.
[INFO] [stderr]   Call Stack (most recent call first):
[INFO] [stderr]     /opt/rustwide/workdir/draco/cmake/draco_options.cmake:102 (draco_option)
[INFO] [stderr]     /opt/rustwide/workdir/draco/cmake/draco_options.cmake:360 (draco_set_default_options)
[INFO] [stderr]     /opt/rustwide/workdir/draco/CMakeLists.txt:85 (draco_setup_options)
[INFO] [stderr]   This warning is for project developers.  Use -Wno-dev to suppress it.
[INFO] [stderr] 
[INFO] [stderr]   CMake Warning (dev) at /opt/rustwide/workdir/draco/cmake/draco_options.cmake:42 (option):
[INFO] [stderr]     Policy CMP0077 is not set: option() honors normal variables.  Run "cmake
[INFO] [stderr]     --help-policy CMP0077" for policy details.  Use the cmake_policy command to
[INFO] [stderr]     set the policy and suppress this warning.
[INFO] [stderr] 
[INFO] [stderr]     For compatibility with older versions of CMake, option is clearing the
[INFO] [stderr]     normal variable 'DRACO_WASM'.
[INFO] [stderr]   Call Stack (most recent call first):
[INFO] [stderr]     /opt/rustwide/workdir/draco/cmake/draco_options.cmake:106 (draco_option)
[INFO] [stderr]     /opt/rustwide/workdir/draco/cmake/draco_options.cmake:360 (draco_set_default_options)
[INFO] [stderr]     /opt/rustwide/workdir/draco/CMakeLists.txt:85 (draco_setup_options)
[INFO] [stderr]   This warning is for project developers.  Use -Wno-dev to suppress it.
[INFO] [stderr] 
[INFO] [stderr]   CMake Warning (dev) at /opt/rustwide/workdir/draco/cmake/draco_options.cmake:42 (option):
[INFO] [stderr]     Policy CMP0077 is not set: option() honors normal variables.  Run "cmake
[INFO] [stderr]     --help-policy CMP0077" for policy details.  Use the cmake_policy command to
[INFO] [stderr]     set the policy and suppress this warning.
[INFO] [stderr] 
[INFO] [stderr]     For compatibility with older versions of CMake, option is clearing the
[INFO] [stderr]     normal variable 'DRACO_INSTALL'.
[INFO] [stderr]   Call Stack (most recent call first):
[INFO] [stderr]     /opt/rustwide/workdir/draco/cmake/draco_options.cmake:134 (draco_option)
[INFO] [stderr]     /opt/rustwide/workdir/draco/cmake/draco_options.cmake:360 (draco_set_default_options)
[INFO] [stderr]     /opt/rustwide/workdir/draco/CMakeLists.txt:85 (draco_setup_options)
[INFO] [stderr]   This warning is for project developers.  Use -Wno-dev to suppress it.
[INFO] [stderr] 
[INFO] [stderr]   --- Running combined CXX flags test, flags: -Wno-deprecated-declarations
[INFO] [stderr]   --- Passed combined CXX flags test
[INFO] [stderr]   CMake Warning:
[INFO] [stderr]     Manually-specified variables were not used by the project:
[INFO] [stderr] 
[INFO] [stderr]       CMAKE_ASM_COMPILER
[INFO] [stderr]       CMAKE_ASM_FLAGS
[INFO] [stderr] 
[INFO] [stderr] 
[INFO] [stderr]   running: cd "/opt/rustwide/target/cmake-out/spatial_codec_draco/x86_64-unknown-linux-gnu/debug/build" && LC_ALL="C" MAKEFLAGS="-j --jobserver-fds=4,5 --jobserver-auth=4,5" "cmake" "--build" "/opt/rustwide/target/cmake-out/spatial_codec_draco/x86_64-unknown-linux-gnu/debug/build" "--target" "draco_wrapper_cpp_static" "--config" "Debug"
[INFO] [stderr]   c++: fatal error: Killed signal terminated program cc1plus
[INFO] [stderr]   compilation terminated.
[INFO] [stderr]   gmake[3]: *** [draco/CMakeFiles/draco_compression_point_cloud_enc.dir/build.make:79: draco/CMakeFiles/draco_compression_point_cloud_enc.dir/src/draco/compression/point_cloud/point_cloud_encoder.cc.o] Error 1
[INFO] [stderr]   gmake[2]: *** [CMakeFiles/Makefile2:746: draco/CMakeFiles/draco_compression_point_cloud_enc.dir/all] Error 2
[INFO] [stderr]   gmake[2]: *** Waiting for unfinished jobs....
[INFO] [stderr]   c++: fatal error: Killed signal terminated program cc1plus
[INFO] [stderr]   compilation terminated.
[INFO] [stderr]   gmake[3]: *** [draco/CMakeFiles/draco_compression_point_cloud_dec.dir/build.make:79: draco/CMakeFiles/draco_compression_point_cloud_dec.dir/src/draco/compression/point_cloud/point_cloud_decoder.cc.o] Error 1
[INFO] [stderr]   gmake[3]: *** Waiting for unfinished jobs....
[INFO] [stderr]   c++: fatal error: Killed signal terminated program cc1plus
[INFO] [stderr]   compilation terminated.
[INFO] [stderr]   gmake[3]: *** [draco/CMakeFiles/draco_compression_point_cloud_dec.dir/build.make:107: draco/CMakeFiles/draco_compression_point_cloud_dec.dir/src/draco/compression/point_cloud/point_cloud_sequential_decoder.cc.o] Error 1
[INFO] [stderr]   gmake[2]: *** [CMakeFiles/Makefile2:714: draco/CMakeFiles/draco_compression_point_cloud_dec.dir/all] Error 2
[INFO] [stderr]   c++: fatal error: Killed signal terminated program cc1plus
[INFO] [stderr]   compilation terminated.
[INFO] [stderr]   gmake[3]: *** [draco/CMakeFiles/draco_compression_mesh_enc.dir/build.make:93: draco/CMakeFiles/draco_compression_mesh_enc.dir/src/draco/compression/mesh/mesh_edgebreaker_encoder_impl.cc.o] Error 1
[INFO] [stderr]   gmake[3]: *** Waiting for unfinished jobs....
[INFO] [stderr]   c++: fatal error: Killed signal terminated program cc1plus
[INFO] [stderr]   compilation terminated.
[INFO] [stderr]   gmake[3]: *** [draco/CMakeFiles/draco_compression_attributes_enc.dir/build.make:93: draco/CMakeFiles/draco_compression_attributes_enc.dir/src/draco/compression/attributes/kd_tree_attributes_encoder.cc.o] Error 1
[INFO] [stderr]   gmake[3]: *** Waiting for unfinished jobs....
[INFO] [stderr]   c++: fatal error: Killed signal terminated program cc1plus
[INFO] [stderr]   compilation terminated.
[INFO] [stderr]   gmake[3]: *** [draco/CMakeFiles/draco_compression_mesh_dec.dir/build.make:93: draco/CMakeFiles/draco_compression_mesh_dec.dir/src/draco/compression/mesh/mesh_edgebreaker_decoder.cc.o] Error 1
[INFO] [stderr]   gmake[3]: *** Waiting for unfinished jobs....
[INFO] [stderr]   c++: fatal error: Killed signal terminated program cc1plus
[INFO] [stderr]   compilation terminated.
[INFO] [stderr]   gmake[3]: *** [draco/CMakeFiles/draco_compression_attributes_dec.dir/build.make:93: draco/CMakeFiles/draco_compression_attributes_dec.dir/src/draco/compression/attributes/kd_tree_attributes_decoder.cc.o] Error 1
[INFO] [stderr]   gmake[3]: *** Waiting for unfinished jobs....
[INFO] [stderr]   c++: fatal error: Killed signal terminated program cc1plus
[INFO] [stderr]   compilation terminated.
[INFO] [stderr]   gmake[3]: *** [draco/CMakeFiles/draco_mesh.dir/build.make:107: draco/CMakeFiles/draco_mesh.dir/src/draco/mesh/mesh_are_equivalent.cc.o] Error 1
[INFO] [stderr]   gmake[3]: *** Waiting for unfinished jobs....
[INFO] [stderr]   c++: fatal error: Killed signal terminated program cc1plus
[INFO] [stderr]   compilation terminated.
[INFO] [stderr]   gmake[3]: *** [draco/CMakeFiles/draco_points_enc.dir/build.make:93: draco/CMakeFiles/draco_points_enc.dir/src/draco/compression/point_cloud/algorithms/float_points_tree_encoder.cc.o] Error 1
[INFO] [stderr]   gmake[2]: *** [CMakeFiles/Makefile2:1130: draco/CMakeFiles/draco_points_enc.dir/all] Error 2
[INFO] [stderr]   c++: fatal error: Killed signal terminated program cc1plus
[INFO] [stderr]   compilation terminated.
[INFO] [stderr]   gmake[3]: *** [draco/CMakeFiles/draco_compression_mesh_enc.dir/build.make:121: draco/CMakeFiles/draco_compression_mesh_enc.dir/src/draco/compression/mesh/mesh_sequential_encoder.cc.o] Error 1
[INFO] [stderr]   gmake[2]: *** [CMakeFiles/Makefile2:650: draco/CMakeFiles/draco_compression_mesh_enc.dir/all] Error 2
[INFO] [stderr]   c++: fatal error: Killed signal terminated program cc1plus
[INFO] [stderr]   compilation terminated.
[INFO] [stderr]   gmake[3]: *** [draco/CMakeFiles/draco_io.dir/build.make:135: draco/CMakeFiles/draco_io.dir/src/draco/io/mesh_io.cc.o] Error 1
[INFO] [stderr]   gmake[3]: *** Waiting for unfinished jobs....
[INFO] [stderr]   c++: fatal error: Killed signal terminated program cc1plus
[INFO] [stderr]   compilation terminated.
[INFO] [stderr]   gmake[3]: *** [draco/CMakeFiles/draco_compression_mesh_dec.dir/build.make:121: draco/CMakeFiles/draco_compression_mesh_dec.dir/src/draco/compression/mesh/mesh_sequential_decoder.cc.o] Error 1
[INFO] [stderr]   c++: fatal error: Killed signal terminated program cc1plus
[INFO] [stderr]   compilation terminated.
[INFO] [stderr]   gmake[3]: *** [draco/CMakeFiles/draco_compression_mesh_dec.dir/build.make:107: draco/CMakeFiles/draco_compression_mesh_dec.dir/src/draco/compression/mesh/mesh_edgebreaker_decoder_impl.cc.o] Error 1
[INFO] [stderr]   gmake[2]: *** [CMakeFiles/Makefile2:618: draco/CMakeFiles/draco_compression_mesh_dec.dir/all] Error 2
[INFO] [stderr]   gmake[2]: *** [CMakeFiles/Makefile2:266: draco/CMakeFiles/draco_compression_attributes_dec.dir/all] Error 2
[INFO] [stderr]   gmake[2]: *** [CMakeFiles/Makefile2:842: draco/CMakeFiles/draco_mesh.dir/all] Error 2
[INFO] [stderr]   gmake[2]: *** [CMakeFiles/Makefile2:298: draco/CMakeFiles/draco_compression_attributes_enc.dir/all] Error 2
[INFO] [stderr]   gmake[2]: *** [CMakeFiles/Makefile2:810: draco/CMakeFiles/draco_io.dir/all] Error 2
[INFO] [stderr]   gmake[1]: *** [CMakeFiles/Makefile2:209: CMakeFiles/draco_wrapper_cpp_static.dir/rule] Error 2
[INFO] [stderr]   gmake: *** [Makefile:169: draco_wrapper_cpp_static] Error 2
[INFO] [stderr] 
[INFO] [stderr]   thread 'main' (611) panicked at /opt/rustwide/cargo-home/registry/src/index.crates.io-1949cf8c6b5b557f/cmake-0.1.57/src/lib.rs:1132:5:
[INFO] [stderr] 
[INFO] [stderr]   command did not execute successfully, got: exit status: 2
[INFO] [stderr] 
[INFO] [stderr]   build script failed, must exit now
[INFO] [stderr]   stack backtrace:
[INFO] [stderr]      0:     0x5e0e5f8ebcb1 - std[617be2ca0a6fd877]::backtrace_rs::backtrace::libunwind::trace
[INFO] [stderr]                                  at /rustc/e3feeb59cd1bdd011a2bfcc0747b55125d9b8527/library/std/src/../../backtrace/src/backtrace/libunwind.rs:117:9
[INFO] [stderr]      1:     0x5e0e5f8ebcb1 - std[617be2ca0a6fd877]::backtrace_rs::backtrace::trace_unsynchronized::<std[617be2ca0a6fd877]::sys::backtrace::_print_fmt::{closure#1}>
[INFO] [stderr]                                  at /rustc/e3feeb59cd1bdd011a2bfcc0747b55125d9b8527/library/std/src/../../backtrace/src/backtrace/mod.rs:66:14
[INFO] [stderr]      2:     0x5e0e5f8ebcb1 - std[617be2ca0a6fd877]::sys::backtrace::_print_fmt
[INFO] [stderr]                                  at /rustc/e3feeb59cd1bdd011a2bfcc0747b55125d9b8527/library/std/src/sys/backtrace.rs:74:9
[INFO] [stderr]      3:     0x5e0e5f8ebcb1 - <<std[617be2ca0a6fd877]::sys::backtrace::BacktraceLock>::print::DisplayBacktrace as core[a373ad73a504971]::fmt::Display>::fmt
[INFO] [stderr]                                  at /rustc/e3feeb59cd1bdd011a2bfcc0747b55125d9b8527/library/std/src/sys/backtrace.rs:44:26
[INFO] [stderr]      4:     0x5e0e5f903a2a - <core[a373ad73a504971]::fmt::rt::Argument>::fmt
[INFO] [stderr]                                  at /rustc/e3feeb59cd1bdd011a2bfcc0747b55125d9b8527/library/core/src/fmt/rt.rs:152:76
[INFO] [stderr]      5:     0x5e0e5f903a2a - core[a373ad73a504971]::fmt::write
[INFO] [stderr]      6:     0x5e0e5f8f18ac - core[a373ad73a504971]::io::write::default_write_fmt::<std[617be2ca0a6fd877]::sys::stdio::unix::Stderr>
[INFO] [stderr]                                  at /rustc/e3feeb59cd1bdd011a2bfcc0747b55125d9b8527/library/core/src/io/write.rs:402:11
[INFO] [stderr]      7:     0x5e0e5f8f18ac - <std[617be2ca0a6fd877]::sys::stdio::unix::Stderr as core[a373ad73a504971]::io::write::Write>::write_fmt
[INFO] [stderr]                                  at /rustc/e3feeb59cd1bdd011a2bfcc0747b55125d9b8527/library/core/src/io/write.rs:335:13
[INFO] [stderr]      8:     0x5e0e5f8ca3c6 - <std[617be2ca0a6fd877]::sys::backtrace::BacktraceLock>::print
[INFO] [stderr]                                  at /rustc/e3feeb59cd1bdd011a2bfcc0747b55125d9b8527/library/std/src/sys/backtrace.rs:47:9
[INFO] [stderr]      9:     0x5e0e5f8ca3c6 - std[617be2ca0a6fd877]::panicking::default_hook::{closure#0}
[INFO] [stderr]                                  at /rustc/e3feeb59cd1bdd011a2bfcc0747b55125d9b8527/library/std/src/panicking.rs:289:27
[INFO] [stderr]     10:     0x5e0e5f8e6231 - std[617be2ca0a6fd877]::panicking::default_hook
[INFO] [stderr]                                  at /rustc/e3feeb59cd1bdd011a2bfcc0747b55125d9b8527/library/std/src/panicking.rs:316:9
[INFO] [stderr]     11:     0x5e0e5f8e655b - std[617be2ca0a6fd877]::panicking::panic_with_hook
[INFO] [stderr]                                  at /rustc/e3feeb59cd1bdd011a2bfcc0747b55125d9b8527/library/std/src/panicking.rs:811:13
[INFO] [stderr]     12:     0x5e0e5f8ca472 - std[617be2ca0a6fd877]::panicking::panic_handler::{closure#0}
[INFO] [stderr]                                  at /rustc/e3feeb59cd1bdd011a2bfcc0747b55125d9b8527/library/std/src/panicking.rs:685:13
[INFO] [stderr]     13:     0x5e0e5f8c2f09 - std[617be2ca0a6fd877]::sys::backtrace::__rust_end_short_backtrace::<std[617be2ca0a6fd877]::panicking::panic_handler::{closure#0}, !>
[INFO] [stderr]                                  at /rustc/e3feeb59cd1bdd011a2bfcc0747b55125d9b8527/library/std/src/sys/backtrace.rs:182:18
[INFO] [stderr]     14:     0x5e0e5f8cacad - __rustc[ea4f61d10b84890b]::rust_begin_unwind
[INFO] [stderr]                                  at /rustc/e3feeb59cd1bdd011a2bfcc0747b55125d9b8527/library/std/src/panicking.rs:676:5
[INFO] [stderr]     15:     0x5e0e5f90424c - core[a373ad73a504971]::panicking::panic_fmt
[INFO] [stderr]                                  at /rustc/e3feeb59cd1bdd011a2bfcc0747b55125d9b8527/library/core/src/panicking.rs:80:14
[INFO] [stderr]     16:     0x5e0e5f853e57 - cmake[7d7201d2afa9b2d0]::fail
[INFO] [stderr]     17:     0x5e0e5f853ae3 - cmake[7d7201d2afa9b2d0]::run
[INFO] [stderr]     18:     0x5e0e5f859b85 - <cmake[7d7201d2afa9b2d0]::Config>::build
[INFO] [stderr]     19:     0x5e0e5f4d8c62 - build_script_build[92842ed70def5fc6]::build_cpp
[INFO] [stderr]     20:     0x5e0e5f4d6be2 - build_script_build[92842ed70def5fc6]::main
[INFO] [stderr]     21:     0x5e0e5f4da2a3 - <fn() as core[a373ad73a504971]::ops::function::FnOnce<()>>::call_once
[INFO] [stderr]     22:     0x5e0e5f4e4dc6 - std[617be2ca0a6fd877]::sys::backtrace::__rust_begin_short_backtrace::<fn(), ()>
[INFO] [stderr]     23:     0x5e0e5f4f4619 - std[617be2ca0a6fd877]::rt::lang_start::<()>::{closure#0}
[INFO] [stderr]     24:     0x5e0e5f8e5528 - <&dyn core[a373ad73a504971]::ops::function::Fn<(), Output = i32> + core[a373ad73a504971]::marker::Sync + core[a373ad73a504971]::panic::unwind_safe::RefUnwindSafe as core[a373ad73a504971]::ops::function::FnOnce<()>>::call_once
[INFO] [stderr]                                  at /rustc/e3feeb59cd1bdd011a2bfcc0747b55125d9b8527/library/core/src/ops/function.rs:287:21
[INFO] [stderr]     25:     0x5e0e5f8e5528 - std[617be2ca0a6fd877]::panicking::catch_unwind::do_call::<&dyn core[a373ad73a504971]::ops::function::Fn<(), Output = i32> + core[a373ad73a504971]::marker::Sync + core[a373ad73a504971]::panic::unwind_safe::RefUnwindSafe, i32>
[INFO] [stderr]                                  at /rustc/e3feeb59cd1bdd011a2bfcc0747b55125d9b8527/library/std/src/panicking.rs:573:43
[INFO] [stderr]     26:     0x5e0e5f8e5528 - std[617be2ca0a6fd877]::panicking::catch_unwind::<i32, &dyn core[a373ad73a504971]::ops::function::Fn<(), Output = i32> + core[a373ad73a504971]::marker::Sync + core[a373ad73a504971]::panic::unwind_safe::RefUnwindSafe>
[INFO] [stderr]                                  at /rustc/e3feeb59cd1bdd011a2bfcc0747b55125d9b8527/library/std/src/panicking.rs:541:19
[INFO] [stderr]     27:     0x5e0e5f8e5528 - std[617be2ca0a6fd877]::panic::catch_unwind::<&dyn core[a373ad73a504971]::ops::function::Fn<(), Output = i32> + core[a373ad73a504971]::marker::Sync + core[a373ad73a504971]::panic::unwind_safe::RefUnwindSafe, i32>
[INFO] [stderr]                                  at /rustc/e3feeb59cd1bdd011a2bfcc0747b55125d9b8527/library/std/src/panic.rs:359:14
[INFO] [stderr]     28:     0x5e0e5f8e5528 - std[617be2ca0a6fd877]::rt::lang_start_internal::{closure#0}
[INFO] [stderr]                                  at /rustc/e3feeb59cd1bdd011a2bfcc0747b55125d9b8527/library/std/src/rt.rs:175:24
[INFO] [stderr]     29:     0x5e0e5f8e5528 - std[617be2ca0a6fd877]::panicking::catch_unwind::do_call::<std[617be2ca0a6fd877]::rt::lang_start_internal::{closure#0}, isize>
[INFO] [stderr]                                  at /rustc/e3feeb59cd1bdd011a2bfcc0747b55125d9b8527/library/std/src/panicking.rs:573:43
[INFO] [stderr]     30:     0x5e0e5f8e5528 - std[617be2ca0a6fd877]::panicking::catch_unwind::<isize, std[617be2ca0a6fd877]::rt::lang_start_internal::{closure#0}>
[INFO] [stderr]                                  at /rustc/e3feeb59cd1bdd011a2bfcc0747b55125d9b8527/library/std/src/panicking.rs:541:19
[INFO] [stderr]     31:     0x5e0e5f8e5528 - std[617be2ca0a6fd877]::panic::catch_unwind::<std[617be2ca0a6fd877]::rt::lang_start_internal::{closure#0}, isize>
[INFO] [stderr]                                  at /rustc/e3feeb59cd1bdd011a2bfcc0747b55125d9b8527/library/std/src/panic.rs:359:14
[INFO] [stderr]     32:     0x5e0e5f8e5528 - std[617be2ca0a6fd877]::rt::lang_start_internal
[INFO] [stderr]                                  at /rustc/e3feeb59cd1bdd011a2bfcc0747b55125d9b8527/library/std/src/rt.rs:171:5
[INFO] [stderr]     33:     0x5e0e5f4f0381 - std[617be2ca0a6fd877]::rt::lang_start::<()>
[INFO] [stderr]     34:     0x5e0e5f4dac15 - main
[INFO] [stderr]     35:     0x7d1bf7425601 - <unknown>
[INFO] [stderr]     36:     0x7d1bf7425718 - __libc_start_main
[INFO] [stderr]     37:     0x5e0e5f3ee035 - _start
[INFO] [stderr]     38:                0x0 - <unknown>
[INFO] running `Command { std: "docker" "inspect" "2251683fec45a389cf25dbdf9a9768c4fe8fd60e906cbc2bab072f5be2b92ebb", kill_on_drop: false }`
[INFO] running `Command { std: "docker" "rm" "-f" "2251683fec45a389cf25dbdf9a9768c4fe8fd60e906cbc2bab072f5be2b92ebb", kill_on_drop: false }`
[INFO] [stdout] 2251683fec45a389cf25dbdf9a9768c4fe8fd60e906cbc2bab072f5be2b92ebb
