[INFO] fetching crate sparsela 0.2.3...
[INFO] testing sparsela-0.2.3 against 1.100.0-beta.1 for beta-1.100-2
[INFO] extracting crate sparsela 0.2.3 into /workspace/builds/worker-7-tc2/source
[INFO] started tweaking crates.io crate sparsela 0.2.3
[INFO] removed 0 missing examples
[INFO] finished tweaking crates.io crate sparsela 0.2.3
[INFO] tweaked toml for crates.io crate sparsela 0.2.3 written to /workspace/builds/worker-7-tc2/source/Cargo.toml
[INFO] validating manifest of crates.io crate sparsela 0.2.3 on toolchain 1.100.0-beta.1
[INFO] running `Command { std: CARGO_HOME="/workspace/cargo-home" RUSTUP_HOME="/workspace/rustup-home" "/workspace/cargo-home/bin/cargo" "+1.100.0-beta.1" "metadata" "--manifest-path" "Cargo.toml" "--no-deps", kill_on_drop: false }`
[INFO] crate crates.io crate sparsela 0.2.3 already has a lockfile, it will not be regenerated
[INFO] running `Command { std: CARGO_HOME="/workspace/cargo-home" RUSTUP_HOME="/workspace/rustup-home" "/workspace/cargo-home/bin/cargo" "+1.100.0-beta.1" "fetch" "--manifest-path" "Cargo.toml", kill_on_drop: false }`
[INFO] running `Command { std: "docker" "create" "-v" "/var/lib/crater-agent-workspace/builds/worker-7-tc2/source:/opt/rustwide/workdir:ro,Z" "-v" "/var/lib/crater-agent-workspace/builds/worker-7-tc2/target:/opt/rustwide/target:rw,Z" "-v" "/var/lib/crater-agent-workspace/cargo-home:/opt/rustwide/cargo-home:ro,Z" "-v" "/var/lib/crater-agent-workspace/rustup-home:/opt/rustwide/rustup-home:ro,Z" "-m" "1610612736" "--network" "none" "ghcr.io/rust-lang/crates-build-env/linux@sha256:3111399a4047eeb3a02b7a90e478d715f38a8c6669b5c4b49d30a17385265909" "sleep" "infinity", kill_on_drop: false }`
[INFO] [stdout] 284822d7ebfa4f2d76ffca9393a44e8b2cb3d93646258f13db57da807c0cd9a6
[INFO] running `Command { std: "docker" "start" "284822d7ebfa4f2d76ffca9393a44e8b2cb3d93646258f13db57da807c0cd9a6", kill_on_drop: false }`
[INFO] running `Command { std: "docker" "inspect" "284822d7ebfa4f2d76ffca9393a44e8b2cb3d93646258f13db57da807c0cd9a6", kill_on_drop: false }`
[INFO] running `Command { std: "docker" "exec" "-e" "SOURCE_DIR=/opt/rustwide/workdir" "-e" "CARGO_HOME=/opt/rustwide/cargo-home" "-e" "RUSTUP_HOME=/opt/rustwide/rustup-home" "-e" "CARGO_TARGET_DIR=/opt/rustwide/target" "-w" "/opt/rustwide/workdir" "--user" "0:0" "284822d7ebfa4f2d76ffca9393a44e8b2cb3d93646258f13db57da807c0cd9a6" "/opt/rustwide/cargo-home/bin/cargo" "+1.100.0-beta.1" "metadata" "--no-deps" "--format-version=1", kill_on_drop: false }`
[INFO] running `Command { std: "docker" "inspect" "284822d7ebfa4f2d76ffca9393a44e8b2cb3d93646258f13db57da807c0cd9a6", kill_on_drop: false }`
[INFO] running `Command { std: "docker" "exec" "-e" "SOURCE_DIR=/opt/rustwide/workdir" "-e" "CARGO_HOME=/opt/rustwide/cargo-home" "-e" "RUSTUP_HOME=/opt/rustwide/rustup-home" "-e" "CARGO_TARGET_DIR=/opt/rustwide/target" "-e" "CARGO_INCREMENTAL=0" "-e" "RUST_BACKTRACE=full" "-e" "RUSTFLAGS=--cap-lints=warn" "-e" "RUSTDOCFLAGS=--cap-lints=warn" "-w" "/opt/rustwide/workdir" "--user" "0:0" "284822d7ebfa4f2d76ffca9393a44e8b2cb3d93646258f13db57da807c0cd9a6" "/opt/rustwide/cargo-home/bin/cargo" "+1.100.0-beta.1" "build" "--frozen" "--message-format=json", kill_on_drop: false }`
[INFO] [stderr]    Compiling sparsela v0.2.3 (/opt/rustwide/workdir)
[INFO] [stdout] warning: method `iter_forward_exclusive` is never used
[INFO] [stdout]   --> src/rbtree/mod.rs:73:12
[INFO] [stdout]    |
[INFO] [stdout] 38 | impl<K, V> RBtreeNode<K, V> {
[INFO] [stdout]    | --------------------------- method in this implementation
[INFO] [stdout] ...
[INFO] [stdout] 73 |     pub fn iter_forward_exclusive(&self) -> RBtreeForwardIterator<K, V> {
[INFO] [stdout]    |            ^^^^^^^^^^^^^^^^^^^^^^
[INFO] [stdout]    |
[INFO] [stdout]    = note: `#[warn(dead_code)]` (part of `#[warn(unused)]`) on by default
[INFO] [stdout] 
[INFO] [stdout] 
[INFO] [stdout] warning: methods `check_subtree_integrity_unordered` and `check_integrity_unordered` are never used
[INFO] [stdout]   --> src/rbtree/check.rs:46:12
[INFO] [stdout]    |
[INFO] [stdout] 45 | impl<K, V> RBtree<K, V> {
[INFO] [stdout]    | ----------------------- methods in this implementation
[INFO] [stdout] 46 |     pub fn check_subtree_integrity_unordered(
[INFO] [stdout]    |            ^^^^^^^^^^^^^^^^^^^^^^^^^^^^^^^^^
[INFO] [stdout] ...
[INFO] [stdout] 75 |     pub fn check_integrity_unordered(&self) {
[INFO] [stdout]    |            ^^^^^^^^^^^^^^^^^^^^^^^^^
[INFO] [stdout] 
[INFO] [stdout] 
[INFO] [stdout] warning: method `check_belonging` is never used
[INFO] [stdout]   --> src/rbtree/check.rs:84:12
[INFO] [stdout]    |
[INFO] [stdout] 83 | impl<K, V> RBtree<K, V> {
[INFO] [stdout]    | ----------------------- method in this implementation
[INFO] [stdout] 84 |     pub fn check_belonging(&self, mut node: *const RBtreeNode<K, V>) {
[INFO] [stdout]    |            ^^^^^^^^^^^^^^^
[INFO] [stdout] 
[INFO] [stdout] 
[INFO] [stderr]     Finished `dev` profile [unoptimized + debuginfo] target(s) in 0.27s
[INFO] running `Command { std: "docker" "inspect" "284822d7ebfa4f2d76ffca9393a44e8b2cb3d93646258f13db57da807c0cd9a6", kill_on_drop: false }`
[INFO] running `Command { std: "docker" "exec" "-e" "SOURCE_DIR=/opt/rustwide/workdir" "-e" "CARGO_HOME=/opt/rustwide/cargo-home" "-e" "RUSTUP_HOME=/opt/rustwide/rustup-home" "-e" "CARGO_TARGET_DIR=/opt/rustwide/target" "-e" "CARGO_INCREMENTAL=0" "-e" "RUST_BACKTRACE=full" "-e" "RUSTFLAGS=--cap-lints=warn" "-e" "RUSTDOCFLAGS=--cap-lints=warn" "-w" "/opt/rustwide/workdir" "--user" "0:0" "284822d7ebfa4f2d76ffca9393a44e8b2cb3d93646258f13db57da807c0cd9a6" "/opt/rustwide/cargo-home/bin/cargo" "+1.100.0-beta.1" "test" "--frozen" "--no-run" "--message-format=json", kill_on_drop: false }`
[INFO] [stderr]    Compiling zerocopy v0.8.27
[INFO] [stderr]    Compiling cfg-if v1.0.3
[INFO] [stderr]    Compiling getrandom v0.3.3
[INFO] [stderr]    Compiling home v0.5.11
[INFO] [stderr]    Compiling num-traits v0.2.19
[INFO] [stderr]    Compiling syn v2.0.106
[INFO] [stderr]    Compiling regex-automata v0.4.13
[INFO] [stderr]    Compiling serde_json v1.0.145
[INFO] [stderr]    Compiling clap_builder v4.5.48
[INFO] [stderr]    Compiling semver v1.0.27
[INFO] [stderr]    Compiling criterion-plot v0.6.0
[INFO] [stderr]    Compiling xdg v3.0.0
[INFO] [stdout] warning: method `iter_forward_exclusive` is never used
[INFO] [stdout]   --> src/rbtree/mod.rs:73:12
[INFO] [stdout]    |
[INFO] [stdout] 38 | impl<K, V> RBtreeNode<K, V> {
[INFO] [stdout]    | --------------------------- method in this implementation
[INFO] [stdout] ...
[INFO] [stdout] 73 |     pub fn iter_forward_exclusive(&self) -> RBtreeForwardIterator<K, V> {
[INFO] [stdout]    |            ^^^^^^^^^^^^^^^^^^^^^^
[INFO] [stdout]    |
[INFO] [stdout]    = note: `#[warn(dead_code)]` (part of `#[warn(unused)]`) on by default
[INFO] [stdout] 
[INFO] [stdout] 
[INFO] [stdout] warning: methods `check_subtree_integrity_unordered` and `check_integrity_unordered` are never used
[INFO] [stdout]   --> src/rbtree/check.rs:46:12
[INFO] [stdout]    |
[INFO] [stdout] 45 | impl<K, V> RBtree<K, V> {
[INFO] [stdout]    | ----------------------- methods in this implementation
[INFO] [stdout] 46 |     pub fn check_subtree_integrity_unordered(
[INFO] [stdout]    |            ^^^^^^^^^^^^^^^^^^^^^^^^^^^^^^^^^
[INFO] [stdout] ...
[INFO] [stdout] 75 |     pub fn check_integrity_unordered(&self) {
[INFO] [stdout]    |            ^^^^^^^^^^^^^^^^^^^^^^^^^
[INFO] [stdout] 
[INFO] [stdout] 
[INFO] [stdout] warning: method `check_belonging` is never used
[INFO] [stdout]   --> src/rbtree/check.rs:84:12
[INFO] [stdout]    |
[INFO] [stdout] 83 | impl<K, V> RBtree<K, V> {
[INFO] [stdout]    | ----------------------- method in this implementation
[INFO] [stdout] 84 |     pub fn check_belonging(&self, mut node: *const RBtreeNode<K, V>) {
[INFO] [stdout]    |            ^^^^^^^^^^^^^^^
[INFO] [stdout] 
[INFO] [stdout] 
[INFO] [stderr]    Compiling rayon v1.11.0
[INFO] [stderr]    Compiling afl v0.16.0
[INFO] [stderr]    Compiling rustc_version v0.4.1
[INFO] [stderr]    Compiling rand_core v0.9.3
[INFO] [stderr]    Compiling plotters v0.3.7
[INFO] [stderr]    Compiling approx v0.3.2
[INFO] [stderr]    Compiling regex v1.12.2
[INFO] [stderr]    Compiling clap v4.5.48
[INFO] [stderr]    Compiling zerocopy-derive v0.8.27
[INFO] [stderr]    Compiling serde_derive v1.0.228
[INFO] [stderr]    Compiling serde v1.0.228
[INFO] [stderr]    Compiling tinytemplate v1.2.1
[INFO] [stderr]    Compiling half v2.7.0
[INFO] [stderr]    Compiling ppv-lite86 v0.2.21
[INFO] [stderr]    Compiling ciborium-ll v0.2.2
[INFO] [stderr]    Compiling rand_chacha v0.9.0
[INFO] [stderr]    Compiling ciborium v0.2.2
[INFO] [stderr]    Compiling rand v0.9.2
[INFO] [stderr]    Compiling criterion v0.7.0
[INFO] [stderr]    Compiling sparsela v0.2.3 (/opt/rustwide/workdir)
[INFO] [stdout] error: linking with `cc` failed: exit status: 1
[INFO] [stdout]   |
[INFO] [stdout]   = note:  "cc" "-m64" "/opt/rustwide/target/debug/build/sparsela/49a48c2e5478b2cf/out/rustcVuubzo/symbols.o" "<4 object files omitted>" "-Wl,--as-needed" "-Wl,-Bstatic" "/opt/rustwide/target/debug/build/sparsela/adbe51cd923e0d38/out/libsparsela-adbe51cd923e0d38.rlib" "/opt/rustwide/target/debug/build/rand/1d92f398ff7ad6d5/out/librand-1d92f398ff7ad6d5.rlib" "/opt/rustwide/target/debug/build/rand_chacha/dd65238aa5dd0eb4/out/librand_chacha-dd65238aa5dd0eb4.rlib" "/opt/rustwide/target/debug/build/ppv-lite86/bfcb90ef2e23a391/out/libppv_lite86-bfcb90ef2e23a391.rlib" "/opt/rustwide/target/debug/build/zerocopy/fb2aa5b2af53bb37/out/libzerocopy-fb2aa5b2af53bb37.rlib" "/opt/rustwide/target/debug/build/rand_core/10b2b3087bc957ce/out/librand_core-10b2b3087bc957ce.rlib" "/opt/rustwide/target/debug/build/getrandom/679c381398f264b5/out/libgetrandom-679c381398f264b5.rlib" "/opt/rustwide/target/debug/build/libc/520a1cd7a1b3fe13/out/liblibc-520a1cd7a1b3fe13.rlib" "/opt/rustwide/target/debug/build/cfg-if/ae1e883b62e8dab7/out/libcfg_if-ae1e883b62e8dab7.rlib" "/opt/rustwide/target/debug/build/approx/ae0ddb5148e47756/out/libapprox-ae0ddb5148e47756.rlib" "/opt/rustwide/target/debug/build/num-traits/8025aadba3f5277e/out/libnum_traits-8025aadba3f5277e.rlib" "/opt/rustwide/target/debug/build/afl/71c4237aaf9baf92/out/libafl-71c4237aaf9baf92.rlib" "<sysroot>/lib/rustlib/x86_64-unknown-linux-gnu/lib/{libstd-*,libpanic_unwind-*,libobject-*,libmemchr-*,libaddr2line-*,libgimli-*,libcfg_if-*,librustc_demangle-*,libstd_detect-*,libhashbrown-*,librustc_std_workspace_alloc-*,libminiz_oxide-*,libadler2-*,libunwind-*,liblibc-*,librustc_std_workspace_core-*,liballoc-*,libcore-*,libcompiler_builtins-*}.rlib" "-Wl,-Bdynamic" "-lgcc_s" "-lutil" "-lrt" "-lpthread" "-lm" "-ldl" "-lc" "-L" "/opt/rustwide/target/debug/build/sparsela/49a48c2e5478b2cf/out/rustcVuubzo/raw-dylibs" "-B<sysroot>/lib/rustlib/x86_64-unknown-linux-gnu/bin/gcc-ld" "-fuse-ld=lld" "-Wl,--eh-frame-hdr" "-Wl,-z,noexecstack" "-L" "<sysroot>/lib/rustlib/x86_64-unknown-linux-gnu/lib" "-o" "/opt/rustwide/target/debug/build/sparsela/49a48c2e5478b2cf/out/fuzz_gauss" "-Wl,--gc-sections" "-pie" "-Wl,-z,relro,-z,now" "-nodefaultlibs"
[INFO] [stdout]   = note: some arguments are omitted. use `--verbose` to show all linker arguments
[INFO] [stdout]   = note: rust-lld: error: undefined symbol: __afl_manual_init
[INFO] [stdout]           >>> referenced by lib.rs:281 (/opt/rustwide/cargo-home/registry/src/index.crates.io-1949cf8c6b5b557f/afl-0.16.0/src/lib.rs:281)
[INFO] [stdout]           >>>               /opt/rustwide/target/debug/build/sparsela/49a48c2e5478b2cf/out/fuzz_gauss.fuzz_gauss.53e07a4db1239f4b-cgu.1.rcgu.o:(afl::fuzz::<fuzz_gauss::main::{closure#0}>)
[INFO] [stdout]           
[INFO] [stdout]           rust-lld: error: undefined symbol: __afl_persistent_loop
[INFO] [stdout]           >>> referenced by lib.rs:283 (/opt/rustwide/cargo-home/registry/src/index.crates.io-1949cf8c6b5b557f/afl-0.16.0/src/lib.rs:283)
[INFO] [stdout]           >>>               /opt/rustwide/target/debug/build/sparsela/49a48c2e5478b2cf/out/fuzz_gauss.fuzz_gauss.53e07a4db1239f4b-cgu.1.rcgu.o:(afl::fuzz::<fuzz_gauss::main::{closure#0}>)
[INFO] [stdout]           
[INFO] [stdout]           rust-lld: error: undefined symbol: __afl_fuzz_ptr
[INFO] [stdout]           >>> referenced by lib.rs:285 (/opt/rustwide/cargo-home/registry/src/index.crates.io-1949cf8c6b5b557f/afl-0.16.0/src/lib.rs:285)
[INFO] [stdout]           >>>               /opt/rustwide/target/debug/build/sparsela/49a48c2e5478b2cf/out/fuzz_gauss.fuzz_gauss.53e07a4db1239f4b-cgu.1.rcgu.o:(afl::fuzz::<fuzz_gauss::main::{closure#0}>)
[INFO] [stdout]           >>> referenced by lib.rs:285 (/opt/rustwide/cargo-home/registry/src/index.crates.io-1949cf8c6b5b557f/afl-0.16.0/src/lib.rs:285)
[INFO] [stdout]           >>>               /opt/rustwide/target/debug/build/sparsela/49a48c2e5478b2cf/out/fuzz_gauss.fuzz_gauss.53e07a4db1239f4b-cgu.1.rcgu.o:(afl::fuzz::<fuzz_gauss::main::{closure#0}>)
[INFO] [stdout]           >>> referenced by lib.rs:297 (/opt/rustwide/cargo-home/registry/src/index.crates.io-1949cf8c6b5b557f/afl-0.16.0/src/lib.rs:297)
[INFO] [stdout]           >>>               /opt/rustwide/target/debug/build/sparsela/49a48c2e5478b2cf/out/fuzz_gauss.fuzz_gauss.53e07a4db1239f4b-cgu.1.rcgu.o:(afl::fuzz::<fuzz_gauss::main::{closure#0}>)
[INFO] [stdout]           >>> referenced 1 more times
[INFO] [stdout]           
[INFO] [stdout]           rust-lld: error: undefined symbol: __afl_fuzz_len
[INFO] [stdout]           >>> referenced by lib.rs:296 (/opt/rustwide/cargo-home/registry/src/index.crates.io-1949cf8c6b5b557f/afl-0.16.0/src/lib.rs:296)
[INFO] [stdout]           >>>               /opt/rustwide/target/debug/build/sparsela/49a48c2e5478b2cf/out/fuzz_gauss.fuzz_gauss.53e07a4db1239f4b-cgu.1.rcgu.o:(afl::fuzz::<fuzz_gauss::main::{closure#0}>)
[INFO] [stdout]           >>> referenced by lib.rs:296 (/opt/rustwide/cargo-home/registry/src/index.crates.io-1949cf8c6b5b557f/afl-0.16.0/src/lib.rs:296)
[INFO] [stdout]           >>>               /opt/rustwide/target/debug/build/sparsela/49a48c2e5478b2cf/out/fuzz_gauss.fuzz_gauss.53e07a4db1239f4b-cgu.1.rcgu.o:(afl::fuzz::<fuzz_gauss::main::{closure#0}>)
[INFO] [stdout]           collect2: error: ld returned 1 exit status
[INFO] [stdout]           
[INFO] [stdout] 
[INFO] [stdout] 
[INFO] [stderr] error: could not compile `sparsela` (example "fuzz_gauss") due to 1 previous error
[INFO] [stderr] warning: build failed, waiting for other jobs to finish...
[INFO] [stdout] warning: method `iter_forward_exclusive` is never used
[INFO] [stdout]   --> src/rbtree/mod.rs:73:12
[INFO] [stdout]    |
[INFO] [stdout] 38 | impl<K, V> RBtreeNode<K, V> {
[INFO] [stdout]    | --------------------------- method in this implementation
[INFO] [stdout] ...
[INFO] [stdout] 73 |     pub fn iter_forward_exclusive(&self) -> RBtreeForwardIterator<K, V> {
[INFO] [stdout]    |            ^^^^^^^^^^^^^^^^^^^^^^
[INFO] [stdout]    |
[INFO] [stdout]    = note: `#[warn(dead_code)]` (part of `#[warn(unused)]`) on by default
[INFO] [stdout] 
[INFO] [stdout] 
[INFO] [stdout] warning: methods `check_subtree_integrity_unordered` and `check_integrity_unordered` are never used
[INFO] [stdout]   --> src/rbtree/check.rs:46:12
[INFO] [stdout]    |
[INFO] [stdout] 45 | impl<K, V> RBtree<K, V> {
[INFO] [stdout]    | ----------------------- methods in this implementation
[INFO] [stdout] 46 |     pub fn check_subtree_integrity_unordered(
[INFO] [stdout]    |            ^^^^^^^^^^^^^^^^^^^^^^^^^^^^^^^^^
[INFO] [stdout] ...
[INFO] [stdout] 75 |     pub fn check_integrity_unordered(&self) {
[INFO] [stdout]    |            ^^^^^^^^^^^^^^^^^^^^^^^^^
[INFO] [stdout] 
[INFO] [stdout] 
[INFO] [stdout] warning: method `check_belonging` is never used
[INFO] [stdout]   --> src/rbtree/check.rs:84:12
[INFO] [stdout]    |
[INFO] [stdout] 83 | impl<K, V> RBtree<K, V> {
[INFO] [stdout]    | ----------------------- method in this implementation
[INFO] [stdout] 84 |     pub fn check_belonging(&self, mut node: *const RBtreeNode<K, V>) {
[INFO] [stdout]    |            ^^^^^^^^^^^^^^^
[INFO] [stdout] 
[INFO] [stdout] 
[INFO] running `Command { std: "docker" "inspect" "284822d7ebfa4f2d76ffca9393a44e8b2cb3d93646258f13db57da807c0cd9a6", kill_on_drop: false }`
[INFO] running `Command { std: "docker" "rm" "-f" "284822d7ebfa4f2d76ffca9393a44e8b2cb3d93646258f13db57da807c0cd9a6", kill_on_drop: false }`
[INFO] [stdout] 284822d7ebfa4f2d76ffca9393a44e8b2cb3d93646258f13db57da807c0cd9a6
