[INFO] fetching crate sparreal-kernel 0.15.3...
[INFO] testing sparreal-kernel-0.15.3 against 1.99.0-beta.8 for beta-1.100-2
[INFO] extracting crate sparreal-kernel 0.15.3 into /workspace/builds/worker-1-tc1/source
[INFO] started tweaking crates.io crate sparreal-kernel 0.15.3
[INFO] finished tweaking crates.io crate sparreal-kernel 0.15.3
[INFO] tweaked toml for crates.io crate sparreal-kernel 0.15.3 written to /workspace/builds/worker-1-tc1/source/Cargo.toml
[INFO] validating manifest of crates.io crate sparreal-kernel 0.15.3 on toolchain 1.99.0-beta.8
[INFO] running `Command { std: CARGO_HOME="/workspace/cargo-home" RUSTUP_HOME="/workspace/rustup-home" "/workspace/cargo-home/bin/cargo" "+1.99.0-beta.8" "metadata" "--manifest-path" "Cargo.toml" "--no-deps", kill_on_drop: false }`
[INFO] crate crates.io crate sparreal-kernel 0.15.3 already has a lockfile, it will not be regenerated
[INFO] running `Command { std: CARGO_HOME="/workspace/cargo-home" RUSTUP_HOME="/workspace/rustup-home" "/workspace/cargo-home/bin/cargo" "+1.99.0-beta.8" "fetch" "--manifest-path" "Cargo.toml", kill_on_drop: false }`
[INFO] [stderr]     Updating crates.io index
[INFO] [stderr]  Downloading crates ...
[INFO] [stderr]   Downloaded lenient_semver_parser v0.4.2
[INFO] [stderr]   Downloaded lenient_semver_version_builder v0.4.2
[INFO] [stderr]   Downloaded convert_case v0.8.0
[INFO] [stderr]   Downloaded mmio-api v0.2.1
[INFO] [stderr]   Downloaded kernutil v0.2.0
[INFO] [stderr]   Downloaded bit_field v0.10.3
[INFO] [stderr]   Downloaded aarch64-cpu-ext v0.1.4
[INFO] [stderr]   Downloaded trait-ffi v0.2.11
[INFO] [stderr]   Downloaded darling_macro v0.21.3
[INFO] [stderr]   Downloaded ansi_rgb v0.2.0
[INFO] [stderr]   Downloaded sparreal-macros v0.10.1
[INFO] [stderr]   Downloaded rdrive v0.20.0
[INFO] [stderr]   Downloaded rdrive-macros v0.4.1
[INFO] [stderr]   Downloaded pcie v0.6.0
[INFO] [stderr]   Downloaded as-any v0.3.2
[INFO] [stderr]   Downloaded abi-singleton v0.3.0
[INFO] [stderr]   Downloaded buddy_system_allocator v0.11.0
[INFO] [stderr]   Downloaded ranges-ext v0.6.2
[INFO] [stderr]   Downloaded rdif-base v0.8.0
[INFO] [stderr]   Downloaded num-align v0.1.0
[INFO] [stderr]   Downloaded utf8-width v0.1.8
[INFO] [stderr]   Downloaded rdrive-macro-utils v0.3.3
[INFO] [stderr]   Downloaded rdif-pcie v0.2.0
[INFO] [stderr]   Downloaded fdt-edit v0.2.3
[INFO] [stderr]   Downloaded pci_types v0.10.1
[INFO] [stderr]   Downloaded enum_dispatch v0.3.13
[INFO] [stderr]   Downloaded rdif-def v0.2.0
[INFO] [stderr]   Downloaded mbarrier v0.1.3
[INFO] [stderr]   Downloaded rgb v0.8.52
[INFO] [stderr]   Downloaded tock-registers v0.9.0
[INFO] [stderr]   Downloaded dma-api v0.7.1
[INFO] [stderr]   Downloaded page-table-generic v0.7.1
[INFO] [stderr]   Downloaded tock-registers v0.10.1
[INFO] [stderr]   Downloaded spin v0.10.0
[INFO] [stderr]   Downloaded fdt-raw v0.3.0
[INFO] [stderr]   Downloaded byte-unit v5.2.0
[INFO] [stderr]   Downloaded aarch64-cpu v10.0.0
[INFO] [stderr]   Downloaded darling v0.21.3
[INFO] [stderr]   Downloaded darling_core v0.21.3
[INFO] [stderr]   Downloaded unicode-segmentation v1.12.0
[INFO] [stderr]   Downloaded lenient_semver v0.4.2
[INFO] [stderr]   Downloaded heapless v0.9.2
[INFO] [stderr]   Downloaded rust_decimal v1.40.0
[INFO] running `Command { std: "docker" "create" "-v" "/var/lib/crater-agent-workspace/builds/worker-1-tc1/source:/opt/rustwide/workdir:ro,Z" "-v" "/var/lib/crater-agent-workspace/builds/worker-1-tc1/target:/opt/rustwide/target:rw,Z" "-v" "/var/lib/crater-agent-workspace/cargo-home:/opt/rustwide/cargo-home:ro,Z" "-v" "/var/lib/crater-agent-workspace/rustup-home:/opt/rustwide/rustup-home:ro,Z" "-m" "1610612736" "--network" "none" "ghcr.io/rust-lang/crates-build-env/linux@sha256:3111399a4047eeb3a02b7a90e478d715f38a8c6669b5c4b49d30a17385265909" "sleep" "infinity", kill_on_drop: false }`
[INFO] [stdout] 886cddffd6948132d7792e9a229beabd70a3431c3e1401275f8ab0d67d0ad7dc
[INFO] running `Command { std: "docker" "start" "886cddffd6948132d7792e9a229beabd70a3431c3e1401275f8ab0d67d0ad7dc", kill_on_drop: false }`
[INFO] running `Command { std: "docker" "inspect" "886cddffd6948132d7792e9a229beabd70a3431c3e1401275f8ab0d67d0ad7dc", kill_on_drop: false }`
[INFO] running `Command { std: "docker" "exec" "-e" "SOURCE_DIR=/opt/rustwide/workdir" "-e" "CARGO_HOME=/opt/rustwide/cargo-home" "-e" "RUSTUP_HOME=/opt/rustwide/rustup-home" "-e" "CARGO_TARGET_DIR=/opt/rustwide/target" "-w" "/opt/rustwide/workdir" "--user" "0:0" "886cddffd6948132d7792e9a229beabd70a3431c3e1401275f8ab0d67d0ad7dc" "/opt/rustwide/cargo-home/bin/cargo" "+1.99.0-beta.8" "metadata" "--no-deps" "--format-version=1", kill_on_drop: false }`
[INFO] running `Command { std: "docker" "inspect" "886cddffd6948132d7792e9a229beabd70a3431c3e1401275f8ab0d67d0ad7dc", kill_on_drop: false }`
[INFO] running `Command { std: "docker" "exec" "-e" "SOURCE_DIR=/opt/rustwide/workdir" "-e" "CARGO_HOME=/opt/rustwide/cargo-home" "-e" "RUSTUP_HOME=/opt/rustwide/rustup-home" "-e" "CARGO_TARGET_DIR=/opt/rustwide/target" "-e" "CARGO_INCREMENTAL=0" "-e" "RUST_BACKTRACE=full" "-e" "RUSTFLAGS=--cap-lints=warn" "-e" "RUSTDOCFLAGS=--cap-lints=warn" "-w" "/opt/rustwide/workdir" "--user" "0:0" "886cddffd6948132d7792e9a229beabd70a3431c3e1401275f8ab0d67d0ad7dc" "/opt/rustwide/cargo-home/bin/cargo" "+1.99.0-beta.8" "build" "--frozen" "--message-format=json", kill_on_drop: false }`
[INFO] [stderr]    Compiling quote v1.0.44
[INFO] [stderr]    Compiling thiserror v2.0.18
[INFO] [stderr]    Compiling unicode-segmentation v1.12.0
[INFO] [stderr]    Compiling heapless v0.9.2
[INFO] [stderr]    Compiling byteorder v1.5.0
[INFO] [stderr]    Compiling stable_deref_trait v1.2.1
[INFO] [stderr]    Compiling scopeguard v1.2.0
[INFO] [stderr]    Compiling log v0.4.29
[INFO] [stderr]    Compiling unicode-xid v0.2.6
[INFO] [stderr]    Compiling paste v1.0.15
[INFO] [stderr]    Compiling lock_api v0.4.14
[INFO] [stderr]    Compiling hash32 v0.3.1
[INFO] [stderr]    Compiling autocfg v1.5.0
[INFO] [stderr]    Compiling bitflags v2.11.0
[INFO] [stderr]    Compiling semver v1.0.27
[INFO] [stderr]    Compiling ident_case v1.0.1
[INFO] [stderr]    Compiling syn v2.0.117
[INFO] [stderr]    Compiling convert_case v0.10.0
[INFO] [stderr]    Compiling fnv v1.0.7
[INFO] [stderr]    Compiling as-any v0.3.2
[INFO] [stderr]    Compiling bit_field v0.10.3
[INFO] [stderr]    Compiling strsim v0.11.1
[INFO] [stderr]    Compiling rust_decimal v1.40.0
[INFO] [stderr]    Compiling pci_types v0.10.1
[INFO] [stderr]    Compiling num-traits v0.2.19
[INFO] [stderr]    Compiling lenient_semver_version_builder v0.4.2
[INFO] [stderr]    Compiling once_cell v1.21.3
[INFO] [stderr]    Compiling lenient_semver_parser v0.4.2
[INFO] [stderr]    Compiling spin v0.10.0
[INFO] [stderr]    Compiling arrayvec v0.7.6
[INFO] [stderr]    Compiling bytemuck v1.25.0
[INFO] [stderr]    Compiling num-align v0.1.0
[INFO] [stderr]    Compiling lenient_semver v0.4.2
[INFO] [stderr]    Compiling spin v0.9.8
[INFO] [stderr]    Compiling convert_case v0.8.0
[INFO] [stderr]    Compiling utf8-width v0.1.8
[INFO] [stderr]    Compiling mbarrier v0.1.3
[INFO] [stderr]    Compiling sparreal-kernel v0.15.3 (/opt/rustwide/workdir)
[INFO] [stderr]    Compiling cfg-if v1.0.4
[INFO] [stderr]    Compiling anstyle v1.0.13
[INFO] [stderr]    Compiling rgb v0.8.52
[INFO] [stderr]    Compiling buddy_system_allocator v0.11.0
[INFO] [stderr]    Compiling ansi_rgb v0.2.0
[INFO] [stderr]    Compiling byte-unit v5.2.0
[INFO] [stderr]    Compiling darling_core v0.21.3
[INFO] [stderr]    Compiling abi-singleton v0.3.0
[INFO] [stderr]    Compiling rdrive-macro-utils v0.3.3
[INFO] [stderr]    Compiling thiserror-impl v2.0.18
[INFO] [stderr]    Compiling derive_more-impl v2.1.1
[INFO] [stderr]    Compiling async-trait v0.1.89
[INFO] [stderr]    Compiling enum_dispatch v0.3.13
[INFO] [stderr]    Compiling rdrive-macros v0.4.1
[INFO] [stderr]    Compiling trait-ffi v0.2.11
[INFO] [stderr]    Compiling rdif-def v0.2.0
[INFO] [stderr]    Compiling fdt-raw v0.3.0
[INFO] [stderr]    Compiling ranges-ext v0.6.2
[INFO] [stderr]    Compiling page-table-generic v0.7.1
[INFO] [stderr]    Compiling kernutil v0.2.0
[INFO] [stderr]    Compiling rdif-base v0.8.0
[INFO] [stderr]    Compiling rdif-pcie v0.2.0
[INFO] [stderr]    Compiling fdt-edit v0.2.3
[INFO] [stderr]    Compiling darling_macro v0.21.3
[INFO] [stderr]    Compiling darling v0.21.3
[INFO] [stderr]    Compiling sparreal-macros v0.10.1
[INFO] [stderr]    Compiling derive_more v2.1.1
[INFO] [stderr]    Compiling mmio-api v0.2.1
[INFO] [stderr]    Compiling dma-api v0.7.1
[INFO] [stderr]    Compiling pcie v0.6.0
[INFO] [stderr]    Compiling rdrive v0.20.0
[INFO] [stderr]     Finished `dev` profile [unoptimized + debuginfo] target(s) in 32.21s
[INFO] running `Command { std: "docker" "inspect" "886cddffd6948132d7792e9a229beabd70a3431c3e1401275f8ab0d67d0ad7dc", kill_on_drop: false }`
[INFO] running `Command { std: "docker" "exec" "-e" "SOURCE_DIR=/opt/rustwide/workdir" "-e" "CARGO_HOME=/opt/rustwide/cargo-home" "-e" "RUSTUP_HOME=/opt/rustwide/rustup-home" "-e" "CARGO_TARGET_DIR=/opt/rustwide/target" "-e" "CARGO_INCREMENTAL=0" "-e" "RUST_BACKTRACE=full" "-e" "RUSTFLAGS=--cap-lints=warn" "-e" "RUSTDOCFLAGS=--cap-lints=warn" "-w" "/opt/rustwide/workdir" "--user" "0:0" "886cddffd6948132d7792e9a229beabd70a3431c3e1401275f8ab0d67d0ad7dc" "/opt/rustwide/cargo-home/bin/cargo" "+1.99.0-beta.8" "test" "--frozen" "--no-run" "--message-format=json", kill_on_drop: false }`
[INFO] [stderr]    Compiling sparreal-kernel v0.15.3 (/opt/rustwide/workdir)
[INFO] [stdout] error: linking with `cc` failed: exit status: 1
[INFO] [stdout]   |
[INFO] [stdout]   = note:  "cc" "-m64" "/opt/rustwide/target/debug/deps/rustcKBQ20M/symbols.o" "<2 object files omitted>" "-Wl,--as-needed" "-Wl,-Bstatic" "<sysroot>/lib/rustlib/x86_64-unknown-linux-gnu/lib/{libtest-*,libgetopts-*,librustc_std_workspace_std-*}.rlib" "/opt/rustwide/target/debug/deps/{libdma_api-e0a0fbe20ce6c9bb,libcfg_if-83060ec5685761ae,libmbarrier-04411603f79f30f0,libbuddy_system_allocator-ecbf0c6b1d20add7,libspin-a10f8ca15d1a6a27,libbyte_unit-5f1d98cc7018afe0,libutf8_width-1a443bc393b712e2,librust_decimal-cd37f48c87135200,libarrayvec-c7dde542da3995d2,libnum_traits-c50394e09299f6b8,libansi_rgb-6f0251a6380a9466,librgb-daf30b960ac50e80,libbytemuck-6bf6ebae036d989e,libanstyle-af654d4ea8687dd5,librdrive-b53dd7292b38dc6c,libpcie-951bd7563b44c0b9,libmmio_api-4a9b02fbf4fb04aa,libderive_more-47ac3546e6ccf87c,librdif_pcie-125c3a71d15c9ae8,libpci_types-25349bce937269bb,libbit_field-ac1ccba4a1744749,librdif_base-6cd566b956f8cfc1,librdif_def-82b00af5cc78c6bc,libspin-cc5a01444f97cdf4,liblock_api-16d46fed645f7bff,libscopeguard-7ec2214574194454,libfdt_edit-a0002995ac200e50,libfdt_raw-c48b5b6ce4ed08b9,libpage_table_generic-04d53094f162609a,libbitflags-89a023adeebf44a1,libkernutil-b20368b7a8ee4e8c,libranges_ext-6e91eb3f52cc62fa,libthiserror-e6c66e7a24a89eed}.rlib" "<sysroot>/lib/rustlib/x86_64-unknown-linux-gnu/lib/{libstd-*,libpanic_unwind-*,libobject-*,libmemchr-*,libaddr2line-*,libgimli-*,libcfg_if-*,librustc_demangle-*,libstd_detect-*,libhashbrown-*,librustc_std_workspace_alloc-*,libminiz_oxide-*,libadler2-*,libunwind-*,liblibc-*,librustc_std_workspace_core-*}.rlib" "/opt/rustwide/target/debug/deps/{libnum_align-d56218de41896228,libheapless-131e027a94082653,libhash32-bab6fc17785ab021,libbyteorder-9f6ac6743e38a88c,liblog-f16ce4b64309590f}.rlib" "<sysroot>/lib/rustlib/x86_64-unknown-linux-gnu/lib/{liballoc-*,libcore-*,libcompiler_builtins-*}.rlib" "-Wl,-Bdynamic" "-lgcc_s" "-lutil" "-lrt" "-lpthread" "-lm" "-ldl" "-lc" "-L" "/opt/rustwide/target/debug/deps/rustcKBQ20M/raw-dylibs" "-B<sysroot>/lib/rustlib/x86_64-unknown-linux-gnu/bin/gcc-ld" "-fuse-ld=lld" "-Wl,--eh-frame-hdr" "-Wl,-z,noexecstack" "-L" "<sysroot>/lib/rustlib/x86_64-unknown-linux-gnu/lib" "-o" "/opt/rustwide/target/debug/deps/sparreal_kernel-9e2d4a1946c8632d" "-Wl,--gc-sections" "-pie" "-Wl,-z,relro,-z,now" "-nodefaultlibs"
[INFO] [stdout]   = note: some arguments are omitted. use `--verbose` to show all linker arguments
[INFO] [stdout]   = note: rust-lld: error: undefined symbol: __sparreal_kernel_0_15_irq_local_is_enabled
[INFO] [stdout]           >>> referenced by al.rs:46 (src/hal/al.rs:46)
[INFO] [stdout]           >>>               /opt/rustwide/target/debug/deps/sparreal_kernel-9e2d4a1946c8632d.sparreal_kernel.b72222ae4de9c40d-cgu.0.rcgu.o:(sparreal_kernel::hal::al::cpu::irq_local_is_enabled)
[INFO] [stdout]           
[INFO] [stdout]           rust-lld: error: undefined symbol: __sparreal_kernel_0_15_irq_local_set_enable
[INFO] [stdout]           >>> referenced by al.rs:46 (src/hal/al.rs:46)
[INFO] [stdout]           >>>               /opt/rustwide/target/debug/deps/sparreal_kernel-9e2d4a1946c8632d.sparreal_kernel.b72222ae4de9c40d-cgu.0.rcgu.o:(sparreal_kernel::hal::al::cpu::irq_local_set_enable)
[INFO] [stdout]           collect2: error: ld returned 1 exit status
[INFO] [stdout]           
[INFO] [stdout] 
[INFO] [stdout] 
[INFO] [stderr] error: could not compile `sparreal-kernel` (lib test) due to 1 previous error
[INFO] running `Command { std: "docker" "inspect" "886cddffd6948132d7792e9a229beabd70a3431c3e1401275f8ab0d67d0ad7dc", kill_on_drop: false }`
[INFO] running `Command { std: "docker" "rm" "-f" "886cddffd6948132d7792e9a229beabd70a3431c3e1401275f8ab0d67d0ad7dc", kill_on_drop: false }`
[INFO] [stdout] 886cddffd6948132d7792e9a229beabd70a3431c3e1401275f8ab0d67d0ad7dc
