[INFO] fetching crate sparklers 0.1.1...
[INFO] testing sparklers-0.1.1 against 1.100.0-beta.1 for beta-1.100-2
[INFO] extracting crate sparklers 0.1.1 into /workspace/builds/worker-4-tc2/source
[INFO] started tweaking crates.io crate sparklers 0.1.1
[INFO] finished tweaking crates.io crate sparklers 0.1.1
[INFO] tweaked toml for crates.io crate sparklers 0.1.1 written to /workspace/builds/worker-4-tc2/source/Cargo.toml
[INFO] validating manifest of crates.io crate sparklers 0.1.1 on toolchain 1.100.0-beta.1
[INFO] running `Command { std: CARGO_HOME="/workspace/cargo-home" RUSTUP_HOME="/workspace/rustup-home" "/workspace/cargo-home/bin/cargo" "+1.100.0-beta.1" "metadata" "--manifest-path" "Cargo.toml" "--no-deps", kill_on_drop: false }`
[INFO] crate crates.io crate sparklers 0.1.1 already has a lockfile, it will not be regenerated
[INFO] running `Command { std: CARGO_HOME="/workspace/cargo-home" RUSTUP_HOME="/workspace/rustup-home" "/workspace/cargo-home/bin/cargo" "+1.100.0-beta.1" "fetch" "--manifest-path" "Cargo.toml", kill_on_drop: false }`
[INFO] running `Command { std: "docker" "create" "-v" "/var/lib/crater-agent-workspace/builds/worker-4-tc2/source:/opt/rustwide/workdir:ro,Z" "-v" "/var/lib/crater-agent-workspace/builds/worker-4-tc2/target:/opt/rustwide/target:rw,Z" "-v" "/var/lib/crater-agent-workspace/cargo-home:/opt/rustwide/cargo-home:ro,Z" "-v" "/var/lib/crater-agent-workspace/rustup-home:/opt/rustwide/rustup-home:ro,Z" "-m" "1610612736" "--network" "none" "ghcr.io/rust-lang/crates-build-env/linux@sha256:3111399a4047eeb3a02b7a90e478d715f38a8c6669b5c4b49d30a17385265909" "sleep" "infinity", kill_on_drop: false }`
[INFO] [stdout] 327d579679d5c7996e36d37bb0aa3a1e29018aaffe23986700aced2e3b4d35d1
[INFO] running `Command { std: "docker" "start" "327d579679d5c7996e36d37bb0aa3a1e29018aaffe23986700aced2e3b4d35d1", kill_on_drop: false }`
[INFO] running `Command { std: "docker" "inspect" "327d579679d5c7996e36d37bb0aa3a1e29018aaffe23986700aced2e3b4d35d1", kill_on_drop: false }`
[INFO] running `Command { std: "docker" "exec" "-e" "SOURCE_DIR=/opt/rustwide/workdir" "-e" "CARGO_HOME=/opt/rustwide/cargo-home" "-e" "RUSTUP_HOME=/opt/rustwide/rustup-home" "-e" "CARGO_TARGET_DIR=/opt/rustwide/target" "-w" "/opt/rustwide/workdir" "--user" "0:0" "327d579679d5c7996e36d37bb0aa3a1e29018aaffe23986700aced2e3b4d35d1" "/opt/rustwide/cargo-home/bin/cargo" "+1.100.0-beta.1" "metadata" "--no-deps" "--format-version=1", kill_on_drop: false }`
[INFO] running `Command { std: "docker" "inspect" "327d579679d5c7996e36d37bb0aa3a1e29018aaffe23986700aced2e3b4d35d1", kill_on_drop: false }`
[INFO] running `Command { std: "docker" "exec" "-e" "SOURCE_DIR=/opt/rustwide/workdir" "-e" "CARGO_HOME=/opt/rustwide/cargo-home" "-e" "RUSTUP_HOME=/opt/rustwide/rustup-home" "-e" "CARGO_TARGET_DIR=/opt/rustwide/target" "-e" "CARGO_INCREMENTAL=0" "-e" "RUST_BACKTRACE=full" "-e" "RUSTFLAGS=--cap-lints=warn" "-e" "RUSTDOCFLAGS=--cap-lints=warn" "-w" "/opt/rustwide/workdir" "--user" "0:0" "327d579679d5c7996e36d37bb0aa3a1e29018aaffe23986700aced2e3b4d35d1" "/opt/rustwide/cargo-home/bin/cargo" "+1.100.0-beta.1" "build" "--frozen" "--message-format=json", kill_on_drop: false }`
[INFO] [stderr]    Compiling proc-macro2 v1.0.106
[INFO] [stderr]    Compiling unicode-ident v1.0.24
[INFO] [stderr]    Compiling quote v1.0.46
[INFO] [stderr]    Compiling stable_deref_trait v1.2.1
[INFO] [stderr]    Compiling litemap v0.8.2
[INFO] [stderr]    Compiling writeable v0.6.3
[INFO] [stderr]    Compiling icu_properties_data v2.2.0
[INFO] [stderr]    Compiling icu_normalizer_data v2.2.0
[INFO] [stderr]    Compiling utf8_iter v1.0.4
[INFO] [stderr]    Compiling smallvec v1.15.2
[INFO] [stderr]    Compiling thiserror v2.0.18
[INFO] [stderr]    Compiling percent-encoding v2.3.2
[INFO] [stderr]    Compiling log v0.4.33
[INFO] [stderr]    Compiling form_urlencoded v1.2.2
[INFO] [stderr]    Compiling syn v2.0.118
[INFO] [stderr]    Compiling synstructure v0.13.2
[INFO] [stderr]    Compiling zerofrom-derive v0.1.7
[INFO] [stderr]    Compiling yoke-derive v0.8.2
[INFO] [stderr]    Compiling zerovec-derive v0.11.3
[INFO] [stderr]    Compiling displaydoc v0.2.6
[INFO] [stderr]    Compiling thiserror-impl v2.0.18
[INFO] [stderr]    Compiling zerofrom v0.1.8
[INFO] [stderr]    Compiling yoke v0.8.3
[INFO] [stderr]    Compiling zerovec v0.11.6
[INFO] [stderr]    Compiling zerotrie v0.2.4
[INFO] [stderr]    Compiling tinystr v0.8.3
[INFO] [stderr]    Compiling potential_utf v0.1.5
[INFO] [stderr]    Compiling icu_collections v2.2.0
[INFO] [stderr]    Compiling icu_locale_core v2.2.0
[INFO] [stderr]    Compiling icu_provider v2.2.0
[INFO] [stderr]    Compiling icu_properties v2.2.0
[INFO] [stderr]    Compiling icu_normalizer v2.2.0
[INFO] [stderr]    Compiling idna_adapter v1.2.2
[INFO] [stderr]    Compiling idna v1.1.0
[INFO] [stderr]    Compiling url v2.5.8
[INFO] [stderr]    Compiling sparklers v0.1.1 (/opt/rustwide/workdir)
[INFO] [stdout] error[E0433]: cannot find module or crate `objc2` in this scope
[INFO] [stdout]  --> src/events.rs:3:5
[INFO] [stdout]   |
[INFO] [stdout] 3 | use objc2::{msg_send, rc::Retained};
[INFO] [stdout]   |     ^^^^^ use of unresolved module or unlinked crate `objc2`
[INFO] [stdout]   |
[INFO] [stdout]   = help: if you wanted to use a crate named `objc2`, use `cargo add objc2` to add it to your `Cargo.toml`
[INFO] [stdout] 
[INFO] [stdout] 
[INFO] [stdout] error[E0432]: unresolved import `objc2`
[INFO] [stdout]  --> src/events.rs:3:5
[INFO] [stdout]   |
[INFO] [stdout] 3 | use objc2::{msg_send, rc::Retained};
[INFO] [stdout]   |     ^^^^^ use of unresolved module or unlinked crate `objc2`
[INFO] [stdout]   |
[INFO] [stdout]   = help: if you wanted to use a crate named `objc2`, use `cargo add objc2` to add it to your `Cargo.toml`
[INFO] [stdout] 
[INFO] [stdout] 
[INFO] [stdout] error[E0432]: unresolved import `objc2_foundation`
[INFO] [stdout]  --> src/events.rs:4:5
[INFO] [stdout]   |
[INFO] [stdout] 4 | use objc2_foundation::{NSError, NSMutableURLRequest, NSNumber, NSString, NSURL};
[INFO] [stdout]   |     ^^^^^^^^^^^^^^^^ use of unresolved module or unlinked crate `objc2_foundation`
[INFO] [stdout]   |
[INFO] [stdout]   = help: if you wanted to use a crate named `objc2_foundation`, use `cargo add objc2_foundation` to add it to your `Cargo.toml`
[INFO] [stdout] 
[INFO] [stdout] 
[INFO] [stdout] error[E0432]: unresolved import `sparklers_sys`
[INFO] [stdout]  --> src/events.rs:5:5
[INFO] [stdout]   |
[INFO] [stdout] 5 | use sparklers_sys::SUAppcastItem;
[INFO] [stdout]   |     ^^^^^^^^^^^^^ use of unresolved module or unlinked crate `sparklers_sys`
[INFO] [stdout]   |
[INFO] [stdout]   = help: if you wanted to use a crate named `sparklers_sys`, use `cargo add sparklers_sys` to add it to your `Cargo.toml`
[INFO] [stdout] 
[INFO] [stdout] 
[INFO] [stdout] error[E0433]: cannot find module or crate `objc2` in this scope
[INFO] [stdout]  --> src/sparkle/mod.rs:8:5
[INFO] [stdout]   |
[INFO] [stdout] 8 | use objc2::rc::Retained;
[INFO] [stdout]   |     ^^^^^ use of unresolved module or unlinked crate `objc2`
[INFO] [stdout]   |
[INFO] [stdout]   = help: if you wanted to use a crate named `objc2`, use `cargo add objc2` to add it to your `Cargo.toml`
[INFO] [stdout] 
[INFO] [stdout] 
[INFO] [stdout] error[E0433]: cannot find module or crate `objc2` in this scope
[INFO] [stdout]  --> src/sparkle/mod.rs:9:5
[INFO] [stdout]   |
[INFO] [stdout] 9 | use objc2::runtime::NSObject;
[INFO] [stdout]   |     ^^^^^ use of unresolved module or unlinked crate `objc2`
[INFO] [stdout]   |
[INFO] [stdout]   = help: if you wanted to use a crate named `objc2`, use `cargo add objc2` to add it to your `Cargo.toml`
[INFO] [stdout] 
[INFO] [stdout] 
[INFO] [stdout] error[E0432]: unresolved import `dispatch2`
[INFO] [stdout]  --> src/sparkle/mod.rs:6:5
[INFO] [stdout]   |
[INFO] [stdout] 6 | use dispatch2::{run_on_main, MainThreadBound};
[INFO] [stdout]   |     ^^^^^^^^^ use of unresolved module or unlinked crate `dispatch2`
[INFO] [stdout]   |
[INFO] [stdout]   = help: if you wanted to use a crate named `dispatch2`, use `cargo add dispatch2` to add it to your `Cargo.toml`
[INFO] [stdout] 
[INFO] [stdout] 
[INFO] [stdout] error[E0432]: unresolved import `objc2`
[INFO] [stdout]   --> src/sparkle/mod.rs:10:5
[INFO] [stdout]    |
[INFO] [stdout] 10 | use objc2::{msg_send, ClassType, MainThreadMarker};
[INFO] [stdout]    |     ^^^^^ use of unresolved module or unlinked crate `objc2`
[INFO] [stdout]    |
[INFO] [stdout]    = help: if you wanted to use a crate named `objc2`, use `cargo add objc2` to add it to your `Cargo.toml`
[INFO] [stdout] 
[INFO] [stdout] 
[INFO] [stdout] error[E0433]: cannot find module or crate `sparklers_sys` in this scope
[INFO] [stdout]   --> src/sparkle/mod.rs:12:5
[INFO] [stdout]    |
[INFO] [stdout] 12 | use sparklers_sys::updater::{SPUStandardUpdaterController, SPUUpdater};
[INFO] [stdout]    |     ^^^^^^^^^^^^^ use of unresolved module or unlinked crate `sparklers_sys`
[INFO] [stdout]    |
[INFO] [stdout]    = help: if you wanted to use a crate named `sparklers_sys`, use `cargo add sparklers_sys` to add it to your `Cargo.toml`
[INFO] [stdout] 
[INFO] [stdout] 
[INFO] [stdout] error[E0433]: cannot find module or crate `objc2` in this scope
[INFO] [stdout]  --> src/sparkle/delegate.rs:4:5
[INFO] [stdout]   |
[INFO] [stdout] 4 | use objc2::rc::Retained;
[INFO] [stdout]   |     ^^^^^ use of unresolved module or unlinked crate `objc2`
[INFO] [stdout]   |
[INFO] [stdout]   = help: if you wanted to use a crate named `objc2`, use `cargo add objc2` to add it to your `Cargo.toml`
[INFO] [stdout] 
[INFO] [stdout] 
[INFO] [stdout] error[E0433]: cannot find module or crate `objc2` in this scope
[INFO] [stdout]  --> src/sparkle/delegate.rs:5:5
[INFO] [stdout]   |
[INFO] [stdout] 5 | use objc2::runtime::NSObject;
[INFO] [stdout]   |     ^^^^^ use of unresolved module or unlinked crate `objc2`
[INFO] [stdout]   |
[INFO] [stdout]   = help: if you wanted to use a crate named `objc2`, use `cargo add objc2` to add it to your `Cargo.toml`
[INFO] [stdout] 
[INFO] [stdout] 
[INFO] [stdout] error[E0432]: unresolved import `objc2_foundation`
[INFO] [stdout]   --> src/sparkle/mod.rs:11:5
[INFO] [stdout]    |
[INFO] [stdout] 11 | use objc2_foundation::{NSBundle, NSDictionary, NSError, NSString, NSURL};
[INFO] [stdout]    |     ^^^^^^^^^^^^^^^^ use of unresolved module or unlinked crate `objc2_foundation`
[INFO] [stdout]    |
[INFO] [stdout]    = help: if you wanted to use a crate named `objc2_foundation`, use `cargo add objc2_foundation` to add it to your `Cargo.toml`
[INFO] [stdout] 
[INFO] [stdout] 
[INFO] [stdout] error[E0432]: unresolved import `objc2`
[INFO] [stdout]  --> src/sparkle/delegate.rs:6:5
[INFO] [stdout]   |
[INFO] [stdout] 6 | use objc2::{define_class, msg_send, DeclaredClass, MainThreadMarker, MainThreadOnly};
[INFO] [stdout]   |     ^^^^^ use of unresolved module or unlinked crate `objc2`
[INFO] [stdout]   |
[INFO] [stdout]   = help: if you wanted to use a crate named `objc2`, use `cargo add objc2` to add it to your `Cargo.toml`
[INFO] [stdout] 
[INFO] [stdout] 
[INFO] [stdout] error[E0432]: unresolved import `objc2_foundation`
[INFO] [stdout]  --> src/sparkle/delegate.rs:7:5
[INFO] [stdout]   |
[INFO] [stdout] 7 | use objc2_foundation::{
[INFO] [stdout]   |     ^^^^^^^^^^^^^^^^ use of unresolved module or unlinked crate `objc2_foundation`
[INFO] [stdout]   |
[INFO] [stdout]   = help: if you wanted to use a crate named `objc2_foundation`, use `cargo add objc2_foundation` to add it to your `Cargo.toml`
[INFO] [stdout] 
[INFO] [stdout] 
[INFO] [stdout] error[E0432]: unresolved import `sparklers_sys`
[INFO] [stdout]   --> src/sparkle/delegate.rs:10:5
[INFO] [stdout]    |
[INFO] [stdout] 10 | use sparklers_sys::SUAppcastItem;
[INFO] [stdout]    |     ^^^^^^^^^^^^^ use of unresolved module or unlinked crate `sparklers_sys`
[INFO] [stdout]    |
[INFO] [stdout]    = help: if you wanted to use a crate named `sparklers_sys`, use `cargo add sparklers_sys` to add it to your `Cargo.toml`
[INFO] [stdout] 
[INFO] [stdout] 
[INFO] [stdout] error[E0432]: unresolved import `delegate::SparkleDelegate`
[INFO] [stdout]   --> src/sparkle/mod.rs:15:5
[INFO] [stdout]    |
[INFO] [stdout] 15 | use delegate::SparkleDelegate;
[INFO] [stdout]    |     ^^^^^^^^^^---------------
[INFO] [stdout]    |               |
[INFO] [stdout]    |               no `SparkleDelegate` in `sparkle::delegate`
[INFO] [stdout] 
[INFO] [stdout] 
[INFO] [stdout] error[E0433]: cannot find module or crate `objc2` in this scope
[INFO] [stdout]    --> src/sparkle/mod.rs:179:30
[INFO] [stdout]     |
[INFO] [stdout] 179 |                     unsafe { objc2::msg_send![&url, absoluteString] };
[INFO] [stdout]     |                              ^^^^^ use of unresolved module or unlinked crate `objc2`
[INFO] [stdout] 
[INFO] [stdout] 
[INFO] [stdout] error[E0433]: cannot find module or crate `objc2` in this scope
[INFO] [stdout]    --> src/sparkle/mod.rs:192:26
[INFO] [stdout]     |
[INFO] [stdout] 192 |                 unsafe { objc2::msg_send![NSURL::class(), URLWithString: &*ns_string] };
[INFO] [stdout]     |                          ^^^^^ use of unresolved module or unlinked crate `objc2`
[INFO] [stdout] 
[INFO] [stdout] 
[INFO] [stdout] error[E0433]: cannot find module or crate `objc2` in this scope
[INFO] [stdout]    --> src/sparkle/mod.rs:221:45
[INFO] [stdout]     |
[INFO] [stdout] 221 |                 let seconds: f64 = unsafe { objc2::msg_send![&date, timeIntervalSince1970] };
[INFO] [stdout]     |                                             ^^^^^ use of unresolved module or unlinked crate `objc2`
[INFO] [stdout] 
[INFO] [stdout] 
[INFO] [stdout] error[E0433]: cannot find module or crate `objc2` in this scope
[INFO] [stdout]    --> src/sparkle/mod.rs:254:45
[INFO] [stdout]     |
[INFO] [stdout] 254 |                 let count: usize = unsafe { objc2::msg_send![&dict, count] };
[INFO] [stdout]     |                                             ^^^^^ use of unresolved module or unlinked crate `objc2`
[INFO] [stdout] 
[INFO] [stdout] 
[INFO] [stdout] error[E0433]: cannot find module or crate `objc2` in this scope
[INFO] [stdout]    --> src/sparkle/mod.rs:257:34
[INFO] [stdout]     |
[INFO] [stdout] 257 |                         unsafe { objc2::msg_send![&dict, allKeys] };
[INFO] [stdout]     |                                  ^^^^^ use of unresolved module or unlinked crate `objc2`
[INFO] [stdout] 
[INFO] [stdout] 
[INFO] [stdout] error[E0433]: cannot find module or crate `objc2` in this scope
[INFO] [stdout]    --> src/sparkle/mod.rs:259:55
[INFO] [stdout]     |
[INFO] [stdout] 259 |                         let key: &NSString = unsafe { objc2::msg_send![&keys, objectAtIndex: i] };
[INFO] [stdout]     |                                                       ^^^^^ use of unresolved module or unlinked crate `objc2`
[INFO] [stdout] 
[INFO] [stdout] 
[INFO] [stdout] error[E0433]: cannot find module or crate `objc2` in this scope
[INFO] [stdout]    --> src/sparkle/mod.rs:261:38
[INFO] [stdout]     |
[INFO] [stdout] 261 | ...                   unsafe { objc2::msg_send![&dict, objectForKey: key] };
[INFO] [stdout]     |                                ^^^^^ use of unresolved module or unlinked crate `objc2`
[INFO] [stdout] 
[INFO] [stdout] 
[INFO] [stdout] error[E0433]: cannot find module or crate `objc2` in this scope
[INFO] [stdout]    --> src/sparkle/mod.rs:314:30
[INFO] [stdout]     |
[INFO] [stdout] 314 |                     unsafe { objc2::msg_send![&url, absoluteString] };
[INFO] [stdout]     |                              ^^^^^ use of unresolved module or unlinked crate `objc2`
[INFO] [stdout] 
[INFO] [stdout] 
[INFO] [stdout] error[E0433]: cannot find module or crate `objc2` in this scope
[INFO] [stdout]   --> src/sparkle/mod.rs:56:26
[INFO] [stdout]    |
[INFO] [stdout] 56 |                 unsafe { objc2::msg_send![ns_error, localizedDescription] };
[INFO] [stdout]    |                          ^^^^^ use of unresolved module or unlinked crate `objc2`
[INFO] [stdout] 
[INFO] [stdout] 
[INFO] [stdout] error[E0433]: cannot find module or crate `objc2` in this scope
[INFO] [stdout]   --> src/sparkle/mod.rs:38:13
[INFO] [stdout]    |
[INFO] [stdout] 38 |             objc2::msg_send![SPUStandardUpdaterController::class(), alloc];
[INFO] [stdout]    |             ^^^^^ use of unresolved module or unlinked crate `objc2`
[INFO] [stdout] 
[INFO] [stdout] 
[INFO] [stdout] error[E0433]: cannot find module or crate `objc2` in this scope
[INFO] [stdout]   --> src/sparkle/mod.rs:37:20
[INFO] [stdout]    |
[INFO] [stdout] 37 |         let alloc: objc2::rc::Allocated<SPUStandardUpdaterController> =
[INFO] [stdout]    |                    ^^^^^ use of unresolved module or unlinked crate `objc2`
[INFO] [stdout]    |
[INFO] [stdout]    = help: if you wanted to use a crate named `objc2`, use `cargo add objc2` to add it to your `Cargo.toml`
[INFO] [stdout] 
[INFO] [stdout] 
[INFO] [stdout] error[E0425]: cannot find type `SparkleDelegate` in this scope
[INFO] [stdout]    --> src/sparkle/delegate.rs:312:6
[INFO] [stdout]     |
[INFO] [stdout] 312 | impl SparkleDelegate {
[INFO] [stdout]     |      ^^^^^^^^^^^^^^^ not found in this scope
[INFO] [stdout] 
[INFO] [stdout] 
[INFO] [stdout] warning: unused import: `SparkleErrorRef`
[INFO] [stdout]   --> src/sparkle/delegate.rs:12:28
[INFO] [stdout]    |
[INFO] [stdout] 12 | use crate::events::{Event, SparkleErrorRef};
[INFO] [stdout]    |                            ^^^^^^^^^^^^^^^
[INFO] [stdout]    |
[INFO] [stdout]    = note: `#[warn(unused_imports)]` (part of `#[warn(unused)]`) on by default
[INFO] [stdout] 
[INFO] [stdout] 
[INFO] [stdout] error[E0433]: cannot find module or crate `objc2_foundation` in this scope
[INFO] [stdout]    --> src/sparkle/mod.rs:256:40
[INFO] [stdout]     |
[INFO] [stdout] 256 |                     let keys: Retained<objc2_foundation::NSArray<NSString>> =
[INFO] [stdout]     |                                        ^^^^^^^^^^^^^^^^ use of unresolved module or unlinked crate `objc2_foundation`
[INFO] [stdout]     |
[INFO] [stdout]     = help: if you wanted to use a crate named `objc2_foundation`, use `cargo add objc2_foundation` to add it to your `Cargo.toml`
[INFO] [stdout] 
[INFO] [stdout] 
[INFO] [stdout] Some errors have detailed explanations: E0425, E0432, E0433.
[INFO] [stdout] 
[INFO] [stdout] For more information about an error, try `rustc --explain E0425`.
[INFO] [stdout] 
[INFO] [stderr] error: could not compile `sparklers` (lib) due to 29 previous errors; 1 warning emitted
[INFO] running `Command { std: "docker" "inspect" "327d579679d5c7996e36d37bb0aa3a1e29018aaffe23986700aced2e3b4d35d1", kill_on_drop: false }`
[INFO] running `Command { std: "docker" "rm" "-f" "327d579679d5c7996e36d37bb0aa3a1e29018aaffe23986700aced2e3b4d35d1", kill_on_drop: false }`
[INFO] [stdout] 327d579679d5c7996e36d37bb0aa3a1e29018aaffe23986700aced2e3b4d35d1
