[INFO] fetching crate spar 0.6.1...
[INFO] testing spar-0.6.1 against 1.99.0-beta.8 for beta-1.100-2
[INFO] extracting crate spar 0.6.1 into /workspace/builds/worker-1-tc1/source
[INFO] started tweaking crates.io crate spar 0.6.1
[INFO] removed 0 missing tests
[INFO] finished tweaking crates.io crate spar 0.6.1
[INFO] tweaked toml for crates.io crate spar 0.6.1 written to /workspace/builds/worker-1-tc1/source/Cargo.toml
[INFO] validating manifest of crates.io crate spar 0.6.1 on toolchain 1.99.0-beta.8
[INFO] running `Command { std: CARGO_HOME="/workspace/cargo-home" RUSTUP_HOME="/workspace/rustup-home" "/workspace/cargo-home/bin/cargo" "+1.99.0-beta.8" "metadata" "--manifest-path" "Cargo.toml" "--no-deps", kill_on_drop: false }`
[INFO] crate crates.io crate spar 0.6.1 already has a lockfile, it will not be regenerated
[INFO] running `Command { std: CARGO_HOME="/workspace/cargo-home" RUSTUP_HOME="/workspace/rustup-home" "/workspace/cargo-home/bin/cargo" "+1.99.0-beta.8" "fetch" "--manifest-path" "Cargo.toml", kill_on_drop: false }`
[INFO] [stderr]     Updating crates.io index
[INFO] [stderr]  Downloading crates ...
[INFO] [stderr]   Downloaded wasm-bindgen-macro v0.2.128
[INFO] [stderr]   Downloaded yoke-derive v0.8.3
[INFO] [stderr]   Downloaded spar-command v0.1.0
[INFO] [stderr]   Downloaded wasm-bindgen-shared v0.2.128
[INFO] [stderr]   Downloaded spar-process v0.1.1
[INFO] [stderr]   Downloaded find-msvc-tools v0.1.12
[INFO] [stderr]   Downloaded unicode-ident v1.0.25
[INFO] [stderr]   Downloaded smallvec v1.16.1
[INFO] [stderr]   Downloaded serde_yaml v0.9.34+deprecated
[INFO] [stderr]   Downloaded unsafe-libyaml v0.2.11
[INFO] [stderr]   Downloaded webpki-roots v1.0.9
[INFO] [stderr]   Downloaded wasm-bindgen v0.2.128
[INFO] [stderr]   Downloaded cc v1.4.6
[INFO] [stderr]   Downloaded js-sys v0.3.105
[INFO] [stderr]   Downloaded wasm-bindgen-macro-support v0.2.128
[INFO] [stderr]   Downloaded scoc v0.1.1
[INFO] running `Command { std: "docker" "create" "-v" "/var/lib/crater-agent-workspace/builds/worker-1-tc1/source:/opt/rustwide/workdir:ro,Z" "-v" "/var/lib/crater-agent-workspace/builds/worker-1-tc1/target:/opt/rustwide/target:rw,Z" "-v" "/var/lib/crater-agent-workspace/cargo-home:/opt/rustwide/cargo-home:ro,Z" "-v" "/var/lib/crater-agent-workspace/rustup-home:/opt/rustwide/rustup-home:ro,Z" "-m" "1610612736" "--network" "none" "ghcr.io/rust-lang/crates-build-env/linux@sha256:3111399a4047eeb3a02b7a90e478d715f38a8c6669b5c4b49d30a17385265909" "sleep" "infinity", kill_on_drop: false }`
[INFO] [stdout] 4c5ac2e94cadb095ab6aec5f0805112cf34ae3be7967254becad0493cd786db8
[INFO] running `Command { std: "docker" "start" "4c5ac2e94cadb095ab6aec5f0805112cf34ae3be7967254becad0493cd786db8", kill_on_drop: false }`
[INFO] running `Command { std: "docker" "inspect" "4c5ac2e94cadb095ab6aec5f0805112cf34ae3be7967254becad0493cd786db8", kill_on_drop: false }`
[INFO] running `Command { std: "docker" "exec" "-e" "SOURCE_DIR=/opt/rustwide/workdir" "-e" "CARGO_HOME=/opt/rustwide/cargo-home" "-e" "RUSTUP_HOME=/opt/rustwide/rustup-home" "-e" "CARGO_TARGET_DIR=/opt/rustwide/target" "-w" "/opt/rustwide/workdir" "--user" "0:0" "4c5ac2e94cadb095ab6aec5f0805112cf34ae3be7967254becad0493cd786db8" "/opt/rustwide/cargo-home/bin/cargo" "+1.99.0-beta.8" "metadata" "--no-deps" "--format-version=1", kill_on_drop: false }`
[INFO] running `Command { std: "docker" "inspect" "4c5ac2e94cadb095ab6aec5f0805112cf34ae3be7967254becad0493cd786db8", kill_on_drop: false }`
[INFO] running `Command { std: "docker" "exec" "-e" "SOURCE_DIR=/opt/rustwide/workdir" "-e" "CARGO_HOME=/opt/rustwide/cargo-home" "-e" "RUSTUP_HOME=/opt/rustwide/rustup-home" "-e" "CARGO_TARGET_DIR=/opt/rustwide/target" "-e" "CARGO_INCREMENTAL=0" "-e" "RUST_BACKTRACE=full" "-e" "RUSTFLAGS=--cap-lints=warn" "-e" "RUSTDOCFLAGS=--cap-lints=warn" "-w" "/opt/rustwide/workdir" "--user" "0:0" "4c5ac2e94cadb095ab6aec5f0805112cf34ae3be7967254becad0493cd786db8" "/opt/rustwide/cargo-home/bin/cargo" "+1.99.0-beta.8" "build" "--frozen" "--message-format=json", kill_on_drop: false }`
[INFO] [stderr]    Compiling unicode-ident v1.0.25
[INFO] [stderr]    Compiling cfg-if v1.0.5
[INFO] [stderr]    Compiling serde_core v1.0.229
[INFO] [stderr]    Compiling litemap v0.8.3
[INFO] [stderr]    Compiling shlex v2.0.1
[INFO] [stderr]    Compiling find-msvc-tools v0.1.12
[INFO] [stderr]    Compiling writeable v0.6.4
[INFO] [stderr]    Compiling icu_properties_data v2.3.0
[INFO] [stderr]    Compiling icu_normalizer_data v2.3.0
[INFO] [stderr]    Compiling zeroize v1.9.0
[INFO] [stderr]    Compiling smallvec v1.16.1
[INFO] [stderr]    Compiling typenum v1.20.1
[INFO] [stderr]    Compiling memchr v2.8.3
[INFO] [stderr]    Compiling autocfg v1.5.1
[INFO] [stderr]    Compiling generic-array v0.14.7
[INFO] [stderr]    Compiling hashbrown v0.17.1
[INFO] [stderr]    Compiling getrandom v0.2.17
[INFO] [stderr]    Compiling zmij v1.0.23
[INFO] [stderr]    Compiling proc-macro2 v1.0.107
[INFO] [stderr]    Compiling crc32fast v1.5.2
[INFO] [stderr]    Compiling regex-syntax v0.8.11
[INFO] [stderr]    Compiling serde_json v1.0.151
[INFO] [stderr]    Compiling itoa v1.0.18
[INFO] [stderr]    Compiling cc v1.4.6
[INFO] [stderr]    Compiling rustls-pki-types v1.15.1
[INFO] [stderr]    Compiling aho-corasick v1.1.5
[INFO] [stderr]    Compiling rustix v1.1.5
[INFO] [stderr]    Compiling serde v1.0.229
[INFO] [stderr]    Compiling num-traits v0.2.19
[INFO] [stderr]    Compiling once_cell v1.21.4
[INFO] [stderr]    Compiling simd-adler32 v0.3.10
[INFO] [stderr]    Compiling rustls v0.23.45
[INFO] [stderr]    Compiling getrandom v0.4.3
[INFO] [stderr]    Compiling miniz_oxide v0.9.1
[INFO] [stderr]    Compiling linux-raw-sys v0.12.1
[INFO] [stderr]    Compiling indexmap v2.14.2
[INFO] [stderr]    Compiling log v0.4.34
[INFO] [stderr]    Compiling iana-time-zone v0.1.65
[INFO] [stderr]    Compiling webpki-roots v1.0.9
[INFO] [stderr]    Compiling bitflags v2.13.2
[INFO] [stderr]    Compiling subtle v2.6.1
[INFO] [stderr]    Compiling quote v1.0.47
[INFO] [stderr]    Compiling winnow v1.0.4
[INFO] [stderr]    Compiling webpki-roots v0.26.11
[INFO] [stderr]    Compiling spar-command v0.1.0
[INFO] [stderr]    Compiling syn v3.0.6
[INFO] [stderr]    Compiling unsafe-libyaml v0.2.11
[INFO] [stderr]    Compiling toml_writer v1.1.2+spec-1.1.0
[INFO] [stderr]    Compiling ryu v1.0.23
[INFO] [stderr]    Compiling base64 v0.22.1
[INFO] [stderr]    Compiling spar-process v0.1.1
[INFO] [stderr]    Compiling flate2 v1.1.10
[INFO] [stderr]    Compiling semver v1.0.28
[INFO] [stderr]    Compiling toml_parser v1.1.3+spec-1.1.0
[INFO] [stderr]    Compiling chrono v0.4.45
[INFO] [stderr]    Compiling ring v0.17.14
[INFO] [stderr]    Compiling crypto-common v0.1.7
[INFO] [stderr]    Compiling block-buffer v0.10.4
[INFO] [stderr]    Compiling digest v0.10.7
[INFO] [stderr]    Compiling sha2 v0.10.9
[INFO] [stderr]    Compiling regex-automata v0.4.18
[INFO] [stderr]    Compiling serde_spanned v1.1.1
[INFO] [stderr]    Compiling toml_datetime v1.1.1+spec-1.1.0
[INFO] [stderr]    Compiling toml v1.1.6+spec-1.1.0
[INFO] [stderr]    Compiling synstructure v0.14.0
[INFO] [stderr]    Compiling tempfile v3.27.0
[INFO] [stderr]    Compiling zerovec-derive v0.11.6
[INFO] [stderr]    Compiling displaydoc v0.2.7
[INFO] [stderr]    Compiling serde_derive v1.0.229
[INFO] [stderr]    Compiling thiserror-impl v2.0.20
[INFO] [stderr]    Compiling zerofrom-derive v0.1.8
[INFO] [stderr]    Compiling yoke-derive v0.8.3
[INFO] [stderr]    Compiling zerofrom v0.1.8
[INFO] [stderr]    Compiling yoke v0.8.3
[INFO] [stderr]    Compiling zerovec v0.11.8
[INFO] [stderr]    Compiling zerotrie v0.2.5
[INFO] [stderr]    Compiling thiserror v2.0.20
[INFO] [stderr]    Compiling regex v1.13.1
[INFO] [stderr]    Compiling scoc v0.1.1
[INFO] [stderr]    Compiling tinystr v0.8.4
[INFO] [stderr]    Compiling potential_utf v0.1.6
[INFO] [stderr]    Compiling icu_collections v2.3.0
[INFO] [stderr]    Compiling icu_locale_core v2.3.0
[INFO] [stderr]    Compiling rustls-webpki v0.103.15
[INFO] [stderr]    Compiling icu_provider v2.3.1
[INFO] [stderr]    Compiling serde_yaml v0.9.34+deprecated
[INFO] [stderr]    Compiling icu_normalizer v2.3.0
[INFO] [stderr]    Compiling icu_properties v2.3.0
[INFO] [stderr]    Compiling idna_adapter v1.2.2
[INFO] [stderr]    Compiling idna v1.1.0
[INFO] [stderr]    Compiling url v2.5.8
[INFO] [stderr]    Compiling ureq v2.12.1
[INFO] [stderr]    Compiling spar v0.6.1 (/opt/rustwide/workdir)
[INFO] [stderr]     Finished `dev` profile [unoptimized + debuginfo] target(s) in 49.54s
[INFO] running `Command { std: "docker" "inspect" "4c5ac2e94cadb095ab6aec5f0805112cf34ae3be7967254becad0493cd786db8", kill_on_drop: false }`
[INFO] running `Command { std: "docker" "exec" "-e" "SOURCE_DIR=/opt/rustwide/workdir" "-e" "CARGO_HOME=/opt/rustwide/cargo-home" "-e" "RUSTUP_HOME=/opt/rustwide/rustup-home" "-e" "CARGO_TARGET_DIR=/opt/rustwide/target" "-e" "CARGO_INCREMENTAL=0" "-e" "RUST_BACKTRACE=full" "-e" "RUSTFLAGS=--cap-lints=warn" "-e" "RUSTDOCFLAGS=--cap-lints=warn" "-w" "/opt/rustwide/workdir" "--user" "0:0" "4c5ac2e94cadb095ab6aec5f0805112cf34ae3be7967254becad0493cd786db8" "/opt/rustwide/cargo-home/bin/cargo" "+1.99.0-beta.8" "test" "--frozen" "--no-run" "--message-format=json", kill_on_drop: false }`
[INFO] [stderr]    Compiling spar v0.6.1 (/opt/rustwide/workdir)
[INFO] [stderr] error: could not compile `spar` (lib test)
[INFO] [stderr] 
[INFO] [stderr] Caused by:
[INFO] [stderr]   process didn't exit successfully: `/opt/rustwide/rustup-home/toolchains/1.99.0-beta.8-x86_64-unknown-linux-gnu/bin/rustc --crate-name spar --edition=2021 src/lib.rs --error-format=json --json=diagnostic-rendered-ansi,artifacts,future-incompat --emit=dep-info,link -C embed-bitcode=no -C debuginfo=2 --test --check-cfg 'cfg(docsrs,test)' --check-cfg 'cfg(feature, values())' -C metadata=f05cfd6f02b723a0 -C extra-filename=-f700038fbac2fb37 --out-dir /opt/rustwide/target/debug/deps -L dependency=/opt/rustwide/target/debug/deps --extern getrandom=/opt/rustwide/target/debug/deps/libgetrandom-587f24dfc08b7c8b.rlib --extern indexmap=/opt/rustwide/target/debug/deps/libindexmap-f8362b905c005e10.rlib --extern regex=/opt/rustwide/target/debug/deps/libregex-e2a1df9fe4d77424.rlib --extern scoc=/opt/rustwide/target/debug/deps/libscoc-3552bbe74849f767.rlib --extern semver=/opt/rustwide/target/debug/deps/libsemver-f2ab12e28ce3f339.rlib --extern serde=/opt/rustwide/target/debug/deps/libserde-f8e1e6562fbb67b9.rlib --extern serde_json=/opt/rustwide/target/debug/deps/libserde_json-6af5b818099acae3.rlib --extern serde_yaml=/opt/rustwide/target/debug/deps/libserde_yaml-cbe25d27fe6cfb47.rlib --extern sha2=/opt/rustwide/target/debug/deps/libsha2-fd38096ef1a2f9cc.rlib --extern spar_command=/opt/rustwide/target/debug/deps/libspar_command-8037f80bb3683c9f.rlib --extern spar_process=/opt/rustwide/target/debug/deps/libspar_process-c9a848107ed5880e.rlib --extern tempfile=/opt/rustwide/target/debug/deps/libtempfile-ed5b8b5e290c2b8b.rlib --extern toml=/opt/rustwide/target/debug/deps/libtoml-ff176bbf87227c7d.rlib --extern ureq=/opt/rustwide/target/debug/deps/libureq-88ec567ae1a9b8dd.rlib --cap-lints=warn -L native=/opt/rustwide/target/debug/build/ring-a6ab1304e6c5f903/out` (signal: 9, SIGKILL: kill)
[INFO] [stderr] warning: build failed, waiting for other jobs to finish...
[INFO] [stderr] error: could not compile `spar` (test "stdlib_core")
[INFO] [stderr] 
[INFO] [stderr] Caused by:
[INFO] [stderr]   process didn't exit successfully: `/opt/rustwide/rustup-home/toolchains/1.99.0-beta.8-x86_64-unknown-linux-gnu/bin/rustc --crate-name stdlib_core --edition=2021 tests/stdlib_core.rs --error-format=json --json=diagnostic-rendered-ansi,artifacts,future-incompat --emit=dep-info,link -C embed-bitcode=no -C debuginfo=2 --test --check-cfg 'cfg(docsrs,test)' --check-cfg 'cfg(feature, values())' -C metadata=87b31509f34d6d60 -C extra-filename=-093d03bb7d3124c1 --out-dir /opt/rustwide/target/debug/deps -L dependency=/opt/rustwide/target/debug/deps --extern getrandom=/opt/rustwide/target/debug/deps/libgetrandom-587f24dfc08b7c8b.rlib --extern indexmap=/opt/rustwide/target/debug/deps/libindexmap-f8362b905c005e10.rlib --extern regex=/opt/rustwide/target/debug/deps/libregex-e2a1df9fe4d77424.rlib --extern scoc=/opt/rustwide/target/debug/deps/libscoc-3552bbe74849f767.rlib --extern semver=/opt/rustwide/target/debug/deps/libsemver-f2ab12e28ce3f339.rlib --extern serde=/opt/rustwide/target/debug/deps/libserde-f8e1e6562fbb67b9.rlib --extern serde_json=/opt/rustwide/target/debug/deps/libserde_json-6af5b818099acae3.rlib --extern serde_yaml=/opt/rustwide/target/debug/deps/libserde_yaml-cbe25d27fe6cfb47.rlib --extern sha2=/opt/rustwide/target/debug/deps/libsha2-fd38096ef1a2f9cc.rlib --extern spar=/opt/rustwide/target/debug/deps/libspar-bc1bf88dab48fcaf.rlib --extern spar_command=/opt/rustwide/target/debug/deps/libspar_command-8037f80bb3683c9f.rlib --extern spar_process=/opt/rustwide/target/debug/deps/libspar_process-c9a848107ed5880e.rlib --extern tempfile=/opt/rustwide/target/debug/deps/libtempfile-ed5b8b5e290c2b8b.rlib --extern toml=/opt/rustwide/target/debug/deps/libtoml-ff176bbf87227c7d.rlib --extern ureq=/opt/rustwide/target/debug/deps/libureq-88ec567ae1a9b8dd.rlib --cap-lints=warn -L native=/opt/rustwide/target/debug/build/ring-a6ab1304e6c5f903/out` (signal: 9, SIGKILL: kill)
[INFO] [stdout] error: linking with `cc` failed: exit status: 1
[INFO] [stdout]   |
[INFO] [stdout]   = note:  "cc" "-m64" "/opt/rustwide/target/debug/deps/rustcRdusrS/symbols.o" "<2 object files omitted>" "-Wl,--as-needed" "-Wl,-Bstatic" "<sysroot>/lib/rustlib/x86_64-unknown-linux-gnu/lib/{libtest-*,libgetopts-*,librustc_std_workspace_std-*}.rlib" "/opt/rustwide/target/debug/deps/{libspar-bc1bf88dab48fcaf,libureq-88ec567ae1a9b8dd,libwebpki_roots-27e9848898173e0d,libwebpki_roots-8b4b3b3e18f86a51,libflate2-3e269d20beeb6686,libminiz_oxide-b0342c05fad2c2c8,libsimd_adler32-2a047f2153860026,libcrc32fast-04f504cede2ae790,libbase64-32787b0325ea6df8,liburl-de02f4ce36f2a735,libidna-50102c855d54af77,libidna_adapter-911ae83675fe17c7,libicu_properties-c76b60069084dc5c,libicu_properties_data-3f856f5bc2063921,libicu_normalizer-d8ed32dcabb8546f,libsmallvec-f2972188cc711d5e,libicu_normalizer_data-8b25f9eb7a72d68e,libicu_collections-84c2c41b65f856ac,libutf8_iter-51566bbad89f3a68,libpotential_utf-1b3c35a719d94112,libicu_provider-81c3d38e3f6b278c,libicu_locale_core-f76ec3de5ffb6674,libtinystr-308894a7cbb2a5c2,liblitemap-abaddab7afb37065,libwriteable-36514dcf36d12676,libzerovec-0253a26b897adea0,libzerotrie-21d39f0f9c7f41ec,libyoke-dab86e5f6be1176a,libstable_deref_trait-63cbf3f3d3f94e56,libzerofrom-a1578bfe986eae9b,libform_urlencoded-da07baadaa4a52d9,libpercent_encoding-60965446a9af8f63,librustls-fd45d24be05200f1,libsubtle-2ae6a7038b9a0630,libwebpki-8656c4dd79caf5fe,libring-2cfd40eb9ee613cd,libgetrandom-587f24dfc08b7c8b,libuntrusted-b2f816886faf2178,librustls_pki_types-f9d0b31df971a573,libzeroize-37b2a6e0a2742c6a,liblog-22b5be7f6ba2d64a,libscoc-3552bbe74849f767,libregex-e2a1df9fe4d77424,libregex_automata-44045568805783a7,libaho_corasick-57dfe431622534cc,libregex_syntax-801391c65a42f645,libchrono-784120cdf6b0bcd0,libiana_time_zone-bcd81aefedc374a6,libnum_traits-040817c80e4d7434,libthiserror-018312910db88d91,libtempfile-ed5b8b5e290c2b8b,libgetrandom-a613c9f3568b65d3,libfastrand-bab015aa83fcde07,libonce_cell-b5bdc597ed9676b3,librustix-1221baed404de2e3,libbitflags-d493ea957e921aab,liblinux_raw_sys-0b6cde911e9a3109,libsemver-f2ab12e28ce3f339,libspar_process-c9a848107ed5880e,liblibc-32464e1b8391e223,libtoml-ff176bbf87227c7d,libtoml_writer-5d055487734c9f17,libtoml_parser-48a638cd622c0af4,libwinnow-9ea79b6ed37d156b,libserde_spanned-89c3fd31cafc4353,libtoml_datetime-f5f769955e5e0d6d,libserde_yaml-cbe25d27fe6cfb47,libryu-1f4f40e4352371e5,libunsafe_libyaml-d3127b66fe569cc5,libserde_json-6af5b818099acae3,libmemchr-efcaf924912fba01,libitoa-5de11b3b23bfe572,libzmij-2ca2f302097868c6,libspar_command-8037f80bb3683c9f,libindexmap-f8362b905c005e10,libequivalent-6a754676e6af62ae,libhashbrown-d7214d631586fd51,libsha2-fd38096ef1a2f9cc,libcpufeatures-e04321643d03190d,libcfg_if-5addb699396bfe5f,libdigest-1142e5998e571c5d,libblock_buffer-43b51fc1d06b3057,libcrypto_common-43b177a3b314e9dd,libgeneric_array-745cace30f1ed372,libtypenum-ed2b1c93b2a4333a,libserde-f8e1e6562fbb67b9,libserde_core-1024909fd700b20f}.rlib" "<sysroot>/lib/rustlib/x86_64-unknown-linux-gnu/lib/{libstd-*,libpanic_unwind-*,libobject-*,libmemchr-*,libaddr2line-*,libgimli-*,libcfg_if-*,librustc_demangle-*,libstd_detect-*,libhashbrown-*,librustc_std_workspace_alloc-*,libminiz_oxide-*,libadler2-*,libunwind-*,liblibc-*,librustc_std_workspace_core-*,liballoc-*,libcore-*,libcompiler_builtins-*}.rlib" "-Wl,-Bdynamic" "-lgcc_s" "-lutil" "-lrt" "-lpthread" "-lm" "-ldl" "-lc" "-L" "/opt/rustwide/target/debug/deps/rustcRdusrS/raw-dylibs" "-B<sysroot>/lib/rustlib/x86_64-unknown-linux-gnu/bin/gcc-ld" "-fuse-ld=lld" "-Wl,--eh-frame-hdr" "-Wl,-z,noexecstack" "-L" "/opt/rustwide/target/debug/build/ring-a6ab1304e6c5f903/out" "-L" "<sysroot>/lib/rustlib/x86_64-unknown-linux-gnu/lib" "-o" "/opt/rustwide/target/debug/deps/acceptance_plan2-c2c0a904ef83d851" "-Wl,--gc-sections" "-pie" "-Wl,-z,relro,-z,now" "-nodefaultlibs"
[INFO] [stdout]   = note: some arguments are omitted. use `--verbose` to show all linker arguments
[INFO] [stdout]   = note: collect2: fatal error: ld terminated with signal 9 [Killed]
[INFO] [stdout]           compilation terminated.
[INFO] [stdout]           
[INFO] [stdout] 
[INFO] [stdout] 
[INFO] [stderr] error: could not compile `spar` (test "acceptance_plan2") due to 1 previous error
[INFO] [stderr] error: could not compile `spar` (test "expected_type_inference")
[INFO] [stderr] 
[INFO] [stderr] Caused by:
[INFO] [stderr]   process didn't exit successfully: `/opt/rustwide/rustup-home/toolchains/1.99.0-beta.8-x86_64-unknown-linux-gnu/bin/rustc --crate-name expected_type_inference --edition=2021 tests/expected_type_inference.rs --error-format=json --json=diagnostic-rendered-ansi,artifacts,future-incompat --emit=dep-info,link -C embed-bitcode=no -C debuginfo=2 --test --check-cfg 'cfg(docsrs,test)' --check-cfg 'cfg(feature, values())' -C metadata=81300da37073e3bc -C extra-filename=-0de88cc335412aab --out-dir /opt/rustwide/target/debug/deps -L dependency=/opt/rustwide/target/debug/deps --extern getrandom=/opt/rustwide/target/debug/deps/libgetrandom-587f24dfc08b7c8b.rlib --extern indexmap=/opt/rustwide/target/debug/deps/libindexmap-f8362b905c005e10.rlib --extern regex=/opt/rustwide/target/debug/deps/libregex-e2a1df9fe4d77424.rlib --extern scoc=/opt/rustwide/target/debug/deps/libscoc-3552bbe74849f767.rlib --extern semver=/opt/rustwide/target/debug/deps/libsemver-f2ab12e28ce3f339.rlib --extern serde=/opt/rustwide/target/debug/deps/libserde-f8e1e6562fbb67b9.rlib --extern serde_json=/opt/rustwide/target/debug/deps/libserde_json-6af5b818099acae3.rlib --extern serde_yaml=/opt/rustwide/target/debug/deps/libserde_yaml-cbe25d27fe6cfb47.rlib --extern sha2=/opt/rustwide/target/debug/deps/libsha2-fd38096ef1a2f9cc.rlib --extern spar=/opt/rustwide/target/debug/deps/libspar-bc1bf88dab48fcaf.rlib --extern spar_command=/opt/rustwide/target/debug/deps/libspar_command-8037f80bb3683c9f.rlib --extern spar_process=/opt/rustwide/target/debug/deps/libspar_process-c9a848107ed5880e.rlib --extern tempfile=/opt/rustwide/target/debug/deps/libtempfile-ed5b8b5e290c2b8b.rlib --extern toml=/opt/rustwide/target/debug/deps/libtoml-ff176bbf87227c7d.rlib --extern ureq=/opt/rustwide/target/debug/deps/libureq-88ec567ae1a9b8dd.rlib --cap-lints=warn -L native=/opt/rustwide/target/debug/build/ring-a6ab1304e6c5f903/out` (signal: 9, SIGKILL: kill)
[INFO] [stdout] error: linking with `cc` failed: exit status: 1
[INFO] [stdout]   |
[INFO] [stdout]   = note:  "cc" "-m64" "/opt/rustwide/target/debug/deps/rustcjpCFPu/symbols.o" "<2 object files omitted>" "-Wl,--as-needed" "-Wl,-Bstatic" "<sysroot>/lib/rustlib/x86_64-unknown-linux-gnu/lib/{libtest-*,libgetopts-*,librustc_std_workspace_std-*}.rlib" "/opt/rustwide/target/debug/deps/{libspar-bc1bf88dab48fcaf,libureq-88ec567ae1a9b8dd,libwebpki_roots-27e9848898173e0d,libwebpki_roots-8b4b3b3e18f86a51,libflate2-3e269d20beeb6686,libminiz_oxide-b0342c05fad2c2c8,libsimd_adler32-2a047f2153860026,libcrc32fast-04f504cede2ae790,libbase64-32787b0325ea6df8,liburl-de02f4ce36f2a735,libidna-50102c855d54af77,libidna_adapter-911ae83675fe17c7,libicu_properties-c76b60069084dc5c,libicu_properties_data-3f856f5bc2063921,libicu_normalizer-d8ed32dcabb8546f,libsmallvec-f2972188cc711d5e,libicu_normalizer_data-8b25f9eb7a72d68e,libicu_collections-84c2c41b65f856ac,libutf8_iter-51566bbad89f3a68,libpotential_utf-1b3c35a719d94112,libicu_provider-81c3d38e3f6b278c,libicu_locale_core-f76ec3de5ffb6674,libtinystr-308894a7cbb2a5c2,liblitemap-abaddab7afb37065,libwriteable-36514dcf36d12676,libzerovec-0253a26b897adea0,libzerotrie-21d39f0f9c7f41ec,libyoke-dab86e5f6be1176a,libstable_deref_trait-63cbf3f3d3f94e56,libzerofrom-a1578bfe986eae9b,libform_urlencoded-da07baadaa4a52d9,libpercent_encoding-60965446a9af8f63,librustls-fd45d24be05200f1,libsubtle-2ae6a7038b9a0630,libwebpki-8656c4dd79caf5fe,libring-2cfd40eb9ee613cd,libgetrandom-587f24dfc08b7c8b,libuntrusted-b2f816886faf2178,librustls_pki_types-f9d0b31df971a573,libzeroize-37b2a6e0a2742c6a,liblog-22b5be7f6ba2d64a,libscoc-3552bbe74849f767,libregex-e2a1df9fe4d77424,libregex_automata-44045568805783a7,libaho_corasick-57dfe431622534cc,libregex_syntax-801391c65a42f645,libchrono-784120cdf6b0bcd0,libiana_time_zone-bcd81aefedc374a6,libnum_traits-040817c80e4d7434,libthiserror-018312910db88d91,libtempfile-ed5b8b5e290c2b8b,libgetrandom-a613c9f3568b65d3,libfastrand-bab015aa83fcde07,libonce_cell-b5bdc597ed9676b3,librustix-1221baed404de2e3,libbitflags-d493ea957e921aab,liblinux_raw_sys-0b6cde911e9a3109,libsemver-f2ab12e28ce3f339,libspar_process-c9a848107ed5880e,liblibc-32464e1b8391e223,libtoml-ff176bbf87227c7d,libtoml_writer-5d055487734c9f17,libtoml_parser-48a638cd622c0af4,libwinnow-9ea79b6ed37d156b,libserde_spanned-89c3fd31cafc4353,libtoml_datetime-f5f769955e5e0d6d,libserde_yaml-cbe25d27fe6cfb47,libryu-1f4f40e4352371e5,libunsafe_libyaml-d3127b66fe569cc5,libserde_json-6af5b818099acae3,libmemchr-efcaf924912fba01,libitoa-5de11b3b23bfe572,libzmij-2ca2f302097868c6,libspar_command-8037f80bb3683c9f,libindexmap-f8362b905c005e10,libequivalent-6a754676e6af62ae,libhashbrown-d7214d631586fd51,libsha2-fd38096ef1a2f9cc,libcpufeatures-e04321643d03190d,libcfg_if-5addb699396bfe5f,libdigest-1142e5998e571c5d,libblock_buffer-43b51fc1d06b3057,libcrypto_common-43b177a3b314e9dd,libgeneric_array-745cace30f1ed372,libtypenum-ed2b1c93b2a4333a,libserde-f8e1e6562fbb67b9,libserde_core-1024909fd700b20f}.rlib" "<sysroot>/lib/rustlib/x86_64-unknown-linux-gnu/lib/{libstd-*,libpanic_unwind-*,libobject-*,libmemchr-*,libaddr2line-*,libgimli-*,libcfg_if-*,librustc_demangle-*,libstd_detect-*,libhashbrown-*,librustc_std_workspace_alloc-*,libminiz_oxide-*,libadler2-*,libunwind-*,liblibc-*,librustc_std_workspace_core-*,liballoc-*,libcore-*,libcompiler_builtins-*}.rlib" "-Wl,-Bdynamic" "-lgcc_s" "-lutil" "-lrt" "-lpthread" "-lm" "-ldl" "-lc" "-L" "/opt/rustwide/target/debug/deps/rustcjpCFPu/raw-dylibs" "-B<sysroot>/lib/rustlib/x86_64-unknown-linux-gnu/bin/gcc-ld" "-fuse-ld=lld" "-Wl,--eh-frame-hdr" "-Wl,-z,noexecstack" "-L" "/opt/rustwide/target/debug/build/ring-a6ab1304e6c5f903/out" "-L" "<sysroot>/lib/rustlib/x86_64-unknown-linux-gnu/lib" "-o" "/opt/rustwide/target/debug/deps/package_metadata-100b27baa3054204" "-Wl,--gc-sections" "-pie" "-Wl,-z,relro,-z,now" "-nodefaultlibs"
[INFO] [stdout]   = note: some arguments are omitted. use `--verbose` to show all linker arguments
[INFO] [stdout]   = note: collect2: fatal error: ld terminated with signal 9 [Killed]
[INFO] [stdout]           compilation terminated.
[INFO] [stdout]           
[INFO] [stdout] 
[INFO] [stdout] 
[INFO] [stdout] error: linking with `cc` failed: exit status: 1
[INFO] [stdout]   |
[INFO] [stdout]   = note:  "cc" "-m64" "/opt/rustwide/target/debug/deps/rustcDzsFji/symbols.o" "<2 object files omitted>" "-Wl,--as-needed" "-Wl,-Bstatic" "<sysroot>/lib/rustlib/x86_64-unknown-linux-gnu/lib/{libtest-*,libgetopts-*,librustc_std_workspace_std-*}.rlib" "/opt/rustwide/target/debug/deps/{libspar-bc1bf88dab48fcaf,libureq-88ec567ae1a9b8dd,libwebpki_roots-27e9848898173e0d,libwebpki_roots-8b4b3b3e18f86a51,libflate2-3e269d20beeb6686,libminiz_oxide-b0342c05fad2c2c8,libsimd_adler32-2a047f2153860026,libcrc32fast-04f504cede2ae790,libbase64-32787b0325ea6df8,liburl-de02f4ce36f2a735,libidna-50102c855d54af77,libidna_adapter-911ae83675fe17c7,libicu_properties-c76b60069084dc5c,libicu_properties_data-3f856f5bc2063921,libicu_normalizer-d8ed32dcabb8546f,libsmallvec-f2972188cc711d5e,libicu_normalizer_data-8b25f9eb7a72d68e,libicu_collections-84c2c41b65f856ac,libutf8_iter-51566bbad89f3a68,libpotential_utf-1b3c35a719d94112,libicu_provider-81c3d38e3f6b278c,libicu_locale_core-f76ec3de5ffb6674,libtinystr-308894a7cbb2a5c2,liblitemap-abaddab7afb37065,libwriteable-36514dcf36d12676,libzerovec-0253a26b897adea0,libzerotrie-21d39f0f9c7f41ec,libyoke-dab86e5f6be1176a,libstable_deref_trait-63cbf3f3d3f94e56,libzerofrom-a1578bfe986eae9b,libform_urlencoded-da07baadaa4a52d9,libpercent_encoding-60965446a9af8f63,librustls-fd45d24be05200f1,libsubtle-2ae6a7038b9a0630,libwebpki-8656c4dd79caf5fe,libring-2cfd40eb9ee613cd,libgetrandom-587f24dfc08b7c8b,libuntrusted-b2f816886faf2178,librustls_pki_types-f9d0b31df971a573,libzeroize-37b2a6e0a2742c6a,liblog-22b5be7f6ba2d64a,libscoc-3552bbe74849f767,libregex-e2a1df9fe4d77424,libregex_automata-44045568805783a7,libaho_corasick-57dfe431622534cc,libregex_syntax-801391c65a42f645,libchrono-784120cdf6b0bcd0,libiana_time_zone-bcd81aefedc374a6,libnum_traits-040817c80e4d7434,libthiserror-018312910db88d91,libtempfile-ed5b8b5e290c2b8b,libgetrandom-a613c9f3568b65d3,libfastrand-bab015aa83fcde07,libonce_cell-b5bdc597ed9676b3,librustix-1221baed404de2e3,libbitflags-d493ea957e921aab,liblinux_raw_sys-0b6cde911e9a3109,libsemver-f2ab12e28ce3f339,libspar_process-c9a848107ed5880e,liblibc-32464e1b8391e223,libtoml-ff176bbf87227c7d,libtoml_writer-5d055487734c9f17,libtoml_parser-48a638cd622c0af4,libwinnow-9ea79b6ed37d156b,libserde_spanned-89c3fd31cafc4353,libtoml_datetime-f5f769955e5e0d6d,libserde_yaml-cbe25d27fe6cfb47,libryu-1f4f40e4352371e5,libunsafe_libyaml-d3127b66fe569cc5,libserde_json-6af5b818099acae3,libmemchr-efcaf924912fba01,libitoa-5de11b3b23bfe572,libzmij-2ca2f302097868c6,libspar_command-8037f80bb3683c9f,libindexmap-f8362b905c005e10,libequivalent-6a754676e6af62ae,libhashbrown-d7214d631586fd51,libsha2-fd38096ef1a2f9cc,libcpufeatures-e04321643d03190d,libcfg_if-5addb699396bfe5f,libdigest-1142e5998e571c5d,libblock_buffer-43b51fc1d06b3057,libcrypto_common-43b177a3b314e9dd,libgeneric_array-745cace30f1ed372,libtypenum-ed2b1c93b2a4333a,libserde-f8e1e6562fbb67b9,libserde_core-1024909fd700b20f}.rlib" "<sysroot>/lib/rustlib/x86_64-unknown-linux-gnu/lib/{libstd-*,libpanic_unwind-*,libobject-*,libmemchr-*,libaddr2line-*,libgimli-*,libcfg_if-*,librustc_demangle-*,libstd_detect-*,libhashbrown-*,librustc_std_workspace_alloc-*,libminiz_oxide-*,libadler2-*,libunwind-*,liblibc-*,librustc_std_workspace_core-*,liballoc-*,libcore-*,libcompiler_builtins-*}.rlib" "-Wl,-Bdynamic" "-lgcc_s" "-lutil" "-lrt" "-lpthread" "-lm" "-ldl" "-lc" "-L" "/opt/rustwide/target/debug/deps/rustcDzsFji/raw-dylibs" "-B<sysroot>/lib/rustlib/x86_64-unknown-linux-gnu/bin/gcc-ld" "-fuse-ld=lld" "-Wl,--eh-frame-hdr" "-Wl,-z,noexecstack" "-L" "/opt/rustwide/target/debug/build/ring-a6ab1304e6c5f903/out" "-L" "<sysroot>/lib/rustlib/x86_64-unknown-linux-gnu/lib" "-o" "/opt/rustwide/target/debug/deps/conformance_corpus-5025e3b8fc4e286b" "-Wl,--gc-sections" "-pie" "-Wl,-z,relro,-z,now" "-nodefaultlibs"
[INFO] [stdout]   = note: some arguments are omitted. use `--verbose` to show all linker arguments
[INFO] [stdout]   = note: collect2: fatal error: ld terminated with signal 9 [Killed]
[INFO] [stdout]           compilation terminated.
[INFO] [stdout]           
[INFO] [stdout] 
[INFO] [stdout] 
[INFO] [stderr] error: could not compile `spar` (test "conformance_corpus") due to 1 previous error
[INFO] [stderr] error: could not compile `spar` (test "package_metadata") due to 1 previous error
[INFO] running `Command { std: "docker" "inspect" "4c5ac2e94cadb095ab6aec5f0805112cf34ae3be7967254becad0493cd786db8", kill_on_drop: false }`
[INFO] running `Command { std: "docker" "rm" "-f" "4c5ac2e94cadb095ab6aec5f0805112cf34ae3be7967254becad0493cd786db8", kill_on_drop: false }`
[INFO] [stdout] 4c5ac2e94cadb095ab6aec5f0805112cf34ae3be7967254becad0493cd786db8
