[INFO] fetching crate spacetimedb-sdk 2.10.2...
[INFO] testing spacetimedb-sdk-2.10.2 against 1.99.0-beta.8 for beta-1.100-2
[INFO] extracting crate spacetimedb-sdk 2.10.2 into /workspace/builds/worker-1-tc1/source
[INFO] started tweaking crates.io crate spacetimedb-sdk 2.10.2
[INFO] removed 0 missing tests
[INFO] finished tweaking crates.io crate spacetimedb-sdk 2.10.2
[INFO] tweaked toml for crates.io crate spacetimedb-sdk 2.10.2 written to /workspace/builds/worker-1-tc1/source/Cargo.toml
[INFO] validating manifest of crates.io crate spacetimedb-sdk 2.10.2 on toolchain 1.99.0-beta.8
[INFO] running `Command { std: CARGO_HOME="/workspace/cargo-home" RUSTUP_HOME="/workspace/rustup-home" "/workspace/cargo-home/bin/cargo" "+1.99.0-beta.8" "metadata" "--manifest-path" "Cargo.toml" "--no-deps", kill_on_drop: false }`
[INFO] crate crates.io crate spacetimedb-sdk 2.10.2 already has a lockfile, it will not be regenerated
[INFO] running `Command { std: CARGO_HOME="/workspace/cargo-home" RUSTUP_HOME="/workspace/rustup-home" "/workspace/cargo-home/bin/cargo" "+1.99.0-beta.8" "fetch" "--manifest-path" "Cargo.toml", kill_on_drop: false }`
[INFO] [stderr]     Updating crates.io index
[INFO] [stderr]  Downloading crates ...
[INFO] [stderr]   Downloaded wasm-bindgen-shared v0.2.104
[INFO] [stderr]   Downloaded wasm-bindgen v0.2.104
[INFO] [stderr]   Downloaded wasm-bindgen-macro v0.2.104
[INFO] [stderr]   Downloaded potential_utf v0.1.3
[INFO] [stderr]   Downloaded wasm-bindgen-macro-support v0.2.104
[INFO] [stderr]   Downloaded yoke-derive v0.8.0
[INFO] [stderr]   Downloaded wasm-bindgen-futures v0.4.54
[INFO] [stderr]   Downloaded tinystr v0.8.1
[INFO] [stderr]   Downloaded second-stack v0.3.5
[INFO] [stderr]   Downloaded approx v0.3.2
[INFO] [stderr]   Downloaded bytestring v1.5.0
[INFO] [stderr]   Downloaded native-tls v0.2.14
[INFO] [stderr]   Downloaded tokio-tungstenite v0.27.0
[INFO] [stderr]   Downloaded zerovec-derive v0.11.1
[INFO] [stderr]   Downloaded yoke v0.8.0
[INFO] [stderr]   Downloaded spacetimedb-primitives v2.10.2
[INFO] [stderr]   Downloaded spacetimedb-metrics v2.10.2
[INFO] [stderr]   Downloaded time-core v0.1.6
[INFO] [stderr]   Downloaded wasm-bindgen-backend v0.2.104
[INFO] [stderr]   Downloaded tokio-tungstenite-wasm v0.6.1
[INFO] [stderr]   Downloaded decorum v0.3.1
[INFO] [stderr]   Downloaded gloo-utils v0.2.0
[INFO] [stderr]   Downloaded data-encoding v2.9.0
[INFO] [stderr]   Downloaded spacetimedb-bindings-macro v2.10.2
[INFO] [stderr]   Downloaded time-macros v0.2.24
[INFO] [stderr]   Downloaded litemap v0.8.0
[INFO] [stderr]   Downloaded lean_string v0.5.1
[INFO] [stderr]   Downloaded home v0.5.11
[INFO] [stderr]   Downloaded spacetimedb-query-builder v2.10.2
[INFO] [stderr]   Downloaded spacetimedb-data-structures v2.10.2
[INFO] [stderr]   Downloaded deranged v0.5.4
[INFO] [stderr]   Downloaded gloo-storage v0.3.0
[INFO] [stderr]   Downloaded gloo-net v0.6.0
[INFO] [stderr]   Downloaded gloo-console v0.3.0
[INFO] [stderr]   Downloaded tempfile v3.23.0
[INFO] [stderr]   Downloaded uuid v1.18.1
[INFO] [stderr]   Downloaded spacetimedb-client-api-messages v2.10.2
[INFO] [stderr]   Downloaded serde_with_macros v3.15.0
[INFO] [stderr]   Downloaded js-sys v0.3.81
[INFO] [stderr]   Downloaded anymap3 v1.0.1
[INFO] [stderr]   Downloaded spacetimedb-lib v2.10.2
[INFO] [stderr]   Downloaded tungstenite v0.27.0
[INFO] [stderr]   Downloaded openssl-sys v0.9.110
[INFO] [stderr]   Downloaded http v1.3.1
[INFO] [stderr]   Downloaded url v2.5.7
[INFO] [stderr]   Downloaded zerotrie v0.2.2
[INFO] [stderr]   Downloaded schemars v1.0.4
[INFO] [stderr]   Downloaded flate2 v1.1.4
[INFO] [stderr]   Downloaded indexmap v2.12.0
[INFO] [stderr]   Downloaded zerovec v0.11.4
[INFO] [stderr]   Downloaded mio v1.1.0
[INFO] [stderr]   Downloaded spacetimedb-sats v2.10.2
[INFO] [stderr]   Downloaded time v0.3.44
[INFO] [stderr]   Downloaded serde_with v3.15.0
[INFO] [stderr]   Downloaded brotli-decompressor v2.5.1
[INFO] [stderr]   Downloaded syn v2.0.107
[INFO] [stderr]   Downloaded openssl v0.10.74
[INFO] [stderr]   Downloaded rustix v1.1.2
[INFO] [stderr]   Downloaded web-sys v0.3.81
[INFO] [stderr]   Downloaded tokio v1.48.0
[INFO] [stderr]   Downloaded brotli v3.5.0
[INFO] running `Command { std: "docker" "create" "-v" "/var/lib/crater-agent-workspace/builds/worker-1-tc1/source:/opt/rustwide/workdir:ro,Z" "-v" "/var/lib/crater-agent-workspace/builds/worker-1-tc1/target:/opt/rustwide/target:rw,Z" "-v" "/var/lib/crater-agent-workspace/cargo-home:/opt/rustwide/cargo-home:ro,Z" "-v" "/var/lib/crater-agent-workspace/rustup-home:/opt/rustwide/rustup-home:ro,Z" "-m" "1610612736" "--network" "none" "ghcr.io/rust-lang/crates-build-env/linux@sha256:3111399a4047eeb3a02b7a90e478d715f38a8c6669b5c4b49d30a17385265909" "sleep" "infinity", kill_on_drop: false }`
[INFO] [stdout] a9cccc5e72fedf1e444de7a475560b3f9b06a63708b8f483b9f068002097c4d2
[INFO] running `Command { std: "docker" "start" "a9cccc5e72fedf1e444de7a475560b3f9b06a63708b8f483b9f068002097c4d2", kill_on_drop: false }`
[INFO] running `Command { std: "docker" "inspect" "a9cccc5e72fedf1e444de7a475560b3f9b06a63708b8f483b9f068002097c4d2", kill_on_drop: false }`
[INFO] running `Command { std: "docker" "exec" "-e" "SOURCE_DIR=/opt/rustwide/workdir" "-e" "CARGO_HOME=/opt/rustwide/cargo-home" "-e" "RUSTUP_HOME=/opt/rustwide/rustup-home" "-e" "CARGO_TARGET_DIR=/opt/rustwide/target" "-w" "/opt/rustwide/workdir" "--user" "0:0" "a9cccc5e72fedf1e444de7a475560b3f9b06a63708b8f483b9f068002097c4d2" "/opt/rustwide/cargo-home/bin/cargo" "+1.99.0-beta.8" "metadata" "--no-deps" "--format-version=1", kill_on_drop: false }`
[INFO] running `Command { std: "docker" "inspect" "a9cccc5e72fedf1e444de7a475560b3f9b06a63708b8f483b9f068002097c4d2", kill_on_drop: false }`
[INFO] running `Command { std: "docker" "exec" "-e" "SOURCE_DIR=/opt/rustwide/workdir" "-e" "CARGO_HOME=/opt/rustwide/cargo-home" "-e" "RUSTUP_HOME=/opt/rustwide/rustup-home" "-e" "CARGO_TARGET_DIR=/opt/rustwide/target" "-e" "CARGO_INCREMENTAL=0" "-e" "RUST_BACKTRACE=full" "-e" "RUSTFLAGS=--cap-lints=warn" "-e" "RUSTDOCFLAGS=--cap-lints=warn" "-w" "/opt/rustwide/workdir" "--user" "0:0" "a9cccc5e72fedf1e444de7a475560b3f9b06a63708b8f483b9f068002097c4d2" "/opt/rustwide/cargo-home/bin/cargo" "+1.99.0-beta.8" "build" "--frozen" "--message-format=json", kill_on_drop: false }`
[INFO] [stderr]    Compiling proc-macro2 v1.0.101
[INFO] [stderr]    Compiling quote v1.0.41
[INFO] [stderr]    Compiling unicode-ident v1.0.19
[INFO] [stderr]    Compiling smallvec v1.15.1
[INFO] [stderr]    Compiling serde_core v1.0.228
[INFO] [stderr]    Compiling typenum v1.19.0
[INFO] [stderr]    Compiling getrandom v0.3.4
[INFO] [stderr]    Compiling generic-array v0.14.9
[INFO] [stderr]    Compiling memchr v2.7.6
[INFO] [stderr]    Compiling autocfg v1.5.0
[INFO] [stderr]    Compiling thiserror v2.0.17
[INFO] [stderr]    Compiling bytes v1.10.1
[INFO] [stderr]    Compiling either v1.15.0
[INFO] [stderr]    Compiling bitflags v2.10.0
[INFO] [stderr]    Compiling openssl-sys v0.9.110
[INFO] [stderr]    Compiling litemap v0.8.0
[INFO] [stderr]    Compiling writeable v0.6.2
[INFO] [stderr]    Compiling itoa v1.0.17
[INFO] [stderr]    Compiling ppv-lite86 v0.2.21
[INFO] [stderr]    Compiling icu_normalizer_data v2.1.1
[INFO] [stderr]    Compiling rustversion v1.0.22
[INFO] [stderr]    Compiling protobuf v3.7.2
[INFO] [stderr]    Compiling icu_properties_data v2.1.2
[INFO] [stderr]    Compiling parking_lot_core v0.9.12
[INFO] [stderr]    Compiling prometheus v0.14.0
[INFO] [stderr]    Compiling itertools v0.12.1
[INFO] [stderr]    Compiling rand_core v0.9.3
[INFO] [stderr]    Compiling openssl v0.10.74
[INFO] [stderr]    Compiling nohash-hasher v0.2.0
[INFO] [stderr]    Compiling arrayvec v0.7.6
[INFO] [stderr]    Compiling foreign-types-shared v0.1.1
[INFO] [stderr]    Compiling num-traits v0.2.19
[INFO] [stderr]    Compiling anyhow v1.0.100
[INFO] [stderr]    Compiling ryu v1.0.20
[INFO] [stderr]    Compiling rand_chacha v0.9.0
[INFO] [stderr]    Compiling foreign-types v0.3.2
[INFO] [stderr]    Compiling blake3 v1.8.2
[INFO] [stderr]    Compiling parking_lot v0.12.5
[INFO] [stderr]    Compiling rand v0.9.2
[INFO] [stderr]    Compiling native-tls v0.2.14
[INFO] [stderr]    Compiling convert_case v0.4.0
[INFO] [stderr]    Compiling futures-core v0.3.31
[INFO] [stderr]    Compiling humantime v2.3.0
[INFO] [stderr]    Compiling keccak v0.1.5
[INFO] [stderr]    Compiling futures-sink v0.3.31
[INFO] [stderr]    Compiling futures-channel v0.3.31
[INFO] [stderr]    Compiling uuid v1.18.1
[INFO] [stderr]    Compiling openssl-probe v0.1.6
[INFO] [stderr]    Compiling slab v0.4.11
[INFO] [stderr]    Compiling syn v2.0.107
[INFO] [stderr]    Compiling bytemuck v1.24.0
[INFO] [stderr]    Compiling futures-task v0.3.31
[INFO] [stderr]    Compiling futures-io v0.3.31
[INFO] [stderr]    Compiling percent-encoding v2.3.2
[INFO] [stderr]    Compiling second-stack v0.3.5
[INFO] [stderr]    Compiling rayon-core v1.13.0
[INFO] [stderr]    Compiling form_urlencoded v1.2.2
[INFO] [stderr]    Compiling socket2 v0.6.1
[INFO] [stderr]    Compiling mio v1.1.0
[INFO] [stderr]    Compiling castaway v0.2.4
[INFO] [stderr]    Compiling lean_string v0.5.1
[INFO] [stderr]    Compiling ahash v0.8.12
[INFO] [stderr]    Compiling serde_json v1.0.145
[INFO] [stderr]    Compiling alloc-no-stdlib v2.0.4
[INFO] [stderr]    Compiling http v1.3.1
[INFO] [stderr]    Compiling utf-8 v0.7.6
[INFO] [stderr]    Compiling alloc-stdlib v0.2.2
[INFO] [stderr]    Compiling approx v0.3.2
[INFO] [stderr]    Compiling chrono v0.4.42
[INFO] [stderr]    Compiling base64 v0.22.1
[INFO] [stderr]    Compiling simd-adler32 v0.3.7
[INFO] [stderr]    Compiling crypto-common v0.1.6
[INFO] [stderr]    Compiling block-buffer v0.10.4
[INFO] [stderr]    Compiling decorum v0.3.1
[INFO] [stderr]    Compiling rayon v1.11.0
[INFO] [stderr]    Compiling data-encoding v2.9.0
[INFO] [stderr]    Compiling digest v0.10.7
[INFO] [stderr]    Compiling miniz_oxide v0.8.9
[INFO] [stderr]    Compiling brotli-decompressor v2.5.1
[INFO] [stderr]    Compiling sha3 v0.10.8
[INFO] [stderr]    Compiling sha1 v0.10.6
[INFO] [stderr]    Compiling crossbeam-queue v0.3.12
[INFO] [stderr]    Compiling home v0.5.11
[INFO] [stderr]    Compiling anymap3 v1.0.1
[INFO] [stderr]    Compiling flate2 v1.1.4
[INFO] [stderr]    Compiling brotli v3.5.0
[INFO] [stderr]    Compiling bytestring v1.5.0
[INFO] [stderr]    Compiling hashbrown v0.16.1
[INFO] [stderr]    Compiling synstructure v0.13.2
[INFO] [stderr]    Compiling darling_core v0.21.3
[INFO] [stderr]    Compiling zerovec-derive v0.11.1
[INFO] [stderr]    Compiling displaydoc v0.2.5
[INFO] [stderr]    Compiling thiserror-impl v1.0.69
[INFO] [stderr]    Compiling serde_derive v1.0.228
[INFO] [stderr]    Compiling thiserror-impl v2.0.17
[INFO] [stderr]    Compiling openssl-macros v0.1.1
[INFO] [stderr]    Compiling enum-as-inner v0.6.1
[INFO] [stderr]    Compiling derive_more v0.99.20
[INFO] [stderr]    Compiling futures-macro v0.3.31
[INFO] [stderr]    Compiling spacetimedb-bindings-macro v2.10.2
[INFO] [stderr]    Compiling tokio-macros v2.6.0
[INFO] [stderr]    Compiling zerofrom-derive v0.1.6
[INFO] [stderr]    Compiling yoke-derive v0.8.0
[INFO] [stderr]    Compiling spacetimedb-primitives v2.10.2
[INFO] [stderr]    Compiling thiserror v1.0.69
[INFO] [stderr]    Compiling protobuf-support v3.7.2
[INFO] [stderr]    Compiling spacetimedb-data-structures v2.10.2
[INFO] [stderr]    Compiling tokio v1.48.0
[INFO] [stderr]    Compiling futures-util v0.3.31
[INFO] [stderr]    Compiling zerofrom v0.1.6
[INFO] [stderr]    Compiling yoke v0.8.0
[INFO] [stderr]    Compiling zerovec v0.11.4
[INFO] [stderr]    Compiling zerotrie v0.2.2
[INFO] [stderr]    Compiling darling_macro v0.21.3
[INFO] [stderr]    Compiling tinystr v0.8.1
[INFO] [stderr]    Compiling potential_utf v0.1.3
[INFO] [stderr]    Compiling icu_locale_core v2.1.1
[INFO] [stderr]    Compiling icu_collections v2.1.1
[INFO] [stderr]    Compiling darling v0.21.3
[INFO] [stderr]    Compiling serde_with_macros v3.15.0
[INFO] [stderr]    Compiling icu_provider v2.1.1
[INFO] [stderr]    Compiling icu_properties v2.1.2
[INFO] [stderr]    Compiling icu_normalizer v2.1.1
[INFO] [stderr]    Compiling serde v1.0.228
[INFO] [stderr]    Compiling serde_with v3.15.0
[INFO] [stderr]    Compiling ethnum v1.5.3
[INFO] [stderr]    Compiling futures-executor v0.3.31
[INFO] [stderr]    Compiling futures v0.3.31
[INFO] [stderr]    Compiling idna_adapter v1.2.1
[INFO] [stderr]    Compiling idna v1.1.0
[INFO] [stderr]    Compiling url v2.5.7
[INFO] [stderr]    Compiling tungstenite v0.27.0
[INFO] [stderr]    Compiling tokio-native-tls v0.3.1
[INFO] [stderr]    Compiling tokio-tungstenite v0.27.0
[INFO] [stderr]    Compiling spacetimedb-metrics v2.10.2
[INFO] [stderr]    Compiling spacetimedb-sats v2.10.2
[INFO] [stderr]    Compiling spacetimedb-lib v2.10.2
[INFO] [stderr]    Compiling spacetimedb-query-builder v2.10.2
[INFO] [stderr]    Compiling spacetimedb-client-api-messages v2.10.2
[INFO] [stderr]    Compiling spacetimedb-sdk v2.10.2 (/opt/rustwide/workdir)
[INFO] [stderr]     Finished `dev` profile [unoptimized + debuginfo] target(s) in 52.36s
[INFO] running `Command { std: "docker" "inspect" "a9cccc5e72fedf1e444de7a475560b3f9b06a63708b8f483b9f068002097c4d2", kill_on_drop: false }`
[INFO] running `Command { std: "docker" "exec" "-e" "SOURCE_DIR=/opt/rustwide/workdir" "-e" "CARGO_HOME=/opt/rustwide/cargo-home" "-e" "RUSTUP_HOME=/opt/rustwide/rustup-home" "-e" "CARGO_TARGET_DIR=/opt/rustwide/target" "-e" "CARGO_INCREMENTAL=0" "-e" "RUST_BACKTRACE=full" "-e" "RUSTFLAGS=--cap-lints=warn" "-e" "RUSTDOCFLAGS=--cap-lints=warn" "-w" "/opt/rustwide/workdir" "--user" "0:0" "a9cccc5e72fedf1e444de7a475560b3f9b06a63708b8f483b9f068002097c4d2" "/opt/rustwide/cargo-home/bin/cargo" "+1.99.0-beta.8" "test" "--frozen" "--no-run" "--message-format=json", kill_on_drop: false }`
[INFO] [stderr]    Compiling shlex v1.3.0
[INFO] [stderr]    Compiling cc v1.2.41
[INFO] [stderr]    Compiling openssl-sys v0.9.110
[INFO] [stderr]    Compiling blake3 v1.8.2
[INFO] [stderr]    Compiling openssl v0.10.74
[INFO] [stderr]    Compiling native-tls v0.2.14
[INFO] [stderr]    Compiling spacetimedb-lib v2.10.2
[INFO] [stderr]    Compiling spacetimedb-client-api-messages v2.10.2
[INFO] [stderr]    Compiling spacetimedb-query-builder v2.10.2
[INFO] [stderr]    Compiling tokio-native-tls v0.3.1
[INFO] [stderr]    Compiling tungstenite v0.27.0
[INFO] [stderr]    Compiling tokio-tungstenite v0.27.0
[INFO] [stderr]    Compiling spacetimedb-sdk v2.10.2 (/opt/rustwide/workdir)
[INFO] [stdout] error[E0433]: cannot find module or crate `spacetimedb_testing` in this scope
[INFO] [stdout]  --> tests/test.rs:4:5
[INFO] [stdout]   |
[INFO] [stdout] 4 | use spacetimedb_testing::sdk::{Test, TestBuilder};
[INFO] [stdout]   |     ^^^^^^^^^^^^^^^^^^^ use of unresolved module or unlinked crate `spacetimedb_testing`
[INFO] [stdout]   |
[INFO] [stdout] help: there is a crate or module with a similar name
[INFO] [stdout]   |
[INFO] [stdout] 4 - use spacetimedb_testing::sdk::{Test, TestBuilder};
[INFO] [stdout] 4 + use spacetimedb_metrics::sdk::{Test, TestBuilder};
[INFO] [stdout]   |
[INFO] [stdout] 
[INFO] [stdout] 
[INFO] [stdout] error[E0433]: cannot find module or crate `spacetimedb_testing` in this scope
[INFO] [stdout]    --> tests/test.rs:416:9
[INFO] [stdout]     |
[INFO] [stdout] 416 |     use spacetimedb_testing::sdk::Test;
[INFO] [stdout]     |         ^^^^^^^^^^^^^^^^^^^ use of unresolved module or unlinked crate `spacetimedb_testing`
[INFO] [stdout]     |
[INFO] [stdout] help: there is a crate or module with a similar name
[INFO] [stdout]     |
[INFO] [stdout] 416 -     use spacetimedb_testing::sdk::Test;
[INFO] [stdout] 416 +     use spacetimedb_metrics::sdk::Test;
[INFO] [stdout]     |
[INFO] [stdout] 
[INFO] [stdout] 
[INFO] [stdout] error[E0433]: cannot find module or crate `spacetimedb_testing` in this scope
[INFO] [stdout]    --> tests/test.rs:518:9
[INFO] [stdout]     |
[INFO] [stdout] 518 |     use spacetimedb_testing::sdk::Test;
[INFO] [stdout]     |         ^^^^^^^^^^^^^^^^^^^ use of unresolved module or unlinked crate `spacetimedb_testing`
[INFO] [stdout]     |
[INFO] [stdout] help: there is a crate or module with a similar name
[INFO] [stdout]     |
[INFO] [stdout] 518 -     use spacetimedb_testing::sdk::Test;
[INFO] [stdout] 518 +     use spacetimedb_metrics::sdk::Test;
[INFO] [stdout]     |
[INFO] [stdout] 
[INFO] [stdout] 
[INFO] [stdout] error[E0433]: cannot find module or crate `spacetimedb_testing` in this scope
[INFO] [stdout]    --> tests/test.rs:628:9
[INFO] [stdout]     |
[INFO] [stdout] 628 |     use spacetimedb_testing::sdk::Test;
[INFO] [stdout]     |         ^^^^^^^^^^^^^^^^^^^ use of unresolved module or unlinked crate `spacetimedb_testing`
[INFO] [stdout]     |
[INFO] [stdout] help: there is a crate or module with a similar name
[INFO] [stdout]     |
[INFO] [stdout] 628 -     use spacetimedb_testing::sdk::Test;
[INFO] [stdout] 628 +     use spacetimedb_metrics::sdk::Test;
[INFO] [stdout]     |
[INFO] [stdout] 
[INFO] [stdout] 
[INFO] [stdout] error[E0433]: cannot find module or crate `spacetimedb_testing` in this scope
[INFO] [stdout]    --> tests/test.rs:677:9
[INFO] [stdout]     |
[INFO] [stdout] 677 |     use spacetimedb_testing::sdk::Test;
[INFO] [stdout]     |         ^^^^^^^^^^^^^^^^^^^ use of unresolved module or unlinked crate `spacetimedb_testing`
[INFO] [stdout]     |
[INFO] [stdout] help: there is a crate or module with a similar name
[INFO] [stdout]     |
[INFO] [stdout] 677 -     use spacetimedb_testing::sdk::Test;
[INFO] [stdout] 677 +     use spacetimedb_metrics::sdk::Test;
[INFO] [stdout]     |
[INFO] [stdout] 
[INFO] [stdout] 
[INFO] [stdout] error[E0433]: cannot find module or crate `spacetimedb_testing` in this scope
[INFO] [stdout]    --> tests/test.rs:731:9
[INFO] [stdout]     |
[INFO] [stdout] 731 |     use spacetimedb_testing::sdk::Test;
[INFO] [stdout]     |         ^^^^^^^^^^^^^^^^^^^ use of unresolved module or unlinked crate `spacetimedb_testing`
[INFO] [stdout]     |
[INFO] [stdout] help: there is a crate or module with a similar name
[INFO] [stdout]     |
[INFO] [stdout] 731 -     use spacetimedb_testing::sdk::Test;
[INFO] [stdout] 731 +     use spacetimedb_metrics::sdk::Test;
[INFO] [stdout]     |
[INFO] [stdout] 
[INFO] [stdout] 
[INFO] [stdout] error[E0433]: cannot find module or crate `spacetimedb_testing` in this scope
[INFO] [stdout]    --> tests/test.rs:98:17
[INFO] [stdout]     |
[INFO] [stdout]  98 |             use spacetimedb_testing::sdk::Test;
[INFO] [stdout]     |                 ^^^^^^^^^^^^^^^^^^^ use of unresolved module or unlinked crate `spacetimedb_testing`
[INFO] [stdout] ...
[INFO] [stdout] 405 | declare_tests_with_suffix!(rust, "");
[INFO] [stdout]     | ------------------------------------ in this macro invocation
[INFO] [stdout]     |
[INFO] [stdout]     = note: this error originates in the macro `declare_tests_with_suffix` (in Nightly builds, run with -Z macro-backtrace for more info)
[INFO] [stdout] help: there is a crate or module with a similar name
[INFO] [stdout]     |
[INFO] [stdout]  98 -             use spacetimedb_testing::sdk::Test;
[INFO] [stdout]  98 +             use spacetimedb_metrics::sdk::Test;
[INFO] [stdout]     |
[INFO] [stdout] 
[INFO] [stdout] 
[INFO] [stdout] error[E0433]: cannot find module or crate `spacetimedb_testing` in this scope
[INFO] [stdout]    --> tests/test.rs:98:17
[INFO] [stdout]     |
[INFO] [stdout]  98 |             use spacetimedb_testing::sdk::Test;
[INFO] [stdout]     |                 ^^^^^^^^^^^^^^^^^^^ use of unresolved module or unlinked crate `spacetimedb_testing`
[INFO] [stdout] ...
[INFO] [stdout] 406 | declare_tests_with_suffix!(typescript, "-ts");
[INFO] [stdout]     | --------------------------------------------- in this macro invocation
[INFO] [stdout]     |
[INFO] [stdout]     = note: this error originates in the macro `declare_tests_with_suffix` (in Nightly builds, run with -Z macro-backtrace for more info)
[INFO] [stdout] help: there is a crate or module with a similar name
[INFO] [stdout]     |
[INFO] [stdout]  98 -             use spacetimedb_testing::sdk::Test;
[INFO] [stdout]  98 +             use spacetimedb_metrics::sdk::Test;
[INFO] [stdout]     |
[INFO] [stdout] 
[INFO] [stdout] 
[INFO] [stdout] error[E0433]: cannot find module or crate `spacetimedb_testing` in this scope
[INFO] [stdout]    --> tests/test.rs:98:17
[INFO] [stdout]     |
[INFO] [stdout]  98 |             use spacetimedb_testing::sdk::Test;
[INFO] [stdout]     |                 ^^^^^^^^^^^^^^^^^^^ use of unresolved module or unlinked crate `spacetimedb_testing`
[INFO] [stdout] ...
[INFO] [stdout] 408 | declare_tests_with_suffix!(csharp, "-cs");
[INFO] [stdout]     | ----------------------------------------- in this macro invocation
[INFO] [stdout]     |
[INFO] [stdout]     = note: this error originates in the macro `declare_tests_with_suffix` (in Nightly builds, run with -Z macro-backtrace for more info)
[INFO] [stdout] help: there is a crate or module with a similar name
[INFO] [stdout]     |
[INFO] [stdout]  98 -             use spacetimedb_testing::sdk::Test;
[INFO] [stdout]  98 +             use spacetimedb_metrics::sdk::Test;
[INFO] [stdout]     |
[INFO] [stdout] 
[INFO] [stdout] 
[INFO] [stdout] error[E0433]: cannot find module or crate `spacetimedb_testing` in this scope
[INFO] [stdout]    --> tests/test.rs:98:17
[INFO] [stdout]     |
[INFO] [stdout]  98 |             use spacetimedb_testing::sdk::Test;
[INFO] [stdout]     |                 ^^^^^^^^^^^^^^^^^^^ use of unresolved module or unlinked crate `spacetimedb_testing`
[INFO] [stdout] ...
[INFO] [stdout] 409 | declare_tests_with_suffix!(cpp, "-cpp");
[INFO] [stdout]     | --------------------------------------- in this macro invocation
[INFO] [stdout]     |
[INFO] [stdout]     = note: this error originates in the macro `declare_tests_with_suffix` (in Nightly builds, run with -Z macro-backtrace for more info)
[INFO] [stdout] help: there is a crate or module with a similar name
[INFO] [stdout]     |
[INFO] [stdout]  98 -             use spacetimedb_testing::sdk::Test;
[INFO] [stdout]  98 +             use spacetimedb_metrics::sdk::Test;
[INFO] [stdout]     |
[INFO] [stdout] 
[INFO] [stdout] 
[INFO] [stdout] error[E0433]: cannot find module or crate `spacetimedb_testing` in this scope
[INFO] [stdout]    --> tests/test.rs:454:17
[INFO] [stdout]     |
[INFO] [stdout] 454 |             use spacetimedb_testing::sdk::Test;
[INFO] [stdout]     |                 ^^^^^^^^^^^^^^^^^^^ use of unresolved module or unlinked crate `spacetimedb_testing`
[INFO] [stdout] ...
[INFO] [stdout] 512 | procedure_tests!(rust_procedures, "");
[INFO] [stdout]     | ------------------------------------- in this macro invocation
[INFO] [stdout]     |
[INFO] [stdout]     = note: this error originates in the macro `procedure_tests` (in Nightly builds, run with -Z macro-backtrace for more info)
[INFO] [stdout] help: there is a crate or module with a similar name
[INFO] [stdout]     |
[INFO] [stdout] 454 -             use spacetimedb_testing::sdk::Test;
[INFO] [stdout] 454 +             use spacetimedb_metrics::sdk::Test;
[INFO] [stdout]     |
[INFO] [stdout] 
[INFO] [stdout] 
[INFO] [stdout] error[E0433]: cannot find module or crate `spacetimedb_testing` in this scope
[INFO] [stdout]    --> tests/test.rs:454:17
[INFO] [stdout]     |
[INFO] [stdout] 454 |             use spacetimedb_testing::sdk::Test;
[INFO] [stdout]     |                 ^^^^^^^^^^^^^^^^^^^ use of unresolved module or unlinked crate `spacetimedb_testing`
[INFO] [stdout] ...
[INFO] [stdout] 513 | procedure_tests!(typescript_procedures, "-ts");
[INFO] [stdout]     | ---------------------------------------------- in this macro invocation
[INFO] [stdout]     |
[INFO] [stdout]     = note: this error originates in the macro `procedure_tests` (in Nightly builds, run with -Z macro-backtrace for more info)
[INFO] [stdout] help: there is a crate or module with a similar name
[INFO] [stdout]     |
[INFO] [stdout] 454 -             use spacetimedb_testing::sdk::Test;
[INFO] [stdout] 454 +             use spacetimedb_metrics::sdk::Test;
[INFO] [stdout]     |
[INFO] [stdout] 
[INFO] [stdout] 
[INFO] [stdout] error[E0433]: cannot find module or crate `spacetimedb_testing` in this scope
[INFO] [stdout]    --> tests/test.rs:454:17
[INFO] [stdout]     |
[INFO] [stdout] 454 |             use spacetimedb_testing::sdk::Test;
[INFO] [stdout]     |                 ^^^^^^^^^^^^^^^^^^^ use of unresolved module or unlinked crate `spacetimedb_testing`
[INFO] [stdout] ...
[INFO] [stdout] 514 | procedure_tests!(cpp_procedures, "-cpp");
[INFO] [stdout]     | ---------------------------------------- in this macro invocation
[INFO] [stdout]     |
[INFO] [stdout]     = note: this error originates in the macro `procedure_tests` (in Nightly builds, run with -Z macro-backtrace for more info)
[INFO] [stdout] help: there is a crate or module with a similar name
[INFO] [stdout]     |
[INFO] [stdout] 454 -             use spacetimedb_testing::sdk::Test;
[INFO] [stdout] 454 +             use spacetimedb_metrics::sdk::Test;
[INFO] [stdout]     |
[INFO] [stdout] 
[INFO] [stdout] 
[INFO] [stdout] error[E0433]: cannot find module or crate `spacetimedb_testing` in this scope
[INFO] [stdout]    --> tests/test.rs:454:17
[INFO] [stdout]     |
[INFO] [stdout] 454 |             use spacetimedb_testing::sdk::Test;
[INFO] [stdout]     |                 ^^^^^^^^^^^^^^^^^^^ use of unresolved module or unlinked crate `spacetimedb_testing`
[INFO] [stdout] ...
[INFO] [stdout] 515 | procedure_tests!(csharp_procedures, "-cs");
[INFO] [stdout]     | ------------------------------------------ in this macro invocation
[INFO] [stdout]     |
[INFO] [stdout]     = note: this error originates in the macro `procedure_tests` (in Nightly builds, run with -Z macro-backtrace for more info)
[INFO] [stdout] help: there is a crate or module with a similar name
[INFO] [stdout]     |
[INFO] [stdout] 454 -             use spacetimedb_testing::sdk::Test;
[INFO] [stdout] 454 +             use spacetimedb_metrics::sdk::Test;
[INFO] [stdout]     |
[INFO] [stdout] 
[INFO] [stdout] 
[INFO] [stdout] error[E0433]: cannot find module or crate `spacetimedb_testing` in this scope
[INFO] [stdout]    --> tests/test.rs:566:17
[INFO] [stdout]     |
[INFO] [stdout] 566 |             use spacetimedb_testing::sdk::Test;
[INFO] [stdout]     |                 ^^^^^^^^^^^^^^^^^^^ use of unresolved module or unlinked crate `spacetimedb_testing`
[INFO] [stdout] ...
[INFO] [stdout] 624 | view_tests!(rust_view, "");
[INFO] [stdout]     | -------------------------- in this macro invocation
[INFO] [stdout]     |
[INFO] [stdout]     = note: this error originates in the macro `view_tests` (in Nightly builds, run with -Z macro-backtrace for more info)
[INFO] [stdout] help: there is a crate or module with a similar name
[INFO] [stdout]     |
[INFO] [stdout] 566 -             use spacetimedb_testing::sdk::Test;
[INFO] [stdout] 566 +             use spacetimedb_metrics::sdk::Test;
[INFO] [stdout]     |
[INFO] [stdout] 
[INFO] [stdout] 
[INFO] [stdout] error[E0433]: cannot find module or crate `spacetimedb_testing` in this scope
[INFO] [stdout]    --> tests/test.rs:566:17
[INFO] [stdout]     |
[INFO] [stdout] 566 |             use spacetimedb_testing::sdk::Test;
[INFO] [stdout]     |                 ^^^^^^^^^^^^^^^^^^^ use of unresolved module or unlinked crate `spacetimedb_testing`
[INFO] [stdout] ...
[INFO] [stdout] 779 | view_tests!(cpp_view, "-cpp");
[INFO] [stdout]     | ----------------------------- in this macro invocation
[INFO] [stdout]     |
[INFO] [stdout]     = note: this error originates in the macro `view_tests` (in Nightly builds, run with -Z macro-backtrace for more info)
[INFO] [stdout] help: there is a crate or module with a similar name
[INFO] [stdout]     |
[INFO] [stdout] 566 -             use spacetimedb_testing::sdk::Test;
[INFO] [stdout] 566 +             use spacetimedb_metrics::sdk::Test;
[INFO] [stdout]     |
[INFO] [stdout] 
[INFO] [stdout] 
[INFO] [stdout] error[E0433]: cannot find module or crate `spacetimedb_testing` in this scope
[INFO] [stdout]    --> tests/test.rs:784:17
[INFO] [stdout]     |
[INFO] [stdout] 784 |             use spacetimedb_testing::sdk::Test;
[INFO] [stdout]     |                 ^^^^^^^^^^^^^^^^^^^ use of unresolved module or unlinked crate `spacetimedb_testing`
[INFO] [stdout] ...
[INFO] [stdout] 816 | view_pk_tests!(rust_view_pk, "");
[INFO] [stdout]     | -------------------------------- in this macro invocation
[INFO] [stdout]     |
[INFO] [stdout]     = note: this error originates in the macro `view_pk_tests` (in Nightly builds, run with -Z macro-backtrace for more info)
[INFO] [stdout] help: there is a crate or module with a similar name
[INFO] [stdout]     |
[INFO] [stdout] 784 -             use spacetimedb_testing::sdk::Test;
[INFO] [stdout] 784 +             use spacetimedb_metrics::sdk::Test;
[INFO] [stdout]     |
[INFO] [stdout] 
[INFO] [stdout] 
[INFO] [stdout] error[E0433]: cannot find module or crate `spacetimedb_testing` in this scope
[INFO] [stdout]    --> tests/test.rs:784:17
[INFO] [stdout]     |
[INFO] [stdout] 784 |             use spacetimedb_testing::sdk::Test;
[INFO] [stdout]     |                 ^^^^^^^^^^^^^^^^^^^ use of unresolved module or unlinked crate `spacetimedb_testing`
[INFO] [stdout] ...
[INFO] [stdout] 817 | view_pk_tests!(csharp_view_pk, "-cs");
[INFO] [stdout]     | ------------------------------------- in this macro invocation
[INFO] [stdout]     |
[INFO] [stdout]     = note: this error originates in the macro `view_pk_tests` (in Nightly builds, run with -Z macro-backtrace for more info)
[INFO] [stdout] help: there is a crate or module with a similar name
[INFO] [stdout]     |
[INFO] [stdout] 784 -             use spacetimedb_testing::sdk::Test;
[INFO] [stdout] 784 +             use spacetimedb_metrics::sdk::Test;
[INFO] [stdout]     |
[INFO] [stdout] 
[INFO] [stdout] 
[INFO] [stdout] error[E0433]: cannot find module or crate `spacetimedb_testing` in this scope
[INFO] [stdout]    --> tests/test.rs:784:17
[INFO] [stdout]     |
[INFO] [stdout] 784 |             use spacetimedb_testing::sdk::Test;
[INFO] [stdout]     |                 ^^^^^^^^^^^^^^^^^^^ use of unresolved module or unlinked crate `spacetimedb_testing`
[INFO] [stdout] ...
[INFO] [stdout] 818 | view_pk_tests!(typescript_view_pk, "-ts");
[INFO] [stdout]     | ----------------------------------------- in this macro invocation
[INFO] [stdout]     |
[INFO] [stdout]     = note: this error originates in the macro `view_pk_tests` (in Nightly builds, run with -Z macro-backtrace for more info)
[INFO] [stdout] help: there is a crate or module with a similar name
[INFO] [stdout]     |
[INFO] [stdout] 784 -             use spacetimedb_testing::sdk::Test;
[INFO] [stdout] 784 +             use spacetimedb_metrics::sdk::Test;
[INFO] [stdout]     |
[INFO] [stdout] 
[INFO] [stdout] 
[INFO] [stdout] error[E0433]: cannot find module or crate `spacetimedb_testing` in this scope
[INFO] [stdout]    --> tests/test.rs:784:17
[INFO] [stdout]     |
[INFO] [stdout] 784 |             use spacetimedb_testing::sdk::Test;
[INFO] [stdout]     |                 ^^^^^^^^^^^^^^^^^^^ use of unresolved module or unlinked crate `spacetimedb_testing`
[INFO] [stdout] ...
[INFO] [stdout] 819 | view_pk_tests!(cpp_view_pk, "-cpp");
[INFO] [stdout]     | ----------------------------------- in this macro invocation
[INFO] [stdout]     |
[INFO] [stdout]     = note: this error originates in the macro `view_pk_tests` (in Nightly builds, run with -Z macro-backtrace for more info)
[INFO] [stdout] help: there is a crate or module with a similar name
[INFO] [stdout]     |
[INFO] [stdout] 784 -             use spacetimedb_testing::sdk::Test;
[INFO] [stdout] 784 +             use spacetimedb_metrics::sdk::Test;
[INFO] [stdout]     |
[INFO] [stdout] 
[INFO] [stdout] 
[INFO] [stdout] error[E0433]: cannot find module or crate `spacetimedb_testing` in this scope
[INFO] [stdout]    --> tests/test.rs:824:17
[INFO] [stdout]     |
[INFO] [stdout] 824 |             use spacetimedb_testing::sdk::Test;
[INFO] [stdout]     |                 ^^^^^^^^^^^^^^^^^^^ use of unresolved module or unlinked crate `spacetimedb_testing`
[INFO] [stdout] ...
[INFO] [stdout] 856 | procedural_view_pk_tests!(rust_procedural_view_pk, "sdk-test-procedural-view-pk");
[INFO] [stdout]     | --------------------------------------------------------------------------------- in this macro invocation
[INFO] [stdout]     |
[INFO] [stdout]     = note: this error originates in the macro `procedural_view_pk_tests` (in Nightly builds, run with -Z macro-backtrace for more info)
[INFO] [stdout] help: there is a crate or module with a similar name
[INFO] [stdout]     |
[INFO] [stdout] 824 -             use spacetimedb_testing::sdk::Test;
[INFO] [stdout] 824 +             use spacetimedb_metrics::sdk::Test;
[INFO] [stdout]     |
[INFO] [stdout] 
[INFO] [stdout] 
[INFO] [stdout] error[E0433]: cannot find module or crate `spacetimedb_testing` in this scope
[INFO] [stdout]    --> tests/test.rs:824:17
[INFO] [stdout]     |
[INFO] [stdout] 824 |             use spacetimedb_testing::sdk::Test;
[INFO] [stdout]     |                 ^^^^^^^^^^^^^^^^^^^ use of unresolved module or unlinked crate `spacetimedb_testing`
[INFO] [stdout] ...
[INFO] [stdout] 857 | procedural_view_pk_tests!(csharp_procedural_view_pk, "sdk-test-procedural-view-pk-cs");
[INFO] [stdout]     | -------------------------------------------------------------------------------------- in this macro invocation
[INFO] [stdout]     |
[INFO] [stdout]     = note: this error originates in the macro `procedural_view_pk_tests` (in Nightly builds, run with -Z macro-backtrace for more info)
[INFO] [stdout] help: there is a crate or module with a similar name
[INFO] [stdout]     |
[INFO] [stdout] 824 -             use spacetimedb_testing::sdk::Test;
[INFO] [stdout] 824 +             use spacetimedb_metrics::sdk::Test;
[INFO] [stdout]     |
[INFO] [stdout] 
[INFO] [stdout] 
[INFO] [stdout] error[E0433]: cannot find module or crate `spacetimedb_testing` in this scope
[INFO] [stdout]    --> tests/test.rs:824:17
[INFO] [stdout]     |
[INFO] [stdout] 824 |             use spacetimedb_testing::sdk::Test;
[INFO] [stdout]     |                 ^^^^^^^^^^^^^^^^^^^ use of unresolved module or unlinked crate `spacetimedb_testing`
[INFO] [stdout] ...
[INFO] [stdout] 858 | procedural_view_pk_tests!(typescript_procedural_view_pk, "sdk-test-procedural-view-pk-ts");
[INFO] [stdout]     | ------------------------------------------------------------------------------------------ in this macro invocation
[INFO] [stdout]     |
[INFO] [stdout]     = note: this error originates in the macro `procedural_view_pk_tests` (in Nightly builds, run with -Z macro-backtrace for more info)
[INFO] [stdout] help: there is a crate or module with a similar name
[INFO] [stdout]     |
[INFO] [stdout] 824 -             use spacetimedb_testing::sdk::Test;
[INFO] [stdout] 824 +             use spacetimedb_metrics::sdk::Test;
[INFO] [stdout]     |
[INFO] [stdout] 
[INFO] [stdout] 
[INFO] [stdout] error[E0433]: cannot find module or crate `spacetimedb_testing` in this scope
[INFO] [stdout]    --> tests/test.rs:824:17
[INFO] [stdout]     |
[INFO] [stdout] 824 |             use spacetimedb_testing::sdk::Test;
[INFO] [stdout]     |                 ^^^^^^^^^^^^^^^^^^^ use of unresolved module or unlinked crate `spacetimedb_testing`
[INFO] [stdout] ...
[INFO] [stdout] 859 | procedural_view_pk_tests!(cpp_procedural_view_pk, "sdk-test-procedural-view-pk-cpp");
[INFO] [stdout]     | ------------------------------------------------------------------------------------ in this macro invocation
[INFO] [stdout]     |
[INFO] [stdout]     = note: this error originates in the macro `procedural_view_pk_tests` (in Nightly builds, run with -Z macro-backtrace for more info)
[INFO] [stdout] help: there is a crate or module with a similar name
[INFO] [stdout]     |
[INFO] [stdout] 824 -             use spacetimedb_testing::sdk::Test;
[INFO] [stdout] 824 +             use spacetimedb_metrics::sdk::Test;
[INFO] [stdout]     |
[INFO] [stdout] 
[INFO] [stdout] 
[INFO] [stdout] For more information about this error, try `rustc --explain E0433`.
[INFO] [stdout] 
[INFO] [stderr] error: could not compile `spacetimedb-sdk` (test "test") due to 24 previous errors
[INFO] running `Command { std: "docker" "inspect" "a9cccc5e72fedf1e444de7a475560b3f9b06a63708b8f483b9f068002097c4d2", kill_on_drop: false }`
[INFO] running `Command { std: "docker" "rm" "-f" "a9cccc5e72fedf1e444de7a475560b3f9b06a63708b8f483b9f068002097c4d2", kill_on_drop: false }`
[INFO] [stdout] a9cccc5e72fedf1e444de7a475560b3f9b06a63708b8f483b9f068002097c4d2
