[INFO] fetching crate soph 0.31.0...
[INFO] testing soph-0.31.0 against 1.99.0-beta.8 for beta-1.100-2
[INFO] extracting crate soph 0.31.0 into /workspace/builds/worker-1-tc1/source
[INFO] started tweaking crates.io crate soph 0.31.0
[INFO] finished tweaking crates.io crate soph 0.31.0
[INFO] tweaked toml for crates.io crate soph 0.31.0 written to /workspace/builds/worker-1-tc1/source/Cargo.toml
[INFO] validating manifest of crates.io crate soph 0.31.0 on toolchain 1.99.0-beta.8
[INFO] running `Command { std: CARGO_HOME="/workspace/cargo-home" RUSTUP_HOME="/workspace/rustup-home" "/workspace/cargo-home/bin/cargo" "+1.99.0-beta.8" "metadata" "--manifest-path" "Cargo.toml" "--no-deps", kill_on_drop: false }`
[INFO] crate crates.io crate soph 0.31.0 already has a lockfile, it will not be regenerated
[INFO] running `Command { std: CARGO_HOME="/workspace/cargo-home" RUSTUP_HOME="/workspace/rustup-home" "/workspace/cargo-home/bin/cargo" "+1.99.0-beta.8" "fetch" "--manifest-path" "Cargo.toml", kill_on_drop: false }`
[INFO] [stderr]     Updating crates.io index
[INFO] [stderr]  Downloading crates ...
[INFO] [stderr]   Downloaded tera v1.20.0
[INFO] [stderr]   Downloaded unic-ucd-segment v0.9.0
[INFO] [stderr]   Downloaded unic-ucd-version v0.9.0
[INFO] [stderr]   Downloaded globset v0.4.16
[INFO] [stderr]   Downloaded soph-core v0.31.0
[INFO] [stderr]   Downloaded nu-ansi-term v0.50.1
[INFO] [stderr]   Downloaded windows-link v0.2.0
[INFO] [stderr]   Downloaded windows-strings v0.5.0
[INFO] [stderr]   Downloaded serde_variant v0.1.3
[INFO] [stderr]   Downloaded wasm-bindgen-futures v0.4.54
[INFO] [stderr]   Downloaded windows-link v0.1.3
[INFO] [stderr]   Downloaded soph-view v0.31.0
[INFO] [stderr]   Downloaded unic-segment v0.9.0
[INFO] [stderr]   Downloaded unic-common v0.9.0
[INFO] [stderr]   Downloaded windows-interface v0.59.2
[INFO] [stderr]   Downloaded thread_local v1.1.9
[INFO] [stderr]   Downloaded windows-implement v0.60.1
[INFO] [stderr]   Downloaded tokio-macros v2.5.0
[INFO] [stderr]   Downloaded soph-config v0.31.0
[INFO] [stderr]   Downloaded stable_deref_trait v1.2.0
[INFO] [stderr]   Downloaded unic-char-range v0.9.0
[INFO] [stderr]   Downloaded unic-char-property v0.9.0
[INFO] [stderr]   Downloaded globwalk v0.9.1
[INFO] [stderr]   Downloaded windows-result v0.4.0
[INFO] [stderr]   Downloaded indenter v0.3.4
[INFO] [stderr]   Downloaded soph-storage v0.31.0
[INFO] [stderr]   Downloaded soph-runtime v0.31.0
[INFO] [stderr]   Downloaded bb8-redis v0.21.0
[INFO] [stderr]   Downloaded soph-redis v0.31.0
[INFO] [stderr]   Downloaded bb8 v0.9.0
[INFO] [stderr]   Downloaded hostname v0.4.1
[INFO] [stderr]   Downloaded soph-http v0.31.0
[INFO] [stderr]   Downloaded windows-core v0.62.1
[INFO] [stderr]   Downloaded find-msvc-tools v0.1.2
[INFO] [stderr]   Downloaded signal-hook-registry v1.4.6
[INFO] [stderr]   Downloaded redox_syscall v0.5.17
[INFO] [stderr]   Downloaded lock_api v0.4.13
[INFO] [stderr]   Downloaded addr2line v0.25.1
[INFO] [stderr]   Downloaded soph-tracing v0.31.0
[INFO] [stderr]   Downloaded soph-metrics v0.31.0
[INFO] [stderr]   Downloaded sketches-ddsketch v0.3.0
[INFO] [stderr]   Downloaded soph-mail v0.31.0
[INFO] [stderr]   Downloaded quoted_printable v0.5.1
[INFO] [stderr]   Downloaded psm v0.1.26
[INFO] [stderr]   Downloaded reqwest-middleware v0.4.2
[INFO] [stderr]   Downloaded http-body v1.0.1
[INFO] [stderr]   Downloaded soph-hash v0.31.0
[INFO] [stderr]   Downloaded argon2 v0.5.3
[INFO] [stderr]   Downloaded pest_derive v2.8.2
[INFO] [stderr]   Downloaded windows-targets v0.53.4
[INFO] [stderr]   Downloaded ignore v0.4.23
[INFO] [stderr]   Downloaded owo-colors v4.2.3
[INFO] [stderr]   Downloaded rand_xoshiro v0.7.0
[INFO] [stderr]   Downloaded metrics v0.24.2
[INFO] [stderr]   Downloaded email_address v0.2.9
[INFO] [stderr]   Downloaded email-encoding v0.4.1
[INFO] [stderr]   Downloaded stacker v0.1.21
[INFO] [stderr]   Downloaded password-hash v0.5.0
[INFO] [stderr]   Downloaded base64ct v1.8.0
[INFO] [stderr]   Downloaded pest_generator v2.8.2
[INFO] [stderr]   Downloaded pest_meta v2.8.2
[INFO] [stderr]   Downloaded ucd-trie v0.1.7
[INFO] [stderr]   Downloaded parking_lot v0.12.4
[INFO] [stderr]   Downloaded parking_lot_core v0.9.11
[INFO] [stderr]   Downloaded eyre v0.6.12
[INFO] [stderr]   Downloaded metrics-exporter-prometheus v0.16.2
[INFO] [stderr]   Downloaded quanta v0.12.6
[INFO] [stderr]   Downloaded metrics-util v0.19.1
[INFO] [stderr]   Downloaded chumsky v0.9.3
[INFO] [stderr]   Downloaded http-body-util v0.1.3
[INFO] [stderr]   Downloaded soph-database v0.31.0
[INFO] [stderr]   Downloaded ordered-float v4.6.0
[INFO] [stderr]   Downloaded inherent v1.0.13
[INFO] [stderr]   Downloaded ouroboros v0.18.5
[INFO] [stderr]   Downloaded ouroboros_macro v0.18.5
[INFO] [stderr]   Downloaded shell-words v1.1.0
[INFO] [stderr]   Downloaded anstyle-wincon v3.0.10
[INFO] [stderr]   Downloaded cc v1.2.39
[INFO] [stderr]   Downloaded socket2 v0.6.0
[INFO] [stderr]   Downloaded arc-swap v1.7.1
[INFO] [stderr]   Downloaded sea-orm-macros v1.1.16
[INFO] [stderr]   Downloaded soph-console v0.31.0
[INFO] [stderr]   Downloaded dialoguer v0.11.0
[INFO] [stderr]   Downloaded is_terminal_polyfill v1.70.1
[INFO] [stderr]   Downloaded colorchoice v1.0.4
[INFO] [stderr]   Downloaded typenum v1.18.0
[INFO] [stderr]   Downloaded io-uring v0.7.10
[INFO] [stderr]   Downloaded backtrace v0.3.76
[INFO] [stderr]   Downloaded tokio-util v0.7.16
[INFO] [stderr]   Downloaded rustls-webpki v0.103.6
[INFO] [stderr]   Downloaded hyper-util v0.1.17
[INFO] [stderr]   Downloaded anstream v0.6.20
[INFO] [stderr]   Downloaded pest v2.8.2
[INFO] [stderr]   Downloaded mio v1.0.4
[INFO] [stderr]   Downloaded nom v8.0.0
[INFO] [stderr]   Downloaded tower-http v0.6.6
[INFO] [stderr]   Downloaded tower v0.5.2
[INFO] [stderr]   Downloaded regex v1.11.3
[INFO] [stderr]   Downloaded lettre v0.11.18
[INFO] [stderr]   Downloaded iri-string v0.7.8
[INFO] [stderr]   Downloaded once_cell_polyfill v1.70.1
[INFO] [stderr]   Downloaded anstyle-query v1.1.4
[INFO] [stderr]   Downloaded soph-auth v0.31.0
[INFO] [stderr]   Downloaded reqwest v0.12.23
[INFO] [stderr]   Downloaded hyper v1.7.0
[INFO] [stderr]   Downloaded tracing-subscriber v0.3.20
[INFO] [stderr]   Downloaded gimli v0.32.3
[INFO] [stderr]   Downloaded webpki-roots v1.0.2
[INFO] [stderr]   Downloaded git2 v0.20.2
[INFO] [stderr]   Downloaded soph-cache v0.31.0
[INFO] [stderr]   Downloaded object_store v0.12.4
[INFO] [stderr]   Downloaded redis v0.29.5
[INFO] [stderr]   Downloaded anstyle-parse v0.2.7
[INFO] [stderr]   Downloaded sea-query v0.32.7
[INFO] [stderr]   Downloaded regex-syntax v0.8.6
[INFO] [stderr]   Downloaded bstr v1.12.0
[INFO] [stderr]   Downloaded object v0.37.3
[INFO] [stderr]   Downloaded blake2 v0.10.6
[INFO] [stderr]   Downloaded unicode-width v0.2.1
[INFO] [stderr]   Downloaded event-listener v5.4.1
[INFO] [stderr]   Downloaded jsonwebtoken v9.3.1
[INFO] [stderr]   Downloaded regex-automata v0.4.11
[INFO] [stderr]   Downloaded color-eyre v0.6.5
[INFO] [stderr]   Downloaded async-lock v3.4.1
[INFO] [stderr]   Downloaded libssh2-sys v0.3.1
[INFO] [stderr]   Downloaded libc v0.2.176
[INFO] [stderr]   Downloaded tokio v1.47.1
[INFO] [stderr]   Downloaded libz-sys v1.1.22
[INFO] [stderr]   Downloaded moka v0.12.11
[INFO] [stderr]   Downloaded libgit2-sys v0.18.2+1.9.1
[INFO] [stderr]   Downloaded windows_x86_64_gnullvm v0.53.0
[INFO] [stderr]   Downloaded windows_aarch64_gnullvm v0.53.0
[INFO] [stderr]   Downloaded windows_x86_64_msvc v0.53.0
[INFO] [stderr]   Downloaded windows_aarch64_msvc v0.53.0
[INFO] [stderr]   Downloaded windows_x86_64_gnu v0.53.0
[INFO] [stderr]   Downloaded windows_i686_gnullvm v0.53.0
[INFO] [stderr]   Downloaded windows_i686_msvc v0.53.0
[INFO] [stderr]   Downloaded windows_i686_gnu v0.53.0
[INFO] [stderr]   Downloaded sea-orm v1.1.16
[INFO] running `Command { std: "docker" "create" "-v" "/var/lib/crater-agent-workspace/builds/worker-1-tc1/source:/opt/rustwide/workdir:ro,Z" "-v" "/var/lib/crater-agent-workspace/builds/worker-1-tc1/target:/opt/rustwide/target:rw,Z" "-v" "/var/lib/crater-agent-workspace/cargo-home:/opt/rustwide/cargo-home:ro,Z" "-v" "/var/lib/crater-agent-workspace/rustup-home:/opt/rustwide/rustup-home:ro,Z" "-m" "1610612736" "--network" "none" "ghcr.io/rust-lang/crates-build-env/linux@sha256:3111399a4047eeb3a02b7a90e478d715f38a8c6669b5c4b49d30a17385265909" "sleep" "infinity", kill_on_drop: false }`
[INFO] [stdout] ce2e3d77409bd6023a18914309a4b2cc7161842b4188bc27ea9c630776fb0520
[INFO] running `Command { std: "docker" "start" "ce2e3d77409bd6023a18914309a4b2cc7161842b4188bc27ea9c630776fb0520", kill_on_drop: false }`
[INFO] running `Command { std: "docker" "inspect" "ce2e3d77409bd6023a18914309a4b2cc7161842b4188bc27ea9c630776fb0520", kill_on_drop: false }`
[INFO] running `Command { std: "docker" "exec" "-e" "SOURCE_DIR=/opt/rustwide/workdir" "-e" "CARGO_HOME=/opt/rustwide/cargo-home" "-e" "RUSTUP_HOME=/opt/rustwide/rustup-home" "-e" "CARGO_TARGET_DIR=/opt/rustwide/target" "-w" "/opt/rustwide/workdir" "--user" "0:0" "ce2e3d77409bd6023a18914309a4b2cc7161842b4188bc27ea9c630776fb0520" "/opt/rustwide/cargo-home/bin/cargo" "+1.99.0-beta.8" "metadata" "--no-deps" "--format-version=1", kill_on_drop: false }`
[INFO] running `Command { std: "docker" "inspect" "ce2e3d77409bd6023a18914309a4b2cc7161842b4188bc27ea9c630776fb0520", kill_on_drop: false }`
[INFO] running `Command { std: "docker" "exec" "-e" "SOURCE_DIR=/opt/rustwide/workdir" "-e" "CARGO_HOME=/opt/rustwide/cargo-home" "-e" "RUSTUP_HOME=/opt/rustwide/rustup-home" "-e" "CARGO_TARGET_DIR=/opt/rustwide/target" "-e" "CARGO_INCREMENTAL=0" "-e" "RUST_BACKTRACE=full" "-e" "RUSTFLAGS=--cap-lints=warn" "-e" "RUSTDOCFLAGS=--cap-lints=warn" "-w" "/opt/rustwide/workdir" "--user" "0:0" "ce2e3d77409bd6023a18914309a4b2cc7161842b4188bc27ea9c630776fb0520" "/opt/rustwide/cargo-home/bin/cargo" "+1.99.0-beta.8" "build" "--frozen" "--message-format=json", kill_on_drop: false }`
[INFO] [stderr]    Compiling proc-macro2 v1.0.101
[INFO] [stderr]    Compiling unicode-ident v1.0.19
[INFO] [stderr]    Compiling quote v1.0.41
[INFO] [stderr]    Compiling libc v0.2.176
[INFO] [stderr]    Compiling stable_deref_trait v1.2.0
[INFO] [stderr]    Compiling find-msvc-tools v0.1.2
[INFO] [stderr]    Compiling serde v1.0.228
[INFO] [stderr]    Compiling writeable v0.6.1
[INFO] [stderr]    Compiling litemap v0.8.0
[INFO] [stderr]    Compiling icu_normalizer_data v2.0.0
[INFO] [stderr]    Compiling icu_properties_data v2.0.1
[INFO] [stderr]    Compiling serde_core v1.0.228
[INFO] [stderr]    Compiling tracing-core v0.1.34
[INFO] [stderr]    Compiling cfg-if v1.0.3
[INFO] [stderr]    Compiling thiserror v2.0.17
[INFO] [stderr]    Compiling hashbrown v0.15.5
[INFO] [stderr]    Compiling sharded-slab v0.1.7
[INFO] [stderr]    Compiling thread_local v1.1.9
[INFO] [stderr]    Compiling utf8parse v0.2.2
[INFO] [stderr]    Compiling nu-ansi-term v0.50.1
[INFO] [stderr]    Compiling winnow v0.7.13
[INFO] [stderr]    Compiling anstyle-parse v0.2.7
[INFO] [stderr]    Compiling is_terminal_polyfill v1.70.1
[INFO] [stderr]    Compiling anstyle-query v1.1.4
[INFO] [stderr]    Compiling percent-encoding v2.3.2
[INFO] [stderr]    Compiling colorchoice v1.0.4
[INFO] [stderr]    Compiling anstyle v1.0.13
[INFO] [stderr]    Compiling form_urlencoded v1.2.2
[INFO] [stderr]    Compiling clap_lex v0.7.5
[INFO] [stderr]    Compiling owo-colors v4.2.3
[INFO] [stderr]    Compiling unicode-width v0.2.1
[INFO] [stderr]    Compiling bitflags v2.9.4
[INFO] [stderr]    Compiling shell-words v1.1.0
[INFO] [stderr]    Compiling log v0.4.28
[INFO] [stderr]    Compiling anstream v0.6.20
[INFO] [stderr]    Compiling tracing v0.1.41
[INFO] [stderr]    Compiling tracing-subscriber v0.3.20
[INFO] [stderr]    Compiling clap_builder v4.5.48
[INFO] [stderr]    Compiling indexmap v2.11.4
[INFO] [stderr]    Compiling syn v2.0.106
[INFO] [stderr]    Compiling jobserver v0.1.34
[INFO] [stderr]    Compiling mio v1.0.4
[INFO] [stderr]    Compiling signal-hook-registry v1.4.6
[INFO] [stderr]    Compiling console v0.15.11
[INFO] [stderr]    Compiling cc v1.2.39
[INFO] [stderr]    Compiling libz-sys v1.1.22
[INFO] [stderr]    Compiling openssl-sys v0.9.109
[INFO] [stderr]    Compiling libssh2-sys v0.3.1
[INFO] [stderr]    Compiling libgit2-sys v0.18.2+1.9.1
[INFO] [stderr]    Compiling clap v4.5.48
[INFO] [stderr]    Compiling synstructure v0.13.2
[INFO] [stderr]    Compiling zerofrom-derive v0.1.6
[INFO] [stderr]    Compiling yoke-derive v0.8.0
[INFO] [stderr]    Compiling zerovec-derive v0.11.1
[INFO] [stderr]    Compiling displaydoc v0.2.5
[INFO] [stderr]    Compiling serde_derive v1.0.228
[INFO] [stderr]    Compiling tokio-macros v2.5.0
[INFO] [stderr]    Compiling thiserror-impl v2.0.17
[INFO] [stderr]    Compiling async-trait v0.1.89
[INFO] [stderr]    Compiling thiserror-impl v1.0.69
[INFO] [stderr]    Compiling tokio v1.47.1
[INFO] [stderr]    Compiling zerofrom v0.1.6
[INFO] [stderr]    Compiling yoke v0.8.0
[INFO] [stderr]    Compiling thiserror v1.0.69
[INFO] [stderr]    Compiling dialoguer v0.11.0
[INFO] [stderr]    Compiling zerovec v0.11.4
[INFO] [stderr]    Compiling zerotrie v0.2.2
[INFO] [stderr]    Compiling tinystr v0.8.1
[INFO] [stderr]    Compiling potential_utf v0.1.3
[INFO] [stderr]    Compiling icu_collections v2.0.0
[INFO] [stderr]    Compiling icu_locale_core v2.0.0
[INFO] [stderr]    Compiling toml_datetime v0.6.11
[INFO] [stderr]    Compiling serde_spanned v0.6.9
[INFO] [stderr]    Compiling icu_provider v2.0.0
[INFO] [stderr]    Compiling soph-core v0.31.0
[INFO] [stderr]    Compiling toml_edit v0.22.27
[INFO] [stderr]    Compiling icu_normalizer v2.0.0
[INFO] [stderr]    Compiling icu_properties v2.0.1
[INFO] [stderr]    Compiling idna_adapter v1.2.1
[INFO] [stderr]    Compiling idna v1.1.0
[INFO] [stderr]    Compiling url v2.5.7
[INFO] [stderr]    Compiling toml v0.8.23
[INFO] [stderr]    Compiling git2 v0.20.2
[INFO] [stderr]    Compiling soph-config v0.31.0
[INFO] [stderr]    Compiling soph-runtime v0.31.0
[INFO] [stdout] error[E0433]: cannot find `UnhandledPanic` in `runtime`
[INFO] [stdout]    --> /opt/rustwide/cargo-home/registry/src/index.crates.io-1949cf8c6b5b557f/soph-runtime-0.31.0/src/support/runtime.rs:30:63
[INFO] [stdout]     |
[INFO] [stdout]  30 |             config::UnhandledPanic::Ignore => tokio::runtime::UnhandledPanic::Ignore,
[INFO] [stdout]     |                                                               ^^^^^^^^^^^^^^ could not find `UnhandledPanic` in `runtime`
[INFO] [stdout]     |
[INFO] [stdout] note: found an item that was configured out
[INFO] [stdout]    --> /opt/rustwide/cargo-home/registry/src/index.crates.io-1949cf8c6b5b557f/tokio-1.47.1/src/runtime/mod.rs:371:32
[INFO] [stdout]     |
[INFO] [stdout] 371 |         pub use self::builder::UnhandledPanic;
[INFO] [stdout]     |                                ^^^^^^^^^^^^^^
[INFO] [stdout]     |
[INFO] [stdout]    ::: /opt/rustwide/cargo-home/registry/src/index.crates.io-1949cf8c6b5b557f/tokio-1.47.1/src/macros/cfg.rs:574:19
[INFO] [stdout]     |
[INFO] [stdout] 574 |             #[cfg(tokio_unstable)]
[INFO] [stdout]     |                   -------------- the item is gated here
[INFO] [stdout] help: consider importing this enum
[INFO] [stdout]     |
[INFO] [stdout]   1 + use crate::config::UnhandledPanic;
[INFO] [stdout]     |
[INFO] [stdout] help: if you import `UnhandledPanic`, refer to it directly
[INFO] [stdout]     |
[INFO] [stdout]  30 -             config::UnhandledPanic::Ignore => tokio::runtime::UnhandledPanic::Ignore,
[INFO] [stdout]  30 +             config::UnhandledPanic::Ignore => UnhandledPanic::Ignore,
[INFO] [stdout]     |
[INFO] [stdout] 
[INFO] [stdout] 
[INFO] [stdout] error[E0433]: cannot find `UnhandledPanic` in `runtime`
[INFO] [stdout]    --> /opt/rustwide/cargo-home/registry/src/index.crates.io-1949cf8c6b5b557f/soph-runtime-0.31.0/src/support/runtime.rs:31:72
[INFO] [stdout]     |
[INFO] [stdout]  31 |             config::UnhandledPanic::ShutdownRuntime => tokio::runtime::UnhandledPanic::Ignore,
[INFO] [stdout]     |                                                                        ^^^^^^^^^^^^^^ could not find `UnhandledPanic` in `runtime`
[INFO] [stdout]     |
[INFO] [stdout] note: found an item that was configured out
[INFO] [stdout]    --> /opt/rustwide/cargo-home/registry/src/index.crates.io-1949cf8c6b5b557f/tokio-1.47.1/src/runtime/mod.rs:371:32
[INFO] [stdout]     |
[INFO] [stdout] 371 |         pub use self::builder::UnhandledPanic;
[INFO] [stdout]     |                                ^^^^^^^^^^^^^^
[INFO] [stdout]     |
[INFO] [stdout]    ::: /opt/rustwide/cargo-home/registry/src/index.crates.io-1949cf8c6b5b557f/tokio-1.47.1/src/macros/cfg.rs:574:19
[INFO] [stdout]     |
[INFO] [stdout] 574 |             #[cfg(tokio_unstable)]
[INFO] [stdout]     |                   -------------- the item is gated here
[INFO] [stdout] help: consider importing this enum
[INFO] [stdout]     |
[INFO] [stdout]   1 + use crate::config::UnhandledPanic;
[INFO] [stdout]     |
[INFO] [stdout] help: if you import `UnhandledPanic`, refer to it directly
[INFO] [stdout]     |
[INFO] [stdout]  31 -             config::UnhandledPanic::ShutdownRuntime => tokio::runtime::UnhandledPanic::Ignore,
[INFO] [stdout]  31 +             config::UnhandledPanic::ShutdownRuntime => UnhandledPanic::Ignore,
[INFO] [stdout]     |
[INFO] [stdout] 
[INFO] [stdout] 
[INFO] [stdout] error[E0599]: no method named `enable_metrics_poll_time_histogram` found for struct `tokio::runtime::Builder` in the current scope
[INFO] [stdout]   --> /opt/rustwide/cargo-home/registry/src/index.crates.io-1949cf8c6b5b557f/soph-runtime-0.31.0/src/support/runtime.rs:35:21
[INFO] [stdout]    |
[INFO] [stdout] 35 |             builder.enable_metrics_poll_time_histogram();
[INFO] [stdout]    |                     ^^^^^^^^^^^^^^^^^^^^^^^^^^^^^^^^^^ method not found in `tokio::runtime::Builder`
[INFO] [stdout] 
[INFO] [stdout] 
[INFO] [stdout] error[E0599]: no method named `disable_lifo_slot` found for struct `tokio::runtime::Builder` in the current scope
[INFO] [stdout]   --> /opt/rustwide/cargo-home/registry/src/index.crates.io-1949cf8c6b5b557f/soph-runtime-0.31.0/src/support/runtime.rs:39:21
[INFO] [stdout]    |
[INFO] [stdout] 39 |             builder.disable_lifo_slot();
[INFO] [stdout]    |                     ^^^^^^^^^^^^^^^^^ private field, not a method
[INFO] [stdout] 
[INFO] [stdout] 
[INFO] [stdout] error[E0599]: no method named `unhandled_panic` found for mutable reference `&mut tokio::runtime::Builder` in the current scope
[INFO] [stdout]   --> /opt/rustwide/cargo-home/registry/src/index.crates.io-1949cf8c6b5b557f/soph-runtime-0.31.0/src/support/runtime.rs:48:14
[INFO] [stdout]    |
[INFO] [stdout] 42 |           let runtime = builder
[INFO] [stdout]    |  _______________________-
[INFO] [stdout] 43 | |             .enable_all()
[INFO] [stdout] 44 | |             .max_io_events_per_tick(config.nevents)
[INFO] [stdout] 45 | |             .max_blocking_threads(config.max_blocking_threads)
[INFO] [stdout] 46 | |             .thread_name(config.thread_name.to_string())
[INFO] [stdout] 47 | |             .event_interval(config.event_interval)
[INFO] [stdout] 48 | |             .unhandled_panic(behavior)
[INFO] [stdout]    | |             -^^^^^^^^^^^^^^^ method not found in `&mut tokio::runtime::Builder`
[INFO] [stdout]    | |_____________|
[INFO] [stdout]    |
[INFO] [stdout] 
[INFO] [stdout] 
[INFO] [stdout] Some errors have detailed explanations: E0433, E0599.
[INFO] [stdout] 
[INFO] [stdout] For more information about an error, try `rustc --explain E0433`.
[INFO] [stdout] 
[INFO] [stderr] error: could not compile `soph-runtime` (lib) due to 5 previous errors
[INFO] [stderr] warning: build failed, waiting for other jobs to finish...
[INFO] running `Command { std: "docker" "inspect" "ce2e3d77409bd6023a18914309a4b2cc7161842b4188bc27ea9c630776fb0520", kill_on_drop: false }`
[INFO] running `Command { std: "docker" "rm" "-f" "ce2e3d77409bd6023a18914309a4b2cc7161842b4188bc27ea9c630776fb0520", kill_on_drop: false }`
[INFO] [stdout] ce2e3d77409bd6023a18914309a4b2cc7161842b4188bc27ea9c630776fb0520
